-- Table structure for table `card`
--

CREATE TABLE `card` (
  `id_card` int(11) NOT NULL AUTO_INCREMENT,
  `nb_rows` int(11) DEFAULT NULL,
  `cd_card` varchar(15) NOT NULL,
  `lb_card` varchar(100) NOT NULL,
  `bl_deactivated` tinyint(1) DEFAULT NULL,
  `dt_create` datetime DEFAULT NULL,
  `dt_update` datetime DEFAULT NULL,
  `id_user_create_by` int(11) DEFAULT NULL,
  `id_user_update_by` int(11) DEFAULT NULL,
  `dt_deactivated` datetime DEFAULT NULL,
  `url_image` varchar(100) DEFAULT NULL,
  `bl_daughter` tinyint(1) DEFAULT NULL,
  `bl_virtual` tinyint(1) DEFAULT NULL,
  `bl_card_for_ref` tinyint(1) DEFAULT NULL,
  `bl_model` tinyint(1) DEFAULT NULL,
  `id_provider_address` int(11) DEFAULT NULL,
  `id_contact` int(11) DEFAULT NULL,
  `id_provider` int(11) DEFAULT NULL,
  `nbNumber` int(11) DEFAULT NULL,
  `nb_ports` int(11) DEFAULT NULL,
  `id_complex_model` int(11) DEFAULT NULL,
  `id_slot` int(11) DEFAULT NULL,
  `id_equipment` int(11) DEFAULT NULL,
  `id_mother_card` int(11) DEFAULT NULL,
  PRIMARY KEY (`id_card`),
  KEY `FK_161498D3536A5873` (`id_user_create_by`),
  KEY `FK_161498D368E26F41` (`id_user_update_by`),
  KEY `IDX_161498D31E9C98F7` (`id_provider_address`),
  KEY `IDX_161498D392FF4F48` (`id_contact`),
  KEY `IDX_161498D3C21F9F09` (`id_provider`),
  KEY `IDX_161498D3241EF16C` (`id_complex_model`),
  KEY `IDX_161498D3272E3C65` (`id_slot`),
  KEY `IDX_161498D3530D69A4` (`id_equipment`),
  KEY `IDX_161498D3740F0153` (`id_mother_card`),
  CONSTRAINT `FK_161498D31E9C98F7` FOREIGN KEY (`id_provider_address`) REFERENCES `address_provider` (`id_address_provider`),
  CONSTRAINT `FK_161498D3241EF16C` FOREIGN KEY (`id_complex_model`) REFERENCES `complex_model` (`id_complex_model`),
  CONSTRAINT `FK_161498D3272E3C65` FOREIGN KEY (`id_slot`) REFERENCES `slot` (`id_slot`),
  CONSTRAINT `FK_161498D3530D69A4` FOREIGN KEY (`id_equipment`) REFERENCES `equipment` (`id_equipment`),
  CONSTRAINT `FK_161498D3536A5873` FOREIGN KEY (`id_user_create_by`) REFERENCES `myuser` (`id`),
  CONSTRAINT `FK_161498D368E26F41` FOREIGN KEY (`id_user_update_by`) REFERENCES `myuser` (`id`),
  CONSTRAINT `FK_161498D3740F0153` FOREIGN KEY (`id_mother_card`) REFERENCES `card` (`id_card`),
  CONSTRAINT `FK_161498D392FF4F48` FOREIGN KEY (`id_contact`) REFERENCES `contact_provider` (`id_contact_provider`),
  CONSTRAINT `FK_161498D3C21F9F09` FOREIGN KEY (`id_provider`) REFERENCES `provider` (`id_provider`)
) ENGINE=InnoDB AUTO_INCREMENT=170 DEFAULT CHARSET=utf8;

--
-- Dumping data for table `card`
--

INSERT INTO `card` VALUES (1,12,'12','12',1,NULL,NULL,2,2,NULL,NULL,NULL,1,1,1,1,1,1,1000000,12,NULL,NULL,NULL,NULL),(2,12,'12','12',1,NULL,NULL,2,2,NULL,NULL,NULL,1,1,1,1,1,1,1000000,12,NULL,NULL,NULL,NULL),(3,2,'12','12',1,NULL,NULL,2,2,NULL,NULL,NULL,1,1,1,1,1,1,1,12,NULL,9,NULL,NULL),(5,2,'666','666',1,NULL,NULL,2,2,NULL,NULL,NULL,1,1,1,1,1,1,1000000,12,NULL,NULL,NULL,NULL),(6,12,'12','12',1,NULL,NULL,2,2,NULL,NULL,NULL,1,1,1,1,1,1,1000000,120,NULL,NULL,NULL,NULL),(8,12,'12','12',1,NULL,NULL,2,2,NULL,NULL,NULL,1,1,1,1,1,1,1,12,NULL,46,NULL,NULL),(9,2,'55','55',1,NULL,NULL,2,2,NULL,NULL,NULL,1,1,1,1,1,1,1000000,40,NULL,46,NULL,NULL),(10,12,'12','12',1,NULL,NULL,2,2,NULL,NULL,NULL,1,1,1,1,1,1,1,12,NULL,48,NULL,NULL),(11,2,'55','55',1,NULL,NULL,2,2,NULL,NULL,NULL,1,1,1,1,1,1,2,40,NULL,48,NULL,NULL),(12,12,'12','12',1,NULL,NULL,2,2,NULL,NULL,NULL,1,1,1,1,1,1,1,12,NULL,50,NULL,NULL),(13,2,'55','55',1,NULL,NULL,2,2,NULL,NULL,NULL,1,1,1,1,1,1,1000000,40,NULL,50,NULL,NULL),(14,8,'88','88',1,NULL,NULL,2,2,NULL,NULL,NULL,0,0,1,1,1,1,3,8,NULL,48,NULL,NULL),(15,8,'88','88',1,NULL,NULL,2,2,NULL,NULL,NULL,0,0,1,1,1,1,4,8,NULL,48,NULL,NULL),(16,8,'888','88',0,NULL,NULL,2,2,NULL,NULL,NULL,0,0,1,1,1,1,5,8,NULL,48,NULL,NULL),(17,1,'d','d',0,NULL,NULL,2,2,NULL,NULL,NULL,0,0,1,1,1,1,1,8,NULL,47,NULL,NULL),(18,4,'54','55',1,NULL,NULL,2,2,NULL,NULL,1,0,1,1,1,1,1,1000000,12,NULL,NULL,NULL,3),(20,1,'Xbnh','qsd',0,NULL,NULL,2,2,'2013-06-14 00:00:00',NULL,1,0,0,1,1,1,1,1000000,4,NULL,NULL,NULL,17),(21,3,'qsdqsd','qsdsd',0,NULL,NULL,2,2,NULL,NULL,1,0,0,1,1,1,1,1000000,2,NULL,NULL,NULL,17),(22,2,'45','45',1,NULL,NULL,2,2,NULL,NULL,NULL,1,0,1,1,1,1,1000000,48,NULL,NULL,NULL,NULL),(23,4,'45','45',1,NULL,NULL,2,2,NULL,NULL,NULL,1,1,1,1,1,1,1,16,NULL,NULL,50,NULL),(24,1,'56','56',1,NULL,NULL,2,2,NULL,NULL,NULL,1,1,1,1,1,1,1000000,8,NULL,NULL,NULL,NULL),(25,1,'55','55',1,NULL,NULL,2,2,NULL,NULL,NULL,1,1,1,1,1,1,2,8,NULL,NULL,50,NULL),(26,8,'88','88',1,NULL,NULL,2,2,NULL,NULL,NULL,1,1,1,1,1,6,1000000,8,NULL,NULL,NULL,NULL),(27,1,'AK12','Generic Eth',1,NULL,NULL,2,2,NULL,NULL,NULL,1,1,1,1,1,7,1000000,3,NULL,NULL,NULL,NULL),(28,1,'DC12','DC de niveau 12',1,NULL,NULL,2,2,NULL,NULL,NULL,1,1,1,1,1,7,1000000,7,NULL,NULL,NULL,NULL),(29,1,'12','12',0,NULL,NULL,2,2,NULL,NULL,1,0,0,1,1,1,1,1000000,4,NULL,NULL,NULL,8),(31,1,'qd','qsd',0,NULL,NULL,2,2,NULL,NULL,1,0,0,1,1,1,1,1000000,4,NULL,NULL,NULL,8),(32,2,'PasMas','Carte 01 PM',1,'2013-07-01 14:06:43','2013-07-01 14:06:43',2,2,NULL,NULL,1,0,0,1,1,1,1,1000000,16,NULL,NULL,NULL,8),(33,2,'12','12',1,'2013-07-01 19:59:30','2013-07-01 19:59:30',2,2,NULL,NULL,NULL,1,1,1,1,1,1,1,12,NULL,65,NULL,NULL),(34,4,'54','55',1,'2013-07-01 19:59:30','2013-07-01 19:59:30',2,2,NULL,NULL,1,0,1,1,1,1,1,1000000,12,NULL,NULL,NULL,33),(35,8,'56','56',1,'2013-07-01 19:59:30','2013-07-01 19:59:30',2,2,NULL,NULL,1,1,1,1,1,1,1,1000000,32,NULL,NULL,NULL,33),(36,2,'55','55',1,'2013-07-01 19:59:30','2013-07-01 19:59:30',2,2,NULL,NULL,NULL,1,1,1,1,1,1,2,40,NULL,65,NULL,NULL),(37,4,'45','45',1,'2013-07-01 19:59:30','2013-07-01 19:59:30',2,2,NULL,NULL,NULL,1,1,1,1,1,1,1,16,NULL,NULL,446,NULL),(38,1,'55','55',1,'2013-07-01 19:59:30','2013-07-01 19:59:30',2,2,NULL,NULL,NULL,1,1,1,1,1,1,2,8,NULL,NULL,446,NULL),(39,12,'12','12',1,'2013-07-01 20:00:17','2013-07-01 20:00:17',2,2,NULL,NULL,NULL,1,1,1,1,1,1,1,12,NULL,67,NULL,NULL),(40,1,'12','12',0,'2013-07-01 20:00:17','2013-07-01 20:00:17',2,2,NULL,NULL,1,0,0,1,1,1,1,1000000,4,NULL,NULL,NULL,39),(41,1,'qd','qsd',0,'2013-07-01 20:00:17','2013-07-01 20:00:17',2,2,NULL,NULL,1,0,0,1,1,1,1,1000000,4,NULL,NULL,NULL,39),(42,2,'PasMas','Carte 01 PM',1,'2013-07-01 14:06:43','2013-07-01 14:06:43',2,2,NULL,NULL,1,0,0,1,1,1,1,1000000,16,NULL,NULL,NULL,39),(43,2,'55','55',1,'2013-07-01 20:00:17','2013-07-01 20:00:17',2,2,NULL,NULL,NULL,1,1,1,1,1,1,1000000,40,NULL,67,NULL,NULL),(44,3,'card 12','card 12',1,'2013-07-06 13:50:53','2013-07-06 13:50:53',2,2,NULL,NULL,NULL,0,1,1,1,1,1,1000000,12,6,NULL,NULL,NULL),(45,2,'ddd','ddd',1,'2013-07-06 16:51:08','2013-07-06 16:51:08',2,2,NULL,NULL,NULL,0,0,1,1,1,1,1000000,12,7,NULL,NULL,NULL),(46,1,'ze','az',0,'2013-07-08 13:28:28','2013-07-08 13:28:28',2,2,NULL,NULL,NULL,0,0,1,1,1,1,1,1,NULL,NULL,451,NULL),(47,1,'tttt','tttt',1,'2013-07-08 15:51:36','2013-07-08 15:51:36',2,2,NULL,NULL,NULL,0,0,1,1,1,1,2,5,NULL,NULL,451,NULL),(48,1,'32','lulu',1,'2013-07-10 14:19:23','2013-07-10 23:47:09',2,2,NULL,NULL,NULL,1,1,1,1,1,1,1,3,NULL,68,NULL,NULL),(51,1,'45454','5454gghjghjg',1,'2013-07-10 14:39:46','2013-07-11 01:24:38',2,2,NULL,NULL,NULL,1,1,1,1,1,1,1,4,NULL,60,NULL,NULL),(52,1,'45454','5454',1,'2013-07-10 14:40:42','2013-07-11 01:24:38',2,2,NULL,NULL,NULL,1,1,1,1,1,1,2,4,NULL,60,NULL,NULL),(55,1,'12','gigi',1,'2013-07-10 15:06:53','2013-07-10 23:47:23',2,2,NULL,NULL,1,0,1,1,1,1,1,1000000,3,NULL,NULL,NULL,48),(122,1,'32','32',1,'2013-07-10 14:19:23','2013-07-10 14:19:23',2,2,NULL,NULL,NULL,1,1,1,1,1,1,1,3,NULL,96,NULL,NULL),(123,1,'12','ttrtr',1,'2013-07-10 15:06:53','2013-07-10 15:06:53',2,2,NULL,NULL,1,0,1,1,1,1,1,1000000,3,NULL,NULL,NULL,122),(124,1,'fff','dd',1,'2013-07-10 15:53:43','2013-07-10 15:53:43',2,2,NULL,NULL,1,1,1,1,1,1,1,1000000,5,NULL,NULL,NULL,122),(125,1,'45454','5454',1,'2013-07-10 14:39:10','2013-07-10 14:39:11',2,2,NULL,NULL,NULL,1,1,1,1,1,1,1,4,NULL,97,NULL,NULL),(126,1,'45454','5454',1,'2013-07-10 14:39:46','2013-07-10 14:39:46',2,2,NULL,NULL,NULL,1,1,1,1,1,1,2,4,NULL,97,NULL,NULL),(127,1,'45454','5454',1,'2013-07-10 14:40:42','2013-07-10 14:40:42',2,2,NULL,NULL,NULL,1,1,1,1,1,1,3,4,NULL,97,NULL,NULL),(128,2,'12','12',1,'2013-07-10 17:35:20','2013-07-10 17:35:20',2,2,NULL,NULL,NULL,1,1,1,1,1,1,1,12,NULL,99,NULL,NULL),(129,4,'54','55',1,'2013-07-10 17:35:20','2013-07-10 17:35:20',2,2,NULL,NULL,1,0,1,1,1,1,1,1000000,12,NULL,NULL,NULL,128),(130,4,'45','45',1,'2013-07-10 17:35:20','2013-07-10 17:35:20',2,2,NULL,NULL,NULL,1,1,1,1,1,1,1,16,NULL,NULL,484,NULL),(131,1,'55','55',1,'2013-07-10 17:35:20','2013-07-10 17:35:20',2,2,NULL,NULL,NULL,1,1,1,1,1,1,2,8,NULL,NULL,484,NULL),(132,1,'32','32',1,'2013-07-10 14:19:23','2013-07-10 14:19:23',2,2,NULL,NULL,NULL,1,1,1,1,1,1,1,3,NULL,100,NULL,NULL),(133,1,'12','ttrtr',1,'2013-07-10 15:06:53','2013-07-10 15:06:53',2,2,NULL,NULL,1,0,1,1,1,1,1,1000000,3,NULL,NULL,NULL,132),(134,1,'fff','dd',1,'2013-07-10 15:53:43','2013-07-10 15:53:43',2,2,NULL,NULL,1,1,1,1,1,1,1,1000000,5,NULL,NULL,NULL,132),(135,1,'32','32',1,'2013-07-10 14:19:23','2013-07-10 14:19:23',2,2,NULL,NULL,NULL,1,1,1,1,1,1,1,3,NULL,101,NULL,NULL),(136,1,'12','ttrtr',1,'2013-07-10 15:06:53','2013-07-10 15:06:53',2,2,NULL,NULL,1,0,1,1,1,1,1,1000000,3,NULL,NULL,NULL,135),(137,1,'fff','dd',1,'2013-07-10 15:53:43','2013-07-10 15:53:43',2,2,NULL,NULL,1,1,1,1,1,1,1,1000000,5,NULL,NULL,NULL,135),(138,1,'32','32',1,'2013-07-10 14:19:23','2013-07-10 14:19:23',2,2,NULL,NULL,NULL,1,1,1,1,1,1,1,3,NULL,102,NULL,NULL),(139,1,'12','ttrtr',1,'2013-07-10 15:06:53','2013-07-10 15:06:53',2,2,NULL,NULL,1,0,1,1,1,1,1,1000000,3,NULL,NULL,NULL,138),(140,1,'fff','dd',1,'2013-07-10 15:53:43','2013-07-10 15:53:43',2,2,NULL,NULL,1,1,1,1,1,1,1,1000000,5,NULL,NULL,NULL,138),(141,1,'32','32',1,'2013-07-10 14:19:23','2013-07-10 14:19:23',2,2,NULL,NULL,NULL,1,1,1,1,1,1,1,3,NULL,103,NULL,NULL),(142,1,'12','ttrtr',1,'2013-07-10 15:06:53','2013-07-10 15:06:53',2,2,NULL,NULL,1,0,1,1,1,1,1,1000000,3,NULL,NULL,NULL,141),(143,1,'MC001','MC001',1,'2013-07-11 11:56:35','2013-07-11 11:56:35',2,2,NULL,NULL,NULL,1,1,1,1,1,1,1000000,1,20,NULL,NULL,NULL),(144,1,'DC001','DC001',1,'2013-07-11 11:57:41','2013-07-11 11:57:41',2,2,NULL,NULL,NULL,1,1,1,1,1,1,1000000,2,21,NULL,NULL,NULL),(145,2,'455555','5555',1,'2013-07-12 14:24:25','2013-07-12 14:24:38',2,2,NULL,NULL,1,0,0,1,1,1,1,1000000,6,NULL,NULL,NULL,52),(146,2,'ddd','ddd',1,'2013-07-06 16:51:08','2013-07-06 16:51:08',2,2,NULL,NULL,NULL,0,0,1,1,1,1,1000000,12,23,NULL,NULL,NULL),(147,2,'454','25',1,'2013-09-12 10:41:12','2013-09-12 10:41:12',2,2,NULL,NULL,NULL,0,0,1,1,1,1,1,5,NULL,NULL,496,NULL),(148,2,'545','545',1,'2013-09-12 10:42:25','2013-09-12 10:42:25',2,2,NULL,NULL,NULL,0,0,1,1,1,1,2,5,NULL,NULL,496,NULL),(149,5,'464','46456',1,'2013-09-12 10:53:24','2013-09-12 10:53:24',2,2,NULL,NULL,NULL,0,0,1,1,1,1,1,5,NULL,NULL,492,NULL),(150,2,'6566565','65',1,'2013-09-12 11:00:07','2013-09-12 11:00:07',2,2,NULL,NULL,NULL,0,0,1,1,1,1,2,5,NULL,NULL,492,NULL),(151,3,'card 12','card 12',1,'2013-07-06 13:50:53','2013-07-06 13:50:53',2,2,NULL,NULL,NULL,0,1,1,1,1,1,1000000,12,4,NULL,NULL,NULL),(152,NULL,'ftsdgd','dfgdf',1,'2013-10-21 11:48:40','2013-10-21 11:48:40',2,2,NULL,NULL,1,0,0,1,1,1,1,1000000,NULL,NULL,NULL,NULL,51),(153,2,'fdghfghfgh','fghfgh',1,'2013-10-21 11:51:58','2013-10-21 11:51:58',2,2,NULL,NULL,1,0,0,1,1,1,1,1000000,10,NULL,NULL,NULL,51),(154,2,'fgfgfg','test',1,'2014-04-08 10:41:19','2014-04-08 10:41:19',7,7,NULL,NULL,NULL,0,0,1,15,8,15,1,6,NULL,NULL,499,NULL),(155,1,'dd','fdf',1,'2014-09-07 09:24:43','2014-09-07 09:24:43',7,7,NULL,NULL,NULL,0,0,1,13,7,10,1,5,NULL,125,NULL,NULL),(156,0,'545','test',1,'2014-09-10 00:07:09','2014-09-10 00:07:09',7,7,NULL,NULL,NULL,0,0,1,13,7,10,1,0,NULL,109,NULL,NULL),(157,2,'4545','testets',1,'2014-09-10 00:07:47','2014-09-10 00:07:47',7,7,NULL,NULL,1,0,0,1,13,7,10,1000000,12,NULL,NULL,NULL,156),(158,0,'45','45',1,'2014-09-10 23:06:03','2014-09-10 23:06:03',7,7,NULL,NULL,NULL,0,0,1,13,7,10,2,0,NULL,125,NULL,NULL),(159,3,'gggg','ggg',1,'2014-09-10 23:07:50','2014-09-10 23:07:50',7,7,NULL,NULL,NULL,0,0,1,13,7,10,1,12,NULL,NULL,501,NULL),(160,1,'dd','fdf',1,'2014-09-07 09:24:43','2014-09-07 09:24:43',7,7,NULL,NULL,NULL,0,0,1,13,7,10,1,5,NULL,129,NULL,NULL),(161,0,'45','45',1,'2014-09-10 23:06:03','2014-09-10 23:06:03',7,7,NULL,NULL,NULL,0,0,1,13,7,10,2,0,NULL,129,NULL,NULL),(162,3,'gggg','ggg',1,'2014-09-10 23:07:50','2014-09-10 23:07:50',7,7,NULL,NULL,NULL,0,0,1,13,7,10,1,12,NULL,NULL,502,NULL),(163,1,'dd','fdf',1,'2014-09-07 09:24:43','2014-09-07 09:24:43',7,7,NULL,NULL,NULL,0,0,1,13,7,10,1,5,NULL,130,NULL,NULL),(164,0,'45','45',1,'2014-09-10 23:06:03','2014-09-10 23:06:03',7,7,NULL,NULL,NULL,0,0,1,13,7,10,2,0,NULL,130,NULL,NULL),(165,3,'gggg','ggg',1,'2014-09-10 23:07:50','2014-09-10 23:07:50',7,7,NULL,NULL,NULL,0,0,1,13,7,10,1,12,NULL,NULL,503,NULL),(166,1,'dd','fdf',1,'2014-09-07 09:24:43','2014-09-07 09:24:43',7,7,NULL,NULL,NULL,0,0,1,13,7,10,1,5,NULL,131,NULL,NULL),(167,0,'45','45',1,'2014-09-10 23:06:03','2014-09-10 23:06:03',7,7,NULL,NULL,NULL,0,0,1,13,7,10,2,0,NULL,131,NULL,NULL),(168,3,'gggg','ggg',1,'2014-09-10 23:07:50','2014-09-10 23:07:50',7,7,NULL,NULL,NULL,0,0,1,13,7,10,1,12,NULL,NULL,504,NULL),(169,10,'MB0001','mb001',1,'2014-09-17 14:22:58','2014-09-17 14:22:58',7,7,NULL,NULL,NULL,0,0,1,12,10,9,1000000,100,33,NULL,NULL,NULL);

--
-- Table structure for table `card_instance`
--

CREATE TABLE `card_instance` (
  `id_card_instance` int(11) NOT NULL AUTO_INCREMENT,
  `id_user_create_by` int(11) DEFAULT NULL,
  `id_user_update_by` int(11) DEFAULT NULL,
  `id_slot_instance` int(11) DEFAULT NULL,
  `id_equipment_instance` int(11) DEFAULT NULL,
  `id_mother_card` int(11) DEFAULT NULL,
  `cd_card_instance` varchar(15) COLLATE utf8_unicode_ci NOT NULL,
  `lb_card_instance` varchar(100) COLLATE utf8_unicode_ci DEFAULT NULL,
  `cd_serial_number` varchar(15) COLLATE utf8_unicode_ci DEFAULT NULL,
  `bl_deactivated` tinyint(1) DEFAULT NULL,
  `dt_create` datetime DEFAULT NULL,
  `dt_update` datetime DEFAULT NULL,
  `dt_deactivated` datetime DEFAULT NULL,
  `id_card` int(11) DEFAULT NULL,
  `nbNumber` int(11) DEFAULT NULL,
  `id_complex_model` int(11) DEFAULT NULL,
  `id_provider` int(11) DEFAULT NULL,
  `id_provider_address` int(11) DEFAULT NULL,
  `id_contact` int(11) DEFAULT NULL,
  `cd_provider_account` varchar(45) COLLATE utf8_unicode_ci DEFAULT NULL,
  PRIMARY KEY (`id_card_instance`),
  KEY `IDX_FB017F5D536A5873` (`id_user_create_by`),
  KEY `IDX_FB017F5D68E26F41` (`id_user_update_by`),
  KEY `IDX_FB017F5D2D4D0128` (`id_slot_instance`),
  KEY `IDX_FB017F5DF1D18757` (`id_equipment_instance`),
  KEY `IDX_FB017F5D740F0153` (`id_mother_card`),
  KEY `IDX_FB017F5D9D3484D1` (`id_card`),
  KEY `IDX_FB017F5D241EF16C` (`id_complex_model`),
  KEY `IDX_FB017F5DC21F9F09` (`id_provider`),
  KEY `IDX_FB017F5D1E9C98F7` (`id_provider_address`),
  KEY `IDX_FB017F5D92FF4F48` (`id_contact`),
  CONSTRAINT `FK_FB017F5D1E9C98F7` FOREIGN KEY (`id_provider_address`) REFERENCES `address_provider` (`id_address_provider`),
  CONSTRAINT `FK_FB017F5D241EF16C` FOREIGN KEY (`id_complex_model`) REFERENCES `complex_model` (`id_complex_model`),
  CONSTRAINT `FK_FB017F5D2D4D0128` FOREIGN KEY (`id_slot_instance`) REFERENCES `slot_instance` (`id_slot_instance`),
  CONSTRAINT `FK_FB017F5D536A5873` FOREIGN KEY (`id_user_create_by`) REFERENCES `myuser` (`id`),
  CONSTRAINT `FK_FB017F5D68E26F41` FOREIGN KEY (`id_user_update_by`) REFERENCES `myuser` (`id`),
  CONSTRAINT `FK_FB017F5D740F0153` FOREIGN KEY (`id_mother_card`) REFERENCES `card_instance` (`id_card_instance`),
  CONSTRAINT `FK_FB017F5D92FF4F48` FOREIGN KEY (`id_contact`) REFERENCES `contact_provider` (`id_contact_provider`),
  CONSTRAINT `FK_FB017F5D9D3484D1` FOREIGN KEY (`id_card`) REFERENCES `card` (`id_card`),
  CONSTRAINT `FK_FB017F5DC21F9F09` FOREIGN KEY (`id_provider`) REFERENCES `provider` (`id_provider`),
  CONSTRAINT `FK_FB017F5DF1D18757` FOREIGN KEY (`id_equipment_instance`) REFERENCES `equipment_instance` (`id_equipment_instance`)
) ENGINE=InnoDB AUTO_INCREMENT=73 DEFAULT CHARSET=utf8 COLLATE=utf8_unicode_ci;

--
-- Dumping data for table `card_instance`
--

INSERT INTO `card_instance` VALUES (1,2,2,14,NULL,NULL,'12','12','12',1,'2013-07-05 17:16:05','2013-07-05 17:16:05',NULL,8,1000000,NULL,NULL,NULL,NULL,NULL),(4,2,2,NULL,NULL,1,'PasMas','Carte 01 PM','PM-PasMas-01',1,'2013-07-05 17:16:05','2013-07-05 17:16:05',NULL,32,1000000,NULL,NULL,NULL,NULL,NULL),(6,2,2,16,NULL,NULL,'12','12','12',1,'2013-07-05 17:19:23','2013-07-05 17:19:23',NULL,8,1000000,NULL,NULL,NULL,NULL,NULL),(7,2,2,NULL,NULL,6,'12','12','12',1,'2013-07-05 17:19:23','2013-07-05 17:19:23',NULL,29,1000000,NULL,NULL,NULL,NULL,NULL),(8,2,2,NULL,NULL,6,'qd','qsd','qsd',1,'2013-07-05 17:19:23','2013-07-05 17:19:23',NULL,31,1000000,NULL,NULL,NULL,NULL,NULL),(9,2,2,NULL,NULL,6,'PasMas','Carte 01 PM','PM-PasMas-01',1,'2013-07-05 17:19:23','2013-07-05 17:19:23',NULL,32,1000000,NULL,NULL,NULL,NULL,NULL),(10,2,2,16,NULL,NULL,'55','55','55',1,'2013-07-05 17:19:23','2013-07-05 17:19:23',NULL,9,1000000,NULL,NULL,NULL,NULL,NULL),(11,2,2,NULL,NULL,1,'dsdf','sdfsdf','4564646',1,'2013-07-06 14:19:17','2013-07-06 14:19:17',NULL,44,1000000,6,NULL,NULL,NULL,NULL),(12,2,2,13,NULL,NULL,'test','ttttt','46545',1,'2013-07-06 16:04:48','2013-07-06 16:04:48',NULL,44,1000000,6,NULL,NULL,NULL,NULL),(13,2,2,18,NULL,NULL,'12','gffghfhfh','12',1,'2013-07-06 16:26:47','2013-07-11 00:17:33',NULL,8,1000000,NULL,NULL,NULL,NULL,NULL),(14,2,2,NULL,NULL,13,'12','hhhhhhh','12',1,'2013-07-06 16:26:47','2013-07-11 00:21:21',NULL,29,1000000,NULL,NULL,NULL,NULL,NULL),(15,2,2,NULL,NULL,13,'qd','qsd','qsd',1,'2013-07-06 16:26:47','2013-07-06 16:26:47',NULL,31,1000000,NULL,NULL,NULL,NULL,NULL),(16,2,2,NULL,NULL,13,'PasMas','Carte 01 PM','PM-PasMas-01',1,'2013-07-06 16:26:47','2013-07-06 16:26:47',NULL,32,1000000,NULL,NULL,NULL,NULL,NULL),(17,2,2,18,NULL,NULL,'55','55','55',1,'2013-07-06 16:26:47','2013-07-06 16:26:47',NULL,9,1000000,NULL,NULL,NULL,NULL,NULL),(18,2,2,19,NULL,NULL,'d','d','d',1,'2013-07-06 16:57:57','2013-07-06 16:57:57',NULL,17,1000000,NULL,NULL,NULL,NULL,NULL),(19,2,2,NULL,NULL,18,'Xbnh','qsd','qsd',1,'2013-07-06 16:57:57','2013-07-06 16:57:57',NULL,20,1000000,NULL,NULL,NULL,NULL,NULL),(20,2,2,NULL,NULL,18,'qsdqsd','qsdsd','qdsd',1,'2013-07-06 16:57:57','2013-07-06 16:57:57',NULL,21,1000000,NULL,NULL,NULL,NULL,NULL),(21,2,2,29,NULL,NULL,'12','12','12',1,'2013-07-06 16:57:57','2013-07-06 16:57:57',NULL,10,1000000,NULL,NULL,NULL,NULL,NULL),(22,2,2,29,NULL,NULL,'55','55','55',1,'2013-07-06 16:57:57','2013-07-06 16:57:57',NULL,11,1000000,NULL,NULL,NULL,NULL,NULL),(23,2,2,29,NULL,NULL,'88','88','88',1,'2013-07-06 16:57:57','2013-07-06 16:57:57',NULL,14,1000000,NULL,NULL,NULL,NULL,NULL),(24,2,2,29,NULL,NULL,'88','88','88',1,'2013-07-06 16:57:57','2013-07-06 16:57:57',NULL,15,1000000,NULL,NULL,NULL,NULL,NULL),(25,2,2,29,NULL,NULL,'888','88','88',1,'2013-07-06 16:57:57','2013-07-06 16:57:57',NULL,16,1000000,NULL,NULL,NULL,NULL,NULL),(26,2,2,31,NULL,NULL,'12','12','12',1,'2013-07-06 16:57:57','2013-07-06 16:57:57',NULL,12,1000000,NULL,NULL,NULL,NULL,NULL),(27,2,2,31,NULL,NULL,'55','55','55',1,'2013-07-06 16:57:57','2013-07-06 16:57:57',NULL,13,1000000,NULL,NULL,NULL,NULL,NULL),(28,2,2,NULL,39,NULL,'45','45','45',1,'2013-07-06 16:57:57','2013-07-06 16:57:57',NULL,37,1000000,NULL,NULL,NULL,NULL,NULL),(29,2,2,NULL,39,NULL,'55','55','55',1,'2013-07-06 16:57:57','2013-07-06 16:57:57',NULL,38,1000000,NULL,NULL,NULL,NULL,NULL),(30,2,2,34,NULL,NULL,'12','12','12',1,'2013-07-06 16:57:57','2013-07-06 16:57:57',NULL,33,1000000,NULL,NULL,NULL,NULL,NULL),(31,2,2,NULL,NULL,30,'54','55','54',1,'2013-07-06 16:57:57','2013-07-06 16:57:57',NULL,34,1000000,NULL,NULL,NULL,NULL,NULL),(32,2,2,NULL,NULL,30,'56','56','56',1,'2013-07-06 16:57:57','2013-07-06 16:57:57',NULL,35,1000000,NULL,NULL,NULL,NULL,NULL),(33,2,2,34,NULL,NULL,'55','55','55',1,'2013-07-06 16:57:57','2013-07-06 16:57:57',NULL,36,1000000,NULL,NULL,NULL,NULL,NULL),(34,2,2,36,NULL,NULL,'12','12','12',1,'2013-07-06 16:57:57','2013-07-06 16:57:57',NULL,39,1000000,NULL,NULL,NULL,NULL,NULL),(35,2,2,NULL,NULL,34,'12','12','12',1,'2013-07-06 16:57:57','2013-07-06 16:57:57',NULL,40,1000000,NULL,NULL,NULL,NULL,NULL),(36,2,2,NULL,NULL,34,'qd','qsd','qsd',1,'2013-07-06 16:57:57','2013-07-06 16:57:57',NULL,41,1000000,NULL,NULL,NULL,NULL,NULL),(37,2,2,NULL,NULL,34,'PasMas','Carte 01 PM','PM-PasMas-01',1,'2013-07-06 16:57:57','2013-07-06 16:57:57',NULL,42,1000000,NULL,NULL,NULL,NULL,NULL),(38,2,2,36,NULL,NULL,'55','55','55',1,'2013-07-06 16:57:57','2013-07-06 16:57:57',NULL,43,1000000,NULL,NULL,NULL,NULL,NULL),(39,2,2,NULL,NULL,18,'DDDDDFFF','DDDDFFF','56',1,'2013-07-06 16:58:29','2013-07-06 16:58:29',NULL,45,1000000,7,NULL,NULL,NULL,NULL),(41,2,2,NULL,NULL,1,'hfgh','fhfhfh','fhf',1,'2013-07-07 17:42:53','2013-07-07 17:42:53',NULL,45,1000000,7,NULL,NULL,NULL,NULL),(42,2,2,37,NULL,NULL,'32','32','32',1,'2013-07-10 19:48:30','2013-07-10 19:48:30',NULL,48,1000000,NULL,NULL,NULL,NULL,NULL),(43,2,2,NULL,NULL,42,'12','ttrtr','trrtrtr',1,'2013-07-10 19:48:30','2013-07-10 19:48:30',NULL,55,1000000,NULL,NULL,NULL,NULL,NULL),(44,2,2,38,NULL,NULL,'MC001','MC001','1',1,'2013-07-11 12:30:08','2013-07-11 12:30:08',NULL,143,1000000,20,NULL,NULL,NULL,NULL),(45,2,2,NULL,51,NULL,'5454','5454','55454',1,'2014-01-29 22:43:43','2014-01-29 22:43:43',NULL,144,1000000,21,9,4,5,NULL),(46,2,2,NULL,51,NULL,'1211','121','112',1,'2014-01-29 22:48:27','2014-01-29 22:48:27',NULL,146,1000000,23,9,12,6,NULL),(47,7,7,NULL,51,NULL,'cdd','card test','1255',1,'2014-03-31 11:54:18','2014-03-31 11:54:18',NULL,146,1000000,23,1,1,1,NULL),(51,7,7,NULL,51,NULL,'545','545','6565',1,'2014-03-31 12:14:34','2014-03-31 12:14:35',NULL,146,1000000,23,1,1,1,NULL),(54,7,7,NULL,51,NULL,'dc001','card 1','455454',1,'2014-06-12 12:21:37','2014-06-12 12:21:37',NULL,144,1000000,21,1,1,1,NULL),(55,7,7,45,NULL,NULL,'Card 1-2','for E1P08765','98767654321',1,'2014-07-22 16:39:54','2014-07-22 16:39:54',NULL,143,1000000,20,1,1,1,NULL),(56,7,7,NULL,NULL,55,'daughter 1','daughter 1 card 77','987654',1,'2014-07-22 17:08:53','2014-07-22 17:08:53',NULL,144,1000000,21,1,1,1,NULL),(57,7,7,NULL,NULL,55,'daughter card 2','daughter card 2 555','99664433',1,'2014-07-22 17:10:05','2014-07-22 17:10:05',NULL,144,1000000,21,1,1,1,NULL),(58,7,7,45,NULL,NULL,'Mother card typ','!!!!!!!','????',1,'2014-07-22 17:35:56','2014-07-22 17:35:57',NULL,146,1000000,23,1,1,1,NULL),(59,7,7,NULL,NULL,58,'dcard 1-2','KKKKKKK','123456',1,'2014-07-22 17:40:07','2014-07-22 17:40:08',NULL,45,1000000,7,1,1,1,NULL),(60,7,7,NULL,NULL,58,'dcard 2','NNNBVC-dcard  2','mmm',1,'2014-07-22 17:41:52','2014-07-22 17:41:52',NULL,45,1000000,7,1,1,1,NULL),(61,7,7,50,NULL,NULL,'type 5454','type 5454','0000',1,'2014-07-22 17:43:15','2014-07-22 17:43:15',NULL,151,1000000,4,1,1,1,NULL),(62,7,7,NULL,NULL,61,'2','type 5454 - 2','111111',1,'2014-07-22 17:44:18','2014-07-22 17:44:18',NULL,151,1000000,4,1,1,1,NULL),(63,7,7,NULL,NULL,61,'1','type 5454 - 1','99999',1,'2014-07-22 17:46:52','2014-07-22 17:46:52',NULL,151,1000000,4,1,1,1,NULL),(64,7,7,NULL,51,NULL,'656565',NULL,NULL,1,'2014-07-30 11:19:49','2014-07-30 11:19:49',NULL,144,1000000,21,1,1,1,NULL),(66,7,7,NULL,57,NULL,'DDDD',NULL,NULL,1,'2014-09-15 18:38:22','2014-09-15 18:38:22',NULL,44,1000000,6,1,1,1,NULL),(68,7,7,51,NULL,NULL,'test',NULL,NULL,1,'2014-09-15 22:54:20','2014-09-15 22:54:21',NULL,143,1000000,20,1,1,1,NULL),(70,7,7,NULL,NULL,68,'ttt',NULL,NULL,1,'2014-09-15 22:57:13','2014-09-15 22:57:14',NULL,144,1000000,21,1,1,1,NULL),(71,7,7,NULL,NULL,68,'lk',NULL,NULL,1,'2014-09-15 22:58:32','2014-09-15 22:58:32',NULL,144,1000000,21,1,1,1,NULL),(72,7,7,NULL,NULL,68,'DFFF',NULL,NULL,1,'2014-09-16 16:17:56','2014-09-16 16:17:56',NULL,144,1000000,21,1,1,1,NULL);

--
-- Table structure for table `card_template`
--

CREATE TABLE `card_template` (
  `id_card` int(11) NOT NULL AUTO_INCREMENT,
  `id_card_type` int(11) NOT NULL,
  `id_equipment` int(11) NOT NULL,
  `id_iom` int(11) DEFAULT NULL,
  `cd_card` varchar(15) DEFAULT NULL,
  `lb_card` varchar(100) DEFAULT NULL,
  `cm_card` varchar(255) DEFAULT NULL,
  `cd_serial_number` varchar(15) DEFAULT NULL,
  `nb_bp_used` decimal(10,0) DEFAULT NULL,
  `nb_position` decimal(10,0) DEFAULT NULL,
  `dt_start` datetime DEFAULT NULL,
  `dt_end` datetime DEFAULT NULL,
  `bl_deactivated` tinyint(1) DEFAULT NULL,
  `dt_create` datetime DEFAULT NULL,
  `dt_update` datetime DEFAULT NULL,
  `id_user_create_by` int(11) DEFAULT NULL,
  `id_user_update_by` int(11) DEFAULT NULL,
  PRIMARY KEY (`id_card`),
  KEY `id_card` (`id_card`)
) ENGINE=InnoDB DEFAULT CHARSET=utf8;

--
-- Dumping data for table `card_template`
--


--
-- Table structure for table `card_type`
--

CREATE TABLE `card_type` (
  `id_card_type` int(11) NOT NULL AUTO_INCREMENT,
  `cd_card_type` varchar(15) NOT NULL,
  `lb_card_type` varchar(100) NOT NULL,
  `id_orientation` int(11) DEFAULT NULL,
  `nb_height` decimal(10,0) DEFAULT NULL,
  `nb_width` decimal(10,0) DEFAULT NULL,
  `url_image` varchar(100) DEFAULT NULL,
  `url_document` varchar(100) DEFAULT NULL,
  `dt_start` datetime DEFAULT NULL,
  `dt_end` datetime DEFAULT NULL,
  `bl_deactivated` tinyint(1) DEFAULT NULL,
  `dt_create` datetime DEFAULT NULL,
  `dt_update` datetime DEFAULT NULL,
  `id_user_create_by` int(11) DEFAULT NULL,
  `id_user_update_by` int(11) DEFAULT NULL,
  `nb_port` int(11) DEFAULT NULL,
  `dt_deactivated` datetime DEFAULT NULL,
  PRIMARY KEY (`id_card_type`)
) ENGINE=InnoDB DEFAULT CHARSET=utf8;

--
-- Dumping data for table `card_type`
--


--
-- Table structure for table `ci_sessions`
--

CREATE TABLE `ci_sessions` (
  `session_id` varchar(40) NOT NULL,
  `session_user_id` varchar(40) CHARACTER SET utf8 COLLATE utf8_unicode_ci NOT NULL,
  `ip_address` varchar(40) NOT NULL,
  `user_agent` varchar(150) CHARACTER SET utf8 COLLATE utf8_bin NOT NULL,
  `last_page` varchar(150) CHARACTER SET utf8 COLLATE utf8_unicode_ci NOT NULL,
  `last_activity` int(11) NOT NULL,
  `session_data` varchar(250) CHARACTER SET utf8 COLLATE utf8_unicode_ci DEFAULT NULL,
  `user_data` varchar(255) CHARACTER SET utf8 COLLATE utf8_unicode_ci NOT NULL,
  `bl_deactivated` tinyint(1) DEFAULT NULL,
  PRIMARY KEY (`session_id`)
) ENGINE=InnoDB DEFAULT CHARSET=utf8;

--
-- Dumping data for table `ci_sessions`
--


--
-- Table structure for table `city`
--

CREATE TABLE `city` (
  `id_city` int(11) NOT NULL AUTO_INCREMENT,
  `cd_city` varchar(15) NOT NULL,
  `lb_city` varchar(100) NOT NULL,
  `id_country` int(11) DEFAULT NULL,
  `bl_deactivated` tinyint(1) DEFAULT NULL,
  `dt_create` datetime DEFAULT NULL,
  `dt_update` datetime DEFAULT NULL,
  `id_user_create_by` int(11) DEFAULT NULL,
  `id_user_update_by` int(11) DEFAULT NULL,
  `nb_gmt` varchar(15) DEFAULT NULL,
  `dt_deactivated` datetime DEFAULT NULL,
  PRIMARY KEY (`id_city`),
  KEY `fk__city__country1` (`id_country`),
  KEY `id_user_create_by` (`id_user_create_by`),
  KEY `id_user_update_by` (`id_user_update_by`),
  KEY `id_country` (`id_country`),
  CONSTRAINT `FK_2D5B0234536A5873` FOREIGN KEY (`id_user_create_by`) REFERENCES `myuser` (`id`),
  CONSTRAINT `FK_2D5B023468E26F41` FOREIGN KEY (`id_user_update_by`) REFERENCES `myuser` (`id`),
  CONSTRAINT `FK_2D5B02348DEE6016` FOREIGN KEY (`id_country`) REFERENCES `country` (`id_country`)
) ENGINE=InnoDB AUTO_INCREMENT=530 DEFAULT CHARSET=utf8;

--
-- Dumping data for table `city`
--

INSERT INTO `city` VALUES (498,'LON','London',5,1,NULL,'2013-04-18 00:00:00',1,7,'-1',NULL),(499,'BUK','Bukarest',7,1,NULL,'2014-07-21 19:26:43',NULL,7,'5',NULL),(500,'EDI','Edingbourg',5,1,NULL,'2014-07-21 19:23:43',NULL,7,'1',NULL),(501,'GEN','1Geneva',6,1,NULL,'2013-06-26 00:00:00',1,7,'1',NULL),(502,'Ma','Marseilles',4,1,NULL,'2013-06-26 14:19:06',1,2,'0',NULL),(503,'ZUR','Zurich',6,1,'2013-04-18 00:00:00','2013-04-18 00:00:00',2,7,'8',NULL),(504,'MUN','Munich',33,1,'2013-04-23 00:00:00','2013-06-27 00:00:00',2,7,'0',NULL),(505,'KRA','KRAGAU',7,1,'2013-04-30 00:00:00','2013-06-26 00:00:00',2,7,'1',NULL),(506,'STR','Strasbourg',4,1,'2013-05-21 00:00:00','2013-05-21 00:00:00',2,7,'0',NULL),(507,'PAR','Paris',4,1,'2013-06-25 00:00:00','2013-06-25 00:00:00',2,7,'1',NULL),(508,'HON','HongKong',19,1,'2013-06-25 00:00:00','2013-06-25 00:00:00',2,7,'6',NULL),(509,'GRN','Grenoble',4,1,'2013-06-27 00:00:00','2013-06-27 00:00:00',2,7,'0',NULL),(510,'BLOIS','Blois',4,1,'2013-07-02 09:55:55','2013-07-02 09:55:55',2,2,'1',NULL),(511,'MAD','MADRID',32,1,'2014-01-17 00:00:00','2014-01-17 00:00:00',2,7,'0',NULL),(512,'BAR','Barcelone',32,1,'2014-01-17 00:00:00','2014-01-17 00:00:00',2,7,'0',NULL),(513,'GRA','GRANADA',21,1,'2014-01-17 16:02:31','2014-01-17 16:02:31',2,2,'0',NULL),(514,'LON','LONDON',5,1,'2014-01-20 00:00:00','2014-01-20 00:00:00',2,7,NULL,NULL),(515,'Perl*','Perl Harbour',5,0,'2014-01-20 00:00:00','2014-01-20 00:00:00',2,2,NULL,NULL),(516,'Perl*','Perl Harbour',5,1,'2014-01-20 00:00:00','2014-01-20 00:00:00',2,2,NULL,NULL),(517,'HEL','Helsinki',30,1,'2014-01-21 16:25:29','2014-01-21 16:25:29',2,2,'0',NULL),(518,'MIL','MILANO',27,1,'2014-01-24 00:00:00','2014-01-24 00:00:00',2,7,NULL,NULL),(519,'ROM','ROMA',27,1,'2014-01-24 00:00:00','2014-01-24 00:00:00',2,7,'0',NULL),(520,'GRA','GRANADA',32,1,'2014-01-27 00:00:00','2014-01-27 00:00:00',2,7,NULL,NULL),(521,'TOS','Tossa Del Mar',32,1,'2014-01-27 00:00:00','2014-01-27 00:00:00',2,7,NULL,NULL),(522,'BRE','BREMEN',33,1,'2014-01-31 00:00:00','2014-01-31 00:00:00',2,2,NULL,NULL),(523,'HAM','HAMBURG',33,1,'2014-01-31 00:00:00','2014-01-31 00:00:00',2,7,NULL,NULL),(524,'STU','STUTTGART',33,1,'2014-01-31 00:00:00','2014-01-31 00:00:00',2,2,NULL,NULL),(525,'MUN','MUNICH',33,1,'2014-01-31 00:00:00','2014-01-31 00:00:00',2,7,NULL,NULL),(526,'EDI','Edingburgh',5,1,'2014-02-11 00:00:00','2014-02-11 00:00:00',2,7,NULL,NULL),(527,'FRA','Frankfurt am Main',33,1,'2014-02-11 00:00:00','2014-02-11 00:00:00',2,7,'0',NULL),(528,'AUBERVILLIER','AUBERVILLIER',4,1,'2014-02-18 17:12:44','2014-02-18 17:12:44',2,2,NULL,NULL),(529,'SIN','Singapore',34,1,'2014-07-21 00:00:00','2014-07-21 00:00:00',7,7,'6',NULL);

--
-- Table structure for table `civility`
--

CREATE TABLE `civility` (
  `id_civility` int(11) NOT NULL AUTO_INCREMENT,
  `cd_civility` varchar(15) NOT NULL,
  `lb_civility` varchar(100) DEFAULT NULL,
  `bl_deactivated` tinyint(1) DEFAULT NULL,
  `id_user_create_by` int(11) DEFAULT NULL,
  `id_user_update_by` int(11) DEFAULT NULL,
  `dt_create` datetime DEFAULT NULL,
  `dt_update` datetime DEFAULT NULL,
  `dt_deactivated` datetime DEFAULT NULL,
  PRIMARY KEY (`id_civility`),
  KEY `IDX_384D4799536A5873` (`id_user_create_by`),
  KEY `IDX_384D479968E26F41` (`id_user_update_by`),
  CONSTRAINT `FK_384D4799536A5873` FOREIGN KEY (`id_user_create_by`) REFERENCES `myuser` (`id`),
  CONSTRAINT `FK_384D479968E26F41` FOREIGN KEY (`id_user_update_by`) REFERENCES `myuser` (`id`)
) ENGINE=InnoDB AUTO_INCREMENT=12 DEFAULT CHARSET=utf8;

--
-- Dumping data for table `civility`
--

INSERT INTO `civility` VALUES (6,'Mr','Monsieur',1,NULL,2,NULL,'2013-07-02 10:34:53',NULL),(7,'Mme','Madame',1,NULL,2,NULL,'2013-07-02 10:34:53',NULL),(8,'M','Mister',1,NULL,2,NULL,'2013-07-02 10:34:53',NULL),(9,'Mrs','Miss',NULL,NULL,2,NULL,'2013-06-26 10:34:53',NULL),(10,'Al','Aliens Life Form',1,2,2,'2013-06-26 10:34:53','2013-06-26 10:34:53',NULL),(11,'Ch','Chtonien',1,2,2,'2013-06-26 10:34:53','2013-06-26 10:34:53',NULL);

--
-- Table structure for table `cluster`
--

CREATE TABLE `cluster` (
  `id_cluster` int(11) NOT NULL AUTO_INCREMENT,
  `cd_cluster` varchar(15) NOT NULL,
  `lb_cluster` varchar(100) NOT NULL,
  `bl_deactivated` tinyint(1) DEFAULT NULL,
  `dt_create` datetime DEFAULT NULL,
  `dt_update` datetime DEFAULT NULL,
  `id_user_create_by` int(11) DEFAULT NULL,
  `id_user_update_by` int(11) DEFAULT NULL,
  `comment` longtext,
  `id_provider_worldwide_group` int(11) DEFAULT NULL,
  `dt_deactivated` datetime DEFAULT NULL,
  PRIMARY KEY (`id_cluster`),
  KEY `id_user_create_by` (`id_user_create_by`),
  KEY `id_user_update_by` (`id_user_update_by`),
  KEY `idx_provider_group` (`id_provider_worldwide_group`),
  CONSTRAINT `FK_E5C56994536A5873` FOREIGN KEY (`id_user_create_by`) REFERENCES `myuser` (`id`),
  CONSTRAINT `FK_E5C5699468E26F41` FOREIGN KEY (`id_user_update_by`) REFERENCES `myuser` (`id`),
  CONSTRAINT `FK_E5C56994B2A41A3` FOREIGN KEY (`id_provider_worldwide_group`) REFERENCES `provider_worldwide_group` (`id_provider_worldwide_group`)
) ENGINE=InnoDB AUTO_INCREMENT=5 DEFAULT CHARSET=utf8;

--
-- Dumping data for table `cluster`
--

INSERT INTO `cluster` VALUES (1,'cc','cluster coin',1,'2013-05-27 16:19:58','2013-07-02 10:23:19',2,2,'tes',NULL,NULL),(2,'C','Cdesc',1,'2013-07-02 00:00:00','2013-07-02 00:00:00',2,2,'test',1,NULL),(3,'C','C descr',1,'2013-07-02 11:11:56','2013-07-02 11:11:56',2,2,'test1',3,NULL),(4,'G','Globale',1,'2013-07-02 11:13:47','2013-07-02 11:13:47',2,2,'test',4,NULL);

--
-- Table structure for table `commercial_route`
--

CREATE TABLE `commercial_route` (
  `id_commercial_route` int(11) NOT NULL AUTO_INCREMENT,
  `cd_commercial_route` varchar(15) DEFAULT NULL,
  `lb_commercial_route` varchar(100) DEFAULT NULL,
  `bl_deactivated` tinyint(1) DEFAULT NULL,
  `dt_create` datetime DEFAULT NULL,
  `dt_update` datetime DEFAULT NULL,
  `id_user_create_by` int(11) DEFAULT NULL,
  `id_user_update_by` int(11) DEFAULT NULL,
  `id_city_a` int(11) DEFAULT NULL,
  `id_city_b` int(11) DEFAULT NULL,
  `dt_deactivated` datetime DEFAULT NULL,
  PRIMARY KEY (`id_commercial_route`),
  KEY `IDX_2DBA2258536A5873` (`id_user_create_by`),
  KEY `IDX_2DBA225868E26F41` (`id_user_update_by`),
  KEY `IDX_2DBA2258355C08C7` (`id_city_a`),
  KEY `IDX_2DBA2258AC55597D` (`id_city_b`),
  CONSTRAINT `FK_2DBA2258355C08C7` FOREIGN KEY (`id_city_a`) REFERENCES `city` (`id_city`),
  CONSTRAINT `FK_2DBA2258536A5873` FOREIGN KEY (`id_user_create_by`) REFERENCES `myuser` (`id`),
  CONSTRAINT `FK_2DBA225868E26F41` FOREIGN KEY (`id_user_update_by`) REFERENCES `myuser` (`id`),
  CONSTRAINT `FK_2DBA2258AC55597D` FOREIGN KEY (`id_city_b`) REFERENCES `city` (`id_city`)
) ENGINE=InnoDB AUTO_INCREMENT=7 DEFAULT CHARSET=utf8;

--
-- Dumping data for table `commercial_route`
--

INSERT INTO `commercial_route` VALUES (1,'RCH','Route commerciale Chinoise',1,'2013-06-26 00:00:00','2013-06-26 00:00:00',2,7,502,508,NULL),(2,'RI','Route des Indes Orientales',1,'2013-07-02 10:36:22','2013-07-02 10:36:32',2,2,NULL,NULL,NULL),(3,NULL,'FRASIN',1,'2014-07-21 00:00:00','2014-07-21 00:00:00',7,7,527,529,NULL),(4,NULL,'AUBBRE',1,'2014-07-21 00:00:00','2014-07-21 00:00:00',7,7,528,522,NULL),(5,NULL,NULL,1,'2014-07-21 19:21:24','2014-07-21 19:21:24',7,7,524,527,NULL),(6,NULL,'HELPAR',1,'2014-07-22 00:00:00','2014-07-22 00:00:00',7,7,517,507,NULL);

--
-- Table structure for table `commercial_route_price`
--

CREATE TABLE `commercial_route_price` (
  `id_commercial_price` int(11) NOT NULL AUTO_INCREMENT,
  `id_bandwidth` int(11) DEFAULT NULL,
  `id_product` int(11) DEFAULT NULL,
  `id_commercial_route` int(11) DEFAULT NULL,
  `mt_transfer_price` decimal(10,0) DEFAULT NULL,
  `mt_install_price` decimal(10,0) DEFAULT NULL,
  `dt_start` datetime DEFAULT NULL,
  `dt_end` datetime DEFAULT NULL,
  `bl_deactivated` tinyint(1) DEFAULT NULL,
  `dt_create` datetime DEFAULT NULL,
  `dt_update` datetime DEFAULT NULL,
  `id_user_create_by` int(11) DEFAULT NULL,
  `id_user_update_by` int(11) DEFAULT NULL,
  PRIMARY KEY (`id_commercial_price`),
  KEY `id_commercial_price` (`id_commercial_price`)
) ENGINE=InnoDB DEFAULT CHARSET=utf8;

--
-- Dumping data for table `commercial_route_price`
--


--
-- Table structure for table `company_group`
--

CREATE TABLE `company_group` (
  `id_company_group` int(11) NOT NULL AUTO_INCREMENT,
  `cd_company_group` varchar(15) NOT NULL,
  `lb_company_group` varchar(100) NOT NULL,
  `bl_deactivated` tinyint(1) DEFAULT NULL,
  `dt_create` datetime DEFAULT NULL,
  `dt_update` datetime DEFAULT NULL,
  `id_user_create_by` int(11) DEFAULT NULL,
  `id_user_update_by` int(11) DEFAULT NULL,
  `dt_deactivated` datetime DEFAULT NULL,
  PRIMARY KEY (`id_company_group`),
  KEY `id_user_create_by` (`id_user_create_by`),
  KEY `id_user_update_by` (`id_user_update_by`),
  CONSTRAINT `FK_2A31E6A0536A5873` FOREIGN KEY (`id_user_create_by`) REFERENCES `myuser` (`id`),
  CONSTRAINT `FK_2A31E6A068E26F41` FOREIGN KEY (`id_user_update_by`) REFERENCES `myuser` (`id`)
) ENGINE=InnoDB DEFAULT CHARSET=utf8;

--
-- Dumping data for table `company_group`
--


--
-- Table structure for table `company_type`
--

CREATE TABLE `company_type` (
  `id_company_type` int(11) NOT NULL AUTO_INCREMENT,
  `cd_company_type` varchar(15) DEFAULT NULL,
  `lb_company_type` varchar(100) DEFAULT NULL,
  `bl_deactivated` tinyint(1) DEFAULT NULL,
  `dt_create` datetime DEFAULT NULL,
  `dt_update` datetime DEFAULT NULL,
  `id_user_create_by` int(11) DEFAULT NULL,
  `id_user_update_by` int(11) DEFAULT NULL,
  `dt_deactivated` datetime DEFAULT NULL,
  PRIMARY KEY (`id_company_type`),
  KEY `id_user_create_by` (`id_user_create_by`),
  KEY `id_user_update_by` (`id_user_update_by`),
  CONSTRAINT `FK_CFB34DC7536A5873` FOREIGN KEY (`id_user_create_by`) REFERENCES `myuser` (`id`),
  CONSTRAINT `FK_CFB34DC768E26F41` FOREIGN KEY (`id_user_update_by`) REFERENCES `myuser` (`id`)
) ENGINE=InnoDB AUTO_INCREMENT=21 DEFAULT CHARSET=utf8;

--
-- Dumping data for table `company_type`
--

INSERT INTO `company_type` VALUES (1,'Carrier','Carrier',1,'2013-11-11 14:32:58','2013-11-11 14:32:58',2,2,NULL),(14,'ZR','Zones Régionales',1,NULL,'2013-06-26 18:15:35',NULL,2,NULL),(15,'ZD','Zone Départementale',1,'2013-06-26 18:15:57','2013-06-26 18:15:57',2,2,NULL),(16,'HKiK','Hakik',1,'2013-07-02 11:17:01','2013-07-02 11:17:01',2,2,NULL),(17,'Voice Rec','Voice Recording Provider',1,'2014-01-20 14:47:28','2014-01-20 14:47:28',2,2,NULL),(18,'Voice Rec','Voice Recording Provider',1,'2014-01-20 14:47:30','2014-01-20 14:47:30',2,2,NULL),(19,'Housing Prov','Housing Provider',1,'2014-02-03 00:00:00','2014-02-03 00:00:00',2,2,NULL),(20,'Cabling Prov','Cabling Provider',1,'2014-02-03 00:00:00','2014-02-03 00:00:00',2,2,NULL);

--
-- Table structure for table `complex_model`
--

CREATE TABLE `complex_model` (
  `id_complex_model` int(11) NOT NULL AUTO_INCREMENT,
  `id_user_create_by` int(11) DEFAULT NULL,
  `id_user_update_by` int(11) DEFAULT NULL,
  `cd_complex_model` varchar(15) COLLATE utf8_unicode_ci DEFAULT NULL,
  `lb_complex_model` varchar(100) COLLATE utf8_unicode_ci DEFAULT NULL,
  `url_image` varchar(100) COLLATE utf8_unicode_ci DEFAULT NULL,
  `bl_deactivated` tinyint(1) DEFAULT NULL,
  `dt_deactivated` datetime DEFAULT NULL,
  `one_off_cost` decimal(10,0) DEFAULT NULL,
  `rec_off_cost` decimal(10,0) DEFAULT NULL,
  `bl_model` tinyint(1) NOT NULL,
  `dt_create` datetime DEFAULT NULL,
  `dt_update` datetime DEFAULT NULL,
  PRIMARY KEY (`id_complex_model`),
  KEY `IDX_9A362009536A5873` (`id_user_create_by`),
  KEY `IDX_9A36200968E26F41` (`id_user_update_by`),
  CONSTRAINT `FK_9A362009536A5873` FOREIGN KEY (`id_user_create_by`) REFERENCES `myuser` (`id`),
  CONSTRAINT `FK_9A36200968E26F41` FOREIGN KEY (`id_user_update_by`) REFERENCES `myuser` (`id`)
) ENGINE=InnoDB AUTO_INCREMENT=34 DEFAULT CHARSET=utf8 COLLATE=utf8_unicode_ci;

--
-- Dumping data for table `complex_model`
--

INSERT INTO `complex_model` VALUES (1,2,2,'121','212','2121',1,NULL,212,212,1,'2013-05-16 00:00:00','2013-10-09 00:00:00'),(2,2,2,'AK12','212','2121',1,NULL,212,212,1,'2013-05-16 00:00:00','2013-09-10 00:00:00'),(3,2,2,'121','212','2121',1,NULL,212,212,1,'2013-05-16 12:25:54','2013-09-10 12:16:00'),(4,2,2,'5545','5454','5454',1,NULL,5,5454,1,'2013-06-18 00:00:00','2013-10-21 11:04:47'),(5,2,2,'5545','5454','5454',1,NULL,2,5454,1,'2013-06-18 00:00:00','2013-07-02 00:00:00'),(6,2,2,'port12','port12',NULL,1,NULL,56,59,1,'2013-07-06 13:49:39','2013-07-10 14:37:53'),(7,2,2,'dcard','dcard',NULL,1,NULL,45,45,1,'2013-07-06 00:00:00','2013-09-16 00:00:00'),(8,2,2,'azert','azz','a',1,NULL,10,10,1,'2013-07-08 11:54:21','2013-07-08 15:50:49'),(9,2,2,'kjkjkj','lll',NULL,1,NULL,5,8,1,'2013-07-08 15:52:44','2013-07-08 15:52:44'),(10,2,2,'jhg','hgfa',NULL,0,NULL,11,11,1,'2013-07-08 15:52:49','2013-07-12 22:00:43'),(11,2,2,'ooo','oo',NULL,1,NULL,5,5,1,'2013-07-08 15:55:53','2013-07-12 14:22:01'),(12,2,2,'fgfgfg','fgfg',NULL,1,NULL,5,5,1,'2013-07-08 16:04:04','2013-07-08 16:04:04'),(13,2,2,'tytyty','ttyty',NULL,1,NULL,8,8,1,'2013-07-08 16:28:42','2013-07-08 16:28:42'),(14,2,2,'abc','abc','abc',1,NULL,1,1,1,'2013-07-10 13:09:24','2013-07-11 10:53:41'),(15,2,2,'qsdf','qsdf','qsdf',1,NULL,1,1,1,'2013-07-10 15:14:02','2013-07-10 17:45:03'),(16,2,2,'test remplissag','test remplissage','1',1,NULL,1,1,1,'2013-07-10 18:12:58','2013-07-10 18:13:13'),(17,2,7,'Equipement','equipement','1',1,NULL,1,1,1,'2013-07-11 00:00:00','2013-07-11 00:00:00'),(18,2,2,'PatchPanel','patchpanel','1',1,NULL,1,1,1,'2013-07-11 11:53:43','2013-07-12 14:02:20'),(19,2,2,'Slot','Slot','1',1,NULL,1,1,1,'2013-07-11 11:55:03','2013-07-11 11:55:03'),(20,2,2,'Mother Card','Mother Card','1',1,NULL,1,1,1,'2013-07-11 11:55:53','2013-07-11 11:55:53'),(21,2,7,'Daughter Card','Daughter Card01','1',1,NULL,1,1,1,'2013-07-11 00:00:00','2013-07-11 00:00:00'),(22,2,7,'CABINET001','CABINET001','1',1,NULL,1,1,1,'2013-07-11 00:00:00','2013-09-10 00:00:00'),(23,2,7,'445','model test avec sabine',NULL,1,NULL,5,5,1,'2013-09-10 00:00:00','2013-09-10 00:00:00'),(24,2,2,'cab','fdf',NULL,1,NULL,5,5,1,'2013-09-12 10:20:32','2013-09-12 10:20:32'),(25,2,2,'221','559',NULL,1,NULL,2,2,1,'2013-09-25 14:40:09','2013-09-25 14:40:09'),(26,2,7,'Super Model XXL','Super Model XXL Desc',NULL,1,NULL,69852,784,1,'2014-01-22 00:00:00','2014-01-22 00:00:00'),(27,2,7,'SAR-8 fully equ','SAR -8 completely equiped',NULL,1,NULL,NULL,NULL,1,'2014-02-21 00:00:00','2014-02-21 00:00:00'),(28,7,7,'Test sylvain','tuu',NULL,1,NULL,1,1,1,'2014-04-08 10:32:39','2014-04-08 10:32:39'),(29,7,7,'Test sylvain','tuu',NULL,1,NULL,1,1,1,'2014-04-08 10:39:27','2014-04-08 10:39:27'),(30,7,7,'portmod','port model',NULL,1,NULL,NULL,NULL,1,'2014-06-12 00:00:00','2014-06-12 00:00:00'),(31,7,7,'PMO test','test de capacité',NULL,1,NULL,500,100,1,'2014-08-13 15:37:02','2014-08-13 15:37:02'),(32,7,7,'0001-0001-MM','MM0001',NULL,1,NULL,NULL,NULL,1,'2014-09-16 16:21:45','2014-09-16 16:21:45'),(33,7,7,'MB00001','MOTHER BOARD 00001',NULL,1,NULL,NULL,NULL,1,'2014-09-17 14:22:19','2014-09-17 14:22:19');

--
-- Table structure for table `connection_path`
--

CREATE TABLE `connection_path` (
  `id_connection_path` int(11) NOT NULL AUTO_INCREMENT,
  `id_backbone_link_extremity_tech` int(11) DEFAULT NULL,
  `id_local_loop_extremity_tech` int(11) DEFAULT NULL,
  `lb_connection_path` varchar(1000) COLLATE utf8_unicode_ci NOT NULL,
  PRIMARY KEY (`id_connection_path`),
  KEY `IDX_CD448C358BA15092` (`id_backbone_link_extremity_tech`),
  KEY `IDX_CD448C354A449A67` (`id_local_loop_extremity_tech`),
  CONSTRAINT `FK_CD448C354A449A67` FOREIGN KEY (`id_local_loop_extremity_tech`) REFERENCES `local_loop_extremity_tech` (`id_local_loop_extremity_tech`),
  CONSTRAINT `FK_CD448C358BA15092` FOREIGN KEY (`id_backbone_link_extremity_tech`) REFERENCES `backbone_link_extremity_tech` (`id_backbone_link_extremity_tech`)
) ENGINE=InnoDB AUTO_INCREMENT=4 DEFAULT CHARSET=utf8 COLLATE=utf8_unicode_ci;

--
-- Dumping data for table `connection_path`
--

INSERT INTO `connection_path` VALUES (1,NULL,NULL,'port:51'),(2,NULL,NULL,'port:51'),(3,NULL,102,'port:51');

--
-- Table structure for table `contact`
--

CREATE TABLE `contact` (
  `id_contact` int(11) NOT NULL AUTO_INCREMENT,
  `id_customer` int(11) DEFAULT NULL,
  `id_address` int(11) DEFAULT NULL,
  `lb_title` varchar(255) DEFAULT NULL,
  `id_civility` int(11) DEFAULT NULL,
  `lb_firstname` varchar(50) CHARACTER SET utf8 COLLATE utf8_bin DEFAULT NULL,
  `lb_lastname` varchar(50) CHARACTER SET utf8 COLLATE utf8_bin DEFAULT NULL,
  `lb_email` varchar(100) CHARACTER SET utf8 COLLATE utf8_bin DEFAULT NULL,
  `lb_phone` varchar(20) CHARACTER SET utf8 COLLATE utf8_bin DEFAULT NULL,
  `lb_mobile` varchar(20) CHARACTER SET utf8 COLLATE utf8_bin DEFAULT NULL,
  `lb_fax` varchar(20) CHARACTER SET utf8 COLLATE utf8_bin DEFAULT NULL,
  `bl_deactivated` tinyint(1) DEFAULT NULL,
  `dt_create` datetime DEFAULT NULL,
  `dt_update` datetime DEFAULT NULL,
  `id_user_update_by` int(11) DEFAULT NULL,
  `dt_deactived` datetime DEFAULT NULL,
  `id_user_create_by` int(11) DEFAULT NULL,
  `id_contact_type` int(11) DEFAULT NULL,
  `bl_default` tinyint(1) DEFAULT NULL,
  `comment` text,
  `id_address_custom` int(11) DEFAULT NULL,
  `dt_deactivated` datetime DEFAULT NULL,
  PRIMARY KEY (`id_contact`),
  KEY `id_user_update_by` (`id_user_update_by`),
  KEY `id_user_create_by` (`id_user_create_by`),
  KEY `id_customer` (`id_customer`),
  KEY `id_address` (`id_address`),
  KEY `id_civility` (`id_civility`),
  KEY `id_contact_type` (`id_contact_type`),
  KEY `IDX_4C62E638F3BB2E22` (`id_address_custom`),
  CONSTRAINT `FK_4C62E638536A5873` FOREIGN KEY (`id_user_create_by`) REFERENCES `myuser` (`id`),
  CONSTRAINT `FK_4C62E6386896AB0C` FOREIGN KEY (`id_civility`) REFERENCES `civility` (`id_civility`),
  CONSTRAINT `FK_4C62E63868E26F41` FOREIGN KEY (`id_user_update_by`) REFERENCES `myuser` (`id`),
  CONSTRAINT `FK_4C62E63887E0A0A4` FOREIGN KEY (`id_contact_type`) REFERENCES `contact_type` (`id_contact_type`),
  CONSTRAINT `FK_4C62E638D1E2629C` FOREIGN KEY (`id_customer`) REFERENCES `customer` (`id_customer`),
  CONSTRAINT `FK_4C62E638D3D3C6F1` FOREIGN KEY (`id_address`) REFERENCES `address` (`id_address`),
  CONSTRAINT `FK_4C62E638F3BB2E22` FOREIGN KEY (`id_address_custom`) REFERENCES `address_contact` (`id_address_contact`)
) ENGINE=InnoDB AUTO_INCREMENT=35 DEFAULT CHARSET=utf8;

--
-- Dumping data for table `contact`
--

INSERT INTO `contact` VALUES (1,1,4,'Directeur',7,'John','Wayne','test@hotmail.Com','5454','5454',NULL,0,'2013-05-28 13:53:08','2013-10-07 17:05:26',2,'2013-06-16 00:00:00',2,1,1,NULL,NULL,NULL),(2,NULL,1,NULL,6,'john','fitzgerald',NULL,NULL,NULL,NULL,1,'2013-06-17 17:19:54','2013-06-17 17:19:54',2,NULL,2,1,0,NULL,NULL,NULL),(3,NULL,4,NULL,6,'john','wayne',NULL,NULL,NULL,NULL,1,'2013-06-18 11:33:52','2013-06-26 18:03:20',2,'2013-06-27 00:00:00',2,2,0,NULL,NULL,NULL),(4,2,5,'dqsdd',6,'sqdqsd','qsdq','qsdsqd@hk;com','212','2121','2121',0,'2013-06-25 09:52:46','2013-06-25 09:52:46',2,'2013-06-18 00:00:00',2,1,0,NULL,NULL,NULL),(5,NULL,2,'Account Manager',7,'Jean Luc','Pariso','js@paOB.com','0607080901','0607080901','010203040506',1,'2013-06-26 18:10:17','2013-06-26 18:10:17',2,NULL,2,1,1,NULL,NULL,NULL),(6,3,6,'WOrld MASTER',10,'ET','ET','et@homeworld.com','0101','0101','0101',1,'2013-07-02 10:00:07','2013-07-02 10:00:07',2,NULL,2,2,1,NULL,NULL,NULL),(7,NULL,6,'exploratrice',7,'Lara','Croft','lcroft@tombraider.com','0101','010','10101',0,'2013-07-02 11:01:25','2013-07-02 11:01:25',2,NULL,2,1,1,NULL,NULL,NULL),(8,NULL,10,'balanceur lvl 2',6,'Titi','j\'aicrue voir un chat','tit@grosminet.com','1111','1111','1111',1,'2013-07-02 11:05:40','2013-07-02 11:05:40',2,NULL,2,1,1,NULL,NULL,NULL),(9,1,18,NULL,6,'Clark','Gable',NULL,NULL,NULL,NULL,1,'2013-10-08 10:50:05','2013-10-08 12:37:44',2,NULL,2,1,0,NULL,1,NULL),(10,16,NULL,NULL,6,'Robert','Bruce',NULL,NULL,NULL,NULL,0,'2014-01-20 00:00:00','2014-01-20 00:00:00',2,NULL,2,2,0,NULL,NULL,NULL),(11,16,27,'COO',6,'Hernando','Ronaldo','ronaldo.hernando@info.com',NULL,NULL,NULL,1,'2014-01-21 00:00:00','2014-01-21 00:00:00',2,NULL,2,2,1,NULL,NULL,NULL),(12,16,27,NULL,7,'Donja','Sunshine',NULL,NULL,NULL,NULL,1,'2014-01-21 17:35:41','2014-01-21 17:35:41',2,NULL,2,3,1,NULL,NULL,NULL),(13,19,34,NULL,6,'aurelio','Italian Admin  Customer Contact',NULL,NULL,NULL,NULL,1,'2014-01-24 00:00:00','2014-01-24 00:00:00',2,NULL,2,2,1,NULL,NULL,NULL),(14,19,34,NULL,9,'Juan-Carlos','Italian Technical Customer Contact',NULL,NULL,NULL,NULL,1,'2014-01-24 00:00:00','2014-01-24 00:00:00',2,NULL,2,3,1,NULL,2,NULL),(15,20,NULL,NULL,8,'Hernando','Spanish Administrative Customer Contact',NULL,NULL,NULL,NULL,1,'2014-01-24 14:40:55','2014-01-24 14:40:55',2,NULL,2,2,1,NULL,NULL,NULL),(16,20,NULL,NULL,8,'Juanjo','Spanish Technical contact',NULL,NULL,NULL,NULL,1,'2014-01-27 15:54:25','2014-01-27 15:54:25',2,NULL,2,3,1,NULL,NULL,NULL),(17,19,NULL,NULL,9,'Andrés','ITALIAN BILLING CUSTOMER CONTACT',NULL,NULL,NULL,NULL,1,'2014-01-27 16:28:16','2014-01-27 16:28:16',2,NULL,2,1,0,NULL,NULL,NULL),(18,20,38,NULL,6,'Centimos','Pesetitas Billing contact',NULL,NULL,NULL,NULL,1,'2014-01-31 00:00:00','2014-01-31 00:00:00',2,NULL,2,4,0,NULL,NULL,NULL),(19,20,NULL,NULL,6,'Gonzales','Speedy',NULL,NULL,NULL,NULL,1,'2014-02-10 18:47:46','2014-02-10 18:47:46',2,NULL,2,5,1,NULL,NULL,NULL),(20,23,NULL,NULL,8,'Johannes','Friedrich',NULL,NULL,NULL,NULL,1,'2014-02-17 00:00:00','2014-02-17 00:00:00',2,NULL,2,2,1,NULL,3,NULL),(21,23,47,NULL,9,'IKNOWEVERYTHING','Yeswecan',NULL,NULL,NULL,NULL,1,'2014-02-17 17:14:17','2014-02-17 17:14:17',2,NULL,2,3,1,NULL,NULL,NULL),(22,23,48,NULL,9,'Eurosini','Money money money',NULL,NULL,NULL,NULL,1,'2014-02-17 17:17:14','2014-02-17 17:17:14',2,NULL,2,4,1,NULL,NULL,NULL),(23,23,NULL,NULL,6,'Ihave','Accepted',NULL,NULL,NULL,NULL,1,'2014-02-23 10:52:04','2014-02-23 10:52:04',2,NULL,2,5,0,NULL,NULL,NULL),(24,19,34,NULL,6,'Julio','Acceptance Guy',NULL,'\'\"()=&(è_=&è(','165+87+9',NULL,1,'2014-07-21 00:00:00','2014-07-21 00:00:00',7,NULL,7,5,1,NULL,NULL,NULL),(25,24,50,NULL,8,'Hugo','French 100 Acceptance contact','hugo.french100acceptance@gmail.fr','017654329876',NULL,NULL,1,'2014-07-21 00:00:00','2014-07-21 00:00:00',7,NULL,7,5,1,NULL,NULL,NULL),(26,24,53,NULL,9,'Catherine','Banking lady',NULL,NULL,NULL,NULL,1,'2014-07-21 00:00:00','2014-07-21 00:00:00',7,NULL,7,4,1,NULL,NULL,NULL),(27,24,52,NULL,9,'Angie','Hammerer',NULL,NULL,NULL,NULL,1,'2014-07-21 16:49:59','2014-07-21 16:49:59',7,NULL,7,3,1,NULL,NULL,NULL),(28,24,51,NULL,8,'Julio','Administrativisimo',NULL,NULL,NULL,NULL,1,'2014-07-21 16:51:31','2014-07-21 16:51:31',7,NULL,7,2,0,NULL,NULL,NULL),(29,26,59,NULL,6,'Finish','Acceptance Guy',NULL,NULL,NULL,NULL,1,'2014-07-22 15:16:51','2014-07-22 15:16:51',7,NULL,7,5,1,NULL,NULL,NULL),(30,26,57,NULL,6,'Eduardo','Delivery 1 57',NULL,NULL,NULL,NULL,1,'2014-07-22 15:17:40','2014-07-22 15:17:40',7,NULL,7,3,0,NULL,NULL,NULL),(31,26,58,NULL,6,'Franco','Deliver 2 58',NULL,NULL,NULL,NULL,1,'2014-07-22 15:18:37','2014-07-22 15:18:37',7,NULL,7,3,0,NULL,NULL,NULL),(32,26,59,NULL,8,'Juanjo','Deliver 3 59',NULL,NULL,NULL,NULL,1,'2014-07-22 15:19:22','2014-07-22 15:19:22',7,NULL,7,1,0,NULL,NULL,NULL),(33,26,60,NULL,9,'Finish','Money',NULL,NULL,NULL,NULL,1,'2014-07-22 00:00:00','2014-07-22 00:00:00',7,NULL,7,4,0,NULL,NULL,NULL),(34,26,56,NULL,9,'ADministrative','Finish',NULL,NULL,NULL,NULL,1,'2014-07-22 00:00:00','2014-07-22 00:00:00',7,NULL,7,2,0,NULL,NULL,NULL);

--
-- Table structure for table `contact_pop`
--

CREATE TABLE `contact_pop` (
  `id_contact_pop` int(11) NOT NULL AUTO_INCREMENT,
  `id_user_update_by` int(11) DEFAULT NULL,
  `id_user_create_by` int(11) DEFAULT NULL,
  `id_pop` int(11) DEFAULT NULL,
  `id_civility` int(11) DEFAULT NULL,
  `lb_title` varchar(255) COLLATE utf8_unicode_ci DEFAULT NULL,
  `lb_firstname` varchar(50) COLLATE utf8_unicode_ci DEFAULT NULL,
  `lb_lastname` varchar(50) COLLATE utf8_unicode_ci DEFAULT NULL,
  `lb_email` varchar(100) COLLATE utf8_unicode_ci DEFAULT NULL,
  `lb_phone` varchar(20) COLLATE utf8_unicode_ci DEFAULT NULL,
  `lb_mobile` varchar(20) COLLATE utf8_unicode_ci DEFAULT NULL,
  `lb_fax` varchar(20) COLLATE utf8_unicode_ci DEFAULT NULL,
  `bl_deactivated` tinyint(1) DEFAULT NULL,
  `dt_create` datetime DEFAULT NULL,
  `dt_update` datetime DEFAULT NULL,
  `dt_deactivated` datetime DEFAULT NULL,
  `bl_default` tinyint(1) DEFAULT NULL,
  `comment` longtext COLLATE utf8_unicode_ci,
  `id_contact_type` int(11) DEFAULT NULL,
  PRIMARY KEY (`id_contact_pop`),
  KEY `IDX_E4EAD62E68E26F41` (`id_user_update_by`),
  KEY `IDX_E4EAD62E536A5873` (`id_user_create_by`),
  KEY `IDX_E4EAD62E87745F4C` (`id_pop`),
  KEY `IDX_E4EAD62E6896AB0C` (`id_civility`),
  KEY `IDX_E4EAD62E87E0A0A4` (`id_contact_type`),
  CONSTRAINT `FK_E4EAD62E536A5873` FOREIGN KEY (`id_user_create_by`) REFERENCES `myuser` (`id`),
  CONSTRAINT `FK_E4EAD62E6896AB0C` FOREIGN KEY (`id_civility`) REFERENCES `civility` (`id_civility`),
  CONSTRAINT `FK_E4EAD62E68E26F41` FOREIGN KEY (`id_user_update_by`) REFERENCES `myuser` (`id`),
  CONSTRAINT `FK_E4EAD62E87745F4C` FOREIGN KEY (`id_pop`) REFERENCES `pop` (`id_pop`),
  CONSTRAINT `FK_E4EAD62E87E0A0A4` FOREIGN KEY (`id_contact_type`) REFERENCES `contact_type` (`id_contact_type`)
) ENGINE=InnoDB AUTO_INCREMENT=17 DEFAULT CHARSET=utf8 COLLATE=utf8_unicode_ci;

--
-- Dumping data for table `contact_pop`
--

INSERT INTO `contact_pop` VALUES (1,2,2,9,6,NULL,'john','wayne',NULL,NULL,NULL,NULL,1,'2014-01-19 00:00:00','2014-01-19 00:00:00',NULL,0,NULL,2),(2,2,2,8,6,NULL,'Lee','Bruce',NULL,NULL,NULL,NULL,1,'2014-01-21 15:02:14','2014-01-21 15:02:14',NULL,1,NULL,2),(3,2,2,8,6,NULL,'Chan','Jackie',NULL,NULL,NULL,NULL,1,'2014-01-21 15:02:42','2014-01-21 15:02:42',NULL,0,NULL,3),(4,2,2,10,8,NULL,'Antoine','Leroy',NULL,NULL,NULL,NULL,1,'2014-01-24 14:17:19','2014-01-24 14:17:19',NULL,1,NULL,3),(5,2,2,10,9,NULL,'Anna','Legrand',NULL,NULL,NULL,NULL,1,'2014-01-24 14:17:49','2014-01-24 14:17:49',NULL,0,NULL,2),(6,2,2,10,8,NULL,'Euro','Singaporedollars',NULL,NULL,NULL,NULL,1,'2014-01-31 14:41:36','2014-01-31 14:41:36',NULL,1,NULL,4),(7,2,2,9,6,NULL,'SPEEDO','ALONSO',NULL,NULL,NULL,NULL,1,'2014-02-04 19:17:09','2014-02-04 19:17:09',NULL,1,NULL,3),(8,2,2,11,8,NULL,'Enrique','ALONSO','enrique.alonso@equinix.com',NULL,NULL,NULL,1,'2014-02-18 13:06:22','2014-02-18 13:06:22',NULL,1,NULL,2),(9,2,2,11,9,NULL,'perceuse pneumatique','Tournevis',NULL,NULL,NULL,NULL,1,'2014-02-18 13:07:16','2014-02-18 13:07:16',NULL,1,NULL,3),(10,2,2,13,8,NULL,'Papalito','Administrolino',NULL,NULL,NULL,NULL,1,'2014-02-18 17:08:54','2014-02-18 17:08:54',NULL,0,NULL,2),(11,2,2,14,9,NULL,'Juanito','Documentario',NULL,NULL,NULL,NULL,1,'2014-02-18 17:16:29','2014-02-18 17:16:29',NULL,0,NULL,2),(12,2,2,14,9,NULL,'Santa Maria','Badiz',NULL,NULL,NULL,NULL,1,'2014-02-18 17:18:45','2014-02-18 17:18:45',NULL,1,NULL,2),(13,2,2,9,6,NULL,'tout','j\'accepte',NULL,NULL,NULL,NULL,1,'2014-03-13 11:13:58','2014-03-13 11:13:58',NULL,1,NULL,5),(14,7,7,16,8,NULL,'Customer POP','Technician',NULL,NULL,NULL,NULL,1,'2014-07-22 16:58:09','2014-07-22 16:58:09',NULL,1,NULL,2),(15,7,7,NULL,6,NULL,'kjjhjkh','hhj',NULL,NULL,NULL,NULL,1,'2014-09-06 17:18:30','2014-09-06 17:18:30',NULL,0,NULL,1),(16,7,7,17,6,NULL,'gg','gg',NULL,NULL,NULL,NULL,1,'2014-09-07 08:17:37','2014-09-07 08:17:37',NULL,0,NULL,1);

--
-- Table structure for table `contact_provider`
--

CREATE TABLE `contact_provider` (
  `id_contact_provider` int(11) NOT NULL AUTO_INCREMENT,
  `id_user_update_by` int(11) DEFAULT NULL,
  `id_contact_type` int(11) DEFAULT NULL,
  `id_user_create_by` int(11) DEFAULT NULL,
  `id_provider` int(11) DEFAULT NULL,
  `id_address_provider` int(11) DEFAULT NULL,
  `id_civility` int(11) DEFAULT NULL,
  `lb_title` varchar(255) COLLATE utf8_unicode_ci DEFAULT NULL,
  `lb_firstname` varchar(50) COLLATE utf8_unicode_ci DEFAULT NULL,
  `lb_lastname` varchar(50) COLLATE utf8_unicode_ci DEFAULT NULL,
  `lb_email` varchar(100) COLLATE utf8_unicode_ci DEFAULT NULL,
  `lb_phone` varchar(20) COLLATE utf8_unicode_ci DEFAULT NULL,
  `lb_mobile` varchar(20) COLLATE utf8_unicode_ci DEFAULT NULL,
  `lb_fax` varchar(20) COLLATE utf8_unicode_ci DEFAULT NULL,
  `bl_deactivated` tinyint(1) DEFAULT NULL,
  `dt_create` datetime DEFAULT NULL,
  `dt_update` datetime DEFAULT NULL,
  `dt_deactived` datetime DEFAULT NULL,
  `bl_default` tinyint(1) DEFAULT NULL,
  `comment` longtext COLLATE utf8_unicode_ci,
  `dt_deactivated` datetime DEFAULT NULL,
  PRIMARY KEY (`id_contact_provider`),
  KEY `IDX_8E1EF0B68E26F41` (`id_user_update_by`),
  KEY `IDX_8E1EF0B87E0A0A4` (`id_contact_type`),
  KEY `IDX_8E1EF0B536A5873` (`id_user_create_by`),
  KEY `IDX_8E1EF0BC21F9F09` (`id_provider`),
  KEY `IDX_8E1EF0B8FC1D8CC` (`id_address_provider`),
  KEY `IDX_8E1EF0B6896AB0C` (`id_civility`),
  CONSTRAINT `FK_8E1EF0B536A5873` FOREIGN KEY (`id_user_create_by`) REFERENCES `myuser` (`id`),
  CONSTRAINT `FK_8E1EF0B6896AB0C` FOREIGN KEY (`id_civility`) REFERENCES `civility` (`id_civility`),
  CONSTRAINT `FK_8E1EF0B68E26F41` FOREIGN KEY (`id_user_update_by`) REFERENCES `myuser` (`id`),
  CONSTRAINT `FK_8E1EF0B87E0A0A4` FOREIGN KEY (`id_contact_type`) REFERENCES `contact_type` (`id_contact_type`),
  CONSTRAINT `FK_8E1EF0B8FC1D8CC` FOREIGN KEY (`id_address_provider`) REFERENCES `address_provider` (`id_address_provider`),
  CONSTRAINT `FK_8E1EF0BC21F9F09` FOREIGN KEY (`id_provider`) REFERENCES `provider` (`id_provider`)
) ENGINE=InnoDB AUTO_INCREMENT=19 DEFAULT CHARSET=utf8 COLLATE=utf8_unicode_ci;

--
-- Dumping data for table `contact_provider`
--

INSERT INTO `contact_provider` VALUES (1,2,1,2,1,1,6,NULL,'hill','terence',NULL,NULL,NULL,NULL,1,'2013-10-14 16:54:27','2013-10-14 16:54:27',NULL,0,NULL,NULL),(2,2,1,2,14,8,8,NULL,'Francesco','Holligan','francesco.holligan@atterbox.com',NULL,NULL,NULL,1,'2014-01-20 16:48:01','2014-01-20 16:48:01',NULL,1,NULL,NULL),(3,2,2,2,14,11,7,NULL,'Luna','Sunshine','luna.sunshine@natterbox.com',NULL,NULL,NULL,1,'2014-01-20 16:48:56','2014-01-20 16:48:56',NULL,1,NULL,NULL),(4,2,3,2,9,NULL,6,NULL,'Ricardo','Gonzalez',NULL,NULL,NULL,NULL,1,'2014-01-22 00:00:00','2014-01-22 00:00:00',NULL,1,NULL,NULL),(5,2,2,2,9,NULL,9,NULL,'Yes,We can','I can do everything',NULL,NULL,NULL,NULL,1,'2014-01-22 11:44:30','2014-01-22 11:44:30',NULL,1,NULL,NULL),(6,2,1,2,9,NULL,8,NULL,'Eduardo','Dàlolesamonos',NULL,NULL,NULL,NULL,1,'2014-01-22 11:45:21','2014-01-22 11:45:21',NULL,1,NULL,NULL),(7,2,4,2,10,NULL,6,NULL,'Contact','Bill',NULL,NULL,NULL,NULL,1,'2014-01-29 18:11:24','2014-01-29 18:11:24',NULL,0,NULL,NULL),(8,2,4,2,15,NULL,9,NULL,'Claudine','Vanderschmitt',NULL,NULL,NULL,NULL,1,'2014-01-31 14:36:02','2014-01-31 14:36:02',NULL,0,NULL,NULL),(9,2,2,2,15,NULL,8,NULL,'Wiesoich','Laufnichtdavon',NULL,NULL,NULL,NULL,1,'2014-01-31 14:38:15','2014-01-31 14:38:15',NULL,0,NULL,NULL),(10,2,4,2,9,4,8,NULL,'Dolares','Nomoneyatall',NULL,NULL,NULL,NULL,1,'2014-01-31 15:43:14','2014-01-31 15:43:14',NULL,1,NULL,NULL),(11,2,2,2,16,NULL,6,NULL,'Sunny','Equinix Admin contact',NULL,NULL,NULL,NULL,1,'2014-02-03 18:07:08','2014-02-03 18:07:08',NULL,0,NULL,NULL),(12,2,3,2,16,NULL,6,NULL,'Goldy','Equinix technical contact',NULL,NULL,NULL,NULL,1,'2014-02-03 18:07:51','2014-02-03 18:07:51',NULL,1,NULL,NULL),(13,2,4,2,16,NULL,6,NULL,'moneylike','Equinix Billing contact',NULL,NULL,NULL,NULL,1,'2014-02-03 00:00:00','2014-02-03 00:00:00',NULL,1,NULL,NULL),(14,2,3,2,17,21,8,'Technical Team Player Dipl Ing.','Fast','Longline','fast.longlife@colt.com','+44 2 87 54 98 46','+44 8 76 76 32 76',NULL,1,'2014-02-11 00:00:00','2014-02-11 00:00:00',NULL,0,NULL,NULL),(15,2,2,2,17,21,9,NULL,'Laura','Adelaine',NULL,NULL,NULL,NULL,1,'2014-02-11 11:27:59','2014-02-11 11:27:59',NULL,1,NULL,NULL),(16,2,3,2,15,NULL,8,NULL,'Cabling','Technical Guy',NULL,NULL,NULL,NULL,1,'2014-02-11 12:43:31','2014-02-11 12:43:31',NULL,1,NULL,NULL),(17,7,3,7,18,NULL,6,NULL,'Data','Centre chef',NULL,NULL,NULL,NULL,1,'2014-07-22 16:08:00','2014-07-22 16:08:00',NULL,1,NULL,NULL),(18,7,4,7,18,NULL,6,NULL,'Bill','Invoice',NULL,NULL,NULL,NULL,1,'2014-07-22 16:08:25','2014-07-22 16:08:25',NULL,1,NULL,NULL);

--
-- Table structure for table `contact_type`
--

CREATE TABLE `contact_type` (
  `id_contact_type` int(11) NOT NULL AUTO_INCREMENT,
  `cd_contact_type` varchar(15) NOT NULL,
  `lb_contact_type` varchar(100) NOT NULL,
  `bl_deactivated` tinyint(1) DEFAULT NULL,
  `dt_create` datetime DEFAULT NULL,
  `dt_update` datetime DEFAULT NULL,
  `id_user_create_by` int(11) DEFAULT NULL,
  `id_user_update_by` int(11) DEFAULT NULL,
  `bl_customer` tinyint(1) DEFAULT NULL,
  `dt_deactivated` datetime DEFAULT NULL,
  PRIMARY KEY (`id_contact_type`),
  KEY `id_user_create_by` (`id_user_create_by`),
  KEY `id_user_update_by` (`id_user_update_by`),
  CONSTRAINT `FK_A421D5D6536A5873` FOREIGN KEY (`id_user_create_by`) REFERENCES `myuser` (`id`),
  CONSTRAINT `FK_A421D5D668E26F41` FOREIGN KEY (`id_user_update_by`) REFERENCES `myuser` (`id`)
) ENGINE=InnoDB AUTO_INCREMENT=6 DEFAULT CHARSET=koi8r;

--
-- Dumping data for table `contact_type`
--

INSERT INTO `contact_type` VALUES (1,'M','Managers',1,'2013-05-27 16:53:34','2013-06-26 14:24:55',2,2,1,NULL),(2,'A','Administrative',1,'2013-06-26 00:00:00','2013-07-02 00:00:00',2,2,1,NULL),(3,'T','Technical',1,'2014-01-21 14:29:14','2014-01-21 14:29:14',2,2,1,NULL),(4,'B','Billing',1,NULL,NULL,2,2,1,NULL),(5,'CC','Acceptance contact',1,'2014-02-10 18:04:48','2014-02-10 18:04:48',2,2,1,NULL);

--
-- Table structure for table `continent_group`
--

CREATE TABLE `continent_group` (
  `id_continent_group` int(11) NOT NULL AUTO_INCREMENT,
  `id_user_create_by` int(11) DEFAULT NULL,
  `id_user_update_by` int(11) DEFAULT NULL,
  `id_world_group` int(11) DEFAULT NULL,
  `cd_continent_group` varchar(15) COLLATE utf8_unicode_ci NOT NULL,
  `lb_continent_group` varchar(100) COLLATE utf8_unicode_ci DEFAULT NULL,
  `bl_deactivated` tinyint(1) DEFAULT NULL,
  `dt_create` datetime DEFAULT NULL,
  `dt_update` datetime DEFAULT NULL,
  `dt_deactivated` datetime DEFAULT NULL,
  PRIMARY KEY (`id_continent_group`),
  KEY `IDX_F4BF6C19536A5873` (`id_user_create_by`),
  KEY `IDX_F4BF6C1968E26F41` (`id_user_update_by`),
  KEY `IDX_F4BF6C19F4B25B3D` (`id_world_group`),
  CONSTRAINT `FK_F4BF6C19F4B25B3D` FOREIGN KEY (`id_world_group`) REFERENCES `world_group` (`id_world_group`),
  CONSTRAINT `FK_F4BF6C19536A5873` FOREIGN KEY (`id_user_create_by`) REFERENCES `myuser` (`id`),
  CONSTRAINT `FK_F4BF6C1968E26F41` FOREIGN KEY (`id_user_update_by`) REFERENCES `myuser` (`id`)
) ENGINE=InnoDB DEFAULT CHARSET=utf8 COLLATE=utf8_unicode_ci;

--
-- Dumping data for table `continent_group`
--


--
-- Table structure for table `cost_center`
--

CREATE TABLE `cost_center` (
  `id_cost_center` int(11) NOT NULL AUTO_INCREMENT,
  `cd_cost_center` varchar(15) DEFAULT NULL,
  `lb_cost_center` varchar(100) DEFAULT NULL,
  `nb_cost_center` decimal(10,0) DEFAULT NULL,
  `bl_deactivated` tinyint(1) DEFAULT NULL,
  PRIMARY KEY (`id_cost_center`)
) ENGINE=InnoDB DEFAULT CHARSET=utf8;

--
-- Dumping data for table `cost_center`
--


--
-- Table structure for table `costing_backbone_link_line`
--

CREATE TABLE `costing_backbone_link_line` (
  `id_costing_backbone_link_line` int(11) NOT NULL AUTO_INCREMENT,
  `id_backbone_link` int(11) DEFAULT NULL,
  `dt_start` datetime DEFAULT NULL,
  `dt_end` datetime DEFAULT NULL,
  `id_currency` int(11) DEFAULT NULL,
  `id_backbone_link_option` int(11) DEFAULT NULL,
  `id_billing_frequency` int(11) DEFAULT NULL,
  `id_notice_period` int(11) DEFAULT NULL,
  `nb_contract_duration` int(11) DEFAULT NULL,
  `id_provider` int(11) DEFAULT NULL,
  `id_provider_address` int(11) DEFAULT NULL,
  `id_contact` int(11) DEFAULT NULL,
  `mt_nrc` decimal(10,0) DEFAULT NULL,
  `mt_mrc` decimal(10,0) DEFAULT NULL,
  `lb_nrc` varchar(255) DEFAULT NULL,
  `lb_mrc` varchar(255) DEFAULT NULL,
  `mt_nrc_euro` decimal(10,0) DEFAULT NULL,
  `mt_mrc_euro` decimal(10,0) DEFAULT NULL,
  `dt_start_mrc` datetime DEFAULT NULL,
  `dt_end_mrc` datetime DEFAULT NULL,
  `cd_provider_account` varchar(45) DEFAULT NULL,
  PRIMARY KEY (`id_costing_backbone_link_line`),
  KEY `id_currency` (`id_currency`),
  KEY `id_backbone_link_option` (`id_backbone_link_option`),
  KEY `idx_billing_frequency` (`id_billing_frequency`),
  KEY `key_id_backbone_link_idx` (`id_backbone_link`),
  KEY `IDX_79D195B1C21F9F09` (`id_provider`),
  KEY `IDX_79D195B11E9C98F7` (`id_provider_address`),
  KEY `IDX_79D195B192FF4F48` (`id_contact`),
  KEY `IDX_79D195B120848936` (`id_notice_period`),
  CONSTRAINT `FK_79D195B11E9C98F7` FOREIGN KEY (`id_provider_address`) REFERENCES `address_provider` (`id_address_provider`),
  CONSTRAINT `FK_79D195B120848936` FOREIGN KEY (`id_notice_period`) REFERENCES `notice_period` (`id_notice_period`),
  CONSTRAINT `FK_79D195B173440D2A` FOREIGN KEY (`id_backbone_link_option`) REFERENCES `backbone_link_option` (`id_backbone_link_option`),
  CONSTRAINT `FK_79D195B192FF4F48` FOREIGN KEY (`id_contact`) REFERENCES `contact_provider` (`id_contact_provider`),
  CONSTRAINT `FK_79D195B1C21F9F09` FOREIGN KEY (`id_provider`) REFERENCES `provider` (`id_provider`),
  CONSTRAINT `FK_79D195B1D9707BB8` FOREIGN KEY (`id_backbone_link`) REFERENCES `backbone_link` (`id_backbone_link`),
  CONSTRAINT `key2_id_billing_freq` FOREIGN KEY (`id_billing_frequency`) REFERENCES `billing_frequency` (`id_billing_frequency`) ON DELETE NO ACTION ON UPDATE NO ACTION,
  CONSTRAINT `key2_id_currency` FOREIGN KEY (`id_currency`) REFERENCES `currency` (`id_currency`) ON DELETE NO ACTION ON UPDATE NO ACTION
) ENGINE=InnoDB AUTO_INCREMENT=28 DEFAULT CHARSET=utf8;

--
-- Dumping data for table `costing_backbone_link_line`
--

INSERT INTO `costing_backbone_link_line` VALUES (1,11,'2013-11-14 00:00:00',NULL,20,NULL,1,1,NULL,NULL,NULL,NULL,NULL,NULL,NULL,NULL,NULL,NULL,NULL,NULL,NULL),(2,11,NULL,NULL,NULL,NULL,NULL,1,NULL,NULL,NULL,NULL,NULL,NULL,NULL,NULL,NULL,NULL,NULL,NULL,NULL),(3,11,NULL,NULL,NULL,4,NULL,1,NULL,NULL,NULL,NULL,NULL,NULL,NULL,NULL,NULL,NULL,NULL,NULL,NULL),(4,10,'2013-12-27 00:00:00',NULL,20,NULL,1,1,NULL,1,1,1,NULL,NULL,NULL,NULL,NULL,NULL,'2014-01-10 00:00:00',NULL,NULL),(5,9,'2013-11-06 00:00:00','2013-11-13 00:00:00',20,NULL,1,1,NULL,1,1,1,NULL,NULL,NULL,NULL,NULL,NULL,NULL,NULL,NULL),(6,8,NULL,NULL,NULL,8,NULL,1,NULL,1,1,1,NULL,NULL,NULL,NULL,NULL,NULL,NULL,NULL,NULL),(7,9,NULL,NULL,20,9,1,1,NULL,1,1,1,NULL,NULL,NULL,NULL,NULL,NULL,NULL,NULL,NULL),(8,9,NULL,NULL,20,10,1,1,NULL,1,1,1,NULL,NULL,NULL,NULL,NULL,NULL,NULL,'2014-02-13 00:00:00',NULL),(9,18,'2013-12-31 00:00:00',NULL,NULL,11,NULL,1,NULL,1,1,1,NULL,NULL,NULL,NULL,NULL,NULL,NULL,NULL,NULL),(10,19,'2013-12-31 00:00:00',NULL,NULL,12,NULL,1,NULL,1,1,1,NULL,NULL,NULL,NULL,NULL,NULL,NULL,NULL,NULL),(11,31,'2014-01-17 00:00:00',NULL,20,13,1,1,2,1,1,1,NULL,NULL,NULL,NULL,NULL,NULL,NULL,NULL,NULL),(12,34,NULL,NULL,NULL,15,NULL,1,NULL,9,NULL,NULL,NULL,NULL,NULL,NULL,NULL,NULL,NULL,NULL,NULL),(13,10,'2014-01-26 00:00:00',NULL,21,16,1,1,NULL,1,1,1,50,100,NULL,NULL,250,500,'2014-01-25 00:00:00',NULL,NULL),(14,37,'2014-01-24 00:00:00','2014-02-21 00:00:00',NULL,17,NULL,1,NULL,10,NULL,NULL,NULL,NULL,NULL,NULL,NULL,NULL,'2014-01-24 00:00:00',NULL,NULL),(15,10,'2014-01-09 00:00:00',NULL,20,NULL,1,1,NULL,10,13,7,NULL,NULL,NULL,NULL,NULL,NULL,'2014-01-25 00:00:00','2014-01-24 00:00:00',NULL),(16,10,'2014-01-09 00:00:00',NULL,20,NULL,1,1,NULL,10,13,7,NULL,NULL,NULL,NULL,NULL,NULL,'2014-01-24 00:00:00','2014-01-03 00:00:00',NULL),(17,43,'2014-03-28 00:00:00',NULL,20,18,1,1,NULL,15,15,8,NULL,16,NULL,NULL,NULL,NULL,'2014-03-28 00:00:00',NULL,NULL),(18,43,'2014-03-28 00:00:00',NULL,20,NULL,4,1,360,15,15,8,545,345,NULL,NULL,NULL,NULL,'2014-03-28 00:00:00',NULL,NULL),(19,43,'2014-03-28 00:00:00',NULL,20,NULL,4,1,360,15,15,8,NULL,NULL,NULL,NULL,NULL,NULL,'2014-03-28 00:00:00',NULL,NULL),(20,9,NULL,NULL,20,10,1,1,NULL,1,1,1,NULL,NULL,NULL,NULL,NULL,NULL,'2014-02-14 00:00:00',NULL,NULL),(21,45,'2014-04-30 00:00:00',NULL,20,NULL,4,1,360,15,15,8,NULL,NULL,NULL,NULL,NULL,NULL,'2014-04-30 00:00:00',NULL,NULL),(22,45,'2014-04-30 00:00:00',NULL,20,NULL,4,1,360,15,15,8,NULL,NULL,NULL,NULL,NULL,NULL,'2014-04-30 00:00:00',NULL,NULL),(23,45,'2014-04-30 00:00:00',NULL,NULL,19,NULL,1,NULL,15,NULL,NULL,NULL,NULL,NULL,NULL,NULL,NULL,'2014-04-30 00:00:00',NULL,NULL),(24,45,'2014-04-30 00:00:00',NULL,20,NULL,4,1,360,15,15,8,NULL,NULL,NULL,NULL,NULL,NULL,'2014-04-30 00:00:00',NULL,NULL),(25,NULL,'2014-04-30 00:00:00',NULL,20,NULL,4,1,360,15,15,8,NULL,NULL,NULL,NULL,NULL,NULL,'2014-04-30 00:00:00',NULL,NULL),(26,NULL,'2014-04-30 00:00:00',NULL,20,NULL,4,1,360,15,15,8,NULL,NULL,NULL,NULL,NULL,NULL,'2014-05-09 00:00:00',NULL,NULL),(27,45,'2014-04-30 00:00:00',NULL,20,NULL,4,1,360,15,15,8,NULL,NULL,NULL,NULL,NULL,NULL,'2014-04-30 00:00:00',NULL,NULL);

--
-- Table structure for table `costing_cabinet_line`
--

CREATE TABLE `costing_cabinet_line` (
  `id_costing_cabinet_line` int(11) NOT NULL AUTO_INCREMENT,
  `id_billing_frequency` int(11) DEFAULT NULL,
  `id_currency` int(11) DEFAULT NULL,
  `id_cabinet` int(11) DEFAULT NULL,
  `dt_start` datetime DEFAULT NULL,
  `dt_end` datetime DEFAULT NULL,
  `nb_contract_duration` int(11) DEFAULT NULL,
  `id_notice_period` int(11) DEFAULT NULL,
  `id_cabinet_instance` int(11) DEFAULT NULL,
  `mt_nrc` decimal(10,0) DEFAULT NULL,
  `mt_mrc` decimal(10,0) DEFAULT NULL,
  `lb_nrc` varchar(255) COLLATE utf8_unicode_ci DEFAULT NULL,
  `lb_mrc` varchar(255) COLLATE utf8_unicode_ci DEFAULT NULL,
  `mt_nrc_euro` decimal(10,0) DEFAULT NULL,
  `mt_mrc_euro` decimal(10,0) DEFAULT NULL,
  `dt_start_mrc` datetime DEFAULT NULL,
  `dt_end_mrc` datetime DEFAULT NULL,
  `id_billing_period` int(11) DEFAULT NULL,
  PRIMARY KEY (`id_costing_cabinet_line`),
  KEY `IDX_32AF2A02635BB25A` (`id_billing_frequency`),
  KEY `IDX_32AF2A02398D64AA` (`id_currency`),
  KEY `IDX_32AF2A029270ACC0` (`id_cabinet`),
  KEY `IDX_32AF2A0295136256` (`id_cabinet_instance`),
  KEY `IDX_32AF2A0220848936` (`id_notice_period`),
  KEY `IDX_32AF2A02BD048098` (`id_billing_period`),
  CONSTRAINT `FK_32AF2A02BD048098` FOREIGN KEY (`id_billing_period`) REFERENCES `billing_period` (`id_billing_period`),
  CONSTRAINT `FK_32AF2A0220848936` FOREIGN KEY (`id_notice_period`) REFERENCES `notice_period` (`id_notice_period`),
  CONSTRAINT `FK_32AF2A02398D64AA` FOREIGN KEY (`id_currency`) REFERENCES `currency` (`id_currency`),
  CONSTRAINT `FK_32AF2A02635BB25A` FOREIGN KEY (`id_billing_frequency`) REFERENCES `billing_frequency` (`id_billing_frequency`),
  CONSTRAINT `FK_32AF2A029270ACC0` FOREIGN KEY (`id_cabinet`) REFERENCES `cabinet` (`id_cabinet`),
  CONSTRAINT `FK_32AF2A0295136256` FOREIGN KEY (`id_cabinet_instance`) REFERENCES `cabinet_instance` (`id_cabinet_instance`)
) ENGINE=InnoDB AUTO_INCREMENT=51 DEFAULT CHARSET=utf8 COLLATE=utf8_unicode_ci;

--
-- Dumping data for table `costing_cabinet_line`
--

INSERT INTO `costing_cabinet_line` VALUES (1,1,20,6,'2013-06-06 00:00:00',NULL,12,1,NULL,NULL,NULL,NULL,NULL,NULL,NULL,NULL,NULL,NULL),(2,1,20,20,'2013-07-31 00:00:00','2013-11-27 00:00:00',1,1,NULL,NULL,NULL,NULL,NULL,NULL,NULL,NULL,NULL,NULL),(6,1,20,24,'2013-07-31 00:00:00','2013-11-27 00:00:00',1,1,NULL,NULL,NULL,NULL,NULL,NULL,NULL,NULL,NULL,NULL),(7,1,20,25,'2013-07-31 00:00:00','2013-11-27 00:00:00',1,1,NULL,NULL,NULL,NULL,NULL,NULL,NULL,NULL,NULL,NULL),(8,1,20,26,'2013-07-31 00:00:00','2013-11-27 00:00:00',1,1,NULL,NULL,NULL,NULL,NULL,NULL,NULL,NULL,NULL,NULL),(9,1,20,27,'2013-07-31 00:00:00','2013-11-27 00:00:00',1,1,NULL,NULL,NULL,NULL,NULL,NULL,NULL,NULL,NULL,NULL),(10,1,20,28,'2013-07-31 00:00:00','2013-11-27 00:00:00',1,1,NULL,NULL,NULL,NULL,NULL,NULL,NULL,NULL,NULL,NULL),(11,2,21,32,'2013-09-13 00:00:00','2013-09-27 00:00:00',5,1,NULL,NULL,NULL,NULL,NULL,NULL,NULL,NULL,NULL,NULL),(12,1,20,NULL,'2013-11-21 00:00:00',NULL,NULL,1,2,NULL,NULL,NULL,NULL,NULL,NULL,NULL,NULL,NULL),(13,1,20,33,'2013-11-14 00:00:00',NULL,NULL,1,NULL,NULL,NULL,NULL,NULL,NULL,NULL,NULL,NULL,NULL),(14,1,20,30,'2013-11-14 00:00:00',NULL,NULL,1,NULL,NULL,NULL,NULL,NULL,NULL,NULL,NULL,NULL,NULL),(15,1,20,30,'2013-11-14 00:00:00',NULL,NULL,1,NULL,NULL,NULL,NULL,NULL,NULL,NULL,NULL,NULL,NULL),(16,1,20,33,'2013-11-14 00:00:00',NULL,NULL,1,NULL,NULL,NULL,NULL,NULL,NULL,NULL,NULL,NULL,NULL),(17,1,20,NULL,'2013-11-14 00:00:00',NULL,NULL,1,15,NULL,NULL,NULL,NULL,NULL,NULL,NULL,NULL,NULL),(18,1,20,NULL,'2013-11-14 00:00:00',NULL,NULL,1,15,NULL,NULL,NULL,NULL,NULL,NULL,NULL,NULL,NULL),(19,1,20,NULL,'2013-11-14 00:00:00',NULL,NULL,1,16,NULL,NULL,NULL,NULL,NULL,NULL,NULL,NULL,NULL),(20,1,20,NULL,'2013-11-14 00:00:00',NULL,NULL,1,16,NULL,NULL,NULL,NULL,NULL,NULL,NULL,NULL,NULL),(21,1,21,NULL,'2014-01-16 00:00:00',NULL,NULL,1,NULL,NULL,NULL,NULL,NULL,NULL,NULL,'2014-01-30 00:00:00',NULL,NULL),(22,1,21,NULL,'2014-01-16 00:00:00',NULL,NULL,1,9,NULL,NULL,NULL,NULL,NULL,NULL,'2014-01-22 00:00:00','2014-01-30 00:00:00',NULL),(23,1,20,NULL,'2013-11-14 00:00:00',NULL,NULL,1,17,NULL,NULL,NULL,NULL,NULL,NULL,NULL,NULL,NULL),(24,1,20,NULL,'2013-11-14 00:00:00',NULL,NULL,1,17,NULL,NULL,NULL,NULL,NULL,NULL,'2014-01-02 00:00:00','2014-01-25 00:00:00',NULL),(27,1,20,NULL,'2014-01-09 00:00:00',NULL,NULL,1,17,NULL,NULL,NULL,NULL,NULL,NULL,'2014-01-25 00:00:00',NULL,NULL),(28,1,20,34,'2014-01-09 00:00:00',NULL,NULL,1,NULL,NULL,NULL,NULL,NULL,NULL,NULL,'2014-01-18 00:00:00',NULL,NULL),(29,1,20,NULL,'2013-11-14 00:00:00',NULL,NULL,1,17,NULL,NULL,NULL,NULL,NULL,NULL,'2014-01-25 00:00:00',NULL,NULL),(30,5,20,NULL,'2014-01-09 00:00:00',NULL,360,1,17,NULL,NULL,NULL,NULL,NULL,NULL,'2014-01-22 00:00:00','2014-01-17 00:00:00',NULL),(31,5,20,NULL,'2014-01-09 00:00:00',NULL,360,1,17,NULL,NULL,NULL,NULL,NULL,NULL,'2014-01-17 00:00:00','2014-02-01 00:00:00',NULL),(32,5,20,NULL,'2014-01-09 00:00:00',NULL,360,1,17,NULL,NULL,NULL,NULL,NULL,NULL,'2014-02-01 00:00:00','2014-01-19 00:00:00',NULL),(33,5,20,NULL,'2014-01-09 00:00:00',NULL,360,1,17,NULL,NULL,NULL,NULL,NULL,NULL,'2014-01-19 00:00:00',NULL,NULL),(34,1,20,NULL,'2013-11-14 00:00:00',NULL,NULL,1,19,NULL,NULL,NULL,NULL,NULL,NULL,NULL,NULL,NULL),(35,1,20,NULL,'2013-11-14 00:00:00',NULL,NULL,1,19,NULL,NULL,NULL,NULL,NULL,NULL,NULL,NULL,NULL),(36,1,20,NULL,'2013-11-14 00:00:00',NULL,NULL,1,20,NULL,NULL,NULL,NULL,NULL,NULL,NULL,NULL,NULL),(37,1,20,NULL,'2013-11-14 00:00:00',NULL,NULL,1,20,NULL,NULL,NULL,NULL,NULL,NULL,NULL,NULL,NULL),(38,1,20,NULL,'2013-11-14 00:00:00',NULL,NULL,1,21,NULL,NULL,NULL,NULL,NULL,NULL,NULL,NULL,NULL),(39,1,20,NULL,'2013-11-14 00:00:00',NULL,NULL,1,21,NULL,NULL,NULL,NULL,NULL,NULL,NULL,NULL,NULL),(40,1,20,NULL,'2013-11-14 00:00:00',NULL,NULL,1,22,NULL,NULL,NULL,NULL,NULL,NULL,NULL,NULL,NULL),(41,1,20,NULL,'2013-11-14 00:00:00',NULL,NULL,1,22,NULL,NULL,NULL,NULL,NULL,NULL,NULL,NULL,NULL),(42,1,20,NULL,'2014-01-09 00:00:00',NULL,NULL,1,23,NULL,NULL,NULL,NULL,NULL,NULL,'2014-01-18 00:00:00',NULL,NULL),(43,1,20,NULL,'2014-01-09 00:00:00',NULL,NULL,1,24,NULL,NULL,NULL,NULL,NULL,NULL,'2014-01-18 00:00:00',NULL,NULL),(44,4,20,NULL,'2014-08-20 00:00:00',NULL,360,1,NULL,2000,1000,'installation','deux racks',2000,1000,'2014-08-20 00:00:00',NULL,NULL),(45,1,20,NULL,'2014-01-09 00:00:00',NULL,NULL,1,25,NULL,NULL,NULL,NULL,NULL,NULL,'2014-01-18 00:00:00',NULL,NULL),(46,1,20,NULL,'2014-09-15 00:00:00',NULL,12,1,26,NULL,NULL,NULL,NULL,NULL,NULL,'2014-09-16 00:00:00',NULL,NULL),(47,1,20,NULL,'2013-11-14 00:00:00',NULL,NULL,1,27,NULL,NULL,NULL,NULL,NULL,NULL,NULL,NULL,NULL),(48,1,20,NULL,'2013-11-14 00:00:00',NULL,NULL,1,27,NULL,NULL,NULL,NULL,NULL,NULL,NULL,NULL,NULL),(49,1,20,NULL,'2013-11-14 00:00:00',NULL,NULL,1,28,NULL,NULL,NULL,NULL,NULL,NULL,NULL,NULL,NULL),(50,1,20,NULL,'2013-11-14 00:00:00',NULL,NULL,1,28,NULL,NULL,NULL,NULL,NULL,NULL,NULL,NULL,NULL);

--
-- Table structure for table `costing_cable_line`
--

CREATE TABLE `costing_cable_line` (
  `id_costing_cable_line` int(11) NOT NULL AUTO_INCREMENT,
  `id_billing_frequency` int(11) DEFAULT NULL,
  `id_currency` int(11) DEFAULT NULL,
  `id_cable` int(11) DEFAULT NULL,
  `dt_start` datetime DEFAULT NULL,
  `dt_end` datetime DEFAULT NULL,
  `nb_contract_duration` int(11) DEFAULT NULL,
  `id_notice_period` int(11) DEFAULT NULL,
  `mt_nrc` decimal(10,0) DEFAULT NULL,
  `mt_mrc` decimal(10,0) DEFAULT NULL,
  `lb_nrc` varchar(255) COLLATE utf8_unicode_ci DEFAULT NULL,
  `lb_mrc` varchar(255) COLLATE utf8_unicode_ci DEFAULT NULL,
  `mt_nrc_euro` decimal(10,0) DEFAULT NULL,
  `mt_mrc_euro` decimal(10,0) DEFAULT NULL,
  `dt_start_mrc` datetime DEFAULT NULL,
  `dt_end_mrc` datetime DEFAULT NULL,
  `id_provider` int(11) DEFAULT NULL,
  `id_provider_address` int(11) DEFAULT NULL,
  `id_contact` int(11) DEFAULT NULL,
  `cd_provider_account` varchar(45) COLLATE utf8_unicode_ci DEFAULT NULL,
  PRIMARY KEY (`id_costing_cable_line`),
  KEY `IDX_79970AB8635BB25A` (`id_billing_frequency`),
  KEY `IDX_79970AB8398D64AA` (`id_currency`),
  KEY `IDX_79970AB8CA6C85E4` (`id_cable`),
  KEY `IDX_79970AB8C21F9F09` (`id_provider`),
  KEY `IDX_79970AB81E9C98F7` (`id_provider_address`),
  KEY `IDX_79970AB892FF4F48` (`id_contact`),
  KEY `IDX_79970AB820848936` (`id_notice_period`),
  CONSTRAINT `FK_79970AB81E9C98F7` FOREIGN KEY (`id_provider_address`) REFERENCES `address_provider` (`id_address_provider`),
  CONSTRAINT `FK_79970AB820848936` FOREIGN KEY (`id_notice_period`) REFERENCES `notice_period` (`id_notice_period`),
  CONSTRAINT `FK_79970AB8398D64AA` FOREIGN KEY (`id_currency`) REFERENCES `currency` (`id_currency`),
  CONSTRAINT `FK_79970AB8635BB25A` FOREIGN KEY (`id_billing_frequency`) REFERENCES `billing_frequency` (`id_billing_frequency`),
  CONSTRAINT `FK_79970AB892FF4F48` FOREIGN KEY (`id_contact`) REFERENCES `contact_provider` (`id_contact_provider`),
  CONSTRAINT `FK_79970AB8C21F9F09` FOREIGN KEY (`id_provider`) REFERENCES `provider` (`id_provider`),
  CONSTRAINT `FK_79970AB8CA6C85E4` FOREIGN KEY (`id_cable`) REFERENCES `cable` (`id_cable`)
) ENGINE=InnoDB DEFAULT CHARSET=utf8 COLLATE=utf8_unicode_ci;

--
-- Dumping data for table `costing_cable_line`
--


--
-- Table structure for table `costing_card_line`
--

CREATE TABLE `costing_card_line` (
  `id_costing_card_line` int(11) NOT NULL AUTO_INCREMENT,
  `id_billing_frequency` int(11) DEFAULT NULL,
  `id_currency` int(11) DEFAULT NULL,
  `id_card` int(11) DEFAULT NULL,
  `dt_start` datetime DEFAULT NULL,
  `dt_end` datetime DEFAULT NULL,
  `nb_contract_duration` int(11) DEFAULT NULL,
  `id_notice_period` int(11) DEFAULT NULL,
  `id_card_instance` int(11) DEFAULT NULL,
  `id_billing_period` int(11) DEFAULT NULL,
  `mt_nrc` decimal(10,0) DEFAULT NULL,
  `mt_mrc` decimal(10,0) DEFAULT NULL,
  `lb_nrc` varchar(255) COLLATE utf8_unicode_ci DEFAULT NULL,
  `lb_mrc` varchar(255) COLLATE utf8_unicode_ci DEFAULT NULL,
  `mt_nrc_euro` decimal(10,0) DEFAULT NULL,
  `mt_mrc_euro` decimal(10,0) DEFAULT NULL,
  `dt_start_mrc` datetime DEFAULT NULL,
  `dt_end_mrc` datetime DEFAULT NULL,
  PRIMARY KEY (`id_costing_card_line`),
  KEY `IDX_18020825635BB25A` (`id_billing_frequency`),
  KEY `IDX_18020825398D64AA` (`id_currency`),
  KEY `IDX_180208259D3484D1` (`id_card`),
  KEY `IDX_180208254529AE38` (`id_card_instance`),
  KEY `IDX_18020825BD048098` (`id_billing_period`),
  KEY `IDX_1802082520848936` (`id_notice_period`),
  CONSTRAINT `FK_1802082520848936` FOREIGN KEY (`id_notice_period`) REFERENCES `notice_period` (`id_notice_period`),
  CONSTRAINT `FK_18020825398D64AA` FOREIGN KEY (`id_currency`) REFERENCES `currency` (`id_currency`),
  CONSTRAINT `FK_180208254529AE38` FOREIGN KEY (`id_card_instance`) REFERENCES `card_instance` (`id_card_instance`),
  CONSTRAINT `FK_18020825635BB25A` FOREIGN KEY (`id_billing_frequency`) REFERENCES `billing_frequency` (`id_billing_frequency`),
  CONSTRAINT `FK_180208259D3484D1` FOREIGN KEY (`id_card`) REFERENCES `card` (`id_card`),
  CONSTRAINT `FK_18020825BD048098` FOREIGN KEY (`id_billing_period`) REFERENCES `billing_period` (`id_billing_period`)
) ENGINE=InnoDB AUTO_INCREMENT=47 DEFAULT CHARSET=utf8 COLLATE=utf8_unicode_ci;

--
-- Dumping data for table `costing_card_line`
--

INSERT INTO `costing_card_line` VALUES (1,1,20,3,NULL,NULL,1,1,NULL,NULL,NULL,NULL,NULL,NULL,NULL,NULL,NULL,NULL),(2,1,20,10,NULL,NULL,1,1,NULL,NULL,NULL,NULL,NULL,NULL,NULL,NULL,NULL,NULL),(3,1,20,12,NULL,NULL,1,1,NULL,NULL,NULL,NULL,NULL,NULL,NULL,NULL,NULL,NULL),(4,NULL,NULL,23,NULL,NULL,NULL,1,NULL,NULL,NULL,NULL,NULL,NULL,NULL,NULL,NULL,NULL),(5,NULL,NULL,23,NULL,NULL,NULL,1,NULL,NULL,NULL,NULL,NULL,NULL,NULL,NULL,NULL,NULL),(6,2,20,28,'2013-06-27 00:00:00','2013-06-29 00:00:00',3,1,NULL,NULL,NULL,NULL,NULL,NULL,NULL,NULL,NULL,NULL),(7,1,NULL,29,'2013-07-03 00:00:00','2013-07-19 00:00:00',1,1,NULL,NULL,NULL,NULL,NULL,NULL,NULL,NULL,NULL,NULL),(8,1,20,33,NULL,NULL,1,1,NULL,NULL,NULL,NULL,NULL,NULL,NULL,NULL,NULL,NULL),(9,NULL,NULL,37,NULL,NULL,NULL,1,NULL,NULL,NULL,NULL,NULL,NULL,NULL,NULL,NULL,NULL),(10,NULL,NULL,37,NULL,NULL,NULL,1,NULL,NULL,NULL,NULL,NULL,NULL,NULL,NULL,NULL,NULL),(11,1,NULL,40,'2013-07-03 00:00:00','2013-07-19 00:00:00',1,1,NULL,NULL,NULL,NULL,NULL,NULL,NULL,NULL,NULL,NULL),(15,1,20,128,NULL,NULL,1,1,NULL,NULL,NULL,NULL,NULL,NULL,NULL,NULL,NULL,NULL),(16,NULL,NULL,130,NULL,NULL,NULL,1,NULL,NULL,NULL,NULL,NULL,NULL,NULL,NULL,NULL,NULL),(17,NULL,NULL,130,NULL,NULL,NULL,1,NULL,NULL,NULL,NULL,NULL,NULL,NULL,NULL,NULL,NULL),(18,1,20,147,'2013-09-13 00:00:00','2013-09-27 00:00:00',55,1,NULL,NULL,NULL,NULL,NULL,NULL,NULL,NULL,NULL,NULL),(19,NULL,NULL,148,NULL,NULL,NULL,1,NULL,NULL,NULL,NULL,NULL,NULL,NULL,NULL,NULL,NULL),(20,NULL,NULL,149,NULL,NULL,NULL,1,NULL,NULL,NULL,NULL,NULL,NULL,NULL,NULL,NULL,NULL),(21,NULL,NULL,150,NULL,NULL,NULL,1,NULL,NULL,NULL,NULL,NULL,NULL,NULL,NULL,NULL,NULL),(22,NULL,NULL,150,NULL,NULL,NULL,1,NULL,NULL,NULL,NULL,NULL,NULL,NULL,NULL,NULL,NULL),(23,NULL,NULL,149,NULL,NULL,NULL,1,NULL,NULL,NULL,NULL,NULL,NULL,NULL,NULL,NULL,NULL),(24,NULL,NULL,149,NULL,NULL,NULL,1,NULL,NULL,NULL,NULL,NULL,NULL,NULL,NULL,NULL,NULL),(25,1,20,45,'2013-09-18 00:00:00',NULL,NULL,1,NULL,NULL,NULL,NULL,NULL,NULL,NULL,NULL,NULL,NULL),(26,1,20,45,'2013-09-18 00:00:00',NULL,NULL,1,NULL,NULL,NULL,NULL,NULL,NULL,NULL,NULL,NULL,NULL),(27,1,20,152,'2013-11-21 00:00:00',NULL,NULL,1,NULL,NULL,NULL,NULL,NULL,NULL,NULL,NULL,NULL,NULL),(28,1,21,NULL,'2014-01-15 00:00:00',NULL,NULL,1,44,1,10,10,NULL,NULL,50,50,'2014-01-24 00:00:00','2014-01-17 00:00:00'),(29,1,21,NULL,'2014-01-08 00:00:00',NULL,NULL,1,44,1,10,5,NULL,NULL,50,25,'2014-01-09 00:00:00','2014-01-18 00:00:00'),(30,1,21,NULL,'2014-01-09 00:00:00',NULL,NULL,1,44,1,NULL,NULL,NULL,NULL,NULL,NULL,'2014-01-09 00:00:00','2014-01-15 00:00:00'),(31,1,21,NULL,'2014-01-14 00:00:00',NULL,NULL,1,44,1,NULL,NULL,NULL,NULL,NULL,NULL,'2014-01-10 00:00:00','2014-01-24 00:00:00'),(32,1,21,NULL,'2014-01-01 00:00:00',NULL,NULL,1,44,1,NULL,NULL,NULL,NULL,NULL,NULL,'2014-01-01 00:00:00','2014-01-10 00:00:00'),(33,1,21,NULL,'2014-01-08 00:00:00',NULL,NULL,1,44,1,NULL,NULL,NULL,NULL,NULL,NULL,'2014-01-16 00:00:00','2014-01-30 00:00:00'),(34,1,21,NULL,'2014-01-15 00:00:00',NULL,NULL,1,44,1,NULL,NULL,NULL,NULL,NULL,NULL,'2014-01-19 00:00:00','2014-01-17 00:00:00'),(35,1,21,NULL,'2014-01-15 00:00:00',NULL,NULL,1,44,1,NULL,NULL,NULL,NULL,NULL,NULL,'2014-01-19 00:00:00','2014-01-17 00:00:00'),(36,1,21,NULL,'2014-01-15 00:00:00',NULL,NULL,1,44,1,NULL,NULL,NULL,NULL,NULL,NULL,'2014-01-29 00:00:00',NULL),(37,1,21,NULL,'2014-01-29 00:00:00',NULL,NULL,1,44,1,NULL,NULL,NULL,NULL,NULL,NULL,'2014-01-29 00:00:00','2014-01-31 00:00:00'),(38,1,21,NULL,'2014-01-29 00:00:00',NULL,NULL,1,44,1,NULL,NULL,NULL,NULL,NULL,NULL,'2014-01-31 00:00:00','2014-01-18 00:00:00'),(39,1,21,NULL,'2014-01-29 00:00:00',NULL,NULL,1,44,1,NULL,NULL,NULL,NULL,NULL,NULL,'2014-01-18 00:00:00',NULL),(40,1,21,NULL,'2014-01-03 00:00:00',NULL,NULL,1,NULL,1,NULL,NULL,NULL,NULL,NULL,NULL,'2014-01-22 00:00:00',NULL),(41,1,21,NULL,'2014-01-03 00:00:00',NULL,NULL,1,44,1,NULL,NULL,NULL,NULL,NULL,NULL,'2014-01-03 00:00:00','2014-01-22 00:00:00'),(42,1,20,NULL,'2013-09-18 00:00:00',NULL,NULL,1,59,NULL,NULL,NULL,NULL,NULL,NULL,NULL,NULL,NULL),(43,1,20,NULL,'2013-09-18 00:00:00',NULL,NULL,1,59,NULL,NULL,NULL,NULL,NULL,NULL,NULL,NULL,NULL),(44,1,20,NULL,'2013-09-18 00:00:00',NULL,NULL,1,60,NULL,NULL,NULL,NULL,NULL,NULL,NULL,NULL,NULL),(45,1,20,NULL,'2013-09-18 00:00:00',NULL,NULL,1,60,NULL,NULL,NULL,NULL,NULL,NULL,NULL,NULL,NULL),(46,4,20,NULL,'2014-09-12 00:00:00',NULL,360,1,46,NULL,NULL,NULL,NULL,NULL,NULL,NULL,'2014-09-10 00:00:00',NULL);

--
-- Table structure for table `costing_equipment_line`
--

CREATE TABLE `costing_equipment_line` (
  `id_costing_equipment_line` int(11) NOT NULL AUTO_INCREMENT,
  `id_billing_frequency` int(11) DEFAULT NULL,
  `id_currency` int(11) DEFAULT NULL,
  `id_equipment` int(11) DEFAULT NULL,
  `dt_start` datetime DEFAULT NULL,
  `dt_end` datetime DEFAULT NULL,
  `nb_contract_duration` int(11) DEFAULT NULL,
  `id_notice_period` int(11) DEFAULT NULL,
  `id_equipment_instance` int(11) DEFAULT NULL,
  `mt_nrc` decimal(10,0) DEFAULT NULL,
  `mt_mrc` decimal(10,0) DEFAULT NULL,
  `lb_nrc` varchar(255) COLLATE utf8_unicode_ci DEFAULT NULL,
  `lb_mrc` varchar(255) COLLATE utf8_unicode_ci DEFAULT NULL,
  `mt_nrc_euro` decimal(10,0) DEFAULT NULL,
  `mt_mrc_euro` decimal(10,0) DEFAULT NULL,
  `dt_start_mrc` datetime DEFAULT NULL,
  `dt_end_mrc` datetime DEFAULT NULL,
  `id_billing_period` int(11) DEFAULT NULL,
  PRIMARY KEY (`id_costing_equipment_line`),
  KEY `IDX_4FAC1CA635BB25A` (`id_billing_frequency`),
  KEY `IDX_4FAC1CA398D64AA` (`id_currency`),
  KEY `IDX_4FAC1CA530D69A4` (`id_equipment`),
  KEY `IDX_4FAC1CAF1D18757` (`id_equipment_instance`),
  KEY `IDX_4FAC1CA20848936` (`id_notice_period`),
  KEY `IDX_4FAC1CABD048098` (`id_billing_period`),
  CONSTRAINT `FK_4FAC1CABD048098` FOREIGN KEY (`id_billing_period`) REFERENCES `billing_period` (`id_billing_period`),
  CONSTRAINT `FK_4FAC1CA20848936` FOREIGN KEY (`id_notice_period`) REFERENCES `notice_period` (`id_notice_period`),
  CONSTRAINT `FK_4FAC1CA398D64AA` FOREIGN KEY (`id_currency`) REFERENCES `currency` (`id_currency`),
  CONSTRAINT `FK_4FAC1CA530D69A4` FOREIGN KEY (`id_equipment`) REFERENCES `equipment` (`id_equipment`),
  CONSTRAINT `FK_4FAC1CA635BB25A` FOREIGN KEY (`id_billing_frequency`) REFERENCES `billing_frequency` (`id_billing_frequency`),
  CONSTRAINT `FK_4FAC1CAF1D18757` FOREIGN KEY (`id_equipment_instance`) REFERENCES `equipment_instance` (`id_equipment_instance`)
) ENGINE=InnoDB AUTO_INCREMENT=30 DEFAULT CHARSET=utf8 COLLATE=utf8_unicode_ci;

--
-- Dumping data for table `costing_equipment_line`
--

INSERT INTO `costing_equipment_line` VALUES (1,1,20,NULL,'2013-05-29 00:00:00',NULL,5,1,NULL,NULL,NULL,NULL,NULL,NULL,NULL,NULL,NULL,NULL),(2,1,20,NULL,'2013-05-29 00:00:00',NULL,10,1,NULL,NULL,NULL,NULL,NULL,NULL,NULL,NULL,NULL,NULL),(3,1,20,NULL,'2013-05-30 00:00:00',NULL,12,1,NULL,NULL,NULL,NULL,NULL,NULL,NULL,NULL,NULL,NULL),(4,1,20,NULL,'2013-06-25 00:00:00',NULL,12,1,NULL,NULL,NULL,NULL,NULL,NULL,NULL,NULL,NULL,NULL),(5,1,20,NULL,'2013-05-29 00:00:00',NULL,1,1,NULL,NULL,NULL,NULL,NULL,NULL,NULL,NULL,NULL,NULL),(6,1,20,NULL,'2013-05-29 00:00:00',NULL,12,1,NULL,NULL,NULL,NULL,NULL,NULL,NULL,NULL,NULL,NULL),(7,1,20,NULL,'2013-05-31 00:00:00',NULL,12,1,NULL,NULL,NULL,NULL,NULL,NULL,NULL,NULL,NULL,NULL),(8,1,20,NULL,NULL,NULL,15,1,NULL,NULL,NULL,NULL,NULL,NULL,NULL,NULL,NULL,NULL),(9,1,20,NULL,'2013-05-30 00:00:00',NULL,8,1,NULL,NULL,NULL,NULL,NULL,NULL,NULL,NULL,NULL,NULL),(10,1,20,438,'2013-06-12 00:00:00',NULL,1,1,NULL,NULL,NULL,NULL,NULL,NULL,NULL,NULL,NULL,NULL),(11,1,20,450,'2013-06-12 00:00:00',NULL,1,1,NULL,NULL,NULL,NULL,NULL,NULL,NULL,NULL,NULL,NULL),(12,NULL,NULL,492,NULL,NULL,NULL,1,NULL,NULL,NULL,NULL,NULL,NULL,NULL,NULL,NULL,NULL),(13,NULL,NULL,492,NULL,NULL,NULL,1,NULL,NULL,NULL,NULL,NULL,NULL,NULL,NULL,NULL,NULL),(14,1,20,NULL,'2013-11-22 00:00:00',NULL,NULL,1,3,NULL,NULL,NULL,NULL,NULL,NULL,NULL,NULL,NULL),(15,1,20,491,'2013-11-21 00:00:00',NULL,NULL,1,NULL,NULL,NULL,NULL,NULL,NULL,NULL,NULL,NULL,NULL),(16,1,20,491,'2013-11-21 00:00:00',NULL,NULL,1,NULL,NULL,NULL,NULL,NULL,NULL,NULL,NULL,NULL,NULL),(17,1,20,NULL,'2013-11-21 00:00:00',NULL,NULL,1,50,NULL,NULL,NULL,NULL,NULL,NULL,NULL,NULL,NULL),(18,1,20,NULL,'2013-11-21 00:00:00',NULL,NULL,1,50,NULL,NULL,NULL,NULL,NULL,NULL,NULL,NULL,NULL),(19,1,20,NULL,'2013-11-21 00:00:00',NULL,NULL,1,51,NULL,NULL,NULL,NULL,NULL,NULL,NULL,NULL,NULL),(20,1,20,NULL,'2013-11-21 00:00:00',NULL,NULL,1,51,NULL,NULL,NULL,NULL,NULL,NULL,'2014-01-17 00:00:00','2014-01-10 00:00:00',NULL),(21,1,20,NULL,'2013-11-21 00:00:00',NULL,NULL,1,53,NULL,NULL,NULL,NULL,NULL,NULL,NULL,NULL,NULL),(22,1,20,NULL,'2013-11-21 00:00:00',NULL,NULL,1,53,NULL,NULL,NULL,NULL,NULL,NULL,NULL,NULL,NULL),(23,1,20,NULL,'2013-11-21 00:00:00',NULL,NULL,1,51,NULL,NULL,NULL,NULL,NULL,NULL,'2014-01-10 00:00:00','2014-01-18 00:00:00',NULL),(24,1,20,NULL,'2013-11-21 00:00:00',NULL,NULL,1,51,NULL,NULL,NULL,NULL,NULL,NULL,'2014-01-18 00:00:00','2014-01-25 00:00:00',NULL),(25,1,20,NULL,'2013-11-21 00:00:00',NULL,NULL,1,51,NULL,NULL,NULL,NULL,NULL,NULL,'2014-01-25 00:00:00',NULL,NULL),(26,1,20,NULL,'2013-11-21 00:00:00',NULL,NULL,1,54,NULL,NULL,NULL,NULL,NULL,NULL,NULL,NULL,NULL),(27,1,20,NULL,'2013-11-21 00:00:00',NULL,NULL,1,54,NULL,NULL,NULL,NULL,NULL,NULL,NULL,NULL,NULL),(28,1,20,NULL,'2013-11-21 00:00:00',NULL,NULL,1,59,NULL,NULL,NULL,NULL,NULL,NULL,NULL,NULL,NULL),(29,1,20,NULL,'2013-11-21 00:00:00',NULL,NULL,1,59,NULL,NULL,NULL,NULL,NULL,NULL,NULL,NULL,NULL);

--
-- Table structure for table `costing_local_loop_line`
--

CREATE TABLE `costing_local_loop_line` (
  `id_costing_local_loop_line` int(11) NOT NULL AUTO_INCREMENT,
  `id_billing_frequency` int(11) DEFAULT NULL,
  `id_currency` int(11) DEFAULT NULL,
  `id_local_loop` int(11) DEFAULT NULL,
  `id_local_loop_option` int(11) DEFAULT NULL,
  `dt_start` datetime DEFAULT NULL,
  `dt_end` datetime DEFAULT NULL,
  `nb_contract_duration` int(11) DEFAULT NULL,
  `id_notice_period` int(11) DEFAULT NULL,
  `id_provider` int(11) DEFAULT NULL,
  `id_provider_address` int(11) DEFAULT NULL,
  `id_contact` int(11) DEFAULT NULL,
  `mt_nrc` decimal(10,0) DEFAULT NULL,
  `mt_mrc` decimal(10,0) DEFAULT NULL,
  `lb_nrc` varchar(255) COLLATE utf8_unicode_ci DEFAULT NULL,
  `lb_mrc` varchar(255) COLLATE utf8_unicode_ci DEFAULT NULL,
  `mt_nrc_euro` decimal(10,0) DEFAULT NULL,
  `mt_mrc_euro` decimal(10,0) DEFAULT NULL,
  `dt_start_mrc` datetime DEFAULT NULL,
  `dt_end_mrc` datetime DEFAULT NULL,
  `cd_provider_account` varchar(45) COLLATE utf8_unicode_ci DEFAULT NULL,
  PRIMARY KEY (`id_costing_local_loop_line`),
  KEY `IDX_51FEEA7E635BB25A` (`id_billing_frequency`),
  KEY `IDX_51FEEA7E398D64AA` (`id_currency`),
  KEY `IDX_51FEEA7E38CAF7EA` (`id_local_loop`),
  KEY `IDX_51FEEA7E9AC817FF` (`id_local_loop_option`),
  KEY `IDX_51FEEA7EC21F9F09` (`id_provider`),
  KEY `IDX_51FEEA7E1E9C98F7` (`id_provider_address`),
  KEY `IDX_51FEEA7E92FF4F48` (`id_contact`),
  KEY `IDX_51FEEA7E20848936` (`id_notice_period`),
  CONSTRAINT `FK_51FEEA7E1E9C98F7` FOREIGN KEY (`id_provider_address`) REFERENCES `address_provider` (`id_address_provider`),
  CONSTRAINT `FK_51FEEA7E20848936` FOREIGN KEY (`id_notice_period`) REFERENCES `notice_period` (`id_notice_period`),
  CONSTRAINT `FK_51FEEA7E38CAF7EA` FOREIGN KEY (`id_local_loop`) REFERENCES `local_loop` (`id_local_loop`),
  CONSTRAINT `FK_51FEEA7E398D64AA` FOREIGN KEY (`id_currency`) REFERENCES `currency` (`id_currency`),
  CONSTRAINT `FK_51FEEA7E635BB25A` FOREIGN KEY (`id_billing_frequency`) REFERENCES `billing_frequency` (`id_billing_frequency`),
  CONSTRAINT `FK_51FEEA7E92FF4F48` FOREIGN KEY (`id_contact`) REFERENCES `contact_provider` (`id_contact_provider`),
  CONSTRAINT `FK_51FEEA7E9AC817FF` FOREIGN KEY (`id_local_loop_option`) REFERENCES `local_loop_option` (`id_local_loop_option`),
  CONSTRAINT `FK_51FEEA7EC21F9F09` FOREIGN KEY (`id_provider`) REFERENCES `provider` (`id_provider`)
) ENGINE=InnoDB AUTO_INCREMENT=37 DEFAULT CHARSET=utf8 COLLATE=utf8_unicode_ci;

--
-- Dumping data for table `costing_local_loop_line`
--

INSERT INTO `costing_local_loop_line` VALUES (1,1,20,10,1,'2014-01-07 00:00:00',NULL,NULL,1,9,12,6,NULL,NULL,NULL,NULL,NULL,NULL,'2014-01-08 00:00:00','2014-01-25 00:00:00',NULL),(2,1,20,15,NULL,'2013-12-31 00:00:00',NULL,NULL,1,9,5,5,NULL,NULL,NULL,NULL,NULL,NULL,'2014-01-16 00:00:00',NULL,NULL),(4,1,20,10,1,'2014-01-07 00:00:00',NULL,NULL,1,9,12,6,NULL,NULL,NULL,NULL,NULL,NULL,'2014-01-25 00:00:00','2014-01-17 00:00:00',NULL),(5,NULL,NULL,22,3,NULL,NULL,NULL,1,10,NULL,NULL,NULL,NULL,NULL,NULL,NULL,NULL,NULL,NULL,NULL),(6,1,20,23,NULL,'2014-04-26 00:00:00',NULL,NULL,1,9,5,4,1000,245,NULL,NULL,NULL,NULL,'2014-01-25 00:00:00',NULL,NULL),(7,4,20,29,NULL,'2014-01-31 00:00:00',NULL,360,1,9,12,4,10076,865,'5076+2550+2450',NULL,NULL,NULL,'2014-01-31 00:00:00',NULL,NULL),(8,4,20,31,NULL,'2014-01-31 00:00:00',NULL,360,1,9,12,5,NULL,NULL,NULL,NULL,NULL,NULL,'2014-01-31 00:00:00','2014-01-24 00:00:00',NULL),(9,4,20,31,NULL,'2014-01-31 00:00:00',NULL,360,1,9,12,5,NULL,NULL,NULL,NULL,NULL,NULL,'2014-01-25 00:00:00','2014-01-31 00:00:00',NULL),(10,4,20,31,NULL,'2014-01-31 00:00:00',NULL,360,1,9,12,5,NULL,NULL,NULL,NULL,NULL,NULL,'2014-02-01 00:00:00','2014-01-31 00:00:00',NULL),(11,4,20,31,NULL,'2014-01-31 00:00:00',NULL,360,1,9,12,5,NULL,NULL,NULL,NULL,NULL,NULL,'2014-02-01 00:00:00','2014-01-24 00:00:00',NULL),(12,4,20,31,NULL,'2014-01-31 00:00:00',NULL,360,1,9,12,5,NULL,NULL,NULL,NULL,NULL,NULL,'2014-01-25 00:00:00','2014-01-25 00:00:00',NULL),(13,4,20,31,NULL,'2014-01-31 00:00:00',NULL,360,1,9,12,5,NULL,NULL,NULL,NULL,NULL,NULL,'2014-01-25 00:00:00','2014-01-25 00:00:00',NULL),(14,4,20,31,NULL,'2014-01-31 00:00:00',NULL,360,1,9,12,5,NULL,NULL,NULL,NULL,NULL,NULL,'2014-01-25 00:00:00','2014-02-01 00:00:00',NULL),(15,4,20,31,NULL,'2014-01-31 00:00:00',NULL,360,1,9,12,5,NULL,NULL,NULL,NULL,NULL,NULL,'2014-02-01 00:00:00','2014-01-25 00:00:00',NULL),(16,4,20,31,NULL,'2014-01-31 00:00:00',NULL,360,1,9,12,5,NULL,NULL,NULL,NULL,NULL,NULL,'2014-01-25 00:00:00','2014-01-05 00:00:00',NULL),(17,4,20,31,NULL,'2014-01-31 00:00:00',NULL,360,1,9,12,5,NULL,NULL,NULL,NULL,NULL,NULL,'2014-01-05 00:00:00','2014-01-03 00:00:00',NULL),(18,4,20,31,NULL,'2014-01-31 00:00:00',NULL,360,1,9,12,5,NULL,NULL,NULL,NULL,NULL,NULL,'2014-01-03 00:00:00',NULL,NULL),(19,4,20,30,NULL,'2014-01-10 00:00:00',NULL,360,1,10,13,7,NULL,NULL,NULL,NULL,NULL,NULL,'2014-01-10 00:00:00','2014-01-17 00:00:00',NULL),(20,4,20,30,NULL,'2014-01-10 00:00:00',NULL,360,1,10,13,7,NULL,NULL,NULL,NULL,NULL,NULL,'2014-01-17 00:00:00',NULL,NULL),(21,1,20,10,1,'2014-01-07 00:00:00',NULL,NULL,1,9,12,6,NULL,NULL,NULL,NULL,NULL,NULL,'2014-01-17 00:00:00','2014-01-25 00:00:00',NULL),(22,1,20,10,1,'2014-01-07 00:00:00',NULL,NULL,1,9,12,6,NULL,NULL,NULL,NULL,NULL,NULL,'2014-01-25 00:00:00',NULL,NULL),(23,4,20,33,NULL,'2014-02-15 00:00:00',NULL,360,1,9,12,10,988,233,NULL,NULL,NULL,NULL,'2014-02-15 00:00:00',NULL,NULL),(24,4,20,35,NULL,'2014-02-28 00:00:00',NULL,360,1,9,12,10,NULL,NULL,NULL,NULL,NULL,NULL,'2014-02-28 00:00:00',NULL,NULL),(25,4,20,37,NULL,'2014-03-28 00:00:00',NULL,360,1,9,12,10,1000,350,NULL,NULL,NULL,NULL,'2014-03-28 00:00:00','2014-03-29 00:00:00',NULL),(26,4,20,37,NULL,'2014-03-28 00:00:00',NULL,360,1,9,12,10,NULL,NULL,NULL,NULL,NULL,NULL,'2014-03-29 00:00:00','2014-05-01 00:00:00',NULL),(27,4,20,37,NULL,'2014-03-28 00:00:00',NULL,360,1,9,12,10,NULL,NULL,NULL,NULL,NULL,NULL,'2014-05-01 00:00:00',NULL,NULL),(28,4,20,11,NULL,NULL,NULL,360,1,9,12,10,NULL,NULL,NULL,NULL,NULL,NULL,NULL,'2014-02-22 00:00:00',NULL),(29,4,20,11,NULL,NULL,NULL,360,1,9,12,10,NULL,NULL,NULL,NULL,NULL,NULL,'2014-02-22 00:00:00',NULL,NULL),(30,4,20,47,NULL,'2014-05-29 00:00:00',NULL,360,1,15,15,8,100,798,NULL,NULL,NULL,NULL,'2014-05-29 00:00:00',NULL,NULL),(31,4,20,50,NULL,'2014-02-21 00:00:00','2014-02-19 00:00:00',360,1,15,15,8,1000,351,'300+550+150','200+150?98',NULL,NULL,'2014-02-21 00:00:00','2014-03-01 00:00:00',NULL),(32,4,20,50,NULL,'2014-02-21 00:00:00','2014-02-19 00:00:00',360,1,15,15,8,555,444,NULL,NULL,NULL,NULL,'2014-03-01 00:00:00','2014-05-25 00:00:00',NULL),(33,4,20,50,NULL,'2014-02-21 00:00:00','2014-02-19 00:00:00',360,1,15,15,8,NULL,NULL,NULL,NULL,NULL,NULL,'2014-05-25 00:00:00','2014-03-01 00:00:00',NULL),(34,4,20,50,NULL,'2014-02-21 00:00:00','2014-02-19 00:00:00',360,1,15,15,8,NULL,NULL,NULL,NULL,NULL,NULL,'2014-03-01 00:00:00',NULL,NULL),(35,4,20,50,4,'2014-03-01 00:00:00','2014-02-19 00:00:00',NULL,1,15,15,8,12,9,NULL,NULL,NULL,NULL,'2014-02-21 00:00:00',NULL,NULL),(36,1,20,54,NULL,NULL,NULL,360,1,15,15,8,NULL,NULL,NULL,NULL,NULL,NULL,NULL,NULL,NULL);

--
-- Table structure for table `costing_patch_panel_line`
--

CREATE TABLE `costing_patch_panel_line` (
  `id_costing_patch_panel_line` int(11) NOT NULL AUTO_INCREMENT,
  `id_billing_frequency` int(11) DEFAULT NULL,
  `id_currency` int(11) DEFAULT NULL,
  `id_patch_panel` int(11) DEFAULT NULL,
  `dt_start` datetime DEFAULT NULL,
  `dt_end` datetime DEFAULT NULL,
  `nb_contract_duration` int(11) DEFAULT NULL,
  `id_notice_period` int(11) DEFAULT NULL,
  `id_patch_panel_instance` int(11) DEFAULT NULL,
  `mt_nrc` decimal(10,0) DEFAULT NULL,
  `mt_mrc` decimal(10,0) DEFAULT NULL,
  `lb_nrc` varchar(255) COLLATE utf8_unicode_ci DEFAULT NULL,
  `lb_mrc` varchar(255) COLLATE utf8_unicode_ci DEFAULT NULL,
  `mt_nrc_euro` decimal(10,0) DEFAULT NULL,
  `mt_mrc_euro` decimal(10,0) DEFAULT NULL,
  `dt_start_mrc` datetime DEFAULT NULL,
  `dt_end_mrc` datetime DEFAULT NULL,
  `id_billing_period` int(11) DEFAULT NULL,
  PRIMARY KEY (`id_costing_patch_panel_line`),
  KEY `IDX_2D73B41A635BB25A` (`id_billing_frequency`),
  KEY `IDX_2D73B41A398D64AA` (`id_currency`),
  KEY `IDX_2D73B41A61B7E895` (`id_patch_panel`),
  KEY `IDX_2D73B41A9ABD60CA` (`id_patch_panel_instance`),
  KEY `IDX_2D73B41A20848936` (`id_notice_period`),
  KEY `IDX_2D73B41ABD048098` (`id_billing_period`),
  CONSTRAINT `FK_2D73B41ABD048098` FOREIGN KEY (`id_billing_period`) REFERENCES `billing_period` (`id_billing_period`),
  CONSTRAINT `FK_2D73B41A20848936` FOREIGN KEY (`id_notice_period`) REFERENCES `notice_period` (`id_notice_period`),
  CONSTRAINT `FK_2D73B41A398D64AA` FOREIGN KEY (`id_currency`) REFERENCES `currency` (`id_currency`),
  CONSTRAINT `FK_2D73B41A61B7E895` FOREIGN KEY (`id_patch_panel`) REFERENCES `patch_panel` (`id_patch_panel`),
  CONSTRAINT `FK_2D73B41A635BB25A` FOREIGN KEY (`id_billing_frequency`) REFERENCES `billing_frequency` (`id_billing_frequency`),
  CONSTRAINT `FK_2D73B41A9ABD60CA` FOREIGN KEY (`id_patch_panel_instance`) REFERENCES `patch_panel_instance` (`id_patch_panel_instance`)
) ENGINE=InnoDB DEFAULT CHARSET=utf8 COLLATE=utf8_unicode_ci;

--
-- Dumping data for table `costing_patch_panel_line`
--


--
-- Table structure for table `costing_pop`
--

CREATE TABLE `costing_pop` (
  `id_costing_pop` int(11) NOT NULL AUTO_INCREMENT,
  `id_provider` int(11) DEFAULT NULL,
  `id_contact` int(11) DEFAULT NULL,
  `id_address` int(11) DEFAULT NULL,
  `cd_provider_account` varchar(45) COLLATE utf8_unicode_ci DEFAULT NULL,
  `comment` longtext COLLATE utf8_unicode_ci,
  `id_pop` int(11) DEFAULT NULL,
  PRIMARY KEY (`id_costing_pop`),
  KEY `IDX_1154C3E3C21F9F09` (`id_provider`),
  KEY `IDX_1154C3E392FF4F48` (`id_contact`),
  KEY `IDX_1154C3E3D3D3C6F1` (`id_address`),
  KEY `IDX_1154C3E387745F4C` (`id_pop`),
  CONSTRAINT `FK_1154C3E387745F4C` FOREIGN KEY (`id_pop`) REFERENCES `pop` (`id_pop`),
  CONSTRAINT `FK_1154C3E392FF4F48` FOREIGN KEY (`id_contact`) REFERENCES `contact_provider` (`id_contact_provider`),
  CONSTRAINT `FK_1154C3E3C21F9F09` FOREIGN KEY (`id_provider`) REFERENCES `provider` (`id_provider`),
  CONSTRAINT `FK_1154C3E3D3D3C6F1` FOREIGN KEY (`id_address`) REFERENCES `address_provider` (`id_address_provider`)
) ENGINE=InnoDB AUTO_INCREMENT=11 DEFAULT CHARSET=utf8 COLLATE=utf8_unicode_ci;

--
-- Dumping data for table `costing_pop`
--

INSERT INTO `costing_pop` VALUES (1,14,3,8,'45454',NULL,9),(2,14,2,8,'123',NULL,9),(3,9,4,5,'57123',NULL,10),(4,14,3,9,'8312',NULL,14),(5,16,13,18,'5454','test3',13),(6,15,16,16,'45666','test',13),(7,15,9,15,'6565','est',13),(8,15,16,15,'6565','test2',13),(9,15,9,15,'565','test 4',13),(10,16,12,19,'55','testu',13);

--
-- Table structure for table `costing_pop_line`
--

CREATE TABLE `costing_pop_line` (
  `id_costing_pop_line` int(11) NOT NULL AUTO_INCREMENT,
  `id_billing_frequency` int(11) DEFAULT NULL,
  `id_currency` int(11) DEFAULT NULL,
  `id_costing_pop` int(11) DEFAULT NULL,
  `dt_start` datetime DEFAULT NULL,
  `dt_end` datetime DEFAULT NULL,
  `nb_contract_duration` int(11) DEFAULT NULL,
  `id_billing_period` int(11) DEFAULT NULL,
  `mt_nrc` decimal(10,0) DEFAULT NULL,
  `mt_mrc` decimal(10,0) DEFAULT NULL,
  `lb_nrc` varchar(255) COLLATE utf8_unicode_ci DEFAULT NULL,
  `lb_mrc` varchar(255) COLLATE utf8_unicode_ci DEFAULT NULL,
  `mt_nrc_euro` decimal(10,0) DEFAULT NULL,
  `mt_mrc_euro` decimal(10,0) DEFAULT NULL,
  `dt_start_mrc` datetime DEFAULT NULL,
  `dt_end_mrc` datetime DEFAULT NULL,
  `id_provider` int(11) DEFAULT NULL,
  `id_provider_address` int(11) DEFAULT NULL,
  `id_contact` int(11) DEFAULT NULL,
  `cd_provider_account` varchar(45) COLLATE utf8_unicode_ci DEFAULT NULL,
  `id_notice_period` int(11) DEFAULT NULL,
  PRIMARY KEY (`id_costing_pop_line`),
  KEY `IDX_BFD19D76635BB25A` (`id_billing_frequency`),
  KEY `IDX_BFD19D76398D64AA` (`id_currency`),
  KEY `IDX_BFD19D769460E14` (`id_costing_pop`),
  KEY `IDX_BFD19D76BD048098` (`id_billing_period`),
  KEY `IDX_BFD19D76C21F9F09` (`id_provider`),
  KEY `IDX_BFD19D761E9C98F7` (`id_provider_address`),
  KEY `IDX_BFD19D7692FF4F48` (`id_contact`),
  KEY `IDX_BFD19D7620848936` (`id_notice_period`),
  CONSTRAINT `FK_BFD19D7620848936` FOREIGN KEY (`id_notice_period`) REFERENCES `notice_period` (`id_notice_period`),
  CONSTRAINT `FK_BFD19D761E9C98F7` FOREIGN KEY (`id_provider_address`) REFERENCES `address_provider` (`id_address_provider`),
  CONSTRAINT `FK_BFD19D76398D64AA` FOREIGN KEY (`id_currency`) REFERENCES `currency` (`id_currency`),
  CONSTRAINT `FK_BFD19D76635BB25A` FOREIGN KEY (`id_billing_frequency`) REFERENCES `billing_frequency` (`id_billing_frequency`),
  CONSTRAINT `FK_BFD19D7692FF4F48` FOREIGN KEY (`id_contact`) REFERENCES `contact_provider` (`id_contact_provider`),
  CONSTRAINT `FK_BFD19D769460E14` FOREIGN KEY (`id_costing_pop`) REFERENCES `costing_pop` (`id_costing_pop`),
  CONSTRAINT `FK_BFD19D76BD048098` FOREIGN KEY (`id_billing_period`) REFERENCES `billing_period` (`id_billing_period`),
  CONSTRAINT `FK_BFD19D76C21F9F09` FOREIGN KEY (`id_provider`) REFERENCES `provider` (`id_provider`)
) ENGINE=InnoDB AUTO_INCREMENT=5 DEFAULT CHARSET=utf8 COLLATE=utf8_unicode_ci;

--
-- Dumping data for table `costing_pop_line`
--

INSERT INTO `costing_pop_line` VALUES (3,1,20,1,'2014-01-24 00:00:00',NULL,NULL,NULL,NULL,NULL,NULL,NULL,NULL,NULL,NULL,NULL,NULL,NULL,NULL,NULL,NULL),(4,1,20,2,'2014-01-25 00:00:00',NULL,NULL,NULL,NULL,NULL,NULL,NULL,NULL,NULL,NULL,NULL,NULL,NULL,NULL,NULL,NULL);

--
-- Table structure for table `costing_port_line`
--

CREATE TABLE `costing_port_line` (
  `id_costing_port_line` int(11) NOT NULL AUTO_INCREMENT,
  `id_billing_frequency` int(11) DEFAULT NULL,
  `id_currency` int(11) DEFAULT NULL,
  `dt_start` datetime DEFAULT NULL,
  `dt_end` datetime DEFAULT NULL,
  `nb_contract_duration` int(11) DEFAULT NULL,
  `id_notice_period` int(11) DEFAULT NULL,
  `id_port_instance` int(11) DEFAULT NULL,
  `id_billing_period` int(11) DEFAULT NULL,
  `mt_nrc` decimal(10,0) DEFAULT NULL,
  `mt_mrc` decimal(10,0) DEFAULT NULL,
  `lb_nrc` varchar(255) COLLATE utf8_unicode_ci DEFAULT NULL,
  `lb_mrc` varchar(255) COLLATE utf8_unicode_ci DEFAULT NULL,
  `mt_nrc_euro` decimal(10,0) DEFAULT NULL,
  `mt_mrc_euro` decimal(10,0) DEFAULT NULL,
  `dt_start_mrc` datetime DEFAULT NULL,
  `dt_end_mrc` datetime DEFAULT NULL,
  PRIMARY KEY (`id_costing_port_line`),
  KEY `IDX_9B136638635BB25A` (`id_billing_frequency`),
  KEY `IDX_9B136638398D64AA` (`id_currency`),
  KEY `IDX_9B136638827B36DA` (`id_port_instance`),
  KEY `IDX_9B136638BD048098` (`id_billing_period`),
  KEY `IDX_9B13663820848936` (`id_notice_period`),
  CONSTRAINT `FK_9B13663820848936` FOREIGN KEY (`id_notice_period`) REFERENCES `notice_period` (`id_notice_period`),
  CONSTRAINT `FK_9B136638398D64AA` FOREIGN KEY (`id_currency`) REFERENCES `currency` (`id_currency`),
  CONSTRAINT `FK_9B136638635BB25A` FOREIGN KEY (`id_billing_frequency`) REFERENCES `billing_frequency` (`id_billing_frequency`),
  CONSTRAINT `FK_9B136638827B36DA` FOREIGN KEY (`id_port_instance`) REFERENCES `port_instance` (`id_port_instance`),
  CONSTRAINT `FK_9B136638BD048098` FOREIGN KEY (`id_billing_period`) REFERENCES `billing_period` (`id_billing_period`)
) ENGINE=InnoDB AUTO_INCREMENT=3 DEFAULT CHARSET=utf8 COLLATE=utf8_unicode_ci;

--
-- Dumping data for table `costing_port_line`
--

INSERT INTO `costing_port_line` VALUES (1,1,21,'2013-06-04 00:00:00',NULL,1,1,NULL,NULL,NULL,NULL,NULL,NULL,NULL,NULL,NULL,NULL),(2,1,20,'2014-09-12 00:00:00',NULL,NULL,1,53,NULL,NULL,NULL,NULL,NULL,NULL,NULL,'2014-09-02 00:00:00',NULL);

--
-- Table structure for table `costing_service_line`
--

CREATE TABLE `costing_service_line` (
  `id_costing_service_line` int(11) NOT NULL AUTO_INCREMENT,
  `id_currency` int(11) DEFAULT NULL,
  `id_service` int(11) DEFAULT NULL,
  `id_service_extremity` int(11) DEFAULT NULL,
  `id_service_extremity_option` int(11) DEFAULT NULL,
  `id_service_option` int(11) DEFAULT NULL,
  `cd_customer_service` varchar(45) COLLATE utf8_unicode_ci DEFAULT NULL,
  `dt_start` datetime DEFAULT NULL,
  `dt_end` datetime DEFAULT NULL,
  `nb_contract_duration` int(11) DEFAULT NULL,
  `nb_percent` decimal(10,0) DEFAULT NULL,
  PRIMARY KEY (`id_costing_service_line`),
  KEY `IDX_7B265529398D64AA` (`id_currency`),
  KEY `IDX_7B2655293F0033A2` (`id_service`),
  KEY `IDX_7B265529C53102E9` (`id_service_extremity`),
  KEY `IDX_7B265529A5972AFE` (`id_service_extremity_option`),
  KEY `IDX_7B2655295927B880` (`id_service_option`),
  CONSTRAINT `FK_7B265529398D64AA` FOREIGN KEY (`id_currency`) REFERENCES `currency` (`id_currency`),
  CONSTRAINT `FK_7B2655293F0033A2` FOREIGN KEY (`id_service`) REFERENCES `service` (`id_service`),
  CONSTRAINT `FK_7B2655295927B880` FOREIGN KEY (`id_service_option`) REFERENCES `service_option` (`id_service_option`),
  CONSTRAINT `FK_7B265529A5972AFE` FOREIGN KEY (`id_service_extremity_option`) REFERENCES `service_extremity_option` (`id_service_extremity_option`),
  CONSTRAINT `FK_7B265529C53102E9` FOREIGN KEY (`id_service_extremity`) REFERENCES `service_extremity` (`id_service_extremity`)
) ENGINE=InnoDB DEFAULT CHARSET=utf8 COLLATE=utf8_unicode_ci;

--
-- Dumping data for table `costing_service_line`
--


--
-- Table structure for table `country`
--

CREATE TABLE `country` (
  `id_country` int(11) NOT NULL AUTO_INCREMENT,
  `cd_country` varchar(15) NOT NULL,
  `lb_country` varchar(100) NOT NULL,
  `bl_deactivated` tinyint(1) DEFAULT NULL,
  `dt_create` datetime DEFAULT NULL,
  `dt_update` datetime DEFAULT NULL,
  `id_user_create_by` int(11) DEFAULT NULL,
  `id_user_update_by` int(11) DEFAULT NULL,
  `dt_deactivated` datetime DEFAULT NULL,
  PRIMARY KEY (`id_country`),
  KEY `id_user_create_by` (`id_user_create_by`),
  KEY `id_user_update_by` (`id_user_update_by`),
  CONSTRAINT `FK_5373C966536A5873` FOREIGN KEY (`id_user_create_by`) REFERENCES `myuser` (`id`),
  CONSTRAINT `FK_5373C96668E26F41` FOREIGN KEY (`id_user_update_by`) REFERENCES `myuser` (`id`)
) ENGINE=InnoDB AUTO_INCREMENT=35 DEFAULT CHARSET=utf8;

--
-- Dumping data for table `country`
--

INSERT INTO `country` VALUES (1,'lb','Albanie',1,NULL,'2013-10-07 00:00:00',NULL,2,'2013-09-25 00:00:00'),(2,'en','England',1,NULL,'2013-07-02 11:22:16',NULL,2,'2013-04-15 10:41:31'),(3,'sdf','Sans Droite Factorielle',1,NULL,'2013-07-01 10:41:31',NULL,2,'2013-04-15 10:41:31'),(4,'fr','France',1,NULL,'2013-06-26 10:41:31',NULL,2,NULL),(5,'en','England',1,NULL,'2013-04-19 00:00:00',NULL,2,NULL),(6,'sz','Switzerland',1,NULL,'2013-04-19 10:41:31',NULL,2,NULL),(7,'Rm','Roumania',NULL,NULL,'2013-04-19 10:41:31',NULL,2,'2013-04-15 10:41:31'),(8,'It','Italia',0,NULL,'2013-08-26 00:00:00',NULL,2,'2013-08-26 00:00:00'),(9,'Deu','Deutsch',0,NULL,'2013-08-26 16:04:56',NULL,2,'2013-04-16 10:41:31'),(10,'Bul','Bulgarie',1,NULL,'2013-08-26 00:00:00',NULL,2,'2013-04-15 00:00:00'),(11,'Li','Lituania',1,NULL,'2013-04-19 10:41:31',NULL,2,NULL),(12,'TR','Troie',1,NULL,'2013-07-02 10:41:31',NULL,2,NULL),(13,'aze','azerbaidja',1,'2013-04-19 10:41:31','2013-04-19 10:41:31',2,2,NULL),(14,'be','Belgium',1,'2013-04-23 10:41:31','2013-04-23 10:41:31',2,2,NULL),(15,'po','Portugal',1,'2013-04-23 10:41:31','2013-04-23 10:41:31',2,2,NULL),(16,'CC','Coruscant',1,'2013-04-30 10:41:31','2013-07-02 10:41:31',2,2,'2013-04-30 10:41:31'),(17,'GH','Gouffre de Helm',1,'2013-05-21 10:41:31','2013-07-02 10:41:31',2,2,NULL),(18,'PERU123','Peru',1,'2013-06-24 10:41:31','2013-06-24 10:41:31',2,2,NULL),(19,'CH','Chine',1,'2013-06-25 10:41:31','2013-06-25 10:41:31',2,2,NULL),(20,'Be','Benin',1,'2013-06-26 10:41:31','2013-06-26 10:41:31',2,2,NULL),(21,'SP','Spain',1,'2014-01-17 16:00:27','2014-01-17 16:00:27',2,2,NULL),(22,'CZ','Tchekoslovakia',1,'2014-01-21 12:44:57','2014-01-21 12:44:57',2,2,NULL),(23,'CZ','Tchekoslovakia',0,'2014-01-21 00:00:00','2014-01-21 00:00:00',2,2,'2014-01-22 10:53:27'),(24,'CZ','Tchekoslovakia',0,'2014-01-21 00:00:00','2014-01-21 00:00:00',2,2,'2014-01-22 10:53:58'),(25,'lb','Lebanon',1,'2014-01-21 12:45:34','2014-01-21 12:45:34',2,2,NULL),(26,'AF','AFRICA',1,'2014-01-21 12:50:23','2014-01-21 12:50:23',2,2,NULL),(27,'It','Italia',1,'2014-01-21 12:52:10','2014-01-21 12:52:10',2,2,NULL),(28,'AFGH','Afganistan',1,'2014-01-21 00:00:00','2014-01-21 00:00:00',2,2,NULL),(29,'IRAK','IRAK*',1,'2014-01-21 00:00:00','2014-01-21 00:00:00',2,2,NULL),(30,'FIN','Finlande',1,'2014-01-21 16:24:25','2014-01-21 16:24:25',2,2,NULL),(31,'Russia','Russia*',1,'2014-01-23 16:16:38','2014-01-23 16:16:38',2,2,NULL),(32,'E-Spain','Spain*',1,'2014-01-24 00:00:00','2014-01-24 00:00:00',2,2,NULL),(33,'D GER','GERMANY',1,'2014-01-31 00:00:00','2014-01-31 00:00:00',2,2,NULL),(34,'SIN','Singapore',1,'2014-07-21 18:21:01','2014-07-21 18:21:01',7,7,NULL);

--
-- Table structure for table `country_provider_group`
--

CREATE TABLE `country_provider_group` (
  `id_country_provider_group` int(11) NOT NULL AUTO_INCREMENT,
  `id_cluster` int(11) DEFAULT NULL,
  `id_country` int(11) DEFAULT NULL,
  `lb_country_group` varchar(100) NOT NULL,
  `bl_deactivated` tinyint(1) NOT NULL,
  `dt_deactivated` datetime DEFAULT NULL,
  `dt_create` datetime DEFAULT NULL,
  `dt_update` datetime DEFAULT NULL,
  `id_user_create_by` int(11) DEFAULT NULL,
  `id_user_update_by` int(11) DEFAULT NULL,
  PRIMARY KEY (`id_country_provider_group`),
  KEY `id_cluster` (`id_cluster`),
  KEY `id_country` (`id_country`),
  KEY `id_user_create` (`id_user_create_by`),
  KEY `id_user_update` (`id_user_update_by`),
  CONSTRAINT `FK_A86C42CA3B58C0E4` FOREIGN KEY (`id_cluster`) REFERENCES `cluster` (`id_cluster`),
  CONSTRAINT `FK_A86C42CA536A5873` FOREIGN KEY (`id_user_create_by`) REFERENCES `myuser` (`id`),
  CONSTRAINT `FK_A86C42CA68E26F41` FOREIGN KEY (`id_user_update_by`) REFERENCES `myuser` (`id`),
  CONSTRAINT `FK_A86C42CA8DEE6016` FOREIGN KEY (`id_country`) REFERENCES `country` (`id_country`)
) ENGINE=InnoDB AUTO_INCREMENT=17 DEFAULT CHARSET=utf8;

--
-- Dumping data for table `country_provider_group`
--

INSERT INTO `country_provider_group` VALUES (1,1,4,'12',1,NULL,'2013-05-27 11:27:19','2013-05-27 11:27:19',2,2),(2,1,10,'12',1,NULL,'2013-06-26 11:27:19','2013-06-26 11:27:19',2,2),(3,1,2,'23',1,NULL,'2013-06-26 11:27:19','2013-06-26 11:27:19',2,2),(4,1,9,'44',1,NULL,'2013-06-26 11:27:19','2013-06-26 11:27:19',2,2),(5,2,9,'12',1,NULL,'2013-07-02 11:27:19','2013-07-02 11:27:19',2,2),(6,2,4,'33',0,NULL,'2013-07-02 11:27:19','2013-07-02 11:27:19',2,2),(7,3,4,'gfhgfhgf',1,NULL,'2013-11-14 14:45:50','2013-11-14 14:45:50',2,2),(8,3,4,'NICE',1,NULL,'2014-01-20 14:50:05','2014-01-20 14:50:05',2,2),(9,NULL,NULL,'COLT EUROPE',1,NULL,'2014-02-18 00:00:00','2014-02-18 00:00:00',2,2),(10,NULL,NULL,'COLT Worldwide',1,NULL,'2014-02-18 00:00:00','2014-02-18 00:00:00',2,2),(11,NULL,NULL,'COLT APAC',1,NULL,'2014-02-18 16:29:57','2014-02-18 16:29:57',2,2),(12,NULL,NULL,'Equinix EUROPE GROUP',1,NULL,'2014-07-22 00:00:00','2014-07-22 00:00:00',7,7),(13,NULL,NULL,'Equinix Worldwide',1,NULL,'2014-07-22 00:00:00','2014-07-22 00:00:00',7,7),(14,NULL,NULL,'Equinix APAC',1,NULL,'2014-07-22 00:00:00','2014-07-22 00:00:00',7,7),(15,NULL,NULL,'Equinix USA',1,NULL,'2014-07-22 00:00:00','2014-07-22 00:00:00',7,7),(16,NULL,NULL,'EQUINIX SEE',1,NULL,'2014-07-22 00:00:00','2014-07-22 00:00:00',7,7);

--
-- Table structure for table `currency`
--

CREATE TABLE `currency` (
  `id_currency` int(11) NOT NULL AUTO_INCREMENT,
  `cd_currency` varchar(15) NOT NULL,
  `lb_currency` varchar(100) NOT NULL,
  `bl_deactivated` tinyint(1) DEFAULT NULL,
  `dt_create` datetime DEFAULT NULL,
  `dt_deactivated` datetime DEFAULT NULL,
  `dt_reactivated` datetime DEFAULT NULL,
  PRIMARY KEY (`id_currency`)
) ENGINE=InnoDB AUTO_INCREMENT=24 DEFAULT CHARSET=utf8;

--
-- Dumping data for table `currency`
--

INSERT INTO `currency` VALUES (20,'EUR','Euro',1,NULL,NULL,NULL),(21,'USD','Dollar',1,'2013-06-26 17:57:00',NULL,NULL),(22,'ESC','Escudos',0,'2013-07-02 00:00:00','2014-07-28 13:07:41',NULL),(23,'SGD','Singapore Dollar',1,'2014-07-21 00:00:00','2014-07-21 00:00:00',NULL);

--
-- Table structure for table `currency_conversion`
--

CREATE TABLE `currency_conversion` (
  `id_currency_conversion` int(11) NOT NULL AUTO_INCREMENT,
  `id_currency_source` int(11) DEFAULT NULL,
  `id_currency_destination` int(11) DEFAULT NULL,
  `nb_currency_conversion` decimal(10,0) DEFAULT NULL,
  `dt_start` datetime DEFAULT NULL,
  `dt_end` datetime DEFAULT NULL,
  `bl_deactivated` tinyint(1) DEFAULT NULL,
  `id_user_create_by` int(11) DEFAULT NULL,
  `id_user_update_by` int(11) DEFAULT NULL,
  `dt_create` datetime DEFAULT NULL,
  `dt_update` datetime DEFAULT NULL,
  `dt_deactivated` datetime DEFAULT NULL,
  PRIMARY KEY (`id_currency_conversion`),
  KEY `IDX_5E76A27F12529A94` (`id_currency_source`),
  KEY `IDX_5E76A27F83DEC1AF` (`id_currency_destination`),
  KEY `IDX_5E76A27F536A5873` (`id_user_create_by`),
  KEY `IDX_5E76A27F68E26F41` (`id_user_update_by`),
  CONSTRAINT `FK_5E76A27F12529A94` FOREIGN KEY (`id_currency_source`) REFERENCES `currency` (`id_currency`),
  CONSTRAINT `FK_5E76A27F536A5873` FOREIGN KEY (`id_user_create_by`) REFERENCES `myuser` (`id`),
  CONSTRAINT `FK_5E76A27F68E26F41` FOREIGN KEY (`id_user_update_by`) REFERENCES `myuser` (`id`),
  CONSTRAINT `FK_5E76A27F83DEC1AF` FOREIGN KEY (`id_currency_destination`) REFERENCES `currency` (`id_currency`)
) ENGINE=InnoDB AUTO_INCREMENT=5 DEFAULT CHARSET=utf8;

--
-- Dumping data for table `currency_conversion`
--

INSERT INTO `currency_conversion` VALUES (1,21,20,1,'2014-01-02 00:00:00','2014-11-28 00:00:00',1,2,7,'2014-01-23 00:00:00','2014-01-23 00:00:00',NULL),(2,20,20,1,'2014-01-01 00:00:00','2014-09-20 00:00:00',1,2,2,'2014-01-23 00:00:00','2014-01-23 00:00:00',NULL),(3,23,20,1,'2014-07-01 00:00:00','2014-07-31 00:00:00',1,7,7,'2014-07-21 18:58:43','2014-07-21 18:58:43',NULL),(4,22,20,199,'2014-07-21 00:00:00',NULL,1,7,7,'2014-07-21 18:59:22','2014-07-21 18:59:22',NULL);

--
-- Table structure for table `customer`
--

CREATE TABLE `customer` (
  `id_customer` int(11) NOT NULL AUTO_INCREMENT,
  `id_branch` int(11) DEFAULT NULL,
  `cd_magellan` varchar(15) COLLATE utf8_bin DEFAULT NULL,
  `lb_customer` varchar(100) COLLATE utf8_bin DEFAULT NULL,
  `id_customer_nature` int(11) DEFAULT NULL,
  `dt_create` datetime DEFAULT NULL,
  `dt_update` datetime DEFAULT NULL,
  `id_user_update_by` int(11) DEFAULT NULL,
  `id_user_create_by` int(11) DEFAULT NULL,
  `bl_deactivated` tinyint(1) DEFAULT NULL,
  `lb_web` varchar(100) COLLATE utf8_bin DEFAULT NULL,
  `id_billing_frequency` int(11) DEFAULT NULL,
  `id_currency` int(11) DEFAULT NULL,
  `id_notice_period` int(11) DEFAULT NULL,
  `id_firm_type` int(11) DEFAULT NULL,
  `id_customer_manager` int(11) DEFAULT NULL,
  `comment` text COLLATE utf8_bin,
  `dt_deactivated` datetime DEFAULT NULL,
  `id_account_manager` int(11) DEFAULT NULL,
  `id_access` int(11) DEFAULT NULL,
  `id_activity` int(11) DEFAULT NULL,
  `cd_customer` varchar(100) COLLATE utf8_bin DEFAULT NULL,
  `nb_contract_duration` int(11) DEFAULT NULL,
  `id_customer_group` int(11) DEFAULT NULL,
  `lb_address` varchar(100) COLLATE utf8_bin DEFAULT NULL,
  PRIMARY KEY (`id_customer`),
  KEY `id_user_update_by` (`id_user_update_by`),
  KEY `id_user_create_by` (`id_user_create_by`),
  KEY `id_branch` (`id_branch`),
  KEY `id_customer_nature` (`id_customer_nature`),
  KEY `id_frequence` (`id_billing_frequency`),
  KEY `id_currency` (`id_currency`),
  KEY `id_firm_type` (`id_firm_type`),
  KEY `id_customer_manager` (`id_customer_manager`),
  KEY `id_account_manager` (`id_account_manager`),
  KEY `IDX_81398E09205E9EB9` (`id_access`),
  KEY `IDX_81398E09FCAFE5CF` (`id_activity`),
  KEY `IDX_81398E099E938CF8` (`id_customer_group`),
  KEY `IDX_81398E0920848936` (`id_notice_period`),
  CONSTRAINT `FK_81398E0920848936` FOREIGN KEY (`id_notice_period`) REFERENCES `notice_period` (`id_notice_period`),
  CONSTRAINT `customer_ibfk_28` FOREIGN KEY (`id_billing_frequency`) REFERENCES `billing_frequency` (`id_billing_frequency`) ON DELETE NO ACTION ON UPDATE NO ACTION,
  CONSTRAINT `FK_81398E09205E9EB9` FOREIGN KEY (`id_access`) REFERENCES `access` (`id_access`),
  CONSTRAINT `FK_81398E09398D64AA` FOREIGN KEY (`id_currency`) REFERENCES `currency` (`id_currency`),
  CONSTRAINT `FK_81398E09536A5873` FOREIGN KEY (`id_user_create_by`) REFERENCES `myuser` (`id`),
  CONSTRAINT `FK_81398E09573D4D6` FOREIGN KEY (`id_customer_manager`) REFERENCES `myuser` (`id`),
  CONSTRAINT `FK_81398E095EA5E69E` FOREIGN KEY (`id_firm_type`) REFERENCES `firm_type` (`id_firm_type`),
  CONSTRAINT `FK_81398E0968E26F41` FOREIGN KEY (`id_user_update_by`) REFERENCES `myuser` (`id`),
  CONSTRAINT `FK_81398E099DB1AEF2` FOREIGN KEY (`id_branch`) REFERENCES `branch` (`id_branch`),
  CONSTRAINT `FK_81398E099E938CF8` FOREIGN KEY (`id_customer_group`) REFERENCES `customer_group` (`id_customer_group`),
  CONSTRAINT `FK_81398E09DA51F279` FOREIGN KEY (`id_account_manager`) REFERENCES `myuser` (`id`),
  CONSTRAINT `FK_81398E09E9439D7E` FOREIGN KEY (`id_customer_nature`) REFERENCES `customer_nature` (`id_customer_nature`),
  CONSTRAINT `FK_81398E09FCAFE5CF` FOREIGN KEY (`id_activity`) REFERENCES `activity` (`id_activity`)
) ENGINE=InnoDB AUTO_INCREMENT=27 DEFAULT CHARSET=utf8 COLLATE=utf8_bin COMMENT='Definition of customer';

--
-- Dumping data for table `customer`
--

INSERT INTO `customer` VALUES (1,3,'12','12',1,'2013-05-28 00:00:00','2013-10-08 00:00:00',2,2,1,'125454',2,20,1,2,1,'t','2013-09-25 00:00:00',1,NULL,2,'12',12,NULL,'fj0weting'),(2,2,'qsd','qsd',1,'2013-06-25 10:22:42','2013-06-25 10:22:42',2,2,NULL,'qsd',NULL,NULL,1,1,2,'qsd',NULL,NULL,NULL,NULL,'qsd',12,NULL,NULL),(3,3,'75','Pedro',2,'2013-07-02 00:00:00','2013-07-02 00:00:00',7,2,0,'http://wwW.customer.com',3,22,1,3,1,NULL,'2014-09-12 22:43:50',2,NULL,3,'3232',3,NULL,NULL),(4,NULL,'1212','Titi',2,'2013-09-24 16:53:11','2013-09-24 16:53:11',2,2,1,'15555',NULL,20,1,1,1,NULL,NULL,1,NULL,NULL,'4',54545,NULL,NULL),(5,2,'8736','Agatha Christie Event Association',2,'2013-10-08 13:43:41','2013-10-08 18:24:59',2,2,1,NULL,1,20,1,3,1,NULL,NULL,2,NULL,2,'5',360,NULL,NULL),(6,1,'212454','test protego',1,'2013-10-08 13:56:06','2013-10-08 13:56:06',2,2,1,NULL,NULL,NULL,1,NULL,NULL,NULL,NULL,1,NULL,NULL,'6',NULL,NULL,NULL),(7,1,'212454','test protego',1,'2013-10-08 13:57:48','2013-10-08 13:57:48',2,2,1,NULL,NULL,NULL,1,NULL,NULL,NULL,NULL,1,NULL,NULL,'7',NULL,NULL,NULL),(8,3,'2454','test protego 2',1,'2013-10-08 13:58:43','2013-10-08 13:58:43',2,2,1,NULL,NULL,NULL,1,NULL,NULL,NULL,NULL,1,NULL,NULL,'8',NULL,NULL,NULL),(9,3,'8735','Agatha Christie Event Association',1,'2013-10-08 00:00:00','2013-10-08 00:00:00',2,2,1,'www.agathachristie',1,20,1,2,1,'test 1','2014-01-14 00:00:00',1,1,2,'9',360,1,'h'),(10,3,'8765','Bella Vista Sarl',1,'2013-10-08 18:04:34','2013-10-08 18:04:34',2,2,1,NULL,1,20,1,1,1,NULL,NULL,2,NULL,3,'10',360,NULL,NULL),(11,3,'8765','Bella Vista Sarl',1,'2013-10-08 18:04:37','2013-10-08 18:04:37',2,2,1,NULL,1,20,1,1,1,NULL,NULL,2,NULL,3,'11',360,NULL,NULL),(12,3,'7654','Lufthansa AG',2,'2013-10-09 10:51:36','2013-10-09 10:51:36',2,2,1,NULL,1,20,1,3,2,NULL,NULL,2,1,2,'12',360,1,NULL),(13,3,'7654','Lufthansa AG',2,'2013-10-09 10:51:40','2013-10-09 10:51:40',2,2,1,NULL,1,20,1,3,2,NULL,NULL,2,1,2,'13',360,1,NULL),(14,1,'565656','toto',1,'2013-11-02 01:34:33','2013-11-02 01:34:33',2,2,1,NULL,NULL,NULL,1,NULL,NULL,NULL,NULL,1,NULL,NULL,NULL,NULL,NULL,NULL),(15,1,'565656','toto',1,'2013-11-02 01:35:30','2013-11-02 01:35:30',2,2,1,NULL,NULL,NULL,1,NULL,NULL,NULL,NULL,1,NULL,NULL,'15',NULL,NULL,NULL),(16,2,'9999','Roland Garros Marketing company',1,'2013-11-15 00:00:00','2013-11-15 00:00:00',2,2,1,NULL,3,20,1,1,1,NULL,NULL,1,1,3,'16',360,1,NULL),(17,3,'456','test last',2,'2014-01-20 17:27:17','2014-01-20 17:27:17',2,2,1,NULL,NULL,NULL,1,NULL,NULL,NULL,NULL,2,NULL,NULL,'17',NULL,NULL,NULL),(18,4,'14987','BOSE',2,'2014-01-20 17:54:41','2014-01-20 17:54:41',2,2,1,'www.bose.com',4,21,1,2,1,'kpdogtrazhgnARMG',NULL,2,1,3,'18',360,1,NULL),(19,7,'4287','Italian Customer',2,'2014-01-24 00:00:00','2014-01-24 00:00:00',2,2,1,NULL,6,20,1,1,1,NULL,NULL,2,NULL,1,'19',360,NULL,NULL),(20,6,'741968','Spanish Customer',2,'2014-01-24 00:00:00','2014-01-24 00:00:00',7,2,1,NULL,5,21,1,NULL,1,NULL,NULL,2,NULL,3,'20',360,NULL,NULL),(21,8,'98765','Tullett Prebon Frankfurt',2,'2014-02-11 11:19:24','2014-02-11 11:19:24',2,2,1,'www.tullettprebon.com',6,20,1,3,1,NULL,NULL,2,NULL,2,'21',720,2,NULL),(22,8,'8765','Deutscher Kunde X',2,'2014-02-14 00:00:00','2014-02-14 00:00:00',7,2,1,NULL,NULL,NULL,1,NULL,1,NULL,NULL,1,NULL,3,'22',NULL,4,NULL),(23,8,'687935','German Customer A',2,'2014-02-17 00:00:00','2014-02-17 00:00:00',7,2,1,NULL,1,20,1,NULL,1,NULL,NULL,2,NULL,2,'23',90,4,NULL),(24,10,'9876','France 100 customer',1,'2014-07-21 00:00:00','2014-07-21 00:00:00',7,7,1,'WWW.ERTASSER.COM',1,20,1,3,7,'Who knows this French Customer ?',NULL,14,NULL,1,'24',360,3,NULL),(25,8,'èç&é','Test customer to be deactivated',2,'2014-07-22 00:00:00','2014-07-22 00:00:00',7,7,1,NULL,NULL,NULL,1,NULL,NULL,NULL,NULL,15,NULL,3,'25',NULL,2,NULL),(26,8,'6754','Finish Customer 200',2,'2014-07-22 00:00:00','2014-07-22 00:00:00',7,7,1,NULL,3,21,1,3,NULL,NULL,NULL,3,NULL,3,'26',360,5,'address field not required but ASSET CLASS');

--
-- Table structure for table `customer_activity`
--

CREATE TABLE `customer_activity` (
  `id` int(11) NOT NULL AUTO_INCREMENT,
  `id_activity` int(11) DEFAULT NULL,
  `id_customer` int(11) DEFAULT NULL,
  PRIMARY KEY (`id`),
  KEY `id_activity` (`id_activity`),
  KEY `customer` (`id_customer`),
  CONSTRAINT `FK_80B14A75D1E2629C` FOREIGN KEY (`id_customer`) REFERENCES `customer` (`id_customer`),
  CONSTRAINT `FK_80B14A75FCAFE5CF` FOREIGN KEY (`id_activity`) REFERENCES `activity` (`id_activity`)
) ENGINE=InnoDB DEFAULT CHARSET=utf8;

--
-- Dumping data for table `customer_activity`
--


--
-- Table structure for table `customer_address`
--

CREATE TABLE `customer_address` (
  `id` int(11) NOT NULL AUTO_INCREMENT,
  `id_customer` int(11) DEFAULT NULL,
  `id_address` int(11) DEFAULT NULL,
  PRIMARY KEY (`id`),
  KEY `id_customer` (`id_customer`),
  KEY `id_address` (`id_address`),
  CONSTRAINT `FK_1193CB3FD1E2629C` FOREIGN KEY (`id_customer`) REFERENCES `customer` (`id_customer`),
  CONSTRAINT `FK_1193CB3FD3D3C6F1` FOREIGN KEY (`id_address`) REFERENCES `address` (`id_address`)
) ENGINE=InnoDB DEFAULT CHARSET=utf8;

--
-- Dumping data for table `customer_address`
--


--
-- Table structure for table `customer_group`
--

CREATE TABLE `customer_group` (
  `id_customer_group` int(11) NOT NULL AUTO_INCREMENT,
  `id_user_create_by` int(11) DEFAULT NULL,
  `id_user_update_by` int(11) DEFAULT NULL,
  `cd_customer_group` varchar(15) COLLATE utf8_unicode_ci NOT NULL,
  `lb_customer_group` varchar(100) COLLATE utf8_unicode_ci DEFAULT NULL,
  `bl_deactivated` tinyint(1) DEFAULT NULL,
  `dt_create` datetime DEFAULT NULL,
  `dt_update` datetime DEFAULT NULL,
  `dt_deactivated` datetime DEFAULT NULL,
  `id_continent_group` int(11) DEFAULT NULL,
  PRIMARY KEY (`id_customer_group`),
  KEY `IDX_A3F531FE536A5873` (`id_user_create_by`),
  KEY `IDX_A3F531FE68E26F41` (`id_user_update_by`),
  KEY `IDX_A3F531FE1DE1AF91` (`id_continent_group`),
  CONSTRAINT `FK_A3F531FE1DE1AF91` FOREIGN KEY (`id_continent_group`) REFERENCES `continent_group` (`id_continent_group`),
  CONSTRAINT `FK_A3F531FE536A5873` FOREIGN KEY (`id_user_create_by`) REFERENCES `myuser` (`id`),
  CONSTRAINT `FK_A3F531FE68E26F41` FOREIGN KEY (`id_user_update_by`) REFERENCES `myuser` (`id`)
) ENGINE=InnoDB AUTO_INCREMENT=6 DEFAULT CHARSET=utf8 COLLATE=utf8_unicode_ci;

--
-- Dumping data for table `customer_group`
--

INSERT INTO `customer_group` VALUES (1,2,2,'cdgr1','group 1',1,'2013-09-24 17:48:20','2013-09-24 17:48:20',NULL,NULL),(2,2,2,'TULLET PREBON E','TULLET PREBON EUROPE*',1,'2014-02-11 00:00:00','2014-02-11 00:00:00',NULL,NULL),(3,7,7,'Frenchies','All French customers created in the past',1,'2014-07-21 16:53:35','2014-07-21 16:53:35',NULL,NULL),(4,7,7,'German group','German customer group',1,'2014-07-21 00:00:00','2014-07-21 00:00:00',NULL,NULL),(5,7,7,'Finish Customer','All finish customers will be grouped :)',1,'2014-07-22 00:00:00','2014-07-22 00:00:00',NULL,NULL);

--
-- Table structure for table `customer_magellan`
--

CREATE TABLE `customer_magellan` (
  `id_customer_magellan` int(11) NOT NULL AUTO_INCREMENT,
  `id_customer_gina` int(11) DEFAULT NULL,
  `id_branch` int(11) DEFAULT NULL,
  `bl_load` tinyint(1) DEFAULT NULL,
  `bl_fact` tinyint(1) DEFAULT NULL,
  `cd_account_magellan` varchar(15) DEFAULT NULL,
  PRIMARY KEY (`id_customer_magellan`),
  KEY `id_customer_gina` (`id_customer_gina`),
  KEY `id_branch` (`id_branch`),
  CONSTRAINT `FK_8D3AC5E49DB1AEF2` FOREIGN KEY (`id_branch`) REFERENCES `branch` (`id_branch`),
  CONSTRAINT `FK_8D3AC5E4EBC182FC` FOREIGN KEY (`id_customer_gina`) REFERENCES `customer` (`id_customer`)
) ENGINE=InnoDB DEFAULT CHARSET=utf8;

--
-- Dumping data for table `customer_magellan`
--


--
-- Table structure for table `customer_nature`
--

CREATE TABLE `customer_nature` (
  `id_customer_nature` int(11) NOT NULL AUTO_INCREMENT,
  `cd_customer_nature` varchar(15) DEFAULT NULL,
  `lb_customer_nature` varchar(100) DEFAULT NULL,
  `bl_deactivated` tinyint(1) DEFAULT NULL,
  `dt_create` datetime DEFAULT NULL,
  `dt_update` datetime DEFAULT NULL,
  `id_user_create_by` int(11) DEFAULT NULL,
  `id_user_update_by` int(11) DEFAULT NULL,
  `dt_deactivated` datetime DEFAULT NULL,
  PRIMARY KEY (`id_customer_nature`),
  KEY `id_user_create_by` (`id_user_create_by`),
  KEY `id_user_update_by` (`id_user_update_by`),
  CONSTRAINT `FK_1D5EF6536A5873` FOREIGN KEY (`id_user_create_by`) REFERENCES `myuser` (`id`),
  CONSTRAINT `FK_1D5EF668E26F41` FOREIGN KEY (`id_user_update_by`) REFERENCES `myuser` (`id`)
) ENGINE=InnoDB AUTO_INCREMENT=3 DEFAULT CHARSET=utf8;

--
-- Dumping data for table `customer_nature`
--

INSERT INTO `customer_nature` VALUES (1,'nn','lkkjkj',1,'2013-05-27 18:05:26','2013-05-27 18:05:26',2,2,NULL),(2,'WWW','Web services',1,'2013-07-02 09:52:16','2013-07-02 09:52:16',2,2,NULL);

--
-- Table structure for table `customer_type`
--

CREATE TABLE `customer_type` (
  `id_customer_type` int(11) NOT NULL AUTO_INCREMENT,
  `cd_customer_type` varchar(15) CHARACTER SET utf8 COLLATE utf8_bin NOT NULL,
  `lb_customer_type` varchar(100) CHARACTER SET utf8 COLLATE utf8_bin NOT NULL,
  `bl_deactivated` tinyint(1) DEFAULT NULL,
  `dt_create` datetime DEFAULT NULL,
  `dt_update` datetime DEFAULT NULL,
  `id_user_create_by` int(11) DEFAULT NULL,
  `id_user_update_by` int(11) DEFAULT NULL,
  PRIMARY KEY (`id_customer_type`),
  KEY `id_user_create_by` (`id_user_create_by`),
  KEY `id_user_update_by` (`id_user_update_by`),
  CONSTRAINT `FK_D84FF35E536A5873` FOREIGN KEY (`id_user_create_by`) REFERENCES `myuser` (`id`),
  CONSTRAINT `FK_D84FF35E68E26F41` FOREIGN KEY (`id_user_update_by`) REFERENCES `myuser` (`id`)
) ENGINE=InnoDB DEFAULT CHARSET=utf8;

--
-- Dumping data for table `customer_type`
--


--
-- Table structure for table `domain`
--

CREATE TABLE `domain` (
  `id_domain` int(11) NOT NULL AUTO_INCREMENT,
  `cd_domain` varchar(15) NOT NULL,
  `lb_domain` varchar(100) NOT NULL,
  `bl_deactivated` tinyint(1) DEFAULT NULL,
  PRIMARY KEY (`id_domain`)
) ENGINE=InnoDB DEFAULT CHARSET=utf8;

--
-- Dumping data for table `domain`
--


--
-- Table structure for table `equipment`
--

CREATE TABLE `equipment` (
  `id_equipment` int(11) NOT NULL AUTO_INCREMENT,
  `cd_equipment` varchar(15) NOT NULL,
  `lb_equipment` varchar(100) NOT NULL,
  `cm_equipment` varchar(255) DEFAULT NULL,
  `bl_deactivated` tinyint(1) DEFAULT NULL,
  `id_user_create_by` int(11) DEFAULT NULL,
  `id_user_update_by` int(11) DEFAULT NULL,
  `nb_cards` int(11) DEFAULT NULL,
  `url_image` varchar(100) DEFAULT NULL,
  `dt_deactivated` datetime DEFAULT NULL,
  `bl_has_slot` tinyint(1) DEFAULT NULL,
  `bl_card_horizontal` tinyint(1) DEFAULT NULL,
  `bl_model` tinyint(1) DEFAULT NULL,
  `id_provider_address` int(11) DEFAULT NULL,
  `id_contact` int(11) DEFAULT NULL,
  `id_cabinet` int(11) DEFAULT NULL,
  `id_provider` int(11) DEFAULT NULL,
  `nb_units` int(11) DEFAULT NULL,
  `nb_slots` int(11) DEFAULT NULL,
  `dt_create` datetime DEFAULT NULL,
  `dt_update` datetime DEFAULT NULL,
  `id_complex_model` int(11) DEFAULT NULL,
  PRIMARY KEY (`id_equipment`),
  KEY `id_user_create_by` (`id_user_create_by`),
  KEY `id_user_update_by` (`id_user_update_by`),
  KEY `IDX_D338D5831E9C98F7` (`id_provider_address`),
  KEY `IDX_D338D58392FF4F48` (`id_contact`),
  KEY `IDX_D338D583C21F9F09` (`id_provider`),
  KEY `IDX_D338D5839270ACC0` (`id_cabinet`),
  KEY `IDX_D338D583241EF16C` (`id_complex_model`),
  CONSTRAINT `FK_D338D5831E9C98F7` FOREIGN KEY (`id_provider_address`) REFERENCES `address_provider` (`id_address_provider`),
  CONSTRAINT `FK_D338D583241EF16C` FOREIGN KEY (`id_complex_model`) REFERENCES `complex_model` (`id_complex_model`),
  CONSTRAINT `FK_D338D583536A5873` FOREIGN KEY (`id_user_create_by`) REFERENCES `myuser` (`id`),
  CONSTRAINT `FK_D338D58368E26F41` FOREIGN KEY (`id_user_update_by`) REFERENCES `myuser` (`id`),
  CONSTRAINT `FK_D338D5839270ACC0` FOREIGN KEY (`id_cabinet`) REFERENCES `cabinet` (`id_cabinet`),
  CONSTRAINT `FK_D338D58392FF4F48` FOREIGN KEY (`id_contact`) REFERENCES `contact_provider` (`id_contact_provider`),
  CONSTRAINT `FK_D338D583C21F9F09` FOREIGN KEY (`id_provider`) REFERENCES `provider` (`id_provider`)
) ENGINE=InnoDB AUTO_INCREMENT=505 DEFAULT CHARSET=utf8;

--
-- Dumping data for table `equipment`
--

INSERT INTO `equipment` VALUES (37,'10','10',NULL,1,2,2,45,NULL,NULL,1,1,NULL,1,1,NULL,1,45,4,'2013-06-05 14:56:27','2013-06-05 14:56:27',NULL),(38,'12','12',NULL,1,2,2,10,NULL,NULL,1,1,NULL,1,1,NULL,1,10,10,'2013-06-05 14:59:15','2013-06-05 14:59:15',NULL),(39,'12','12',NULL,1,2,2,12,NULL,NULL,1,1,NULL,1,1,NULL,1,12,12,'2013-06-05 15:00:15','2013-06-05 15:00:15',NULL),(40,'12','12',NULL,1,2,2,12,NULL,NULL,1,1,NULL,1,1,NULL,1,12,12,'2013-06-05 15:05:27','2013-06-05 15:05:27',NULL),(41,'12','12',NULL,1,2,2,10,NULL,NULL,1,1,NULL,1,1,NULL,1,10,10,'2013-06-05 15:06:02','2013-06-05 15:06:02',NULL),(42,'12','12',NULL,1,2,2,10,NULL,NULL,1,1,NULL,1,1,NULL,1,10,10,'2013-06-05 15:08:21','2013-06-05 15:08:21',NULL),(43,'12','12',NULL,1,2,2,10,NULL,NULL,1,1,NULL,1,1,NULL,1,10,10,'2013-06-05 15:09:19','2013-06-05 15:09:19',NULL),(44,'12','12',NULL,1,2,2,10,NULL,NULL,1,1,NULL,1,1,NULL,1,10,10,'2013-06-05 15:10:27','2013-06-05 15:10:27',NULL),(45,'12','12',NULL,1,2,2,10,NULL,NULL,1,1,NULL,1,1,NULL,1,10,10,'2013-06-05 15:11:27','2013-06-05 15:11:27',NULL),(46,'8','8',NULL,1,2,2,5,NULL,NULL,1,1,NULL,1,1,NULL,1,5,5,'2013-06-05 15:12:01','2013-06-05 15:12:01',NULL),(47,'8','8',NULL,1,2,2,5,NULL,NULL,1,1,NULL,1,1,NULL,1,5,5,'2013-06-05 15:13:27','2013-06-05 15:13:27',NULL),(48,'4','4',NULL,1,2,2,5,NULL,NULL,1,1,NULL,1,1,NULL,1,5,5,'2013-06-05 15:13:56','2013-06-05 15:13:56',NULL),(49,'4','4',NULL,1,2,2,5,NULL,NULL,1,1,NULL,1,1,NULL,1,5,5,'2013-06-05 00:00:00','2013-06-05 00:00:00',1),(50,'4','4',NULL,1,2,2,5,NULL,NULL,1,1,NULL,1,1,NULL,1,5,1,'2013-06-05 15:15:15','2013-06-14 16:37:30',1),(51,'4','4',NULL,1,2,2,5,NULL,NULL,1,1,NULL,1,1,NULL,1,5,5,'2013-06-05 15:20:56','2013-06-05 15:20:56',1),(436,'4','4',NULL,1,2,2,5,NULL,NULL,1,1,NULL,1,1,NULL,1,5,5,'2013-06-05 15:14:34','2013-06-05 15:14:34',2),(437,'4','4',NULL,1,2,2,5,NULL,NULL,1,1,NULL,1,1,NULL,1,5,5,'2013-06-05 15:15:15','2013-06-05 15:19:36',2),(438,'4','4',NULL,1,2,2,5,NULL,NULL,1,1,NULL,1,1,NULL,1,5,5,'2013-06-05 15:20:56','2013-06-05 15:20:56',2),(439,'4','4',NULL,1,2,2,5,NULL,NULL,1,1,NULL,1,1,NULL,1,5,5,'2013-06-05 15:14:34','2013-06-05 15:14:34',3),(440,'4','4',NULL,1,2,2,5,NULL,NULL,1,1,NULL,1,1,NULL,1,5,5,'2013-06-05 15:15:15','2013-06-05 15:19:36',3),(441,'4','4',NULL,1,2,2,5,NULL,NULL,1,1,NULL,1,1,NULL,1,5,5,'2013-06-05 15:20:56','2013-06-05 15:20:56',3),(442,'4','4',NULL,1,2,2,5,NULL,NULL,1,1,NULL,1,1,NULL,1,5,5,'2013-06-05 15:14:34','2013-06-05 15:14:34',3),(443,'4','4',NULL,1,2,2,5,NULL,NULL,1,1,NULL,1,1,NULL,1,5,5,'2013-06-05 15:15:15','2013-06-05 15:19:36',3),(444,'4','4',NULL,1,2,2,5,NULL,NULL,1,1,NULL,1,1,NULL,1,5,5,'2013-06-05 15:20:56','2013-06-05 15:20:56',3),(445,'4','4',NULL,1,2,2,5,NULL,NULL,1,1,NULL,1,1,NULL,1,5,5,'2013-06-05 15:14:34','2013-06-05 15:14:34',3),(446,'4','4',NULL,1,2,2,5,NULL,NULL,1,1,NULL,1,1,NULL,1,5,1,'2013-06-05 15:15:15','2013-06-14 16:37:30',3),(447,'4','4',NULL,1,2,2,5,NULL,NULL,1,1,NULL,1,1,NULL,1,5,5,'2013-06-05 15:20:56','2013-06-05 15:20:56',3),(448,'4','4',NULL,1,2,2,5,NULL,NULL,1,1,NULL,1,1,NULL,1,5,5,'2013-06-05 15:14:34','2013-06-05 15:14:34',3),(449,'4','4',NULL,1,2,2,5,NULL,NULL,1,1,NULL,1,1,NULL,1,5,5,'2013-06-05 15:15:15','2013-06-05 15:19:36',3),(450,'4','4',NULL,1,2,2,5,NULL,NULL,1,1,NULL,1,1,NULL,1,5,5,'2013-06-05 15:20:56','2013-06-05 15:20:56',3),(451,'rr','eee',NULL,0,2,2,1,NULL,NULL,0,0,1,1,1,12,1,1,1,'2013-07-08 13:23:30','2013-07-08 13:23:30',NULL),(452,'gfgf','GFGG',NULL,1,2,2,5,NULL,NULL,1,0,1,1,1,14,1,NULL,12,'2013-07-08 00:00:00','2013-07-08 00:00:00',NULL),(453,'lklkj','jjj',NULL,1,2,2,NULL,NULL,NULL,1,1,1,1,1,15,1,5,12,'2013-07-08 16:48:22','2013-07-11 00:22:16',NULL),(454,'qsd','qd',NULL,1,2,2,1,NULL,NULL,1,1,1,1,1,20,1,1,1,'2013-07-10 14:09:05','2013-07-10 14:09:05',NULL),(482,'qsd','qd',NULL,1,2,2,1,NULL,NULL,1,1,1,1,1,24,1,1,1,'2013-07-10 14:09:05','2013-07-10 14:09:05',NULL),(483,'4','4',NULL,1,2,2,5,NULL,NULL,1,1,NULL,1,1,24,1,5,5,'2013-06-05 15:14:34','2013-06-05 15:14:34',1),(484,'4','4',NULL,1,2,2,5,NULL,NULL,1,1,NULL,1,1,24,1,5,1,'2013-06-05 15:15:15','2013-06-14 16:37:30',1),(485,'4','4',NULL,1,2,2,5,NULL,NULL,1,1,NULL,1,1,24,1,5,5,'2013-06-05 15:20:56','2013-06-05 15:20:56',1),(486,'qsd','qd',NULL,1,2,2,1,NULL,NULL,1,1,1,1,1,25,1,1,1,'2013-07-10 14:09:05','2013-07-10 14:09:05',NULL),(487,'qsd','qd',NULL,1,2,2,1,NULL,NULL,1,1,1,1,1,26,1,1,1,'2013-07-10 14:09:05','2013-07-10 14:09:05',NULL),(488,'qsd','qd',NULL,1,2,2,1,NULL,NULL,1,1,1,1,1,27,1,1,1,'2013-07-10 14:09:05','2013-07-10 14:09:05',NULL),(489,'qsd','qd',NULL,1,2,2,1,NULL,NULL,1,1,1,1,1,28,1,1,1,'2013-07-10 14:09:05','2013-07-10 14:09:05',NULL),(490,'Equipement','equipement','1',1,2,2,1,NULL,NULL,1,1,1,1,1,NULL,1,1,1,'2013-07-11 11:53:14','2013-07-11 11:53:14',17),(491,'Equipement','equipement','1',1,2,2,1,NULL,NULL,1,1,1,1,1,30,1,1,1,'2013-07-11 00:00:00','2013-07-11 00:00:00',17),(492,'4555','erer',NULL,1,2,2,5,NULL,NULL,0,1,1,1,1,31,1,5,NULL,'2013-09-12 10:22:18','2013-09-12 10:22:18',NULL),(493,'4555','erer',NULL,1,2,2,5,NULL,NULL,0,1,1,1,1,31,1,5,NULL,'2013-09-12 10:26:26','2013-09-12 10:26:26',NULL),(494,'4555','erer',NULL,1,2,2,5,NULL,NULL,0,1,1,1,1,31,1,5,NULL,'2013-09-12 10:28:43','2013-09-12 10:28:43',NULL),(495,'cabequip1','13',NULL,1,2,2,45,NULL,NULL,0,0,1,1,1,31,1,4,NULL,'2013-09-12 10:30:16','2013-09-12 10:30:16',NULL),(496,'555','55',NULL,1,2,2,5,NULL,NULL,0,0,1,1,1,32,1,5,NULL,'2013-09-12 10:39:13','2013-09-12 10:39:13',NULL),(497,'SAR-8','SAR-8_99',NULL,1,2,2,8,NULL,NULL,1,0,1,19,13,NULL,16,8,3,'2014-02-21 00:00:00','2014-02-21 00:00:00',27),(498,'WOW','WOW -largest Configuration',NULL,1,2,2,2,NULL,NULL,1,0,1,12,10,34,9,14,6,'2014-02-21 16:53:27','2014-02-21 16:53:27',NULL),(499,'equi256','test',NULL,1,7,7,4,NULL,NULL,1,0,1,15,8,NULL,15,4,6,'2014-04-08 10:35:39','2014-04-08 10:35:39',28),(501,'slottest','ddg',NULL,1,7,7,2,NULL,NULL,0,0,1,12,10,NULL,9,NULL,NULL,'2014-09-07 00:00:00','2014-09-07 00:00:00',30),(502,'slottest','ddg',NULL,1,7,7,2,NULL,NULL,0,0,1,12,10,34,9,NULL,NULL,'2014-09-07 00:00:00','2014-09-07 00:00:00',30),(503,'slottest','ddg',NULL,1,7,7,2,NULL,NULL,0,0,1,12,10,34,9,NULL,NULL,'2014-09-07 00:00:00','2014-09-07 00:00:00',30),(504,'slottest','ddg',NULL,1,7,7,2,NULL,NULL,0,0,1,12,10,34,9,NULL,NULL,'2014-09-07 00:00:00','2014-09-07 00:00:00',30);

--
-- Table structure for table `equipment_category`
--

CREATE TABLE `equipment_category` (
  `id_equipment_category` int(11) NOT NULL AUTO_INCREMENT,
  `id_user_create_by` int(11) DEFAULT NULL,
  `id_user_update_by` int(11) DEFAULT NULL,
  `cd_equipment_category` varchar(15) COLLATE utf8_unicode_ci DEFAULT NULL,
  `lb_equipment_category` varchar(100) COLLATE utf8_unicode_ci DEFAULT NULL,
  `dt_start` datetime DEFAULT NULL,
  `dt_end` datetime DEFAULT NULL,
  `bl_deactivated` tinyint(1) DEFAULT NULL,
  `dt_deactivated` datetime DEFAULT NULL,
  PRIMARY KEY (`id_equipment_category`),
  KEY `IDX_B65A862F536A5873` (`id_user_create_by`),
  KEY `IDX_B65A862F68E26F41` (`id_user_update_by`),
  CONSTRAINT `FK_368F9DE7536A5873` FOREIGN KEY (`id_user_create_by`) REFERENCES `myuser` (`id`),
  CONSTRAINT `FK_368F9DE768E26F41` FOREIGN KEY (`id_user_update_by`) REFERENCES `myuser` (`id`)
) ENGINE=InnoDB DEFAULT CHARSET=utf8 COLLATE=utf8_unicode_ci;

--
-- Dumping data for table `equipment_category`
--


--
-- Table structure for table `equipment_instance`
--

CREATE TABLE `equipment_instance` (
  `id_equipment_instance` int(11) NOT NULL AUTO_INCREMENT,
  `id_user_create_by` int(11) DEFAULT NULL,
  `id_user_update_by` int(11) DEFAULT NULL,
  `id_cabinet_instance` int(11) DEFAULT NULL,
  `cd_equipment_instance` varchar(15) COLLATE utf8_unicode_ci NOT NULL,
  `lb_equipment_instance` varchar(100) COLLATE utf8_unicode_ci DEFAULT NULL,
  `cm_equipment_instance` varchar(255) COLLATE utf8_unicode_ci DEFAULT NULL,
  `cd_serial_number` varchar(15) COLLATE utf8_unicode_ci DEFAULT NULL,
  `dt_create` datetime DEFAULT NULL,
  `dt_update` datetime DEFAULT NULL,
  `bl_deactivated` tinyint(1) DEFAULT NULL,
  `dt_deactivated` datetime DEFAULT NULL,
  `id_equipment` int(11) DEFAULT NULL,
  `id_complex_model` int(11) DEFAULT NULL,
  `id_provider` int(11) DEFAULT NULL,
  `id_provider_address` int(11) DEFAULT NULL,
  `id_contact` int(11) DEFAULT NULL,
  `cd_provider_account` varchar(45) COLLATE utf8_unicode_ci DEFAULT NULL,
  PRIMARY KEY (`id_equipment_instance`),
  KEY `IDX_72F335F8536A5873` (`id_user_create_by`),
  KEY `IDX_72F335F868E26F41` (`id_user_update_by`),
  KEY `IDX_72F335F895136256` (`id_cabinet_instance`),
  KEY `IDX_72F335F8530D69A4` (`id_equipment`),
  KEY `IDX_72F335F8241EF16C` (`id_complex_model`),
  KEY `IDX_72F335F8C21F9F09` (`id_provider`),
  KEY `IDX_72F335F81E9C98F7` (`id_provider_address`),
  KEY `IDX_72F335F892FF4F48` (`id_contact`),
  CONSTRAINT `FK_72F335F81E9C98F7` FOREIGN KEY (`id_provider_address`) REFERENCES `address_provider` (`id_address_provider`),
  CONSTRAINT `FK_72F335F8241EF16C` FOREIGN KEY (`id_complex_model`) REFERENCES `complex_model` (`id_complex_model`),
  CONSTRAINT `FK_72F335F8530D69A4` FOREIGN KEY (`id_equipment`) REFERENCES `equipment` (`id_equipment`),
  CONSTRAINT `FK_72F335F8536A5873` FOREIGN KEY (`id_user_create_by`) REFERENCES `myuser` (`id`),
  CONSTRAINT `FK_72F335F868E26F41` FOREIGN KEY (`id_user_update_by`) REFERENCES `myuser` (`id`),
  CONSTRAINT `FK_72F335F892FF4F48` FOREIGN KEY (`id_contact`) REFERENCES `contact_provider` (`id_contact_provider`),
  CONSTRAINT `FK_72F335F895136256` FOREIGN KEY (`id_cabinet_instance`) REFERENCES `cabinet_instance` (`id_cabinet_instance`),
  CONSTRAINT `FK_72F335F8C21F9F09` FOREIGN KEY (`id_provider`) REFERENCES `provider` (`id_provider`)
) ENGINE=InnoDB AUTO_INCREMENT=60 DEFAULT CHARSET=utf8 COLLATE=utf8_unicode_ci;

--
-- Dumping data for table `equipment_instance`
--

INSERT INTO `equipment_instance` VALUES (3,2,2,1,'454','merci','45','45','2013-07-05 15:25:05','2013-07-11 00:08:56',1,NULL,49,NULL,NULL,NULL,NULL,NULL),(4,2,2,1,'454','hey','45','45','2013-07-05 15:25:57','2013-07-11 00:16:54',1,NULL,49,NULL,NULL,NULL,NULL,NULL),(5,2,2,1,'454','4544','45','45','2013-07-05 15:26:51','2013-07-05 15:26:51',1,NULL,49,NULL,NULL,NULL,NULL,NULL),(6,2,2,1,'454','45','45','45','2013-07-05 15:32:20','2013-07-05 15:32:20',1,NULL,436,NULL,NULL,NULL,NULL,NULL),(7,2,2,1,'454','45','45','45','2013-07-05 15:32:59','2013-07-05 15:32:59',1,NULL,436,NULL,NULL,NULL,NULL,NULL),(8,2,2,1,'454','45','45','45','2013-07-05 15:33:06','2013-07-05 15:33:06',1,NULL,436,NULL,NULL,NULL,NULL,NULL),(9,2,2,1,'454','45','45','45','2013-07-05 15:35:42','2013-07-05 15:35:42',1,NULL,436,NULL,NULL,NULL,NULL,NULL),(10,2,2,1,'4sdf','kj','lklj','kj','2013-07-05 15:41:56','2013-07-05 15:41:56',1,NULL,447,NULL,NULL,NULL,NULL,NULL),(11,2,2,1,'toto','toto','toto','toto','2013-07-05 15:55:49','2013-07-05 15:55:49',1,NULL,447,NULL,NULL,NULL,NULL,NULL),(12,2,2,1,'toto',',','n','n','2013-07-05 15:59:06','2013-07-05 15:59:06',1,NULL,447,NULL,NULL,NULL,NULL,NULL),(13,2,2,1,'mima','d','d','45','2013-07-05 16:05:27','2013-07-05 16:05:27',1,NULL,445,NULL,NULL,NULL,NULL,NULL),(14,2,2,1,'mima','d','d','45','2013-07-05 16:06:20','2013-07-05 16:06:20',1,NULL,445,NULL,NULL,NULL,NULL,NULL),(15,2,2,1,'toto','toto','toto','toot','2013-07-05 16:09:17','2013-07-05 16:09:17',1,NULL,444,NULL,NULL,NULL,NULL,NULL),(16,2,2,1,'lkkj','jhj','lkl','lkl','2013-07-05 16:10:55','2013-07-05 16:10:55',1,NULL,444,NULL,NULL,NULL,NULL,NULL),(17,2,2,1,'lkkj','jhj','lkl','lkl','2013-07-05 16:12:38','2013-07-05 16:12:38',1,NULL,444,NULL,NULL,NULL,NULL,NULL),(23,2,2,5,'testu','testu','SQF','fzse','2013-07-05 17:16:05','2013-07-05 17:16:05',1,NULL,436,2,NULL,NULL,NULL,NULL),(24,2,2,5,'testu','testu','SQF','fzse','2013-07-05 17:16:05','2013-07-05 17:16:05',1,NULL,437,2,NULL,NULL,NULL,NULL),(26,2,2,5,'dodo','dodo','d','d','2013-07-05 17:19:23','2013-07-05 17:19:23',1,NULL,436,2,NULL,NULL,NULL,NULL),(27,2,2,5,'dodo','dodo','d','d','2013-07-05 17:19:23','2013-07-05 17:19:23',1,NULL,437,2,NULL,NULL,NULL,NULL),(28,2,2,5,'dodo','dodo','d','d','2013-07-05 17:19:23','2013-07-05 17:19:23',1,NULL,438,2,NULL,NULL,NULL,NULL),(29,2,2,1,'rtyry','rtyrty',NULL,'465','2013-07-06 16:26:47','2013-07-06 16:26:47',1,NULL,436,2,NULL,NULL,NULL,NULL),(30,2,2,1,'rtyry','rtyrty',NULL,'465','2013-07-06 16:26:47','2013-07-06 16:26:47',1,NULL,437,2,NULL,NULL,NULL,NULL),(32,2,2,6,'DGFGH','HFGFH',NULL,NULL,'2013-07-06 16:57:57','2013-07-06 17:48:07',1,NULL,439,3,NULL,NULL,NULL,NULL),(33,2,2,6,'DGFGH','HFGFH',NULL,NULL,'2013-07-06 16:57:57','2013-07-06 16:57:57',0,NULL,440,3,NULL,NULL,NULL,NULL),(34,2,2,6,'DGFGH','HFGFH',NULL,NULL,'2013-07-06 16:57:57','2013-07-06 16:57:57',0,NULL,441,3,NULL,NULL,NULL,NULL),(35,2,2,6,'DGFGH','HFGFH',NULL,NULL,'2013-07-06 16:57:57','2013-07-06 16:57:57',0,NULL,442,3,NULL,NULL,NULL,NULL),(36,2,2,6,'DGFGH','HFGFH',NULL,NULL,'2013-07-06 16:57:57','2013-07-06 16:57:57',0,NULL,443,3,NULL,NULL,NULL,NULL),(37,2,2,6,'DGFGH','HFGFH',NULL,NULL,'2013-07-06 16:57:57','2013-07-06 16:57:57',0,NULL,444,3,NULL,NULL,NULL,NULL),(38,2,2,6,'DGFGH','HFGFH',NULL,NULL,'2013-07-06 16:57:57','2013-07-06 16:57:57',0,NULL,445,3,NULL,NULL,NULL,NULL),(39,2,2,6,'DGFGH','HFGFH',NULL,NULL,'2013-07-06 16:57:57','2013-07-06 16:57:57',0,NULL,446,3,NULL,NULL,NULL,NULL),(40,2,2,6,'DGFGH','HFGFH',NULL,NULL,'2013-07-06 16:57:57','2013-07-06 16:57:57',0,NULL,447,3,NULL,NULL,NULL,NULL),(41,2,2,6,'DGFGH','HFGFH',NULL,NULL,'2013-07-06 16:57:57','2013-07-06 16:57:57',0,NULL,448,3,NULL,NULL,NULL,NULL),(42,2,2,6,'DGFGH','HFGFH',NULL,NULL,'2013-07-06 16:57:57','2013-07-06 16:57:57',0,NULL,449,3,NULL,NULL,NULL,NULL),(43,2,2,6,'DGFGH','HFGFH',NULL,NULL,'2013-07-06 16:57:57','2013-07-06 16:57:57',0,NULL,450,3,NULL,NULL,NULL,NULL),(44,2,2,8,'qsd','qd',NULL,'qsd','2013-07-10 19:48:30','2013-07-10 19:48:30',1,NULL,454,NULL,NULL,NULL,NULL,NULL),(45,2,2,9,'EQ001','EQ001','1','1','2013-07-11 12:14:35','2013-07-11 12:14:35',1,NULL,490,17,NULL,NULL,NULL,NULL),(46,2,2,2,'4545','4545',NULL,'4545','2013-09-10 12:29:31','2013-09-10 12:29:31',1,NULL,490,17,NULL,NULL,NULL,NULL),(47,2,2,2,'4545','4545',NULL,'4545','2013-09-10 12:29:31','2013-09-10 12:29:31',1,NULL,491,17,NULL,NULL,NULL,NULL),(48,2,2,11,'Equipement','equipement','1',NULL,'2013-11-11 11:34:50','2013-11-11 11:34:50',1,NULL,491,NULL,NULL,NULL,NULL,NULL),(49,2,2,13,'Equipement','equipement','1',NULL,'2013-11-11 11:48:41','2013-11-11 11:48:41',1,NULL,491,NULL,NULL,NULL,NULL,NULL),(50,2,2,15,'Equipement','equipement','1',NULL,'2013-11-11 12:09:58','2013-11-11 12:09:58',1,NULL,491,NULL,NULL,NULL,NULL,NULL),(51,2,2,17,'Equipement','equipement','1',NULL,'2014-01-24 14:19:30','2014-01-24 14:19:30',1,NULL,491,NULL,NULL,NULL,NULL,NULL),(52,2,2,17,'FRA_EQUIP 1','FRA_EQUIPMENT 1',NULL,'65179','2014-01-24 14:20:47','2014-01-24 14:20:47',1,NULL,490,17,NULL,NULL,NULL,NULL),(53,2,2,17,'FRA_EQUIP 1','FRA_EQUIPMENT 1',NULL,'65179','2014-01-24 14:20:47','2014-01-24 14:20:47',1,NULL,491,17,NULL,NULL,NULL,NULL),(54,2,2,21,'Equipement','equipement','1',NULL,'2014-03-10 15:50:40','2014-03-10 15:50:40',1,NULL,491,NULL,NULL,NULL,NULL,NULL),(55,7,7,23,'WOW','WOW -largest Configuration',NULL,NULL,'2014-04-08 11:02:58','2014-04-08 11:02:58',1,NULL,498,NULL,NULL,NULL,NULL,NULL),(56,7,7,24,'WOW','WOW -largest Configuration',NULL,NULL,'2014-07-22 16:22:20','2014-07-22 16:22:20',1,NULL,498,NULL,NULL,NULL,NULL,NULL),(57,7,7,25,'WOW','WOW -largest Configuration',NULL,NULL,'2014-09-04 14:49:54','2014-09-04 14:49:54',1,NULL,498,NULL,NULL,NULL,NULL,NULL),(58,7,7,26,'lklkj','jjj',NULL,NULL,'2014-09-15 18:20:21','2014-09-15 18:20:21',1,NULL,453,NULL,NULL,NULL,NULL,NULL),(59,7,7,27,'Equipement','equipement','1',NULL,'2014-09-15 18:40:07','2014-09-15 18:40:07',1,NULL,491,NULL,NULL,NULL,NULL,NULL);

--
-- Table structure for table `equipment_model`
--

CREATE TABLE `equipment_model` (
  `id_equipment_model` int(11) NOT NULL AUTO_INCREMENT,
  `cd_equipment_model` varchar(15) DEFAULT NULL,
  `lb_equipment_model` varchar(100) DEFAULT NULL,
  `url_image` varchar(100) DEFAULT NULL,
  `dt_start` datetime DEFAULT NULL,
  `dt_end` datetime DEFAULT NULL,
  `bl_deactivated` tinyint(1) DEFAULT NULL,
  `id_user_create_by` int(11) DEFAULT NULL,
  `id_user_update_by` int(11) DEFAULT NULL,
  `bl_complex` tinyint(1) DEFAULT NULL,
  `one_off_cost` decimal(10,0) DEFAULT NULL,
  `rec_off_cost` decimal(10,0) DEFAULT NULL,
  `dt_deactivated` datetime DEFAULT NULL,
  PRIMARY KEY (`id_equipment_model`),
  KEY `idx_user_create_by` (`id_user_create_by`),
  KEY `idx_user_update_by` (`id_user_update_by`),
  CONSTRAINT `FK_3ECC533D536A5873` FOREIGN KEY (`id_user_create_by`) REFERENCES `myuser` (`id`),
  CONSTRAINT `FK_3ECC533D68E26F41` FOREIGN KEY (`id_user_update_by`) REFERENCES `myuser` (`id`)
) ENGINE=InnoDB DEFAULT CHARSET=utf8;

--
-- Dumping data for table `equipment_model`
--


--
-- Table structure for table `equipment_model_caracs`
--

CREATE TABLE `equipment_model_caracs` (
  `id_equipment_model_caracs` int(11) NOT NULL AUTO_INCREMENT,
  `id_equipment_model` int(11) DEFAULT NULL,
  `id_equipment_type_caracs` int(11) DEFAULT NULL,
  `valeur` varchar(45) DEFAULT NULL,
  PRIMARY KEY (`id_equipment_model_caracs`),
  KEY `id_equipement_model` (`id_equipment_model`),
  KEY `id_equipement_type_caracs` (`id_equipment_type_caracs`),
  CONSTRAINT `kid_equipement_model` FOREIGN KEY (`id_equipment_model`) REFERENCES `equipment_model` (`id_equipment_model`) ON DELETE NO ACTION ON UPDATE NO ACTION,
  CONSTRAINT `kid_equipement_type_caracs` FOREIGN KEY (`id_equipment_type_caracs`) REFERENCES `equipment_type_caracs` (`id_equipement_type_caracs`) ON DELETE NO ACTION ON UPDATE NO ACTION
) ENGINE=InnoDB DEFAULT CHARSET=utf8;

--
-- Dumping data for table `equipment_model_caracs`
--


--
-- Table structure for table `equipment_model_children`
--

CREATE TABLE `equipment_model_children` (
  `id_equipment_model_children` int(11) NOT NULL AUTO_INCREMENT,
  `id_equipment_model` int(11) DEFAULT NULL,
  `id_equipment_model_child` int(11) DEFAULT NULL,
  PRIMARY KEY (`id_equipment_model_children`),
  KEY `id_equipement_model` (`id_equipment_model`),
  KEY `id_equipement_model_chilld` (`id_equipment_model_child`),
  CONSTRAINT `kid_equ_model` FOREIGN KEY (`id_equipment_model`) REFERENCES `equipment_model` (`id_equipment_model`) ON DELETE NO ACTION ON UPDATE NO ACTION,
  CONSTRAINT `kid_equ_model_child` FOREIGN KEY (`id_equipment_model_child`) REFERENCES `equipment_model` (`id_equipment_model`) ON DELETE NO ACTION ON UPDATE NO ACTION
) ENGINE=InnoDB DEFAULT CHARSET=utf8;

--
-- Dumping data for table `equipment_model_children`
--


--
-- Table structure for table `equipment_type_caracs`
--

CREATE TABLE `equipment_type_caracs` (
  `id_equipement_type_caracs` int(11) NOT NULL AUTO_INCREMENT,
  `id_equipment_category` int(11) DEFAULT NULL,
  `lb_carac` varchar(255) NOT NULL,
  `id_widget_type` int(11) DEFAULT NULL,
  `value1` varchar(255) DEFAULT NULL,
  `value2` varchar(255) DEFAULT NULL,
  `bl_mandatory` int(11) NOT NULL,
  `position` int(11) NOT NULL,
  PRIMARY KEY (`id_equipement_type_caracs`),
  KEY `idx_widget_type` (`id_widget_type`),
  KEY `IDX_D69ACC57B5AD2F48` (`id_equipment_category`),
  CONSTRAINT `equip_caracs_ibfk_2` FOREIGN KEY (`id_widget_type`) REFERENCES `widget_type` (`id_widget_type`) ON DELETE NO ACTION ON UPDATE NO ACTION,
  CONSTRAINT `FK_D69ACC57B5AD2F48` FOREIGN KEY (`id_equipment_category`) REFERENCES `equipment_category` (`id_equipment_category`)
) ENGINE=InnoDB DEFAULT CHARSET=utf8;

--
-- Dumping data for table `equipment_type_caracs`
--


--
-- Table structure for table `esatp_cost`
--

CREATE TABLE `esatp_cost` (
  `id_esatp_cost` int(11) NOT NULL AUTO_INCREMENT,
  `id_product` int(11) DEFAULT NULL,
  `id_commercial_route` int(11) DEFAULT NULL,
  `id_bandwidth` int(11) DEFAULT NULL,
  `dt_start` datetime DEFAULT NULL,
  `mt_monthly` decimal(10,0) DEFAULT NULL,
  `mt_install` decimal(10,0) DEFAULT NULL,
  `bl_deactivated` tinyint(1) DEFAULT NULL,
  `dt_create` datetime DEFAULT NULL,
  `dt_update` datetime DEFAULT NULL,
  `id_user_create_by` int(11) DEFAULT NULL,
  `id_user_update_by` int(11) DEFAULT NULL,
  `dt_deactivated` datetime DEFAULT NULL,
  PRIMARY KEY (`id_esatp_cost`),
  KEY `id_user_create_by` (`id_user_create_by`),
  KEY `id_user_update_by` (`id_user_update_by`),
  KEY `id_product` (`id_product`),
  KEY `id_commercial_route` (`id_commercial_route`),
  KEY `id_bandwidth` (`id_bandwidth`),
  CONSTRAINT `FK_910F1274536A5873` FOREIGN KEY (`id_user_create_by`) REFERENCES `myuser` (`id`),
  CONSTRAINT `FK_910F127468E26F41` FOREIGN KEY (`id_user_update_by`) REFERENCES `myuser` (`id`),
  CONSTRAINT `FK_910F1274A3C6948` FOREIGN KEY (`id_bandwidth`) REFERENCES `bandwidth` (`id_bandwidth`),
  CONSTRAINT `FK_910F1274CE307789` FOREIGN KEY (`id_commercial_route`) REFERENCES `commercial_route` (`id_commercial_route`),
  CONSTRAINT `FK_910F1274DD7ADDD` FOREIGN KEY (`id_product`) REFERENCES `product` (`id_product`)
) ENGINE=InnoDB DEFAULT CHARSET=utf8;

--
-- Dumping data for table `esatp_cost`
--


--
-- Table structure for table `event`
--

CREATE TABLE `event` (
  `id_event` int(11) NOT NULL AUTO_INCREMENT,
  `id_event_type` int(11) DEFAULT NULL,
  `id_object_type_parent` int(11) DEFAULT NULL,
  `id_object_parent` int(11) DEFAULT NULL,
  `id_object_type` int(11) DEFAULT NULL,
  `id_object` int(11) DEFAULT NULL,
  `dt_order` datetime DEFAULT NULL,
  `dt_delivery` datetime DEFAULT NULL,
  `dt_delivery_requested` datetime DEFAULT NULL,
  `dt_due` datetime DEFAULT NULL,
  `dt_planned` datetime DEFAULT NULL,
  `dt_acceptance_sent` datetime DEFAULT NULL,
  `dt_acceptance_received` datetime DEFAULT NULL,
  `dt_start` datetime DEFAULT NULL,
  `dt_end` datetime DEFAULT NULL,
  PRIMARY KEY (`id_event`),
  KEY `id_event_type` (`id_event_type`),
  KEY `id_object_type_parent` (`id_object_type_parent`),
  KEY `id_object_type` (`id_object_type`),
  CONSTRAINT `FK_3BAE0AA7369F9B55` FOREIGN KEY (`id_event_type`) REFERENCES `event_type` (`id_event_type`),
  CONSTRAINT `FK_3BAE0AA75FDFD9D6` FOREIGN KEY (`id_object_type_parent`) REFERENCES `object_type` (`id_object_type`),
  CONSTRAINT `FK_3BAE0AA79D9A6CD` FOREIGN KEY (`id_object_type`) REFERENCES `object_type` (`id_object_type`)
) ENGINE=InnoDB DEFAULT CHARSET=utf8;

--
-- Dumping data for table `event`
--


--
-- Table structure for table `event_type`
--

CREATE TABLE `event_type` (
  `id_event_type` int(11) NOT NULL AUTO_INCREMENT,
  `cd_event_type` varchar(50) DEFAULT NULL,
  `lb_event_type` varchar(255) DEFAULT NULL,
  `bl_deactivated` tinyint(1) DEFAULT NULL,
  PRIMARY KEY (`id_event_type`)
) ENGINE=InnoDB DEFAULT CHARSET=utf8;

--
-- Dumping data for table `event_type`
--


--
-- Table structure for table `firm_type`
--

CREATE TABLE `firm_type` (
  `id_user_create_by` int(11) DEFAULT NULL,
  `id_user_update_by` int(11) DEFAULT NULL,
  `cd_firm_type` varchar(15) NOT NULL,
  `lb_firm_type` varchar(100) DEFAULT NULL,
  `bl_deactivated` tinyint(1) DEFAULT NULL,
  `dt_create` datetime DEFAULT NULL,
  `dt_update` datetime DEFAULT NULL,
  `id_firm_type` int(11) NOT NULL AUTO_INCREMENT,
  `dt_deactivated` datetime DEFAULT NULL,
  PRIMARY KEY (`id_firm_type`),
  KEY `IDX_DE905AB9536A5873` (`id_user_create_by`),
  KEY `IDX_DE905AB968E26F41` (`id_user_update_by`),
  CONSTRAINT `FK_DE905AB9536A5873` FOREIGN KEY (`id_user_create_by`) REFERENCES `myuser` (`id`),
  CONSTRAINT `FK_DE905AB968E26F41` FOREIGN KEY (`id_user_update_by`) REFERENCES `myuser` (`id`)
) ENGINE=InnoDB AUTO_INCREMENT=4 DEFAULT CHARSET=utf8;

--
-- Dumping data for table `firm_type`
--

INSERT INTO `firm_type` VALUES (2,2,'ff','sdsgsd',1,'2013-05-27 18:31:38','2013-05-27 18:31:38',1,NULL),(2,2,'TH47','THE 47',1,'2013-07-02 09:47:02','2013-07-02 09:47:02',2,NULL),(2,2,'WWW','Web Services',1,'2013-07-02 09:53:05','2013-07-02 09:53:05',3,NULL);

--
-- Table structure for table `floor`
--

CREATE TABLE `floor` (
  `id_floor` int(11) NOT NULL AUTO_INCREMENT,
  `cd_floor` varchar(15) DEFAULT NULL,
  `lb_floor` varchar(255) DEFAULT NULL,
  `bl_deactivated` tinyint(1) DEFAULT NULL,
  `dt_deactivated` datetime DEFAULT NULL,
  PRIMARY KEY (`id_floor`)
) ENGINE=InnoDB DEFAULT CHARSET=utf8;

--
-- Dumping data for table `floor`
--


--
-- Table structure for table `functionality`
--

CREATE TABLE `functionality` (
  `id_functionality` int(11) NOT NULL AUTO_INCREMENT,
  `id_domain` int(11) DEFAULT NULL,
  `cd_functionality` varchar(15) NOT NULL,
  `lb_functionality` varchar(100) NOT NULL,
  `bl_deactivated` tinyint(1) DEFAULT NULL,
  `dt_deactivated` datetime DEFAULT NULL,
  PRIMARY KEY (`id_functionality`),
  KEY `id_domain` (`id_domain`),
  CONSTRAINT `FK_F83C5F44819EABE6` FOREIGN KEY (`id_domain`) REFERENCES `domain` (`id_domain`)
) ENGINE=InnoDB DEFAULT CHARSET=utf8;

--
-- Dumping data for table `functionality`
--


--
-- Table structure for table `gina_param`
--

CREATE TABLE `gina_param` (
  `id_gina_param` int(11) NOT NULL AUTO_INCREMENT,
  `cd_gina_param` varchar(15) CHARACTER SET utf8 COLLATE utf8_unicode_ci DEFAULT NULL,
  `lb_gina_param` varchar(100) CHARACTER SET utf8 COLLATE utf8_unicode_ci DEFAULT NULL,
  `nb_param` decimal(10,0) DEFAULT NULL,
  `lb_param` varchar(255) CHARACTER SET utf8 COLLATE utf8_unicode_ci DEFAULT NULL,
  `dt_param` datetime DEFAULT NULL,
  PRIMARY KEY (`id_gina_param`)
) ENGINE=InnoDB DEFAULT CHARSET=utf8;

--
-- Dumping data for table `gina_param`
--


--
-- Table structure for table `history`
--

CREATE TABLE `history` (
  `id_history` int(11) NOT NULL AUTO_INCREMENT,
  `id_history_type` int(11) DEFAULT NULL,
  `id_object` int(11) DEFAULT NULL,
  `id_user` int(11) DEFAULT NULL,
  `lb_component` varchar(255) DEFAULT NULL,
  `dt_effect` datetime DEFAULT NULL,
  `lb_entity` varchar(255) DEFAULT NULL,
  `id_sec_object` int(11) DEFAULT NULL,
  `lb_sec_entity` varchar(255) DEFAULT NULL,
  `lb_name` varchar(1000) DEFAULT NULL,
  PRIMARY KEY (`id_history`),
  KEY `id_history_type` (`id_history_type`),
  KEY `id_user` (`id_user`),
  CONSTRAINT `FK_27BA704B6B3CA4B` FOREIGN KEY (`id_user`) REFERENCES `myuser` (`id`),
  CONSTRAINT `FK_27BA704BA42A5227` FOREIGN KEY (`id_history_type`) REFERENCES `history_type` (`id_history_type`)
) ENGINE=InnoDB AUTO_INCREMENT=18080 DEFAULT CHARSET=utf8;

--
-- Dumping data for table `history`
--

INSERT INTO `history` VALUES (1,2,10,2,'Bulgarie','2013-08-26 15:55:19','Country',NULL,NULL,NULL),(2,2,2,2,'user','2013-08-26 15:55:19','Myuser',NULL,NULL,NULL),(3,2,9,2,'Deutsch','2013-08-26 16:04:56','Country',NULL,NULL,NULL),(4,2,8,2,'It','2013-08-26 18:15:33','Country',NULL,NULL,NULL),(5,2,8,2,'Italia','2013-08-26 18:22:31','Country',NULL,NULL,NULL),(6,2,8,2,'Italia','2013-08-26 19:06:16','Country',NULL,NULL,NULL),(7,2,1,2,'12','2013-08-26 19:12:06','Customer',NULL,NULL,NULL),(8,2,1,2,'12','2013-08-26 19:13:12','Customer',NULL,NULL,NULL),(9,2,1,2,'12','2013-08-26 19:22:46','Customer',NULL,NULL,NULL),(10,2,1,2,'12','2013-08-26 22:03:30','Customer',NULL,NULL,NULL),(11,2,1,2,'45-92160 Paris-France','2013-08-26 22:03:30','Customer',3,'Address',NULL),(12,2,1,2,'KH 12-25','2013-08-26 22:03:30','Customer',1,'Project',NULL),(16,2,1,2,'12','2013-08-26 23:21:24','Customer',NULL,NULL,NULL),(17,2,1,2,'66 route states-92160 Paris-France','2013-08-26 23:21:24','Customer',3,'Address',NULL),(18,2,1,2,'KH 12-25','2013-08-26 23:21:24','Customer',1,'Project',NULL),(19,2,1,2,'12','2013-08-26 23:25:24','Customer',NULL,NULL,NULL),(20,2,1,2,'KH 12-25','2013-08-26 23:25:24','Customer',1,'Project',NULL),(21,2,1,2,'12','2013-08-26 23:25:35','Customer',NULL,NULL,NULL),(22,2,1,2,'66 route states-92160 Paris-France','2013-08-26 23:25:35','Customer',3,'Address',NULL),(23,2,1,2,'KH 12-25','2013-08-26 23:25:35','Customer',1,'Project',NULL),(24,2,7,2,'dcard','2013-09-10 11:37:38','ComplexModel',NULL,NULL,NULL),(25,2,3,2,'121','2013-09-10 11:47:46','ComplexModel',NULL,NULL,NULL),(26,2,23,2,'445','2013-09-10 11:54:02','ComplexModel',NULL,NULL,NULL),(27,2,22,2,'CABINET001','2013-09-10 12:11:11','ComplexModel',NULL,NULL,NULL),(28,2,22,2,'CABINET001','2013-09-10 12:14:24','ComplexModel',NULL,NULL,NULL),(29,2,3,2,'121','2013-09-10 12:16:00','ComplexModel',NULL,NULL,NULL),(30,2,2,2,'AK12','2013-09-10 12:17:59','ComplexModel',NULL,NULL,NULL),(31,2,1,2,'0236','2013-09-10 12:27:48','Pop',NULL,NULL,NULL),(32,2,1,2,'ghfh','2013-09-10 12:55:59','Access',NULL,NULL,NULL),(33,2,1,2,'121','2013-09-12 10:19:48','ComplexModel',NULL,NULL,NULL),(34,2,150,2,'6566565','2013-09-12 11:08:39','Card',NULL,NULL,NULL),(35,2,150,2,'6566565','2013-09-12 11:12:09','Card',NULL,NULL,NULL),(36,2,150,2,'','2013-09-12 11:12:09','Card',NULL,'CostingCardLine',NULL),(37,2,149,2,'464','2013-09-12 11:22:20','Card',NULL,NULL,NULL),(38,2,149,2,'','2013-09-12 11:22:20','Card',NULL,'CostingCardLine',NULL),(39,2,149,2,'464','2013-09-12 11:41:43','Card',NULL,NULL,NULL),(40,2,149,2,'','2013-09-12 11:41:43','Card',NULL,'CostingCardLine',NULL),(41,2,492,2,'4555','2013-09-12 11:42:15','Equipment',NULL,NULL,NULL),(42,2,492,2,'','2013-09-12 11:42:15','Equipment',NULL,'CostingEquipmentLine',NULL),(43,2,492,2,'','2013-09-12 11:42:15','Equipment',NULL,'CostingEquipmentLine',NULL),(44,2,1,2,'KH-J2365','2013-09-12 11:59:41','Provider',NULL,NULL,NULL),(45,2,1,2,'121-75005 Paris-England','2013-09-12 11:59:41','Provider',5,'Address',NULL),(46,2,1,2,'121','2013-09-12 12:00:15','ComplexModel',NULL,NULL,NULL),(47,2,1,2,'121','2013-09-14 20:47:51','ComplexModel',NULL,NULL,NULL),(48,2,1,2,'KH-J2365','2013-09-14 23:07:18','Provider',NULL,NULL,NULL),(49,2,7,2,'dcard','2013-09-16 09:34:48','ComplexModel',NULL,NULL,NULL),(50,2,45,2,'ddd','2013-09-16 09:50:38','Card',NULL,NULL,NULL),(51,2,45,2,'','2013-09-16 09:50:38','Card',NULL,'CostingCardLine',NULL),(52,2,45,2,'ddd','2013-09-16 09:56:18','Card',NULL,NULL,NULL),(53,2,45,2,'','2013-09-16 09:56:18','Card',25,'CostingCardLine',NULL),(54,2,45,2,'','2013-09-16 09:56:18','Card',NULL,'CostingCardLine',NULL),(55,2,1,2,'12','2013-09-18 14:38:12','Customer',NULL,NULL,NULL),(56,2,1,2,'66 route states-92160 Paris-France','2013-09-18 14:38:12','Customer',3,'Address',NULL),(57,2,1,2,'12121-12112 azaz-Switzerland','2013-09-18 14:38:12','Customer',NULL,'Address',NULL),(58,2,1,2,'KH 12-25','2013-09-18 14:38:12','Customer',1,'Project',NULL),(59,2,1,2,'121','2013-09-18 18:12:33','ComplexModel',NULL,NULL,NULL),(60,2,1,2,'12','2013-09-24 15:54:20','Customer',NULL,NULL,NULL),(61,2,1,2,'KH 12-25','2013-09-24 15:54:20','Customer',1,'Project',NULL),(62,2,4,2,'4','2013-09-24 17:16:14','Customer',NULL,NULL,NULL),(63,2,1,2,'12','2013-09-24 18:27:40','Customer',NULL,NULL,NULL),(64,2,1,2,'66 route states-92160 Paris-France','2013-09-24 18:27:40','Customer',3,'Address',NULL),(65,2,1,2,'KH 12-25','2013-09-24 18:27:40','Customer',1,'Project',NULL),(66,2,1,2,'12','2013-09-24 18:28:17','Customer',NULL,NULL,NULL),(67,2,1,2,'66 route states-92160 Paris-France','2013-09-24 18:28:18','Customer',3,'Address',NULL),(68,2,1,2,'KH 12-25','2013-09-24 18:28:18','Customer',1,'Project',NULL),(69,2,1,2,'12','2013-09-24 18:36:03','Customer',NULL,NULL,NULL),(70,2,1,2,'KH 12-25','2013-09-24 18:36:03','Customer',1,'Project',NULL),(71,2,1,2,'12','2013-09-24 19:21:06','Customer',NULL,NULL,NULL),(72,2,1,2,'John Wayne','2013-09-24 19:21:06','Customer',1,'Contact',NULL),(73,2,1,2,'KH 12-25','2013-09-24 19:21:06','Customer',1,'Project',NULL),(74,2,1,2,'PROD1024','2013-09-25 14:35:22','BandwidthAssignee',NULL,NULL,NULL),(75,2,1,2,'5454','2013-09-25 14:35:23','BandwidthAssignee',NULL,'Bandwidth',NULL),(76,2,1,2,'121','2013-09-25 14:39:13','ComplexModel',NULL,NULL,NULL),(77,2,1,2,'Albanie','2013-09-25 15:39:30','Country',NULL,NULL,NULL),(78,2,1,2,'Albanie','2013-09-25 15:39:37','Country',NULL,NULL,NULL),(79,2,1,2,'Albanie','2013-09-25 15:39:48','Country',NULL,NULL,NULL),(80,2,1,2,'Albanie','2013-09-25 16:11:28','Country',NULL,NULL,NULL),(81,2,1,2,'Albanie','2013-09-25 16:25:25','Country',NULL,NULL,NULL),(82,2,1,2,'Tokyo Cluster','2013-09-25 16:48:52','BranchCluster',NULL,NULL,NULL),(83,2,1,2,'Capacity 01','2013-09-25 17:12:24','Capacity',NULL,NULL,NULL),(84,2,1,2,'Capacity 01','2013-09-25 17:12:32','Capacity',NULL,NULL,NULL),(85,2,1,2,'Capacity 01','2013-09-25 17:23:29','Capacity',NULL,NULL,NULL),(86,2,1,2,'Capacity 01','2013-09-25 17:27:35','Capacity',NULL,NULL,NULL),(87,2,1,2,'Albanie','2013-09-25 17:29:08','Country',NULL,NULL,NULL),(88,2,1,2,'212','2013-09-25 17:41:45','ComplexModel',NULL,NULL,NULL),(92,2,1,2,'12','2013-09-25 18:27:18','Customer',NULL,NULL,NULL),(93,2,1,2,'Delivery 66 route states 92160 Paris','2013-09-25 18:27:18','Customer',3,'Address',NULL),(94,2,1,2,'KH 12-25','2013-09-25 18:27:18','Customer',1,'Project',NULL),(95,2,1,2,'12','2013-09-25 18:31:11','Customer',NULL,NULL,NULL),(96,2,1,2,'Delivery 66 route states 92160 Paris','2013-09-25 18:31:11','Customer',3,'Address',NULL),(97,2,1,2,'KH 12-25','2013-09-25 18:31:11','Customer',1,'Project',NULL),(98,2,1,2,'12','2013-09-25 18:43:36','Customer',NULL,NULL,NULL),(99,2,1,2,'Delivery 66 route states 92160 Paris','2013-09-25 18:43:36','Customer',3,'Address',NULL),(100,2,1,2,'Delivery 12121 12112 azaz','2013-09-25 18:43:36','Customer',14,'Address',NULL),(101,2,1,2,'KH 12-25','2013-09-25 18:43:36','Customer',1,'Project',NULL),(102,2,1,2,'12','2013-09-25 18:46:01','Customer',NULL,NULL,NULL),(103,2,1,2,'Delivery 12121 12112 azaz','2013-09-25 18:46:01','Customer',14,'Address',NULL),(104,2,1,2,'KH 12-25','2013-09-25 18:46:01','Customer',1,'Project',NULL),(105,2,1,2,'12','2013-09-25 18:46:24','Customer',NULL,NULL,NULL),(106,2,1,2,'Delivery 66 route states 92160 Paris','2013-09-25 18:46:24','Customer',3,'Address',NULL),(107,2,1,2,'KH 12-25','2013-09-25 18:46:24','Customer',1,'Project',NULL),(108,2,1,2,'12','2013-09-25 18:49:10','Customer',NULL,NULL,NULL),(109,2,1,2,'Delivery 66 route states 92160 Paris','2013-09-25 18:49:10','Customer',3,'Address',NULL),(110,2,1,2,'KH 12-25','2013-09-25 18:49:10','Customer',1,'Project',NULL),(111,2,1,2,'12','2013-09-25 18:49:27','Customer',NULL,NULL,NULL),(112,2,1,2,'Delivery 12121 12112 azaz','2013-09-25 18:49:27','Customer',14,'Address',NULL),(113,2,1,2,'KH 12-25','2013-09-25 18:49:27','Customer',1,'Project',NULL),(114,2,1,2,'12','2013-09-25 18:49:41','Customer',NULL,NULL,NULL),(115,2,1,2,'Delivery 66 route states 92160 Paris','2013-09-25 18:49:41','Customer',3,'Address',NULL),(116,2,1,2,'KH 12-25','2013-09-25 18:49:41','Customer',1,'Project',NULL),(117,2,1,2,'12','2013-09-25 18:49:57','Customer',NULL,NULL,NULL),(118,2,1,2,'Delivery 66 route states 92160 Paris','2013-09-25 18:49:57','Customer',3,'Address',NULL),(119,2,1,2,'KH 12-25','2013-09-25 18:49:57','Customer',1,'Project',NULL),(120,2,1,2,'12','2013-09-25 18:50:14','Customer',NULL,NULL,NULL),(121,2,1,2,'Delivery 12121 12112 azaz','2013-09-25 18:50:14','Customer',14,'Address',NULL),(122,2,1,2,'KH 12-25','2013-09-25 18:50:14','Customer',1,'Project',NULL),(123,2,1,2,'12','2013-09-25 20:01:07','Customer',NULL,NULL,NULL),(124,2,1,2,'Delivery sdsd qdsqd 75005 1','2013-09-25 20:01:07','Customer',NULL,'Address',NULL),(125,2,1,2,'KH 12-25','2013-09-25 20:01:07','Customer',1,'Project',NULL),(126,2,1,2,'12','2013-09-25 20:01:36','Customer',NULL,NULL,NULL),(127,2,1,2,'Delivery 12121 12112 azaz','2013-09-25 20:01:36','Customer',14,'Address',NULL),(128,2,1,2,'Delivery sdsd qdsqd 75005 1','2013-09-25 20:01:36','Customer',15,'Address',NULL),(129,2,1,2,'KH 12-25','2013-09-25 20:01:36','Customer',1,'Project',NULL),(130,2,1,2,'12','2013-09-25 20:02:10','Customer',NULL,NULL,NULL),(131,2,1,2,'Delivery sdsd qdsqd 75005 1','2013-09-25 20:02:10','Customer',15,'Address',NULL),(132,2,1,2,'KH 12-25','2013-09-25 20:02:10','Customer',1,'Project',NULL),(133,2,1,2,'12','2013-09-25 20:02:31','Customer',NULL,NULL,NULL),(134,2,1,2,'Delivery 12121 12112 azaz','2013-09-25 20:02:31','Customer',14,'Address',NULL),(135,2,1,2,'KH 12-25','2013-09-25 20:02:31','Customer',1,'Project',NULL),(136,2,1,2,'fff','2013-09-25 22:50:07','Provider',NULL,NULL,NULL),(137,2,1,2,'fff','2013-09-25 22:58:49','Provider',NULL,NULL,NULL),(138,2,1,2,'lkhjhgf-99595 London-England','2013-09-25 22:58:49','Provider',NULL,'AddressProvider',NULL),(139,2,1,2,'12','2013-09-25 22:59:25','Customer',NULL,NULL,NULL),(140,2,1,2,'Head office 12121 12112 azaz','2013-09-25 22:59:25','Customer',14,'Address',NULL),(141,2,1,2,'KH 12-25','2013-09-25 22:59:25','Customer',1,'Project',NULL),(142,2,1,2,'Data','2013-09-30 09:25:20','ProductCategory',NULL,NULL,NULL),(143,2,1,2,'Backbone Link : Transfer','2013-09-30 15:47:20','TransactionType',NULL,NULL,NULL),(144,2,1,2,'BB Inititated order','2013-09-30 16:12:50','TransactionStatus',NULL,NULL,NULL),(145,2,11,2,'Max. nb of authorized devices','2013-09-30 16:42:34','ProductCaracs',NULL,NULL,NULL),(146,2,11,2,'Max. nb of authorized devices','2013-09-30 16:43:04','ProductCaracs',NULL,NULL,NULL),(147,2,4,2,'Off net','2013-09-30 16:44:56','ProductCaracs',NULL,NULL,NULL),(148,2,7,2,'idProp','2013-10-01 13:59:35','BackboneLinkInterfaceSettings',NULL,NULL,NULL),(149,2,1,2,'2454','2013-10-01 14:51:52','Branch',NULL,NULL,NULL),(150,2,1,2,'2454','2013-10-01 15:49:50','Branch',NULL,NULL,NULL),(151,2,26,2,'dtDelivery','2013-10-01 16:33:05','BackboneLinkInterfaceSettings',NULL,NULL,NULL),(152,2,14,2,'Head office 12121 12112 azaz','2013-10-04 00:37:49','Address',NULL,NULL,NULL),(153,2,14,2,'Head office 12121 12112 azaz','2013-10-04 00:38:39','Address',NULL,NULL,NULL),(154,2,14,2,'Head office 12121 12112 azaz','2013-10-04 00:39:28','Address',NULL,NULL,NULL),(155,2,14,2,'Head office 12121 12112 azaz','2013-10-04 00:41:01','Address',NULL,NULL,NULL),(156,2,14,2,'Head office 12121 12112 London','2013-10-04 00:41:44','Address',NULL,NULL,NULL),(157,2,14,2,'Head office 5454 12112 London','2013-10-04 01:31:12','Address',NULL,NULL,NULL),(161,2,1,2,'Albanie','2013-10-07 16:01:23','Country',NULL,NULL,NULL),(162,2,1,2,'John Wayne','2013-10-07 17:05:26','Contact',NULL,NULL,NULL),(163,2,3,2,'BresilianBranch','2013-10-07 17:26:12','Branch',NULL,NULL,NULL),(164,2,1,2,'12','2013-10-07 17:52:11','Customer',NULL,NULL,NULL),(165,2,1,2,'John Wayne','2013-10-07 18:19:15','Contact',NULL,NULL,NULL),(166,2,1,2,'12','2013-10-07 18:20:22','Customer',NULL,NULL,NULL),(167,2,1,2,'12','2013-10-08 09:40:15','Customer',NULL,NULL,NULL),(168,2,9,2,'Clark Gable','2013-10-08 12:02:15','Contact',NULL,NULL,NULL),(169,2,9,2,'Clark Gable','2013-10-08 12:37:44','Contact',NULL,NULL,NULL),(170,2,1,2,'12','2013-10-08 13:54:25','Customer',NULL,NULL,NULL),(171,2,9,2,'9','2013-10-08 14:15:29','Customer',NULL,NULL,NULL),(172,2,9,2,'9','2013-10-08 14:15:34','Customer',NULL,NULL,NULL),(173,2,2,2,'HonKong','2013-10-08 18:06:49','Branch',NULL,NULL,NULL),(174,2,2,2,'HonKong','2013-10-08 18:06:50','Branch',NULL,NULL,NULL),(175,2,2,2,'HonKong','2013-10-08 18:06:56','Branch',NULL,NULL,NULL),(176,2,21,2,'Head office 21212 91152 London','2013-10-08 18:06:58','Address',NULL,NULL,NULL),(177,2,21,2,'256556','2013-10-08 18:06:58','Address',NULL,'BillingGroup',NULL),(178,2,21,2,'2121','2013-10-08 18:06:58','Address',NULL,'BillingGroup',NULL),(179,2,2,2,'HonKong','2013-10-08 18:07:05','Branch',NULL,NULL,NULL),(180,2,21,2,'Head office 21212 91152 London','2013-10-08 18:07:23','Address',NULL,NULL,NULL),(181,2,5,2,'5','2013-10-08 18:24:59','Customer',NULL,NULL,NULL),(182,2,5,2,'5','2013-10-08 18:25:03','Customer',NULL,NULL,NULL),(183,2,1,2,'12','2013-10-08 18:37:27','Customer',NULL,NULL,NULL),(184,2,22,2,'Head office Himmelspforte 12 65432 Marseilles','2013-10-08 19:10:25','Address',NULL,NULL,NULL),(185,2,11,2,'Delivery qqsdqsd qsdqsdqsd Marseilles','2013-10-08 19:24:22','Address',NULL,NULL,NULL),(186,2,10,2,'Delivery 35 ru François premier 83562 Blois','2013-10-08 19:24:57','Address',NULL,NULL,NULL),(187,2,1,2,'212','2013-10-09 11:48:32','ComplexModel',NULL,NULL,NULL),(188,2,18,2,'Head office 21 rue du maine 91180 London','2013-10-09 15:56:57','Address',NULL,NULL,NULL),(189,2,21,2,'Head office 21212 91152 London','2013-10-09 15:57:08','Address',NULL,NULL,NULL),(190,2,9,2,'9','2013-10-09 17:20:10','Customer',NULL,NULL,NULL),(191,2,11,2,'Delivery qqsdqsd qsdqsdqsd Marseilles','2013-10-10 09:52:58','Address',NULL,NULL,NULL),(192,2,18,2,'Head office 21 rue du maine 91180 London','2013-10-11 14:04:28','Address',NULL,NULL,NULL),(193,2,21,2,'Head office 21212 91152 London','2013-10-11 14:04:51','Address',NULL,NULL,NULL),(194,2,1,2,'12','2013-10-13 21:52:29','Customer',NULL,NULL,NULL),(195,2,1,2,'Tokyo Cluster','2013-10-13 21:53:49','BranchCluster',NULL,NULL,NULL),(196,2,1,2,'Head office','2013-10-13 22:04:02','AddressType',NULL,NULL,NULL),(197,2,1,2,'Head office lkhjhgf 99595 London','2013-10-14 16:53:57','AddressProvider',NULL,NULL,NULL),(198,2,2,2,'Cdesc ','2013-10-14 17:16:37','Cluster',NULL,NULL,NULL),(199,2,1,2,'PROD1024','2013-10-14 17:41:21','BandwidthAssignee',NULL,NULL,NULL),(200,2,1,2,'212','2013-10-14 18:08:45','ComplexModel',NULL,NULL,NULL),(201,2,1,2,'212','2013-10-14 21:09:55','ComplexModel',NULL,NULL,NULL),(202,2,2,2,'212','2013-10-14 21:10:29','ComplexModel',NULL,NULL,NULL),(203,2,4,2,'5454','2013-10-14 21:10:48','ComplexModel',NULL,NULL,NULL),(204,2,1,2,'212','2013-10-14 21:30:21','ComplexModel',NULL,NULL,NULL),(205,2,18,2,'Head office 21 rue du maine 91180 London','2013-10-14 23:58:23','Address',NULL,NULL,NULL),(206,2,1,2,'212','2013-10-16 15:45:22','ComplexModel',NULL,NULL,NULL),(207,2,49,2,'4','2013-10-16 15:45:38','Equipment',NULL,NULL,NULL),(208,2,1,2,'fff','2013-10-16 16:35:00','Provider',NULL,NULL,NULL),(209,2,1,2,'fff','2013-10-16 16:44:29','Provider',NULL,NULL,NULL),(210,2,1,2,'fff','2013-10-16 16:45:28','Provider',NULL,NULL,NULL),(211,2,1,2,'fff','2013-10-16 16:49:03','Provider',NULL,NULL,NULL),(212,2,1,2,'212','2013-10-16 17:13:48','ComplexModel',NULL,NULL,NULL),(213,2,1,2,'212','2013-10-17 18:25:43','ComplexModel',NULL,NULL,NULL),(214,2,1,2,'212','2013-10-18 17:30:32','ComplexModel',NULL,NULL,NULL),(215,2,1,2,'212','2013-10-21 10:23:44','ComplexModel',NULL,NULL,NULL),(216,2,1,2,'21','2013-10-21 10:24:58','Pop',NULL,NULL,NULL),(217,2,1,2,'21','2013-10-21 10:25:03','Pop',NULL,NULL,NULL),(218,2,1,2,'212','2013-10-21 10:25:53','ComplexModel',NULL,NULL,NULL),(219,2,4,2,'5454','2013-10-21 11:04:36','ComplexModel',NULL,NULL,NULL),(220,2,1,2,'212','2013-10-21 11:11:44','ComplexModel',NULL,NULL,NULL),(221,2,1,2,'212','2013-10-21 11:14:55','ComplexModel',NULL,NULL,NULL),(222,2,1,2,'212','2013-10-21 11:56:00','ComplexModel',NULL,NULL,NULL),(223,2,1,2,'21','2013-10-21 14:18:29','Pop',NULL,NULL,NULL),(224,2,1,2,'212','2013-10-21 14:23:30','ComplexModel',NULL,NULL,NULL),(225,2,1,2,'21','2013-10-21 14:25:54','Pop',NULL,NULL,NULL),(226,2,1,2,'21','2013-10-21 14:42:45','Pop',NULL,NULL,NULL),(227,2,1,2,'212','2013-10-21 16:09:59','ComplexModel',NULL,NULL,NULL),(228,2,1,2,'21','2013-10-21 16:45:50','Pop',NULL,NULL,NULL),(229,2,6,2,'Pop Code description','2013-10-21 16:47:43','Pop',NULL,NULL,NULL),(230,2,1,2,'fhfh','2013-10-21 16:49:46','Access',NULL,NULL,NULL),(231,2,1,2,'fhfh','2013-10-21 16:51:02','Access',NULL,NULL,NULL),(232,2,6,2,'Pop Code description','2013-10-21 16:51:21','Pop',NULL,NULL,NULL),(233,2,1,2,'21','2013-10-21 16:52:11','Pop',NULL,NULL,NULL),(234,2,1,2,'5454','2013-10-21 17:28:59','SfpModuleType',NULL,NULL,NULL),(235,2,48,2,':dport','2013-10-21 17:32:52','PortInstance',NULL,NULL,NULL),(236,2,48,2,'1:dport','2013-10-21 17:33:51','PortInstance',NULL,NULL,NULL),(237,2,6,2,'Pop Code description','2013-10-21 17:45:03','Pop',NULL,NULL,NULL),(238,2,1,2,'212','2013-10-21 17:46:48','ComplexModel',NULL,NULL,NULL),(239,2,6,2,'Pop Code description','2013-10-21 17:48:50','Pop',NULL,NULL,NULL),(240,2,6,2,'Pop Code description','2013-10-21 17:50:24','Pop',NULL,NULL,NULL),(241,2,8,2,'test 2566','2013-10-21 17:51:08','CabinetInstance',NULL,NULL,NULL),(242,2,1,2,'ttt','2013-10-21 17:54:35','PatchPanelInstance',NULL,NULL,NULL),(243,2,1,2,'ttt','2013-10-21 17:54:42','PatchPanelInstance',NULL,NULL,NULL),(244,2,1,2,'ttt','2013-10-21 17:54:48','PatchPanelInstance',NULL,NULL,NULL),(245,2,1,2,'ttt','2013-10-21 17:54:56','PatchPanelInstance',NULL,NULL,NULL),(246,2,6,2,'Pop Code description','2013-10-21 17:55:48','Pop',NULL,NULL,NULL),(247,2,6,2,'Pop Code description','2013-10-21 17:55:54','Pop',NULL,NULL,NULL),(248,2,6,2,'Pop Code description','2013-10-21 17:57:28','Pop',NULL,NULL,NULL),(249,2,6,2,'Pop Code description','2013-10-21 17:57:35','Pop',NULL,NULL,NULL),(250,2,6,2,'Pop Code description','2013-10-21 17:57:46','Pop',NULL,NULL,NULL),(251,2,6,2,'Pop Code description','2013-10-21 18:00:05','Pop',NULL,NULL,NULL),(252,2,6,2,'Pop Code description','2013-10-21 18:00:42','Pop',NULL,NULL,NULL),(253,2,1,2,'212','2013-10-29 18:43:24','ComplexModel',NULL,NULL,NULL),(254,2,9,2,'','2013-11-01 23:38:25','BackboneLink',NULL,NULL,NULL),(255,2,9,2,'','2013-11-01 23:39:26','BackboneLink',NULL,NULL,NULL),(256,2,9,2,'','2013-11-01 23:40:10','BackboneLink',NULL,NULL,NULL),(257,2,9,2,'','2013-11-01 23:40:34','BackboneLink',NULL,NULL,NULL),(258,2,9,2,'','2013-11-01 23:41:58','BackboneLink',NULL,NULL,NULL),(259,2,9,2,'','2013-11-01 23:42:57','BackboneLink',NULL,NULL,NULL),(260,2,9,2,'','2013-11-01 23:46:55','BackboneLink',NULL,NULL,NULL),(261,2,9,2,'','2013-11-01 23:58:20','BackboneLink',NULL,NULL,NULL),(262,2,9,2,'','2013-11-02 00:28:50','BackboneLink',NULL,NULL,NULL),(263,2,9,2,'','2013-11-02 00:32:02','BackboneLink',NULL,NULL,NULL),(264,2,9,2,'','2013-11-02 00:32:35','BackboneLink',NULL,NULL,NULL),(265,2,10,2,'','2013-11-02 00:50:05','BackboneLink',NULL,NULL,NULL),(266,2,10,2,'','2013-11-02 00:56:12','BackboneLink',NULL,NULL,NULL),(267,2,10,2,'','2013-11-02 01:03:53','BackboneLink',NULL,NULL,NULL),(268,2,10,2,'','2013-11-02 01:13:06','BackboneLink',NULL,NULL,NULL),(269,2,10,2,'','2013-11-02 01:25:35','BackboneLink',NULL,NULL,NULL),(270,2,11,2,'','2013-11-02 23:49:24','BackboneLink',NULL,NULL,NULL),(271,2,11,2,'','2013-11-02 23:49:36','BackboneLink',NULL,NULL,NULL),(272,2,11,2,'','2013-11-02 23:50:41','BackboneLink',NULL,NULL,NULL),(273,2,11,2,'','2013-11-02 23:51:02','BackboneLink',NULL,NULL,NULL),(274,2,11,2,'','2013-11-02 23:51:21','BackboneLink',NULL,NULL,NULL),(275,2,11,2,'','2013-11-02 23:51:34','BackboneLink',NULL,NULL,NULL),(276,2,1,2,'A1','2013-11-03 00:13:41','BackboneLinkExtremity',NULL,NULL,NULL),(277,2,2,2,'B2','2013-11-03 00:15:29','BackboneLinkExtremity',NULL,NULL,NULL),(278,2,11,2,'','2013-11-03 00:15:51','BackboneLink',NULL,NULL,NULL),(279,2,11,2,'','2013-11-03 00:16:58','BackboneLink',NULL,NULL,NULL),(280,2,11,2,'','2013-11-03 00:18:57','BackboneLink',NULL,NULL,NULL),(281,2,11,2,'','2013-11-03 00:23:04','BackboneLink',NULL,NULL,NULL),(282,2,1,2,'John Wayne','2013-11-03 01:09:15','BackboneLinkExtremityTech',NULL,NULL,NULL),(283,2,11,2,'','2013-11-03 01:11:49','BackboneLink',NULL,NULL,NULL),(284,2,2,2,'john fitzgerald','2013-11-03 01:12:27','BackboneLinkExtremityTech',NULL,NULL,NULL),(285,2,11,2,'','2013-11-03 01:12:34','BackboneLink',NULL,NULL,NULL),(286,2,11,2,'','2013-11-03 01:14:10','BackboneLink',NULL,NULL,NULL),(287,2,1,2,':','2013-11-03 23:25:00','CostingBackboneLinkLine',NULL,NULL,NULL),(288,2,4,2,'','2013-11-04 10:48:13','BackboneLinkExtremityTech',NULL,NULL,NULL),(289,2,9,2,'BB:','2013-11-04 11:08:48','BackboneLink',NULL,NULL,NULL),(290,2,11,2,'BB:','2013-11-04 16:09:58','BackboneLink',NULL,NULL,NULL),(291,2,25,2,'ghjhgjT','2013-11-04 16:10:29','BackboneLinkExtremity',NULL,NULL,NULL),(292,2,11,2,'BB:','2013-11-04 16:10:50','BackboneLink',NULL,NULL,NULL),(293,2,24,2,'ghjhgj','2013-11-04 16:11:11','BackboneLinkExtremity',NULL,NULL,NULL),(294,2,11,2,'BB:','2013-11-04 16:11:18','BackboneLink',NULL,NULL,NULL),(295,2,11,2,'BB:','2013-11-04 16:12:18','BackboneLink',NULL,NULL,NULL),(296,2,11,2,'BB:','2013-11-04 16:23:45','BackboneLink',NULL,NULL,NULL),(297,2,11,2,'BB:','2013-11-04 16:24:41','BackboneLink',NULL,NULL,NULL),(298,2,11,2,'BB:','2013-11-04 16:28:13','BackboneLink',NULL,NULL,NULL),(299,2,11,2,'BB:','2013-11-04 16:28:51','BackboneLink',NULL,NULL,NULL),(300,2,25,2,'ghjhgjT','2013-11-04 16:38:57','BackboneLinkExtremity',NULL,NULL,NULL),(301,2,11,2,'BB:','2013-11-04 16:39:07','BackboneLink',NULL,NULL,NULL),(302,2,11,2,'BB:','2013-11-04 16:41:12','BackboneLink',NULL,NULL,NULL),(303,2,25,2,'ghjhgjT','2013-11-04 16:41:45','BackboneLinkExtremity',NULL,NULL,NULL),(304,2,11,2,'BB:','2013-11-04 16:42:45','BackboneLink',NULL,NULL,NULL),(305,2,11,2,'BB:','2013-11-04 16:49:40','BackboneLink',NULL,NULL,NULL),(306,2,11,2,'BB:','2013-11-04 16:50:08','BackboneLink',NULL,NULL,NULL),(307,2,11,2,'BB:','2013-11-04 16:52:58','BackboneLink',NULL,NULL,NULL),(308,2,11,2,'BB:','2013-11-04 16:53:08','BackboneLink',NULL,NULL,NULL),(309,2,17,2,'john fitzgerald','2013-11-04 16:53:47','BackboneLinkExtremityTech',NULL,NULL,NULL),(310,2,11,2,'BB:','2013-11-04 16:59:11','BackboneLink',NULL,NULL,NULL),(311,2,11,2,'BB:','2013-11-04 16:59:40','BackboneLink',NULL,NULL,NULL),(312,2,11,2,'BB:','2013-11-04 17:10:23','BackboneLink',NULL,NULL,NULL),(313,2,8,2,'POP001','2013-11-05 15:08:59','Pop',NULL,NULL,NULL),(314,2,1,2,'212','2013-11-05 15:12:48','ComplexModel',NULL,NULL,NULL),(315,2,498,2,'London','2013-11-06 12:13:09','City',NULL,NULL,NULL),(316,2,1,2,'21','2013-11-10 00:07:21','Pop',NULL,NULL,NULL),(317,2,1,2,'21','2013-11-10 01:14:15','Pop',NULL,NULL,NULL),(318,2,1,2,'212','2013-11-11 10:55:39','ComplexModel',NULL,NULL,NULL),(319,2,2,2,'212','2013-11-11 10:56:05','ComplexModel',NULL,NULL,NULL),(320,2,30,2,'CABINET001','2013-11-11 11:04:27','Cabinet',NULL,NULL,NULL),(321,2,491,2,'equipement','2013-11-11 11:06:30','Equipment',NULL,NULL,NULL),(322,2,6,2,'Pop Code description','2013-11-11 11:08:05','Pop',NULL,NULL,NULL),(323,2,22,2,'CABINET001','2013-11-11 11:17:09','ComplexModel',NULL,NULL,NULL),(324,2,1,2,'fff','2013-11-11 14:53:15','Provider',NULL,NULL,NULL),(325,2,1,2,'21','2013-11-11 15:24:54','Pop',NULL,NULL,NULL),(326,2,6,2,'Pop Code description','2013-11-11 23:12:54','Pop',NULL,NULL,NULL),(327,2,12,2,'BB:','2013-11-12 09:59:51','BackboneLink',NULL,NULL,NULL),(328,2,13,2,'BB:','2013-11-12 10:09:07','BackboneLink',NULL,NULL,NULL),(329,2,29,2,'A1','2013-11-12 10:09:40','BackboneLinkExtremity',NULL,NULL,NULL),(330,2,13,2,'BB:','2013-11-12 10:09:48','BackboneLink',NULL,NULL,NULL),(331,2,29,2,'A1','2013-11-12 10:10:01','BackboneLinkExtremity',NULL,NULL,NULL),(332,2,30,2,'B2','2013-11-12 10:10:23','BackboneLinkExtremity',NULL,NULL,NULL),(333,2,13,2,'BB:','2013-11-12 10:10:31','BackboneLink',NULL,NULL,NULL),(334,2,9,2,'BB:','2013-11-12 10:48:25','BackboneLink',NULL,NULL,NULL),(335,2,9,2,'BB:','2013-11-12 10:48:55','BackboneLink',NULL,NULL,NULL),(336,2,9,2,'BB:','2013-11-12 10:51:10','BackboneLink',NULL,NULL,NULL),(337,2,9,2,'BB:','2013-11-12 10:57:48','BackboneLink',NULL,NULL,NULL),(338,2,9,2,'BB:','2013-11-12 11:05:47','BackboneLink',NULL,NULL,NULL),(339,2,18,2,'','2013-11-12 11:07:45','BackboneLinkExtremityTech',NULL,NULL,NULL),(340,2,9,2,'BB:','2013-11-12 11:07:57','BackboneLink',NULL,NULL,NULL),(341,2,9,2,'BB:','2013-11-12 11:10:08','BackboneLink',NULL,NULL,NULL),(342,2,9,2,'BB:','2013-11-12 11:10:27','BackboneLink',NULL,NULL,NULL),(343,2,9,2,'BB:','2013-11-12 11:10:58','BackboneLink',NULL,NULL,NULL),(344,2,9,2,'BB:','2013-11-12 11:20:36','BackboneLink',NULL,NULL,NULL),(345,2,9,2,'BB:','2013-11-12 11:25:24','BackboneLink',NULL,NULL,NULL),(346,2,9,2,'BB:','2013-11-12 11:32:09','BackboneLink',NULL,NULL,NULL),(347,2,9,2,'BB:','2013-11-12 11:47:11','BackboneLink',NULL,NULL,NULL),(348,2,31,2,'A1','2013-11-12 14:54:09','BackboneLinkExtremity',NULL,NULL,NULL),(349,2,32,2,'B2','2013-11-12 14:54:33','BackboneLinkExtremity',NULL,NULL,NULL),(350,2,14,2,'BB:','2013-11-12 14:55:02','BackboneLink',NULL,NULL,NULL),(351,2,14,2,'BB:','2013-11-12 15:15:29','BackboneLink',NULL,NULL,NULL),(352,2,27,2,'Head office Main stree 234 23541 88','2013-11-15 12:41:17','Address',NULL,NULL,NULL),(353,2,27,2,'Head office Main stree 234 23541 88','2013-11-15 12:41:54','Address',NULL,NULL,NULL),(354,2,16,2,'16','2013-11-15 12:45:57','Customer',NULL,NULL,NULL),(355,2,16,2,'16','2013-11-15 12:46:03','Customer',NULL,NULL,NULL),(356,2,16,2,'16','2013-11-15 12:46:13','Customer',NULL,NULL,NULL),(357,2,16,2,'16','2013-11-15 12:46:14','Customer',NULL,NULL,NULL),(358,2,18,2,'Address','2013-11-20 00:33:09','Address',NULL,NULL,NULL),(359,2,21,2,'Address','2013-11-20 00:33:09','Address',NULL,NULL,NULL),(360,2,1,2,'12','2013-11-20 00:35:55','Customer',NULL,NULL,NULL),(361,2,1,2,'Head office 21 rue du maineland country west 92160 London','2013-11-20 00:35:55','Customer',18,'Address',NULL),(362,2,1,2,'Head office 21212 main street away 92160 London','2013-11-20 00:35:55','Customer',21,'Address',NULL),(363,2,1,2,'12','2013-11-20 00:35:55','Customer',NULL,NULL,NULL),(364,2,1,2,'12','2013-11-20 17:09:26','Customer',NULL,NULL,NULL),(365,2,1,2,'12','2013-11-20 17:09:26','Customer',NULL,NULL,NULL),(366,2,18,2,'Billing 21 rue du maineland country west 92160 London','2013-11-20 17:09:57','Address',NULL,NULL,NULL),(367,2,18,2,'5454','2013-11-20 17:09:57','Address',NULL,'BillingGroup',NULL),(368,2,1,2,'12','2013-11-20 17:10:49','Customer',NULL,NULL,NULL),(369,2,1,2,'12','2013-11-20 17:10:49','Customer',NULL,NULL,NULL),(370,2,1,2,'12','2013-11-20 17:19:39','Customer',NULL,NULL,NULL),(371,2,1,2,'Head office 21212 main street away  London','2013-11-20 17:19:39','Customer',21,'Address',NULL),(372,2,1,2,'12','2013-11-20 17:19:39','Customer',NULL,NULL,NULL),(373,2,1,2,'12','2013-11-20 17:22:18','Customer',NULL,NULL,NULL),(374,2,1,2,'12','2013-11-20 17:22:18','Customer',NULL,NULL,NULL),(375,2,1,2,'12','2013-11-20 17:22:41','Customer',NULL,NULL,NULL),(376,2,1,2,'12','2013-11-20 17:22:41','Customer',NULL,NULL,NULL),(377,2,1,2,'12','2013-11-20 17:23:41','Customer',NULL,NULL,NULL),(378,2,1,2,'12','2013-11-20 17:23:41','Customer',NULL,NULL,NULL),(379,2,1,2,'12','2013-11-20 17:31:51','Customer',NULL,NULL,NULL),(380,2,1,2,'Head office 21212 main street away 92160 London','2013-11-20 17:31:51','Customer',21,'Address',NULL),(381,2,1,2,'12','2013-11-20 17:31:51','Customer',NULL,NULL,NULL),(382,2,1,2,'12','2013-11-20 17:34:53','Customer',NULL,NULL,NULL),(383,2,1,2,'12','2013-11-20 17:34:53','Customer',NULL,NULL,NULL),(384,2,1,2,'212','2013-11-20 17:49:29','ComplexModel',NULL,NULL,NULL),(385,2,5,2,'BB:','2013-11-21 12:00:34','BackboneLink',NULL,NULL,NULL),(386,2,5,2,'BB:','2013-11-21 12:01:05','BackboneLink',NULL,NULL,NULL),(387,2,5,2,'BB:','2013-11-21 12:01:49','BackboneLink',NULL,NULL,NULL),(388,2,5,2,'BB:','2013-11-21 12:03:02','BackboneLink',NULL,NULL,NULL),(389,2,5,2,'BB:','2013-11-21 12:04:14','BackboneLink',NULL,NULL,NULL),(390,2,5,2,'BB:','2013-11-21 12:04:28','BackboneLink',NULL,NULL,NULL),(391,2,5,2,'BB:','2013-11-21 12:07:04','BackboneLink',NULL,NULL,NULL),(392,2,5,2,'England','2013-11-22 13:32:02','Country',NULL,NULL,NULL),(393,2,1,2,'212','2013-11-25 16:41:03','ComplexModel',NULL,NULL,NULL),(394,2,1,2,'212','2013-12-06 12:21:12','ComplexModel',NULL,NULL,NULL),(395,2,3,2,'','2013-12-07 18:37:45','LocalLoop',NULL,NULL,NULL),(396,2,3,2,'','2013-12-07 18:45:41','LocalLoop',NULL,NULL,NULL),(397,2,10,2,'BB:','2013-12-07 22:26:16','BackboneLink',NULL,NULL,NULL),(398,2,10,2,'BB:','2013-12-07 22:26:39','BackboneLink',NULL,NULL,NULL),(399,2,10,2,'BB:','2013-12-07 22:26:53','BackboneLink',NULL,NULL,NULL),(400,2,3,2,'','2013-12-07 23:48:40','LocalLoop',NULL,NULL,NULL),(401,2,3,2,'','2013-12-07 23:59:33','LocalLoop',NULL,NULL,NULL),(402,2,3,2,'','2013-12-08 00:00:04','LocalLoop',NULL,NULL,NULL),(403,2,1,2,'A1','2013-12-08 00:33:39','LocalLoopExtremity',NULL,NULL,NULL),(404,2,1,2,'Etrali pop','2013-12-08 00:37:20','PopType',NULL,NULL,NULL),(405,2,3,2,'','2013-12-08 11:18:31','LocalLoop',NULL,NULL,NULL),(406,2,1,2,'A1','2013-12-09 12:18:24','LocalLoopExtremity',NULL,NULL,NULL),(407,2,3,2,'','2013-12-09 12:21:56','LocalLoop',NULL,NULL,NULL),(408,2,3,2,'B2','2013-12-09 12:21:56','LocalLoop',2,'LocalLoopExtremity',NULL),(409,2,3,2,'','2013-12-09 12:21:56','LocalLoop',NULL,NULL,NULL),(410,2,3,2,'','2013-12-09 12:29:08','LocalLoop',NULL,NULL,NULL),(411,2,3,2,'B2','2013-12-09 12:29:08','LocalLoop',2,'LocalLoopExtremity',NULL),(412,2,3,2,'','2013-12-09 12:29:08','LocalLoop',NULL,NULL,NULL),(413,2,8,2,'POP001','2013-12-09 12:31:07','Pop',NULL,NULL,NULL),(414,2,3,2,'','2013-12-09 12:34:27','LocalLoop',NULL,NULL,NULL),(415,2,3,2,'A1','2013-12-09 12:34:27','LocalLoop',1,'LocalLoopExtremity',NULL),(416,2,3,2,'B2','2013-12-09 12:34:27','LocalLoop',2,'LocalLoopExtremity',NULL),(417,2,3,2,'','2013-12-09 12:34:27','LocalLoop',NULL,NULL,NULL),(418,2,3,2,'','2013-12-09 12:36:34','LocalLoop',NULL,NULL,NULL),(419,2,3,2,'','2013-12-09 12:36:55','LocalLoop',NULL,NULL,NULL),(420,2,3,2,'','2013-12-09 13:44:00','LocalLoop',NULL,NULL,NULL),(421,2,3,2,'','2013-12-09 13:44:23','LocalLoop',NULL,NULL,NULL),(422,2,3,2,'','2013-12-09 13:54:24','LocalLoop',NULL,NULL,NULL),(423,2,1,2,'Trade Voice City','2013-12-09 14:22:35','ProductType',NULL,NULL,NULL),(424,2,2,2,'Trade Voice Intercity','2013-12-09 14:24:12','ProductType',NULL,NULL,NULL),(425,2,5,2,'NetRecova','2013-12-09 14:34:48','ProductType',NULL,NULL,NULL),(426,2,10,2,'TETC:TradExtra Talk City','2013-12-09 15:05:01','ProductType',NULL,NULL,NULL),(427,2,10,2,'TETC:TradExtra Talk City','2013-12-09 15:07:11','ProductType',NULL,NULL,NULL),(428,2,13,2,'TEP:TradExtra Plug','2013-12-09 15:11:17','ProductType',NULL,NULL,NULL),(429,2,13,2,'TEP:TradExtra Plug','2013-12-09 15:11:44','ProductType',NULL,NULL,NULL),(430,2,13,2,'TEP:TradExtra Plug','2013-12-09 15:12:36','ProductType',NULL,NULL,NULL),(431,2,14,2,'TEOS:tradExtra One system','2013-12-09 15:16:22','ProductType',NULL,NULL,NULL),(432,2,14,2,'TEOS:tradExtra One system','2013-12-09 15:20:01','ProductType',NULL,NULL,NULL),(433,2,13,2,'TEP:TradExtra Plug','2013-12-09 15:20:29','ProductType',NULL,NULL,NULL),(434,2,12,2,'TETIA:TradExtra Talk Inter-Area','2013-12-09 15:21:32','ProductType',NULL,NULL,NULL),(435,2,14,2,'TEOS:tradExtra One system','2013-12-09 15:21:49','ProductType',NULL,NULL,NULL),(436,2,14,2,'TEOS:tradExtra One system','2013-12-09 15:22:40','ProductType',NULL,NULL,NULL),(437,2,13,2,'TEP:TradExtra Plug','2013-12-09 15:23:41','ProductType',NULL,NULL,NULL),(438,2,12,2,'TETIA:TradExtra Talk Inter-Area','2013-12-09 15:24:01','ProductType',NULL,NULL,NULL),(439,2,11,2,'TETA:TradExtra Talk Area','2013-12-09 15:24:27','ProductType',NULL,NULL,NULL),(440,2,10,2,'TETC:TradExtra Talk City','2013-12-09 15:28:02','ProductType',NULL,NULL,NULL),(441,2,10,2,'TETC:TradExtra Talk City','2013-12-09 15:28:17','ProductType',NULL,NULL,NULL),(442,2,17,2,'LLSCR:Live-Live Smart Call Routing','2013-12-09 15:34:13','ProductType',NULL,NULL,NULL),(443,2,13,2,'BB:','2013-12-10 11:20:34','BackboneLink',NULL,NULL,NULL),(444,2,37,2,'A1','2013-12-10 11:23:28','BackboneLinkExtremity',NULL,NULL,NULL),(445,2,38,2,'B2','2013-12-10 11:23:41','BackboneLinkExtremity',NULL,NULL,NULL),(446,2,18,2,'BB:','2013-12-10 11:23:47','BackboneLink',NULL,NULL,NULL),(447,2,3,2,'','2013-12-10 11:36:02','LocalLoop',NULL,NULL,NULL),(448,2,10,2,'TETC:TradExtra Talk City','2013-12-10 11:58:49','ProductType',NULL,NULL,NULL),(449,2,11,2,'TETA:TradExtra Talk Area','2013-12-10 12:01:38','ProductType',NULL,NULL,NULL),(450,2,12,2,'TETIA:TradExtra Talk Inter-Area','2013-12-10 12:02:06','ProductType',NULL,NULL,NULL),(451,2,13,2,'TEP:TradExtra Plug','2013-12-10 12:02:23','ProductType',NULL,NULL,NULL),(452,2,14,2,'TEOS:tradExtra One system','2013-12-10 12:02:38','ProductType',NULL,NULL,NULL),(453,2,1,2,'Albanie','2013-12-13 11:46:40','Country',NULL,NULL,NULL),(454,2,37,2,'A1','2013-12-13 14:22:10','BackboneLinkExtremity',NULL,NULL,NULL),(455,2,1,2,'A1','2013-12-13 14:48:03','LocalLoopExtremity',NULL,NULL,NULL),(456,2,5,2,'BB:','2013-12-17 10:36:08','BackboneLink',NULL,NULL,NULL),(457,2,18,2,'BB:','2013-12-17 10:50:17','BackboneLink',NULL,NULL,NULL),(458,2,18,2,'BB:','2013-12-17 10:53:19','BackboneLink',NULL,NULL,NULL),(459,2,18,2,'BB:','2013-12-17 10:55:55','BackboneLink',NULL,NULL,NULL),(460,2,18,2,'BB:','2013-12-17 12:26:37','BackboneLink',NULL,NULL,NULL),(461,2,29,2,'john fitzgerald','2013-12-17 12:56:37','BackboneLinkExtremityTech',NULL,NULL,NULL),(462,2,18,2,'BB:','2013-12-17 12:56:45','BackboneLink',NULL,NULL,NULL),(463,2,30,2,'Titi j\'aicrue voir un chat','2013-12-17 12:57:12','BackboneLinkExtremityTech',NULL,NULL,NULL),(464,2,18,2,'BB:','2013-12-17 12:57:16','BackboneLink',NULL,NULL,NULL),(465,2,19,2,'BB:','2013-12-17 13:25:21','BackboneLink',NULL,NULL,NULL),(466,2,19,2,'BB:','2013-12-17 13:25:39','BackboneLink',NULL,NULL,NULL),(467,2,19,2,'BB:','2013-12-17 13:28:59','BackboneLink',NULL,NULL,NULL),(468,2,19,2,'BB:','2013-12-17 13:29:16','BackboneLink',NULL,NULL,NULL),(469,2,19,2,'BB:','2013-12-17 13:29:58','BackboneLink',NULL,NULL,NULL),(470,2,19,2,'BB:','2013-12-17 13:31:01','BackboneLink',NULL,NULL,NULL),(471,2,9,2,'BB::Aze:','2013-12-17 13:31:39','TariffBackboneLinkLine',NULL,NULL,NULL),(472,2,19,2,'BB:','2013-12-17 13:31:52','BackboneLink',NULL,NULL,NULL),(473,2,12,2,'Version Française 1:','2013-12-17 13:32:32','BackboneLinkOption',NULL,NULL,NULL),(474,2,18,2,'BB:','2013-12-17 13:46:22','BackboneLink',NULL,NULL,NULL),(475,2,18,2,'BB:','2013-12-17 13:47:08','BackboneLink',NULL,NULL,NULL),(476,2,18,2,'BB:','2013-12-17 13:47:41','BackboneLink',NULL,NULL,NULL),(477,2,29,2,'john fitzgerald','2013-12-17 13:48:45','BackboneLinkExtremityTech',NULL,NULL,NULL),(478,2,27,2,'BB:','2013-12-17 14:06:25','BackboneLink',NULL,NULL,NULL),(479,2,27,2,'BB:','2013-12-17 14:08:47','BackboneLink',NULL,NULL,NULL),(480,2,29,2,'BB:','2013-12-17 14:15:19','BackboneLink',NULL,NULL,NULL),(481,2,29,2,'BB:','2013-12-17 14:16:46','BackboneLink',NULL,NULL,NULL),(482,2,29,2,'BB:','2013-12-17 14:16:59','BackboneLink',NULL,NULL,NULL),(483,2,29,2,'BB:','2013-12-17 14:17:12','BackboneLink',NULL,NULL,NULL),(484,2,29,2,'BB:','2013-12-17 14:17:22','BackboneLink',NULL,NULL,NULL),(485,2,29,2,'BB:','2013-12-17 14:17:35','BackboneLink',NULL,NULL,NULL),(486,2,43,2,'A1','2013-12-17 14:17:54','BackboneLinkExtremity',NULL,NULL,NULL),(487,2,29,2,'BB:','2013-12-17 14:17:59','BackboneLink',NULL,NULL,NULL),(488,2,44,2,'B2','2013-12-17 14:18:14','BackboneLinkExtremity',NULL,NULL,NULL),(489,2,29,2,'BB:','2013-12-17 14:18:19','BackboneLink',NULL,NULL,NULL),(490,2,29,2,'BB:','2013-12-17 14:18:35','BackboneLink',NULL,NULL,NULL),(491,2,45,2,'A1','2013-12-17 15:32:24','BackboneLinkExtremity',NULL,NULL,NULL),(492,2,30,2,'BB:','2013-12-17 15:41:16','BackboneLink',NULL,NULL,NULL),(493,2,46,2,'B2','2013-12-17 15:41:55','BackboneLinkExtremity',NULL,NULL,NULL),(494,2,30,2,'BB:','2013-12-17 15:42:01','BackboneLink',NULL,NULL,NULL),(495,2,30,2,'BB:','2013-12-17 16:21:26','BackboneLink',NULL,NULL,NULL),(496,2,30,2,'BB:','2013-12-19 11:33:10','BackboneLink',NULL,NULL,NULL),(497,2,30,2,'BB:','2013-12-19 11:34:40','BackboneLink',NULL,NULL,NULL),(498,2,30,2,'BB:','2013-12-19 11:35:31','BackboneLink',NULL,NULL,NULL),(499,2,37,2,'ET ET','2013-12-19 11:39:21','BackboneLinkExtremityTech',NULL,NULL,NULL),(500,2,30,2,'BB:','2013-12-19 11:39:28','BackboneLink',NULL,NULL,NULL),(501,2,38,2,'Clark Gable','2013-12-19 11:41:49','BackboneLinkExtremityTech',NULL,NULL,NULL),(502,2,30,2,'BB:','2013-12-19 11:41:55','BackboneLink',NULL,NULL,NULL),(503,2,28,2,'BB:','2013-12-19 11:46:13','BackboneLink',NULL,NULL,NULL),(504,2,41,2,'A1','2013-12-19 11:46:35','BackboneLinkExtremity',NULL,NULL,NULL),(505,2,42,2,'B2','2013-12-19 11:46:53','BackboneLinkExtremity',NULL,NULL,NULL),(506,2,28,2,'BB:','2013-12-19 11:47:24','BackboneLink',NULL,NULL,NULL),(507,2,28,2,'BB:','2013-12-19 11:48:04','BackboneLink',NULL,NULL,NULL),(508,2,28,2,'BB:','2013-12-19 11:49:15','BackboneLink',NULL,NULL,NULL),(509,2,33,2,'john fitzgerald','2013-12-19 11:51:49','BackboneLinkExtremityTech',NULL,NULL,NULL),(510,2,34,2,'john fitzgerald','2013-12-19 11:52:05','BackboneLinkExtremityTech',NULL,NULL,NULL),(511,2,28,2,'BB:','2013-12-19 11:52:11','BackboneLink',NULL,NULL,NULL),(512,2,31,2,'BB:','2013-12-19 11:55:49','BackboneLink',NULL,NULL,NULL),(513,2,47,2,'A1','2013-12-19 11:56:25','BackboneLinkExtremity',NULL,NULL,NULL),(514,2,31,2,'BB:','2013-12-19 11:56:48','BackboneLink',NULL,NULL,NULL),(515,2,31,2,'B2','2013-12-19 11:56:48','BackboneLink',48,'BackboneLinkExtremity',NULL),(516,2,31,2,'BB:','2013-12-19 11:56:48','BackboneLink',NULL,NULL,NULL),(517,2,31,2,'BB:','2013-12-19 11:57:00','BackboneLink',NULL,NULL,NULL),(518,2,31,2,'BB:','2013-12-19 11:57:57','BackboneLink',NULL,NULL,NULL),(519,2,31,2,'BB:','2013-12-19 12:01:25','BackboneLink',NULL,NULL,NULL),(520,2,39,2,'Jean Luc Pariso','2013-12-19 12:07:17','BackboneLinkExtremityTech',NULL,NULL,NULL),(521,2,40,2,'Jean Luc Pariso','2013-12-19 12:10:36','BackboneLinkExtremityTech',NULL,NULL,NULL),(522,2,31,2,'BB:','2013-12-19 12:10:43','BackboneLink',NULL,NULL,NULL),(523,2,10,2,'TETC:TradExtra Talk City','2013-12-23 08:56:43','ProductType',NULL,NULL,NULL),(524,2,11,2,'TETA:TradExtra Talk Area','2013-12-23 08:57:02','ProductType',NULL,NULL,NULL),(525,2,12,2,'TETIA:TradExtra Talk Inter-Area','2013-12-23 08:57:13','ProductType',NULL,NULL,NULL),(526,2,13,2,'TEP:TradExtra Plug','2013-12-23 08:57:36','ProductType',NULL,NULL,NULL),(527,2,14,2,'TEOS:tradExtra One system','2013-12-23 08:58:45','ProductType',NULL,NULL,NULL),(528,2,16,2,'RA:Remote Access','2013-12-23 08:59:36','ProductType',NULL,NULL,NULL),(529,2,19,2,'TEF:TradExtra Fix','2013-12-23 09:00:01','ProductType',NULL,NULL,NULL),(530,2,20,2,'FLT:Flexible Trading','2013-12-23 09:00:20','ProductType',NULL,NULL,NULL),(531,2,21,2,'FLTU:Flexible Turrets','2013-12-23 09:00:44','ProductType',NULL,NULL,NULL),(532,2,4,2,'BC:Business Conference','2013-12-23 09:01:50','ProductType',NULL,NULL,NULL),(533,2,2,2,'TVI:Trade Voice Intercity','2013-12-23 09:02:41','ProductType',NULL,NULL,NULL),(534,2,10,2,'TETC:TradExtra Talk City','2013-12-23 09:02:57','ProductType',NULL,NULL,NULL),(535,2,11,2,'TETA:TradExtra Talk Area','2013-12-23 09:03:15','ProductType',NULL,NULL,NULL),(536,2,12,2,'TETIA:TradExtra Talk Inter-Area','2013-12-23 09:03:27','ProductType',NULL,NULL,NULL),(537,2,13,2,'TEP:TradExtra Plug','2013-12-23 09:04:20','ProductType',NULL,NULL,NULL),(538,2,14,2,'TEOS:tradExtra One system','2013-12-23 09:04:43','ProductType',NULL,NULL,NULL),(539,2,19,2,'TEF:TradExtra Fix','2013-12-23 09:06:07','ProductType',NULL,NULL,NULL),(540,2,24,2,'BRS30:BET Remote System (Gateway 30 channels)','2013-12-23 09:07:19','ProductType',NULL,NULL,NULL),(541,2,25,2,'BRS64:BET Remote System (Gateway 64)','2013-12-23 09:07:30','ProductType',NULL,NULL,NULL),(542,2,26,2,'BRT:BET Remote Turret (Etranet Remote Trading)','2013-12-23 09:07:44','ProductType',NULL,NULL,NULL),(543,2,31,2,'BB:','2013-12-30 11:08:43','BackboneLink',NULL,NULL,NULL),(544,2,31,2,'BB:','2013-12-30 11:11:25','BackboneLink',NULL,NULL,NULL),(545,2,31,2,'BB:','2013-12-30 11:13:08','BackboneLink',NULL,NULL,NULL),(546,2,31,2,'BB:','2013-12-30 11:17:46','BackboneLink',NULL,NULL,NULL),(547,2,31,2,'BB:','2013-12-30 11:17:47','BackboneLink',NULL,NULL,NULL),(548,2,31,2,'BB:','2013-12-30 11:18:01','BackboneLink',NULL,NULL,NULL),(549,2,31,2,'BB:','2013-12-30 11:19:31','BackboneLink',NULL,NULL,NULL),(550,2,30,2,'BB:','2013-12-30 11:22:33','BackboneLink',NULL,NULL,NULL),(551,2,30,2,'BB:','2013-12-30 11:23:35','BackboneLink',NULL,NULL,NULL),(552,2,30,2,'BB:','2013-12-30 11:24:02','BackboneLink',NULL,NULL,NULL),(553,2,30,2,'BB:','2013-12-30 11:24:31','BackboneLink',NULL,NULL,NULL),(554,2,30,2,'BB:','2013-12-30 11:24:31','BackboneLink',NULL,NULL,NULL),(555,2,30,2,'BB:','2013-12-30 11:24:37','BackboneLink',NULL,NULL,NULL),(556,2,30,2,'BB:','2013-12-30 11:30:10','BackboneLink',NULL,NULL,NULL),(557,2,49,2,'A1T','2013-12-30 11:38:10','BackboneLinkExtremity',NULL,NULL,NULL),(558,2,30,2,'BB:','2013-12-30 11:39:34','BackboneLink',NULL,NULL,NULL),(559,2,45,2,'A1','2013-12-30 11:43:49','BackboneLinkExtremity',NULL,NULL,NULL),(560,2,30,2,'BB:','2013-12-30 11:43:57','BackboneLink',NULL,NULL,NULL),(561,2,49,2,'A1T','2013-12-30 11:46:03','BackboneLinkExtremity',NULL,NULL,NULL),(562,2,30,2,'BB:','2013-12-30 11:46:10','BackboneLink',NULL,NULL,NULL),(563,2,49,2,'A1T','2013-12-30 11:47:33','BackboneLinkExtremity',NULL,NULL,NULL),(564,2,30,2,'BB:','2013-12-30 11:47:39','BackboneLink',NULL,NULL,NULL),(565,2,46,2,'B2','2013-12-30 11:48:05','BackboneLinkExtremity',NULL,NULL,NULL),(566,2,30,2,'BB:','2013-12-30 11:57:41','BackboneLink',NULL,NULL,NULL),(567,2,30,2,'BB:','2013-12-30 12:03:20','BackboneLink',NULL,NULL,NULL),(568,2,30,2,'BB:','2013-12-30 12:04:39','BackboneLink',NULL,NULL,NULL),(569,2,30,2,'A1','2013-12-30 12:04:39','BackboneLink',45,'BackboneLinkExtremity',NULL),(570,2,30,2,'B2','2013-12-30 12:04:39','BackboneLink',46,'BackboneLinkExtremity',NULL),(571,2,30,2,'A1T','2013-12-30 12:04:39','BackboneLink',49,'BackboneLinkExtremity',NULL),(572,2,30,2,'BB:','2013-12-30 12:04:39','BackboneLink',NULL,NULL,NULL),(573,2,30,2,'BB:','2013-12-30 12:04:39','BackboneLink',NULL,NULL,NULL),(574,2,30,2,'BB:','2013-12-30 12:04:48','BackboneLink',NULL,NULL,NULL),(575,2,41,2,'ET ET','2013-12-30 12:08:41','BackboneLinkExtremityTech',NULL,NULL,NULL),(576,2,30,2,'BB:','2013-12-30 12:08:47','BackboneLink',NULL,NULL,NULL),(577,2,30,2,'BB:','2013-12-30 12:13:25','BackboneLink',NULL,NULL,NULL),(578,2,30,2,'BB:','2013-12-30 12:14:08','BackboneLink',NULL,NULL,NULL),(579,2,12,2,'Channels','2014-01-03 17:02:47','ProductCaracs',NULL,NULL,NULL),(580,2,4,2,'BC:Business Conference','2014-01-03 17:51:46','ProductType',NULL,NULL,NULL),(581,2,17,2,'LLSCR:Live-Live Smart Call Routing','2014-01-03 17:54:17','ProductType',NULL,NULL,NULL),(582,2,10,2,'TETC:TradExtra Talk City','2014-01-03 17:55:27','ProductType',NULL,NULL,NULL),(583,2,11,2,'TETA:TradExtra Talk Area','2014-01-03 17:55:46','ProductType',NULL,NULL,NULL),(584,2,12,2,'TETIA:TradExtra Talk Inter-Area','2014-01-03 17:56:01','ProductType',NULL,NULL,NULL),(585,2,18,2,'FTSSCR:Follow-The-Sun Smart Call Routing','2014-01-03 17:56:45','ProductType',NULL,NULL,NULL),(586,2,17,2,'LLSCR:Live-Live Smart Call Routing','2014-01-03 17:57:03','ProductType',NULL,NULL,NULL),(587,2,14,2,'TEOS:TradExtra One system','2014-01-03 17:58:34','ProductType',NULL,NULL,NULL),(588,2,27,2,'TEDL:TradExtra Datalink','2014-01-03 18:04:13','ProductType',NULL,NULL,NULL),(589,2,21,2,'FLTU:Flexible Turrets','2014-01-03 18:05:09','ProductType',NULL,NULL,NULL),(590,2,27,2,'TEDL:TradExtra Datalink','2014-01-03 18:08:35','ProductType',NULL,NULL,NULL),(591,2,1,2,'TVC:Trade Voice City','2014-01-03 21:00:20','ProductType',NULL,NULL,NULL),(592,2,2,2,'TVI:Trade Voice Intercity','2014-01-03 21:00:38','ProductType',NULL,NULL,NULL),(593,2,10,2,'TETC:TradExtra Talk City','2014-01-03 21:01:22','ProductType',NULL,NULL,NULL),(594,2,11,2,'TETA:TradExtra Talk Area','2014-01-03 21:01:46','ProductType',NULL,NULL,NULL),(595,2,12,2,'TETIA:TradExtra Talk Inter-Area','2014-01-03 21:02:23','ProductType',NULL,NULL,NULL),(596,2,4,2,'BC:Business Conference','2014-01-03 21:03:44','ProductType',NULL,NULL,NULL),(597,2,5,2,'NVA:NetRecova','2014-01-03 21:04:09','ProductType',NULL,NULL,NULL),(598,2,17,2,'LLSCR:Live-Live Smart Call Routing','2014-01-03 21:07:22','ProductType',NULL,NULL,NULL),(599,2,18,2,'FTSSCR:Follow-The-Sun Smart Call Routing','2014-01-03 21:08:03','ProductType',NULL,NULL,NULL),(600,2,3,2,'TD:Trade Data','2014-01-03 21:08:46','ProductType',NULL,NULL,NULL),(601,2,27,2,'TEDL:TradExtra Datalink','2014-01-03 21:09:50','ProductType',NULL,NULL,NULL),(602,2,27,2,'TEDL:TradExtra Datalink','2014-01-03 21:10:12','ProductType',NULL,NULL,NULL),(603,2,14,2,'TEOS:TradExtra One system','2014-01-03 21:11:12','ProductType',NULL,NULL,NULL),(604,2,24,2,'BRS30:BET Remote System (Gateway 30 channels)','2014-01-03 21:12:17','ProductType',NULL,NULL,NULL),(605,2,25,2,'BRS64:BET Remote System (Gateway 64)','2014-01-03 21:12:39','ProductType',NULL,NULL,NULL),(606,2,26,2,'BRT:BET Remote Turret (Etranet Remote Trading)','2014-01-03 21:14:13','ProductType',NULL,NULL,NULL),(607,2,1,2,'TVC:Trade Voice City','2014-01-03 21:16:10','ProductType',NULL,NULL,NULL),(608,2,2,2,'TVI:Trade Voice Intercity','2014-01-03 21:17:32','ProductType',NULL,NULL,NULL),(609,2,10,2,'TETC:TradExtra Talk City','2014-01-03 21:33:47','ProductType',NULL,NULL,NULL),(610,2,11,2,'TETA:TradExtra Talk Area','2014-01-03 21:35:00','ProductType',NULL,NULL,NULL),(611,2,12,2,'TETIA:TradExtra Talk Inter-Area','2014-01-03 21:35:34','ProductType',NULL,NULL,NULL),(612,2,4,2,'BC:Business Conference','2014-01-03 21:36:35','ProductType',NULL,NULL,NULL),(613,2,17,2,'LLSCR:Live-Live Smart Call Routing','2014-01-03 21:37:18','ProductType',NULL,NULL,NULL),(614,2,18,2,'FTSSCR:Follow-The-Sun Smart Call Routing','2014-01-03 21:37:47','ProductType',NULL,NULL,NULL),(615,2,5,2,'NVA:NetRecova','2014-01-03 21:38:34','ProductType',NULL,NULL,NULL),(616,2,3,2,'TD:Trade Data','2014-01-03 21:39:15','ProductType',NULL,NULL,NULL),(617,2,27,2,'TEDL:TradExtra Datalink','2014-01-03 21:39:51','ProductType',NULL,NULL,NULL),(618,2,13,2,'TEP:TradExtra Plug','2014-01-03 21:41:50','ProductType',NULL,NULL,NULL),(619,2,14,2,'TEOS:TradExtra One system','2014-01-03 21:43:19','ProductType',NULL,NULL,NULL),(620,2,19,2,'TEF:TradExtra Fix','2014-01-03 21:44:00','ProductType',NULL,NULL,NULL),(621,2,16,2,'RA:Remote Access','2014-01-03 21:49:25','ProductType',NULL,NULL,NULL),(622,2,22,2,'FLCN:Flexible Connect','2014-01-03 21:50:36','ProductType',NULL,NULL,NULL),(623,2,23,2,'FLRE:Flexible Retrieve','2014-01-03 21:51:16','ProductType',NULL,NULL,NULL),(624,2,24,2,'BRS30:BET Remote System (Gateway 30 channels)','2014-01-03 21:53:04','ProductType',NULL,NULL,NULL),(625,2,25,2,'BRS64:BET Remote System (Gateway 64)','2014-01-03 21:53:21','ProductType',NULL,NULL,NULL),(626,2,26,2,'BRT:BET Remote Turret (Etranet Remote Trading)','2014-01-03 21:53:47','ProductType',NULL,NULL,NULL),(627,2,17,2,'[BUA10] Bundle area 10','2014-01-06 15:10:44','Product',NULL,NULL,NULL),(628,2,41,2,'[FLRE] Flexible retrieve','2014-01-06 15:25:39','Product',NULL,NULL,NULL),(629,2,1,2,'Connection','2014-01-08 07:54:39','ProductCaracs',NULL,NULL,NULL),(630,2,2,2,'SIP','2014-01-08 07:54:55','ProductCaracs',NULL,NULL,NULL),(631,2,3,2,'Nb of SIP','2014-01-08 07:55:08','ProductCaracs',NULL,NULL,NULL),(632,2,4,2,'Off net','2014-01-08 07:55:32','ProductCaracs',NULL,NULL,NULL),(633,2,5,2,'Class of traffic','2014-01-08 07:55:51','ProductCaracs',NULL,NULL,NULL),(634,2,6,2,'Layer','2014-01-08 07:56:09','ProductCaracs',NULL,NULL,NULL),(635,2,7,2,'Backup site','2014-01-08 07:56:25','ProductCaracs',NULL,NULL,NULL),(636,2,8,2,'Backup activation delay','2014-01-08 07:56:43','ProductCaracs',NULL,NULL,NULL),(637,2,9,2,'Routing plan management','2014-01-08 07:57:02','ProductCaracs',NULL,NULL,NULL),(638,2,10,2,'Max. nb of authorized services','2014-01-08 07:57:20','ProductCaracs',NULL,NULL,NULL),(639,2,11,2,'Max. nb of authorized devices','2014-01-08 07:57:47','ProductCaracs',NULL,NULL,NULL),(640,2,12,2,'Channels','2014-01-08 07:58:03','ProductCaracs',NULL,NULL,NULL),(641,2,13,2,'Multipoint','2014-01-08 07:58:35','ProductCaracs',NULL,NULL,NULL),(642,2,14,2,'Number of extremities','2014-01-08 07:58:54','ProductCaracs',NULL,NULL,NULL),(643,2,15,2,'Business conference Group','2014-01-08 07:59:25','ProductCaracs',NULL,NULL,NULL),(644,2,16,2,'TradExtra Datalink Group','2014-01-08 07:59:44','ProductCaracs',NULL,NULL,NULL),(645,2,18,2,'Trader','2014-01-08 08:00:10','ProductCaracs',NULL,NULL,NULL),(646,2,20,2,'Acceptance sent date','2014-01-08 09:56:02','ProductCaracs',NULL,NULL,NULL),(647,2,19,2,'Acceptance contact','2014-01-08 09:56:19','ProductCaracs',NULL,NULL,NULL),(648,2,21,2,'Acceptance received date','2014-01-08 09:56:44','ProductCaracs',NULL,NULL,NULL),(649,2,22,2,'Commercial route per extremity','2014-01-08 09:57:16','ProductCaracs',NULL,NULL,NULL),(650,2,23,2,'Bandwidth','2014-01-08 09:57:36','ProductCaracs',NULL,NULL,NULL),(651,2,24,2,'Old bandwidth','2014-01-10 09:19:11','ProductCaracs',NULL,NULL,NULL),(652,2,25,2,'Status of extremity','2014-01-10 09:20:27','ProductCaracs',NULL,NULL,NULL),(653,2,26,2,'Customer order date','2014-01-10 09:23:28','ProductCaracs',NULL,NULL,NULL),(654,2,27,2,'Requested delivery date','2014-01-10 09:31:19','ProductCaracs',NULL,NULL,NULL),(655,2,28,2,'In service date per extremity','2014-01-10 09:32:10','ProductCaracs',NULL,NULL,NULL),(656,2,29,2,'Disaster recovery site','2014-01-10 09:32:40','ProductCaracs',NULL,NULL,NULL),(657,2,30,2,'Pipe Id','2014-01-10 09:33:26','ProductCaracs',NULL,NULL,NULL),(658,2,31,2,'Backbone programmed date','2014-01-10 09:33:50','ProductCaracs',NULL,NULL,NULL),(659,2,32,2,'End to end test date','2014-01-10 09:35:53','ProductCaracs',NULL,NULL,NULL),(660,2,33,2,'Cusomer VLAN ref','2014-01-10 09:36:49','ProductCaracs',NULL,NULL,NULL),(661,2,34,2,'NAT','2014-01-10 09:37:07','ProductCaracs',NULL,NULL,NULL),(662,2,35,2,'WRED','2014-01-10 09:37:25','ProductCaracs',NULL,NULL,NULL),(663,2,36,2,'Local loop ref','2014-01-10 09:38:26','ProductCaracs',NULL,NULL,NULL),(664,2,37,2,'Local loop tech id','2014-01-10 09:39:34','ProductCaracs',NULL,NULL,NULL),(665,2,38,2,'Carrier','2014-01-10 09:40:52','ProductCaracs',NULL,NULL,NULL),(666,2,39,2,'Local loop scheduld delivery date','2014-01-10 09:48:41','ProductCaracs',NULL,NULL,NULL),(667,2,40,2,'Local loop tested date','2014-01-10 09:49:25','ProductCaracs',NULL,NULL,NULL),(668,2,41,2,'Connection path','2014-01-10 09:50:17','ProductCaracs',NULL,NULL,NULL),(669,2,42,2,'Technical route','2014-01-10 09:53:08','ProductCaracs',NULL,NULL,NULL),(670,2,43,2,'Technical bandwidth','2014-01-10 09:53:47','ProductCaracs',NULL,NULL,NULL),(671,2,15,2,'Business conference Group','2014-01-12 00:52:05','ProductCaracs',NULL,NULL,NULL),(672,2,13,2,'Multipoint','2014-01-12 00:52:39','ProductCaracs',NULL,NULL,NULL),(673,2,14,2,'Number of extremities','2014-01-12 00:52:55','ProductCaracs',NULL,NULL,NULL),(674,2,2,2,'SIP','2014-01-12 00:58:59','ProductCaracs',NULL,NULL,NULL),(675,2,3,2,'Nb of SIP','2014-01-12 00:59:09','ProductCaracs',NULL,NULL,NULL),(676,2,15,2,'Business conference Group','2014-01-12 00:59:27','ProductCaracs',NULL,NULL,NULL),(677,2,13,2,'Multipoint','2014-01-12 00:59:38','ProductCaracs',NULL,NULL,NULL),(678,2,14,2,'Number of extremities','2014-01-12 00:59:51','ProductCaracs',NULL,NULL,NULL),(679,2,9,2,'','2014-01-12 01:27:05','Service',NULL,NULL,NULL),(680,2,9,2,'','2014-01-12 01:27:52','Service',NULL,NULL,NULL),(681,2,9,2,'','2014-01-12 01:28:22','Service',NULL,NULL,NULL),(682,2,9,2,'','2014-01-12 01:28:38','Service',NULL,NULL,NULL),(683,2,11,2,'Max. nb of authorized devices','2014-01-13 00:43:58','ProductCaracs',NULL,NULL,NULL),(684,2,8,2,'','2014-01-13 11:44:21','LocalLoop',NULL,NULL,NULL),(685,2,8,2,'','2014-01-13 11:46:08','LocalLoop',NULL,NULL,NULL),(686,2,8,2,'','2014-01-13 12:11:47','LocalLoop',NULL,NULL,NULL),(687,2,5,2,'A1','2014-01-13 12:13:58','LocalLoopExtremity',NULL,NULL,NULL),(688,2,6,2,'B2','2014-01-13 12:15:14','LocalLoopExtremity',NULL,NULL,NULL),(689,2,8,2,'','2014-01-13 15:20:14','LocalLoop',NULL,NULL,NULL),(690,2,8,2,'','2014-01-13 15:21:02','LocalLoop',NULL,NULL,NULL),(691,2,8,2,'A1','2014-01-13 15:21:02','LocalLoop',5,'LocalLoopExtremity',NULL),(692,2,8,2,'B2','2014-01-13 15:21:02','LocalLoop',6,'LocalLoopExtremity',NULL),(693,2,8,2,'','2014-01-13 15:21:02','LocalLoop',NULL,NULL,NULL),(694,2,8,2,'','2014-01-13 15:21:13','LocalLoop',NULL,NULL,NULL),(695,2,8,2,'','2014-01-13 15:24:49','LocalLoop',NULL,NULL,NULL),(696,2,8,2,'','2014-01-13 15:25:41','LocalLoop',NULL,NULL,NULL),(697,2,8,2,'','2014-01-13 15:26:31','LocalLoop',NULL,NULL,NULL),(698,2,8,2,'','2014-01-13 15:27:29','LocalLoop',NULL,NULL,NULL),(699,2,8,2,'','2014-01-13 15:28:51','LocalLoop',NULL,NULL,NULL),(700,2,8,2,'','2014-01-13 15:28:51','LocalLoop',NULL,NULL,NULL),(701,2,8,2,'','2014-01-13 15:29:02','LocalLoop',NULL,NULL,NULL),(702,2,8,2,'','2014-01-13 15:31:34','LocalLoop',NULL,NULL,NULL),(703,2,3,2,'','2014-01-13 15:32:50','LocalLoop',NULL,NULL,NULL),(704,2,3,2,'A1','2014-01-13 15:32:50','LocalLoop',1,'LocalLoopExtremity',NULL),(705,2,3,2,'B2','2014-01-13 15:32:50','LocalLoop',2,'LocalLoopExtremity',NULL),(706,2,3,2,'','2014-01-13 15:32:51','LocalLoop',NULL,NULL,NULL),(707,2,3,2,'','2014-01-13 15:33:05','LocalLoop',NULL,NULL,NULL),(708,2,3,2,'','2014-01-13 15:33:57','LocalLoop',NULL,NULL,NULL),(709,2,3,2,'','2014-01-13 15:33:57','LocalLoop',NULL,NULL,NULL),(710,2,3,2,'','2014-01-13 15:34:06','LocalLoop',NULL,NULL,NULL),(711,2,3,2,'','2014-01-13 15:44:09','LocalLoop',NULL,NULL,NULL),(712,2,3,2,'','2014-01-13 15:45:25','LocalLoop',NULL,NULL,NULL),(713,2,3,2,'','2014-01-13 15:46:02','LocalLoop',NULL,NULL,NULL),(714,2,3,2,'','2014-01-13 15:48:13','LocalLoop',NULL,NULL,NULL),(715,2,3,2,'','2014-01-13 15:48:13','LocalLoop',NULL,NULL,NULL),(716,2,3,2,'','2014-01-13 15:48:35','LocalLoop',NULL,NULL,NULL),(717,2,8,2,'','2014-01-13 16:07:41','LocalLoop',NULL,NULL,NULL),(718,2,9,2,'A1T','2014-01-13 16:13:21','LocalLoopExtremity',NULL,NULL,NULL),(719,2,5,2,'A1','2014-01-13 16:13:57','LocalLoopExtremity',NULL,NULL,NULL),(720,2,8,2,'','2014-01-13 16:14:11','LocalLoop',NULL,NULL,NULL),(721,2,9,2,'A1T','2014-01-13 16:16:03','LocalLoopExtremity',NULL,NULL,NULL),(722,2,6,2,'B2','2014-01-13 16:16:25','LocalLoopExtremity',NULL,NULL,NULL),(723,2,8,2,'','2014-01-13 16:17:02','LocalLoop',NULL,NULL,NULL),(724,2,8,2,'','2014-01-13 16:17:53','LocalLoop',NULL,NULL,NULL),(725,2,8,2,'A1','2014-01-13 16:17:53','LocalLoop',5,'LocalLoopExtremity',NULL),(726,2,8,2,'B2','2014-01-13 16:17:53','LocalLoop',6,'LocalLoopExtremity',NULL),(727,2,8,2,'A1T','2014-01-13 16:17:53','LocalLoop',9,'LocalLoopExtremity',NULL),(728,2,8,2,'','2014-01-13 16:17:53','LocalLoop',NULL,NULL,NULL),(729,2,8,2,'','2014-01-13 16:17:53','LocalLoop',NULL,NULL,NULL),(730,2,8,2,'','2014-01-13 16:18:07','LocalLoop',NULL,NULL,NULL),(731,2,8,2,'Jean Luc Pariso','2014-01-13 16:19:53','LocalLoopExtremityTech',NULL,NULL,NULL),(732,2,8,2,'','2014-01-13 16:20:02','LocalLoop',NULL,NULL,NULL),(733,2,8,2,'','2014-01-13 16:21:40','LocalLoop',NULL,NULL,NULL),(734,2,8,2,'','2014-01-13 16:22:11','LocalLoop',NULL,NULL,NULL),(735,2,9,2,'Agatha Christie Event Association','2014-01-14 11:32:09','Customer',NULL,NULL,NULL),(736,2,9,2,'Agatha Christie Event Association','2014-01-14 11:34:00','Customer',NULL,NULL,NULL),(737,2,9,2,'Agatha Christie Event Association','2014-01-14 11:36:17','Customer',NULL,NULL,NULL),(738,2,9,2,'Agatha Christie Event Association','2014-01-14 11:36:42','Customer',NULL,NULL,NULL),(739,2,31,2,'BB:','2014-01-16 15:26:46','BackboneLink',NULL,NULL,NULL),(740,2,31,2,'BB:','2014-01-16 15:26:51','BackboneLink',NULL,NULL,NULL),(741,2,31,2,'BB:','2014-01-16 15:29:48','BackboneLink',NULL,NULL,NULL),(742,2,8,2,'','2014-01-16 16:46:34','LocalLoop',NULL,NULL,NULL),(743,2,7,2,'A1T','2014-01-16 17:05:16','LocalLoopExtremity',NULL,NULL,NULL),(744,2,3,2,'','2014-01-16 17:05:28','LocalLoop',NULL,NULL,NULL),(745,2,31,2,'BB:','2014-01-16 17:16:06','BackboneLink',NULL,NULL,NULL),(746,2,11,2,'BB::Version Française 1:','2014-01-16 17:16:52','CostingBackboneLinkLine',NULL,NULL,NULL),(747,2,10,2,'BB::Version Française 1:','2014-01-16 17:20:27','TariffBackboneLinkLine',NULL,NULL,NULL),(748,2,11,2,'B2T','2014-01-16 17:20:28','LocalLoopExtremity',NULL,NULL,NULL),(749,2,31,2,'BB:','2014-01-16 17:20:48','BackboneLink',NULL,NULL,NULL),(750,2,11,2,'B2T','2014-01-16 17:33:00','LocalLoopExtremity',NULL,NULL,NULL),(751,2,8,2,'','2014-01-16 17:33:18','LocalLoop',NULL,NULL,NULL),(752,2,6,2,'B2','2014-01-16 17:34:47','LocalLoopExtremity',NULL,NULL,NULL),(753,2,8,2,'','2014-01-16 17:34:54','LocalLoop',NULL,NULL,NULL),(754,2,11,2,'B2T','2014-01-16 17:35:49','LocalLoopExtremity',NULL,NULL,NULL),(755,2,8,2,'','2014-01-16 17:35:55','LocalLoop',NULL,NULL,NULL),(756,2,11,2,'B2T','2014-01-16 17:42:36','LocalLoopExtremity',NULL,NULL,NULL),(757,2,11,2,'B2T','2014-01-16 17:44:55','LocalLoopExtremity',NULL,NULL,NULL),(758,2,8,2,'','2014-01-16 17:45:01','LocalLoop',NULL,NULL,NULL),(759,2,10,2,'Jean Luc Pariso','2014-01-16 17:46:16','LocalLoopExtremityTech',NULL,NULL,NULL),(760,2,8,2,'','2014-01-16 17:46:38','LocalLoop',NULL,NULL,NULL),(761,2,11,2,'S','2014-01-16 18:13:14','Service',NULL,NULL,NULL),(762,2,511,2,'MADRID','2014-01-17 16:01:18','City',NULL,NULL,NULL),(763,2,512,2,'Barcelone','2014-01-17 16:01:37','City',NULL,NULL,NULL),(764,2,50,2,'A1','2014-01-17 17:29:57','BackboneLinkExtremity',NULL,NULL,NULL),(765,2,1,2,'Backbone Link','2014-01-18 22:15:55','LinkFunctionType',NULL,NULL,NULL),(766,2,1,2,'Corelink','2014-01-18 22:18:16','LinkFunction',NULL,NULL,NULL),(767,2,1,2,'gdgdg 91180 London England','2014-01-20 00:01:28','AddressPop',NULL,NULL,NULL),(768,2,7,2,'Delivery rue de la paix 92160 London','2014-01-20 14:26:42','AddressProvider',NULL,NULL,NULL),(769,2,2,2,'Administrative','2014-01-20 14:29:46','ContactType',NULL,NULL,NULL),(770,2,1,2,'john wayne','2014-01-20 14:35:49','ContactPop',NULL,NULL,NULL),(771,2,8,2,'Head office zeotiubnqoguzet 652687 London','2014-01-20 15:02:10','AddressProvider',NULL,NULL,NULL),(772,2,14,2,'NATTERBOX','2014-01-20 15:02:38','Provider',NULL,NULL,NULL),(773,2,10,2,'Capacité 04','2014-01-20 15:07:06','Capacity',NULL,NULL,NULL),(774,2,10,2,'Capacité 04','2014-01-20 15:07:25','Capacity',NULL,NULL,NULL),(775,2,10,2,'Robert Bruce','2014-01-20 15:59:17','Contact',NULL,NULL,NULL),(776,2,8,2,'Head office zeotiubnqoguzet 652687 London','2014-01-20 16:00:33','AddressProvider',NULL,NULL,NULL),(777,2,8,2,'Head office Picadelly Circle 124 652687 London','2014-01-20 16:01:13','AddressProvider',NULL,NULL,NULL),(778,2,50,2,'A1','2014-01-20 16:38:42','BackboneLinkExtremity',NULL,NULL,NULL),(779,2,5,2,'A1','2014-01-20 17:07:50','LocalLoopExtremity',NULL,NULL,NULL),(780,2,5,2,'A1','2014-01-20 17:43:49','LocalLoopExtremity',NULL,NULL,NULL),(781,2,5,2,'A1','2014-01-20 17:46:04','LocalLoopExtremity',NULL,NULL,NULL),(782,2,30,2,'Head office FINSGRACHT 21 62541 Blois','2014-01-20 17:56:37','Address',NULL,NULL,NULL),(783,2,30,2,'Head office FINSGRACHT 21 62541 Blois','2014-01-20 17:56:37','Address',NULL,NULL,NULL),(784,2,514,2,'LONDON','2014-01-20 18:07:16','City',NULL,NULL,NULL),(785,2,516,2,'Perl Harbour','2014-01-20 18:07:59','City',NULL,NULL,NULL),(786,2,26,2,'Head office fjzaoptnb 65265 Blois','2014-01-20 18:41:35','Address',NULL,NULL,NULL),(787,2,26,2,'Head office fjzaoptnb 65265 Blois','2014-01-20 18:41:49','Address',NULL,NULL,NULL),(788,2,10,2,'Bulgarie','2014-01-21 12:44:05','Country',NULL,NULL,NULL),(789,2,28,2,'Afganistan','2014-01-21 15:35:43','Country',NULL,NULL,NULL),(790,2,29,2,'IRAK*','2014-01-21 15:36:25','Country',NULL,NULL,NULL),(791,2,32,2,'BB:','2014-01-21 16:15:06','BackboneLink',NULL,NULL,NULL),(792,2,51,2,'B2','2014-01-21 16:15:41','BackboneLinkExtremity',NULL,NULL,NULL),(793,2,32,2,'BB:','2014-01-21 16:15:55','BackboneLink',NULL,NULL,NULL),(794,2,32,2,'BB:','2014-01-21 16:16:34','BackboneLink',NULL,NULL,NULL),(795,2,52,2,'A1','2014-01-21 16:20:50','BackboneLinkExtremity',NULL,NULL,NULL),(796,2,33,2,'BB:','2014-01-21 16:21:12','BackboneLink',NULL,NULL,NULL),(797,2,33,2,'B2','2014-01-21 16:21:12','BackboneLink',53,'BackboneLinkExtremity',NULL),(798,2,33,2,'BB:','2014-01-21 16:21:12','BackboneLink',NULL,NULL,NULL),(799,2,34,2,'BB:','2014-01-21 16:23:32','BackboneLink',NULL,NULL,NULL),(800,2,34,2,'A1','2014-01-21 16:23:32','BackboneLink',54,'BackboneLinkExtremity',NULL),(801,2,34,2,'B2','2014-01-21 16:23:32','BackboneLink',55,'BackboneLinkExtremity',NULL),(802,2,34,2,'BB:','2014-01-21 16:23:32','BackboneLink',NULL,NULL,NULL),(803,2,34,2,'BB:','2014-01-21 16:23:39','BackboneLink',NULL,NULL,NULL),(804,2,35,2,'BB:','2014-01-21 16:26:38','BackboneLink',NULL,NULL,NULL),(805,2,34,2,'BB:','2014-01-21 16:45:46','BackboneLink',NULL,NULL,NULL),(806,2,9,2,'the pop rock','2014-01-21 17:07:04','Pop',NULL,NULL,NULL),(807,2,58,2,'A1New','2014-01-21 17:07:23','BackboneLinkExtremity',NULL,NULL,NULL),(808,2,41,2,'A1','2014-01-21 17:07:43','BackboneLinkExtremity',NULL,NULL,NULL),(809,2,28,2,'BB:','2014-01-21 17:07:50','BackboneLink',NULL,NULL,NULL),(810,2,58,2,'A1New','2014-01-21 17:08:31','BackboneLinkExtremity',NULL,NULL,NULL),(811,2,28,2,'BB:','2014-01-21 17:08:38','BackboneLink',NULL,NULL,NULL),(812,2,28,2,'BB:','2014-01-21 17:09:22','BackboneLink',NULL,NULL,NULL),(813,2,59,2,'B2New','2014-01-21 17:22:58','BackboneLinkExtremity',NULL,NULL,NULL),(814,2,31,2,'BB:','2014-01-21 17:23:10','BackboneLink',NULL,NULL,NULL),(815,2,48,2,'B2','2014-01-21 17:23:37','BackboneLinkExtremity',NULL,NULL,NULL),(816,2,31,2,'BB:','2014-01-21 17:23:50','BackboneLink',NULL,NULL,NULL),(817,2,12,2,'A1','2014-01-21 17:28:52','LocalLoopExtremity',NULL,NULL,NULL),(818,2,11,2,'Hernando Ronaldo','2014-01-21 17:34:49','Contact',NULL,NULL,NULL),(819,2,12,2,'A1','2014-01-21 17:39:00','LocalLoopExtremity',NULL,NULL,NULL),(820,2,9,2,'LL','2014-01-21 17:39:34','LocalLoop',NULL,NULL,NULL),(821,2,9,2,'B2','2014-01-21 17:39:34','LocalLoop',13,'LocalLoopExtremity',NULL),(822,2,9,2,'LL','2014-01-21 17:39:34','LocalLoop',NULL,NULL,NULL),(823,2,9,2,'LL','2014-01-21 17:40:15','LocalLoop',NULL,NULL,NULL),(824,2,31,2,'BB:','2014-01-21 17:48:03','BackboneLink',NULL,NULL,NULL),(825,2,48,2,'B2','2014-01-21 18:16:03','BackboneLinkExtremity',NULL,NULL,NULL),(826,2,31,2,'BB:','2014-01-21 18:16:12','BackboneLink',NULL,NULL,NULL),(827,2,59,2,'B2New','2014-01-21 18:29:03','BackboneLinkExtremity',NULL,NULL,NULL),(828,2,59,2,'B2New','2014-01-21 18:42:55','BackboneLinkExtremity',NULL,NULL,NULL),(829,2,31,2,'BB:','2014-01-21 18:43:03','BackboneLink',NULL,NULL,NULL),(830,2,14,2,'A1TNew','2014-01-21 22:16:10','LocalLoopExtremity',NULL,NULL,NULL),(831,2,8,2,'LL','2014-01-21 22:18:45','LocalLoop',NULL,NULL,NULL),(832,2,3,2,'BresilianBranch','2014-01-21 22:28:10','Branch',NULL,NULL,NULL),(833,2,12,2,'A1','2014-01-22 08:01:08','LocalLoopExtremity',NULL,NULL,NULL),(834,2,9,2,'LL','2014-01-22 08:01:43','LocalLoop',NULL,NULL,NULL),(835,2,9,2,'LL','2014-01-22 08:04:35','LocalLoop',NULL,NULL,NULL),(836,2,9,2,'LL','2014-01-22 08:06:11','LocalLoop',NULL,NULL,NULL),(837,2,9,2,'LL','2014-01-22 08:06:39','LocalLoop',NULL,NULL,NULL),(838,2,9,2,'LL','2014-01-22 08:06:59','LocalLoop',NULL,NULL,NULL),(839,2,9,2,'LL','2014-01-22 08:08:01','LocalLoop',NULL,NULL,NULL),(840,2,9,2,'LL','2014-01-22 08:19:19','LocalLoop',NULL,NULL,NULL),(841,2,9,2,'LL','2014-01-22 08:22:45','LocalLoop',NULL,NULL,NULL),(842,2,13,2,'B2','2014-01-22 08:23:22','LocalLoopExtremity',NULL,NULL,NULL),(843,2,9,2,'LL','2014-01-22 08:30:47','LocalLoop',NULL,NULL,NULL),(844,2,9,2,'LL','2014-01-22 08:32:11','LocalLoop',NULL,NULL,NULL),(845,2,9,2,'LL','2014-01-22 08:33:44','LocalLoop',NULL,NULL,NULL),(846,2,23,2,'Tchekoslovakia','2014-01-22 10:53:27','Country',NULL,NULL,NULL),(847,2,24,2,'Tchekoslovakia','2014-01-22 10:53:58','Country',NULL,NULL,NULL),(848,2,39,2,'Customer POP','2014-01-22 11:22:36','PopType',NULL,NULL,NULL),(849,2,40,2,'ETRALI  POP','2014-01-22 11:23:21','PopType',NULL,NULL,NULL),(850,2,3,2,'Pop Type Lille 02','2014-01-22 11:28:39','PopType',NULL,NULL,NULL),(851,2,41,2,'THIRD PARTY POP','2014-01-22 11:33:22','PopType',NULL,NULL,NULL),(852,2,10,2,'Pop de type 55 Paris','2014-01-22 11:38:13','PopType',NULL,NULL,NULL),(853,2,10,2,'Pop de type 55 Paris','2014-01-22 11:40:02','PopType',NULL,NULL,NULL),(854,2,4,2,'Ricardo Gonzalez','2014-01-22 11:45:31','ContactProvider',NULL,NULL,NULL),(855,2,9,2,'COLT SPAIN - Provider Desc','2014-01-22 11:45:35','Provider',NULL,NULL,NULL),(856,2,10,2,'Pop de type 55 Paris','2014-01-22 11:49:05','PopType',NULL,NULL,NULL),(857,2,10,2,'Pop de type 55 Paris','2014-01-22 11:51:17','PopType',NULL,NULL,NULL),(858,2,10,2,'Pop de type 55 Paris','2014-01-22 11:57:29','PopType',NULL,NULL,NULL),(859,2,10,2,'Pop de type 55 Paris','2014-01-22 11:58:02','PopType',NULL,NULL,NULL),(860,2,10,2,'Pop de type 55 Paris','2014-01-22 11:58:38','PopType',NULL,NULL,NULL),(861,2,8,2,'LL','2014-01-22 12:04:44','LocalLoop',NULL,NULL,NULL),(862,2,16,2,'A1','2014-01-22 12:32:14','LocalLoopExtremity',NULL,NULL,NULL),(863,2,17,2,'B2','2014-01-22 12:32:34','LocalLoopExtremity',NULL,NULL,NULL),(864,2,10,2,'LL10','2014-01-22 12:32:43','LocalLoop',NULL,NULL,NULL),(865,2,10,2,'LL10','2014-01-22 13:25:16','LocalLoop',NULL,NULL,NULL),(866,2,10,2,'LL10','2014-01-22 13:26:13','LocalLoop',NULL,NULL,NULL),(867,2,10,2,'LL10','2014-01-22 13:29:47','LocalLoop',NULL,NULL,NULL),(868,2,10,2,'LL10','2014-01-22 13:46:45','LocalLoop',NULL,NULL,NULL),(869,2,1,2,'gdgdg 91180 London England','2014-01-22 13:49:09','AddressPop',NULL,NULL,NULL),(870,2,17,2,'B2','2014-01-22 13:50:05','LocalLoopExtremity',NULL,NULL,NULL),(871,2,10,2,'LL10','2014-01-22 13:50:15','LocalLoop',NULL,NULL,NULL),(872,2,10,2,'LL10','2014-01-22 13:50:39','LocalLoop',NULL,NULL,NULL),(873,2,10,2,'LL10','2014-01-22 13:50:55','LocalLoop',NULL,NULL,NULL),(874,2,10,2,'LL10','2014-01-22 13:51:09','LocalLoop',NULL,NULL,NULL),(875,2,15,2,'','2014-01-22 13:51:44','LocalLoopExtremityTech',NULL,NULL,NULL),(876,2,14,2,'Donja Sunshine','2014-01-22 13:52:03','LocalLoopExtremityTech',NULL,NULL,NULL),(877,2,10,2,'LL10','2014-01-22 13:52:18','LocalLoop',NULL,NULL,NULL),(878,2,18,2,'B2New','2014-01-22 13:52:58','LocalLoopExtremity',NULL,NULL,NULL),(879,2,10,2,'LL10','2014-01-22 13:53:13','LocalLoop',NULL,NULL,NULL),(880,2,17,2,'B2','2014-01-22 13:53:41','LocalLoopExtremity',NULL,NULL,NULL),(881,2,10,2,'LL10','2014-01-22 13:53:48','LocalLoop',NULL,NULL,NULL),(882,2,10,2,'LL10','2014-01-22 13:54:32','LocalLoop',NULL,NULL,NULL),(883,2,18,2,'B2New','2014-01-22 13:54:59','LocalLoopExtremity',NULL,NULL,NULL),(884,2,10,2,'LL10','2014-01-22 13:55:09','LocalLoop',NULL,NULL,NULL),(885,2,10,2,'LL10','2014-01-22 13:55:44','LocalLoop',NULL,NULL,NULL),(886,2,10,2,'LL10','2014-01-22 13:56:28','LocalLoop',NULL,NULL,NULL),(887,2,10,2,'LL10','2014-01-22 14:09:30','LocalLoop',NULL,NULL,NULL),(888,2,18,2,'B2New','2014-01-22 14:13:57','LocalLoopExtremity',NULL,NULL,NULL),(889,2,10,2,'LL10','2014-01-22 14:14:05','LocalLoop',NULL,NULL,NULL),(890,2,10,2,'LL10','2014-01-22 14:15:03','LocalLoop',NULL,NULL,NULL),(891,2,10,2,'LL10','2014-01-22 14:15:48','LocalLoop',NULL,NULL,NULL),(892,2,10,2,'LL10','2014-01-22 14:16:00','LocalLoop',NULL,NULL,NULL),(893,2,16,2,'Donja Sunshine','2014-01-22 14:19:19','LocalLoopExtremityTech',NULL,NULL,NULL),(894,2,10,2,'LL10','2014-01-22 14:19:37','LocalLoop',NULL,NULL,NULL),(895,2,62,2,'A1','2014-01-22 14:33:52','BackboneLinkExtremity',NULL,NULL,NULL),(896,2,37,2,'BB37:','2014-01-22 14:34:44','BackboneLink',NULL,NULL,NULL),(897,2,63,2,'B2','2014-01-22 14:35:28','BackboneLinkExtremity',NULL,NULL,NULL),(898,2,37,2,'BB37:','2014-01-22 14:45:03','BackboneLink',NULL,NULL,NULL),(899,2,37,2,'BB37:','2014-01-22 14:45:41','BackboneLink',NULL,NULL,NULL),(900,2,37,2,'BB37:','2014-01-22 14:46:27','BackboneLink',NULL,NULL,NULL),(901,2,37,2,'BB37:','2014-01-22 14:46:55','BackboneLink',NULL,NULL,NULL),(902,2,54,2,'Donja Sunshine','2014-01-22 14:48:51','BackboneLinkExtremityTech',NULL,NULL,NULL),(903,2,55,2,'Donja Sunshine','2014-01-22 14:49:10','BackboneLinkExtremityTech',NULL,NULL,NULL),(904,2,37,2,'BB37:','2014-01-22 14:49:32','BackboneLink',NULL,NULL,NULL),(905,2,64,2,'B2New','2014-01-22 14:50:17','BackboneLinkExtremity',NULL,NULL,NULL),(906,2,63,2,'B2','2014-01-22 14:50:33','BackboneLinkExtremity',NULL,NULL,NULL),(907,2,37,2,'BB37:','2014-01-22 14:50:40','BackboneLink',NULL,NULL,NULL),(908,2,64,2,'B2New','2014-01-22 14:51:00','BackboneLinkExtremity',NULL,NULL,NULL),(909,2,37,2,'BB37:','2014-01-22 14:51:17','BackboneLink',NULL,NULL,NULL),(910,2,37,2,'BB37:','2014-01-22 14:51:51','BackboneLink',NULL,NULL,NULL),(911,2,64,2,'B2New','2014-01-22 14:53:53','BackboneLinkExtremity',NULL,NULL,NULL),(912,2,37,2,'BB37:','2014-01-22 14:54:02','BackboneLink',NULL,NULL,NULL),(913,2,56,2,'Donja Sunshine','2014-01-22 14:54:24','BackboneLinkExtremityTech',NULL,NULL,NULL),(914,2,37,2,'BB37:','2014-01-22 14:54:43','BackboneLink',NULL,NULL,NULL),(916,2,1,2,'NATTERBOX','2014-01-22 23:46:48','CostingPop',NULL,NULL,NULL),(917,2,1,2,'Euro','2014-01-22 23:46:48','CostingPop',NULL,'CostingPopLine',NULL),(918,2,1,2,'','2014-01-22 23:46:48','CostingPop',NULL,'TariffPopLine',NULL),(919,2,1,2,'','2014-01-22 23:46:48','CostingPop',NULL,'TariffPopLine',NULL),(920,2,11,2,'LL11','2014-01-23 16:18:03','LocalLoop',NULL,NULL,NULL),(921,2,1,2,'Dollar=>Euro : 5','2014-01-23 17:09:31','CurrencyConversion',NULL,NULL,NULL),(922,2,13,2,'BB::Option d\'Option:','2014-01-23 22:19:31','CostingBackboneLinkLine',NULL,NULL,NULL),(923,2,28,2,'','2014-01-23 23:00:34','CostingCardLine',NULL,NULL,NULL),(924,2,28,2,'','2014-01-23 23:01:48','CostingCardLine',NULL,NULL,NULL),(925,2,28,2,'','2014-01-23 23:02:02','CostingCardLine',NULL,NULL,NULL),(926,2,29,2,'','2014-01-23 23:03:15','CostingCardLine',NULL,NULL,NULL),(927,2,30,2,'','2014-01-23 23:10:22','CostingCardLine',NULL,NULL,NULL),(928,2,31,2,'','2014-01-23 23:11:22','CostingCardLine',NULL,NULL,NULL),(929,2,32,2,'','2014-01-23 23:12:22','CostingCardLine',NULL,NULL,NULL),(930,2,33,2,'','2014-01-23 23:14:07','CostingCardLine',NULL,NULL,NULL),(931,2,34,2,'','2014-01-23 23:21:25','CostingCardLine',NULL,NULL,NULL),(932,2,37,2,'','2014-01-23 23:28:08','CostingCardLine',NULL,NULL,NULL),(933,2,38,2,'','2014-01-23 23:31:30','CostingCardLine',NULL,NULL,NULL),(934,2,515,2,'Perl Harbour','2014-01-24 11:48:29','City',NULL,NULL,NULL),(935,2,518,2,'MILANO*','2014-01-24 11:49:43','City',NULL,NULL,NULL),(936,2,5,2,'2048 k','2014-01-24 12:14:38','BandwidthAssignee',NULL,NULL,NULL),(937,2,10,2,'','2014-01-24 14:18:30','Pop',NULL,NULL,NULL),(938,2,14,2,'LL14','2014-01-24 14:24:10','LocalLoop',NULL,NULL,NULL),(939,2,19,2,'Italia Kunde','2014-01-24 14:28:17','Customer',NULL,NULL,NULL),(940,2,8,2,'Italia','2014-01-24 14:30:34','Country',NULL,NULL,NULL),(941,2,33,2,'Head office Head Office Address 472 9214 ROMA*','2014-01-24 14:32:36','Address',NULL,NULL,NULL),(942,2,13,2,'aurelio Italian Admin  Customer Contact','2014-01-24 14:36:06','Contact',NULL,NULL,NULL),(943,2,14,2,'Juan-Carlos Italian Technical Customer Contact','2014-01-24 14:38:32','Contact',NULL,NULL,NULL),(944,2,19,2,'Italian Customer','2014-01-24 14:39:00','Customer',NULL,NULL,NULL),(945,2,32,2,'Spain*','2014-01-24 14:56:22','Country',NULL,NULL,NULL),(946,2,36,2,'Head office spanish cust head quarters 5920 MADRID','2014-01-24 15:06:49','Address',NULL,NULL,NULL),(947,2,37,2,'Delivery Spanish Customer 98324 MADRID','2014-01-24 15:07:33','Address',NULL,NULL,NULL),(948,2,9,2,'Agatha Christie Event Association','2014-01-24 15:50:37','Customer',NULL,NULL,NULL),(949,2,9,2,'Head office Hampstead circle no 123 bis 30659 London','2014-01-24 15:50:37','Customer',19,'Address',NULL),(950,2,15,2,'LL15','2014-01-24 16:19:11','LocalLoop',NULL,NULL,NULL),(951,2,15,2,'LL15','2014-01-24 16:21:44','LocalLoop',NULL,NULL,NULL),(952,2,15,2,'LL15','2014-01-24 17:15:30','LocalLoop',NULL,NULL,NULL),(953,2,15,2,'A1','2014-01-24 17:15:30','LocalLoop',27,'LocalLoopExtremity',NULL),(954,2,15,2,'B2','2014-01-24 17:15:30','LocalLoop',28,'LocalLoopExtremity',NULL),(955,2,15,2,'LL15','2014-01-24 17:15:30','LocalLoop',NULL,NULL,NULL),(956,2,15,2,'LL15','2014-01-24 18:04:18','LocalLoop',NULL,NULL,NULL),(957,2,15,2,'LL15','2014-01-24 18:04:18','LocalLoop',NULL,NULL,NULL),(958,2,15,2,'LL15','2014-01-24 18:05:18','LocalLoop',NULL,NULL,NULL),(959,2,3,2,'Service','2014-01-24 23:07:20','ApplicationType',NULL,NULL,NULL),(960,2,1,2,'Option d\'Option','2014-01-24 23:10:05','OptionType',NULL,NULL,NULL),(961,2,38,2,'Billing spanish Customer Billing Address 98214 GRANADA','2014-01-25 00:16:39','Address',NULL,NULL,NULL),(962,2,38,2,'test 2','2014-01-25 00:16:39','Address',NULL,'BillingGroup',NULL),(963,2,38,2,'test 1','2014-01-25 00:16:39','Address',NULL,'BillingGroup',NULL),(964,2,29,2,'A1','2014-01-27 15:02:55','LocalLoopExtremity',NULL,NULL,NULL),(965,2,30,2,'B2','2014-01-27 15:03:51','LocalLoopExtremity',NULL,NULL,NULL),(966,2,16,2,'LL16','2014-01-27 15:05:02','LocalLoop',NULL,NULL,NULL),(967,2,16,2,'LL16','2014-01-27 15:17:06','LocalLoop',NULL,NULL,NULL),(968,2,16,2,'LL16','2014-01-27 15:17:59','LocalLoop',NULL,NULL,NULL),(969,2,16,2,'LL16','2014-01-27 15:18:33','LocalLoop',NULL,NULL,NULL),(970,2,16,2,'LL16','2014-01-27 15:20:47','LocalLoop',NULL,NULL,NULL),(971,2,16,2,'LL16','2014-01-27 15:21:07','LocalLoop',NULL,NULL,NULL),(972,2,511,2,'MADRID','2014-01-27 15:25:25','City',NULL,NULL,NULL),(973,2,520,2,'GRANADA*','2014-01-27 15:25:54','City',NULL,NULL,NULL),(974,2,512,2,'Barcelone','2014-01-27 15:27:12','City',NULL,NULL,NULL),(975,2,3,2,'LL16:Version Française 2:','2014-01-27 15:31:00','CostingLocalLoopLine',NULL,NULL,NULL),(976,2,16,2,'LL16','2014-01-27 15:31:24','LocalLoop',NULL,NULL,NULL),(977,2,16,2,'LL16','2014-01-27 15:32:57','LocalLoop',NULL,NULL,NULL),(978,2,16,2,'LL16:Version Française 2:','2014-01-27 15:32:57','LocalLoop',3,'CostingLocalLoopLine',NULL),(979,2,3,2,'LL16:Version Française 2:','2014-01-27 15:48:35','CostingLocalLoopLine',NULL,NULL,NULL),(980,2,20,2,'Spanish Customer','2014-01-27 15:54:39','Customer',NULL,NULL,NULL),(981,2,16,2,'LL16','2014-01-27 15:55:40','LocalLoop',NULL,NULL,NULL),(982,2,16,2,'LL16','2014-01-27 15:55:40','LocalLoop',NULL,NULL,NULL),(983,2,14,2,'Juan-Carlos Italian Technical Customer Contact','2014-01-27 15:56:19','Contact',NULL,NULL,NULL),(984,2,28,2,'Juan-Carlos Italian Technical Customer Contact','2014-01-27 15:56:56','LocalLoopExtremityTech',NULL,NULL,NULL),(985,2,16,2,'LL16','2014-01-27 16:00:38','LocalLoop',NULL,NULL,NULL),(986,2,16,2,'LL16:Version Française 2:','2014-01-27 16:00:38','LocalLoop',3,'CostingLocalLoopLine',NULL),(987,2,16,2,'LL16','2014-01-27 16:18:03','LocalLoop',NULL,NULL,NULL),(988,2,16,2,'B2','2014-01-27 16:18:03','LocalLoop',30,'LocalLoopExtremity',NULL),(989,2,16,2,'LL16','2014-01-27 16:18:03','LocalLoop',NULL,NULL,NULL),(990,2,14,2,'Juan-Carlos Italian Technical Customer Contact','2014-01-27 16:24:43','Contact',NULL,NULL,NULL),(991,2,39,2,'Delivery Hofbraeu 94 621 ROMA*','2014-01-27 16:29:29','Address',NULL,NULL,NULL),(992,2,34,2,'Delivery Italian Customer Address 9614 MILANO*','2014-01-27 16:29:44','Address',NULL,NULL,NULL),(993,2,29,2,'A1','2014-01-27 16:30:20','LocalLoopExtremity',NULL,NULL,NULL),(994,2,27,2,'Juanjo Spanish Technical contact','2014-01-27 16:32:43','LocalLoopExtremityTech',NULL,NULL,NULL),(995,2,28,2,'Juan-Carlos Italian Technical Customer Contact','2014-01-27 16:32:57','LocalLoopExtremityTech',NULL,NULL,NULL),(996,2,16,2,'LL16','2014-01-27 16:33:03','LocalLoop',NULL,NULL,NULL),(997,2,16,2,'LL16','2014-01-27 16:34:42','LocalLoop',NULL,NULL,NULL),(998,2,16,2,'LL16','2014-01-27 16:36:12','LocalLoop',NULL,NULL,NULL),(999,2,16,2,'LL16','2014-01-27 16:37:58','LocalLoop',NULL,NULL,NULL),(1000,2,31,2,'B2New','2014-01-27 16:41:47','LocalLoopExtremity',NULL,NULL,NULL),(1001,2,16,2,'LL16','2014-01-27 16:48:20','LocalLoop',NULL,NULL,NULL),(1002,2,16,2,'LL16','2014-01-27 17:26:09','LocalLoop',NULL,NULL,NULL),(1003,2,10,2,'LL10','2014-01-27 17:27:39','LocalLoop',NULL,NULL,NULL),(1004,2,10,2,'LL10','2014-01-27 17:27:39','LocalLoop',NULL,NULL,NULL),(1005,2,10,2,'LL10','2014-01-27 17:27:39','LocalLoop',NULL,NULL,NULL),(1006,2,10,2,'LL10','2014-01-27 17:27:40','LocalLoop',NULL,NULL,NULL),(1007,2,10,2,'LL10','2014-01-27 17:28:18','LocalLoop',NULL,NULL,NULL),(1008,2,10,2,'B2Old','2014-01-27 17:28:18','LocalLoop',17,'LocalLoopExtremity',NULL),(1009,2,10,2,'LL10','2014-01-27 17:28:18','LocalLoop',NULL,NULL,NULL),(1010,2,10,2,'LL10','2014-01-27 17:28:18','LocalLoop',NULL,NULL,NULL),(1011,2,10,2,'LL10','2014-01-27 17:28:18','LocalLoop',NULL,NULL,NULL),(1012,2,16,2,'LL16','2014-01-27 17:28:59','LocalLoop',NULL,NULL,NULL),(1013,2,27,2,'Juanjo Spanish Technical contact','2014-01-27 17:34:31','LocalLoopExtremityTech',NULL,NULL,NULL),(1014,2,16,2,'LL16','2014-01-27 17:34:45','LocalLoop',NULL,NULL,NULL),(1015,2,16,2,'LL16','2014-01-27 17:36:08','LocalLoop',NULL,NULL,NULL),(1016,2,10,2,'LL10','2014-01-27 17:42:14','LocalLoop',NULL,NULL,NULL),(1017,2,10,2,'Version Française 2:','2014-01-27 17:42:14','LocalLoop',1,'LocalLoopOption',NULL),(1018,2,1,2,'LL10:Version Française 2:','2014-01-27 17:45:49','CostingLocalLoopLine',NULL,NULL,NULL),(1019,2,16,2,'LL16','2014-01-27 18:05:50','LocalLoop',NULL,NULL,NULL),(1020,2,16,2,'LL16','2014-01-27 22:51:02','LocalLoop',NULL,NULL,NULL),(1021,2,29,2,'A1','2014-01-27 22:51:37','LocalLoopExtremity',NULL,NULL,NULL),(1022,2,16,2,'LL16','2014-01-27 22:51:46','LocalLoop',NULL,NULL,NULL),(1023,2,32,2,'A1New','2014-01-27 22:52:37','LocalLoopExtremity',NULL,NULL,NULL),(1024,2,15,2,'LL15','2014-01-27 23:07:57','LocalLoop',NULL,NULL,NULL),(1025,2,15,2,'LL15','2014-01-27 23:08:19','LocalLoop',NULL,NULL,NULL),(1026,2,15,2,'LL15','2014-01-27 23:10:25','LocalLoop',NULL,NULL,NULL),(1027,2,27,2,'A1','2014-01-27 23:11:37','LocalLoopExtremity',NULL,NULL,NULL),(1028,2,25,2,'Juanjo Spanish Technical contact','2014-01-27 23:11:54','LocalLoopExtremityTech',NULL,NULL,NULL),(1029,2,28,2,'B2','2014-01-27 23:12:28','LocalLoopExtremity',NULL,NULL,NULL),(1030,2,26,2,'Juan-Carlos Italian Technical Customer Contact','2014-01-27 23:12:45','LocalLoopExtremityTech',NULL,NULL,NULL),(1031,2,15,2,'LL15','2014-01-27 23:12:55','LocalLoop',NULL,NULL,NULL),(1032,2,15,2,'LL15','2014-01-28 09:54:08','LocalLoop',NULL,NULL,NULL),(1033,2,15,2,'LL15','2014-01-28 09:55:21','LocalLoop',NULL,NULL,NULL),(1034,2,15,2,'LL15','2014-01-28 09:56:48','LocalLoop',NULL,NULL,NULL),(1035,2,15,2,'LL15','2014-01-28 10:00:23','LocalLoop',NULL,NULL,NULL),(1036,2,26,2,'B2','2014-01-28 22:54:39','LocalLoopExtremity',NULL,NULL,NULL),(1037,2,25,2,'A1','2014-01-28 22:55:10','LocalLoopExtremity',NULL,NULL,NULL),(1038,2,27,2,'A1','2014-01-28 22:56:10','LocalLoopExtremity',NULL,NULL,NULL),(1039,2,14,2,'LL14','2014-01-28 22:56:57','LocalLoop',NULL,NULL,NULL),(1040,2,14,2,'LL14','2014-01-28 22:57:24','LocalLoop',NULL,NULL,NULL),(1041,2,14,2,'LL14','2014-01-28 22:58:45','LocalLoop',NULL,NULL,NULL),(1042,2,26,2,'B2','2014-01-28 22:59:09','LocalLoopExtremity',NULL,NULL,NULL),(1043,2,14,2,'LL14','2014-01-28 22:59:19','LocalLoop',NULL,NULL,NULL),(1044,2,24,2,'Juan-Carlos Italian Technical Customer Contact','2014-01-28 22:59:44','LocalLoopExtremityTech',NULL,NULL,NULL),(1045,2,23,2,'Juanjo Spanish Technical contact','2014-01-28 22:59:58','LocalLoopExtremityTech',NULL,NULL,NULL),(1046,2,14,2,'LL14','2014-01-28 23:00:22','LocalLoop',NULL,NULL,NULL),(1047,2,11,2,'S','2014-01-29 00:59:14','Service',NULL,NULL,NULL),(1048,2,11,2,'S','2014-01-29 01:18:53','Service',NULL,NULL,NULL),(1049,2,11,2,'S','2014-01-29 01:20:37','Service',NULL,NULL,NULL),(1050,2,11,2,'S','2014-01-29 01:30:20','Service',NULL,NULL,NULL),(1051,2,22,2,'LL22','2014-01-29 11:04:48','LocalLoop',NULL,NULL,NULL),(1052,2,22,2,'B2','2014-01-29 11:04:48','LocalLoop',36,'LocalLoopExtremity',NULL),(1053,2,22,2,'A1','2014-01-29 11:04:48','LocalLoop',35,'LocalLoopExtremity',NULL),(1054,2,22,2,'LL22','2014-01-29 11:04:48','LocalLoop',NULL,NULL,NULL),(1055,2,13,2,'Billing Colt Italy Billing address 95421 MILANO*','2014-01-29 11:37:05','AddressProvider',NULL,NULL,NULL),(1056,2,22,2,'LL22','2014-01-29 13:51:18','LocalLoop',NULL,NULL,NULL),(1057,2,22,2,'LL22','2014-01-29 13:52:52','LocalLoop',NULL,NULL,NULL),(1058,2,22,2,'LL22','2014-01-29 13:53:15','LocalLoop',NULL,NULL,NULL),(1059,2,22,2,'LL22','2014-01-29 14:01:37','LocalLoop',NULL,NULL,NULL),(1060,2,22,2,'LL22','2014-01-29 14:04:53','LocalLoop',NULL,NULL,NULL),(1061,2,22,2,'LL22','2014-01-29 14:04:53','LocalLoop',NULL,NULL,NULL),(1062,2,22,2,'LL22','2014-01-29 14:05:00','LocalLoop',NULL,NULL,NULL),(1063,2,23,2,'LL23','2014-01-29 14:06:44','LocalLoop',NULL,NULL,NULL),(1064,2,23,2,'LL23','2014-01-29 14:12:36','LocalLoop',NULL,NULL,NULL),(1065,2,23,2,'B2','2014-01-29 14:12:36','LocalLoop',38,'LocalLoopExtremity',NULL),(1066,2,23,2,'A1','2014-01-29 14:12:36','LocalLoop',37,'LocalLoopExtremity',NULL),(1067,2,23,2,'LL23','2014-01-29 14:12:36','LocalLoop',NULL,NULL,NULL),(1068,2,6,2,'LL23:','2014-01-29 14:13:54','CostingLocalLoopLine',NULL,NULL,NULL),(1069,2,23,2,'LL23','2014-01-29 14:14:11','LocalLoop',NULL,NULL,NULL),(1070,2,23,2,'LL23','2014-01-29 14:17:31','LocalLoop',NULL,NULL,NULL),(1071,2,23,2,'LL23','2014-01-29 14:18:08','LocalLoop',NULL,NULL,NULL),(1072,2,23,2,'LL23','2014-01-29 14:18:43','LocalLoop',NULL,NULL,NULL),(1073,2,23,2,'LL23','2014-01-29 14:18:54','LocalLoop',NULL,NULL,NULL),(1074,2,36,2,'','2014-01-29 14:19:27','LocalLoopExtremityTech',NULL,NULL,NULL),(1075,2,23,2,'LL23','2014-01-29 14:19:33','LocalLoop',NULL,NULL,NULL),(1076,2,23,2,'LL23','2014-01-29 14:21:35','LocalLoop',NULL,NULL,NULL),(1077,2,23,2,'LL23','2014-01-29 14:22:16','LocalLoop',NULL,NULL,NULL),(1078,2,23,2,'LL23','2014-01-29 14:22:41','LocalLoop',NULL,NULL,NULL),(1079,2,23,2,'LL23','2014-01-29 14:22:52','LocalLoop',NULL,NULL,NULL),(1080,2,35,2,'','2014-01-29 14:25:51','LocalLoopExtremityTech',NULL,NULL,NULL),(1081,2,23,2,'LL23','2014-01-29 14:25:56','LocalLoop',NULL,NULL,NULL),(1082,2,38,2,'B2','2014-01-29 15:16:47','LocalLoopExtremity',NULL,NULL,NULL),(1083,2,37,2,'A1','2014-01-29 15:17:02','LocalLoopExtremity',NULL,NULL,NULL),(1084,2,24,2,'LL24','2014-01-29 16:35:28','LocalLoop',NULL,NULL,NULL),(1085,2,25,2,'LL25','2014-01-29 16:50:55','LocalLoop',NULL,NULL,NULL),(1086,2,25,2,'LL25','2014-01-29 16:52:10','LocalLoop',NULL,NULL,NULL),(1087,2,25,2,'B2','2014-01-29 16:52:11','LocalLoop',42,'LocalLoopExtremity',NULL),(1088,2,25,2,'A1','2014-01-29 16:52:11','LocalLoop',41,'LocalLoopExtremity',NULL),(1089,2,25,2,'LL25','2014-01-29 16:52:11','LocalLoop',NULL,NULL,NULL),(1090,2,25,2,'LL25','2014-01-29 16:53:14','LocalLoop',NULL,NULL,NULL),(1091,2,25,2,'LL25','2014-01-29 16:53:53','LocalLoop',NULL,NULL,NULL),(1092,2,25,2,'LL25','2014-01-29 16:54:16','LocalLoop',NULL,NULL,NULL),(1093,2,25,2,'LL25','2014-01-29 16:54:47','LocalLoop',NULL,NULL,NULL),(1094,2,25,2,'LL25','2014-01-29 16:55:12','LocalLoop',NULL,NULL,NULL),(1095,2,25,2,'LL25','2014-01-29 17:14:20','LocalLoop',NULL,NULL,NULL),(1096,2,40,2,'B2','2014-01-29 17:21:03','LocalLoopExtremity',NULL,NULL,NULL),(1097,2,39,2,'A1','2014-01-29 17:21:18','LocalLoopExtremity',NULL,NULL,NULL),(1098,2,24,2,'LL24','2014-01-29 17:21:22','LocalLoop',NULL,NULL,NULL),(1099,2,26,2,'LL26','2014-01-29 17:24:00','LocalLoop',NULL,NULL,NULL),(1100,2,44,2,'B2','2014-01-29 17:24:42','LocalLoopExtremity',NULL,NULL,NULL),(1101,2,43,2,'A1','2014-01-29 17:24:57','LocalLoopExtremity',NULL,NULL,NULL),(1102,2,26,2,'LL26','2014-01-29 17:25:04','LocalLoop',NULL,NULL,NULL),(1103,2,42,2,'Juanjo Spanish Technical contact','2014-01-29 17:25:55','LocalLoopExtremityTech',NULL,NULL,NULL),(1104,2,41,2,'Juan-Carlos Italian Technical Customer Contact','2014-01-29 17:26:08','LocalLoopExtremityTech',NULL,NULL,NULL),(1105,2,26,2,'LL26','2014-01-29 17:26:13','LocalLoop',NULL,NULL,NULL),(1106,2,26,2,'LL26','2014-01-29 17:26:29','LocalLoop',NULL,NULL,NULL),(1107,2,42,2,'Juanjo Spanish Technical contact','2014-01-29 17:26:58','LocalLoopExtremityTech',NULL,NULL,NULL),(1108,2,26,2,'LL26','2014-01-29 17:27:06','LocalLoop',NULL,NULL,NULL),(1109,2,26,2,'LL26','2014-01-29 17:28:14','LocalLoop',NULL,NULL,NULL),(1110,2,26,2,'LL26','2014-01-29 17:28:36','LocalLoop',NULL,NULL,NULL),(1111,2,26,2,'LL26','2014-01-29 17:28:50','LocalLoop',NULL,NULL,NULL),(1112,2,34,2,'B2','2014-01-29 17:38:22','LocalLoopExtremity',NULL,NULL,NULL),(1113,2,11,2,'LL11','2014-01-29 17:41:25','LocalLoop',NULL,NULL,NULL),(1114,2,46,2,'B2','2014-01-29 17:42:08','LocalLoopExtremity',NULL,NULL,NULL),(1115,2,45,2,'A1','2014-01-29 17:43:31','LocalLoopExtremity',NULL,NULL,NULL),(1116,2,42,2,'B2','2014-01-29 17:51:53','LocalLoopExtremity',NULL,NULL,NULL),(1117,2,41,2,'A1','2014-01-29 17:52:10','LocalLoopExtremity',NULL,NULL,NULL),(1118,2,26,2,'LL26','2014-01-29 17:55:06','LocalLoop',NULL,NULL,NULL),(1119,2,48,2,'B2','2014-01-29 18:01:15','LocalLoopExtremity',NULL,NULL,NULL),(1120,2,47,2,'A1','2014-01-29 18:01:34','LocalLoopExtremity',NULL,NULL,NULL),(1121,2,50,2,'B2','2014-01-29 18:15:18','LocalLoopExtremity',NULL,NULL,NULL),(1122,2,29,2,'LL29','2014-01-29 18:15:25','LocalLoop',NULL,NULL,NULL),(1123,2,49,2,'A1','2014-01-29 18:15:50','LocalLoopExtremity',NULL,NULL,NULL),(1124,2,29,2,'LL29','2014-01-29 18:15:55','LocalLoop',NULL,NULL,NULL),(1125,2,29,2,'LL29','2014-01-29 18:16:17','LocalLoop',NULL,NULL,NULL),(1126,2,29,2,'LL29','2014-01-29 18:16:39','LocalLoop',NULL,NULL,NULL),(1127,2,29,2,'LL29','2014-01-29 18:17:06','LocalLoop',NULL,NULL,NULL),(1128,2,29,2,'LL29','2014-01-29 18:17:22','LocalLoop',NULL,NULL,NULL),(1129,2,48,2,'Juanjo Spanish Technical contact','2014-01-29 18:17:58','LocalLoopExtremityTech',NULL,NULL,NULL),(1130,2,29,2,'LL29','2014-01-29 18:18:05','LocalLoop',NULL,NULL,NULL),(1131,2,47,2,'Juan-Carlos Italian Technical Customer Contact','2014-01-29 18:18:34','LocalLoopExtremityTech',NULL,NULL,NULL),(1132,2,29,2,'LL29','2014-01-29 18:18:40','LocalLoop',NULL,NULL,NULL),(1133,2,7,2,'LL29:','2014-01-29 18:20:25','CostingLocalLoopLine',NULL,NULL,NULL),(1134,2,7,2,'LL29:','2014-01-29 18:20:44','CostingLocalLoopLine',NULL,NULL,NULL),(1135,2,52,2,'B2','2014-01-29 18:22:55','LocalLoopExtremity',NULL,NULL,NULL),(1136,2,51,2,'A1','2014-01-29 18:23:11','LocalLoopExtremity',NULL,NULL,NULL),(1137,2,30,2,'LL30','2014-01-29 18:23:20','LocalLoop',NULL,NULL,NULL),(1138,2,30,2,'LL30','2014-01-29 18:24:42','LocalLoop',NULL,NULL,NULL),(1139,2,53,2,'A1','2014-01-29 18:29:13','LocalLoopExtremity',NULL,NULL,NULL),(1140,2,54,2,'B2','2014-01-29 18:29:28','LocalLoopExtremity',NULL,NULL,NULL),(1141,2,31,2,'LL31','2014-01-29 18:29:35','LocalLoop',NULL,NULL,NULL),(1142,2,31,2,'LL31','2014-01-29 18:30:21','LocalLoop',NULL,NULL,NULL),(1143,2,31,2,'LL31','2014-01-29 18:30:46','LocalLoop',NULL,NULL,NULL),(1144,2,51,2,'Juanjo Spanish Technical contact','2014-01-29 18:31:23','LocalLoopExtremityTech',NULL,NULL,NULL),(1145,2,31,2,'LL31','2014-01-29 18:31:59','LocalLoop',NULL,NULL,NULL),(1146,2,31,2,'LL31','2014-01-29 18:33:52','LocalLoop',NULL,NULL,NULL),(1147,2,31,2,'LL31','2014-01-29 18:35:40','LocalLoop',NULL,NULL,NULL),(1148,2,31,2,'LL31','2014-01-29 18:35:59','LocalLoop',NULL,NULL,NULL),(1149,2,7,2,'dcard','2014-01-29 18:45:48','ComplexModel',NULL,NULL,NULL),(1150,2,10,2,'','2014-01-29 22:26:34','Pop',NULL,NULL,NULL),(1151,2,7,2,'dcard','2014-01-29 23:03:11','ComplexModel',NULL,NULL,NULL),(1152,2,26,2,'Super Model XXL Desc','2014-01-30 00:46:31','ComplexModel',NULL,NULL,NULL),(1153,2,10,2,'','2014-01-30 00:49:36','Pop',NULL,NULL,NULL),(1154,2,17,2,'Frankfurt Cabinet 1','2014-01-30 01:16:53','CabinetInstance',NULL,NULL,NULL),(1155,2,8,2,'LL31:','2014-01-30 12:58:33','CostingLocalLoopLine',NULL,NULL,NULL),(1156,2,9,2,'LL31:','2014-01-30 13:01:20','CostingLocalLoopLine',NULL,NULL,NULL),(1157,2,10,2,'LL31:','2014-01-30 13:04:59','CostingLocalLoopLine',NULL,NULL,NULL),(1158,2,11,2,'LL31:','2014-01-30 13:08:03','CostingLocalLoopLine',NULL,NULL,NULL),(1159,2,12,2,'LL31:','2014-01-30 13:08:25','CostingLocalLoopLine',NULL,NULL,NULL),(1160,2,13,2,'LL31:','2014-01-30 13:09:42','CostingLocalLoopLine',NULL,NULL,NULL),(1161,2,14,2,'LL31:','2014-01-30 13:11:27','CostingLocalLoopLine',NULL,NULL,NULL),(1162,2,15,2,'LL31:','2014-01-30 13:15:16','CostingLocalLoopLine',NULL,NULL,NULL),(1163,2,15,2,'BB::','2014-01-30 13:33:52','CostingBackboneLinkLine',NULL,NULL,NULL),(1164,2,10,2,'BB:','2014-01-30 13:35:25','BackboneLink',NULL,NULL,NULL),(1165,2,10,2,'BB::','2014-01-30 13:35:25','BackboneLink',4,'CostingBackboneLinkLine',NULL),(1166,2,10,2,'BB::Option d\'Option:','2014-01-30 13:35:25','BackboneLink',13,'CostingBackboneLinkLine',NULL),(1167,2,10,2,'BB::','2014-01-30 13:35:25','BackboneLink',15,'CostingBackboneLinkLine',NULL),(1168,2,10,2,'BB::','2014-01-30 13:35:25','BackboneLink',16,'CostingBackboneLinkLine',NULL),(1169,2,10,2,'BB:','2014-01-30 13:35:25','BackboneLink',NULL,NULL,NULL),(1170,2,10,2,'BB:','2014-01-30 13:35:25','BackboneLink',NULL,NULL,NULL),(1171,2,10,2,'BB:','2014-01-30 13:35:25','BackboneLink',NULL,NULL,NULL),(1172,2,20,2,'Spanish Customer','2014-01-30 14:36:35','Customer',NULL,NULL,NULL),(1173,2,20,2,'Spanish Customer','2014-01-30 14:39:40','Customer',NULL,NULL,NULL),(1174,2,15,2,'LL31:','2014-01-30 15:16:30','CostingLocalLoopLine',NULL,NULL,NULL),(1175,2,31,2,'LL31','2014-01-30 16:12:36','LocalLoop',NULL,NULL,NULL),(1176,2,9,2,'the pop rock','2014-01-30 16:13:45','Pop',NULL,NULL,NULL),(1177,2,32,2,'360','2014-01-30 16:24:54','CostingCabinetLine',NULL,NULL,NULL),(1178,2,20,2,'','2014-01-30 16:31:14','CostingEquipmentLine',NULL,NULL,NULL),(1179,2,23,2,'','2014-01-30 16:32:39','CostingEquipmentLine',NULL,NULL,NULL),(1180,2,24,2,'','2014-01-30 16:34:02','CostingEquipmentLine',NULL,NULL,NULL),(1181,2,31,2,'LL31','2014-01-30 16:39:06','LocalLoop',NULL,NULL,NULL),(1182,2,31,2,'LL31','2014-01-30 16:39:25','LocalLoop',NULL,NULL,NULL),(1183,2,31,2,'LL31:','2014-01-30 16:39:25','LocalLoop',8,'CostingLocalLoopLine',NULL),(1184,2,31,2,'LL31:','2014-01-30 16:39:25','LocalLoop',9,'CostingLocalLoopLine',NULL),(1185,2,31,2,'LL31:','2014-01-30 16:39:25','LocalLoop',10,'CostingLocalLoopLine',NULL),(1186,2,31,2,'LL31:','2014-01-30 16:39:25','LocalLoop',11,'CostingLocalLoopLine',NULL),(1187,2,31,2,'LL31:','2014-01-30 16:39:25','LocalLoop',12,'CostingLocalLoopLine',NULL),(1188,2,31,2,'LL31:','2014-01-30 16:39:25','LocalLoop',13,'CostingLocalLoopLine',NULL),(1189,2,31,2,'LL31:','2014-01-30 16:39:25','LocalLoop',14,'CostingLocalLoopLine',NULL),(1190,2,31,2,'LL31:','2014-01-30 16:39:25','LocalLoop',15,'CostingLocalLoopLine',NULL),(1191,2,31,2,'LL31:','2014-01-30 16:39:25','LocalLoop',16,'CostingLocalLoopLine',NULL),(1192,2,31,2,'LL31:','2014-01-30 16:39:25','LocalLoop',17,'CostingLocalLoopLine',NULL),(1193,2,31,2,'LL31:','2014-01-30 16:39:25','LocalLoop',18,'CostingLocalLoopLine',NULL),(1194,2,30,2,'LL30','2014-01-30 17:32:13','LocalLoop',NULL,NULL,NULL),(1195,2,30,2,'LL30','2014-01-30 17:33:04','LocalLoop',NULL,NULL,NULL),(1196,2,30,2,'LL30','2014-01-30 17:39:40','LocalLoop',NULL,NULL,NULL),(1197,2,30,2,'LL30','2014-01-30 17:40:35','LocalLoop',NULL,NULL,NULL),(1198,2,30,2,'LL30','2014-01-30 17:42:49','LocalLoop',NULL,NULL,NULL),(1199,2,30,2,'LL30','2014-01-30 17:58:40','LocalLoop',NULL,NULL,NULL),(1200,2,10,2,'LL10','2014-01-30 18:01:22','LocalLoop',NULL,NULL,NULL),(1201,2,10,2,'LL10','2014-01-30 18:02:49','LocalLoop',NULL,NULL,NULL),(1202,2,36,2,'BB36:','2014-01-30 23:54:28','BackboneLink',NULL,NULL,NULL),(1203,2,13,2,'LL13','2014-01-30 23:55:55','LocalLoop',NULL,NULL,NULL),(1204,2,14,2,'Head office Frankfurt Colt Head Office street 65387 Tossa Del Mar*','2014-01-31 14:23:10','AddressProvider',NULL,NULL,NULL),(1205,2,33,2,'GERMANY','2014-01-31 14:23:57','Country',NULL,NULL,NULL),(1206,2,522,2,'BREMEN','2014-01-31 14:24:48','City',NULL,NULL,NULL),(1207,2,524,2,'STUTTGART','2014-01-31 14:25:29','City',NULL,NULL,NULL),(1208,2,8,2,'ETRALI FRANKFURT','2014-01-31 14:27:45','Branch',NULL,NULL,NULL),(1209,2,55,2,'A1','2014-01-31 14:31:45','LocalLoopExtremity',NULL,NULL,NULL),(1210,2,56,2,'B2','2014-01-31 14:32:09','LocalLoopExtremity',NULL,NULL,NULL),(1211,2,32,2,'LL32','2014-01-31 14:32:25','LocalLoop',NULL,NULL,NULL),(1212,2,15,2,'COLT Frankfurt','2014-01-31 14:37:21','Provider',NULL,NULL,NULL),(1213,2,57,2,'A1','2014-01-31 15:03:31','LocalLoopExtremity',NULL,NULL,NULL),(1214,2,58,2,'B2','2014-01-31 15:03:47','LocalLoopExtremity',NULL,NULL,NULL),(1215,2,12,2,'Billing Schneewalzermarkt 954 9429 Tossa Del Mar*','2014-01-31 15:08:08','AddressProvider',NULL,NULL,NULL),(1216,2,32,2,'Spain*','2014-01-31 15:37:07','Country',NULL,NULL,NULL),(1217,2,57,2,'A1','2014-01-31 15:38:53','LocalLoopExtremity',NULL,NULL,NULL),(1218,2,58,2,'B2','2014-01-31 15:39:02','LocalLoopExtremity',NULL,NULL,NULL),(1219,2,33,2,'LL33','2014-01-31 15:39:22','LocalLoop',NULL,NULL,NULL),(1220,2,33,2,'LL33','2014-01-31 15:39:48','LocalLoop',NULL,NULL,NULL),(1221,2,55,2,'Juanjo Spanish Technical contact','2014-01-31 15:40:25','LocalLoopExtremityTech',NULL,NULL,NULL),(1222,2,33,2,'LL33','2014-01-31 15:40:33','LocalLoop',NULL,NULL,NULL),(1223,2,56,2,'Juan-Carlos Italian Technical Customer Contact','2014-01-31 15:46:09','LocalLoopExtremityTech',NULL,NULL,NULL),(1224,2,33,2,'LL33','2014-01-31 15:46:21','LocalLoop',NULL,NULL,NULL),(1225,2,33,2,'LL33','2014-01-31 15:47:35','LocalLoop',NULL,NULL,NULL),(1226,2,33,2,'LL33','2014-01-31 16:24:18','LocalLoop',NULL,NULL,NULL),(1227,2,33,2,'LL33','2014-01-31 16:33:18','LocalLoop',NULL,NULL,NULL),(1228,2,33,2,'LL33','2014-01-31 16:35:02','LocalLoop',NULL,NULL,NULL),(1229,2,33,2,'LL33','2014-01-31 16:36:13','LocalLoop',NULL,NULL,NULL),(1230,2,33,2,'LL33','2014-01-31 16:36:19','LocalLoop',NULL,NULL,NULL),(1231,2,33,2,'LL33','2014-01-31 17:12:36','LocalLoop',NULL,NULL,NULL),(1232,2,33,2,'LL33','2014-01-31 17:14:52','LocalLoop',NULL,NULL,NULL),(1233,2,33,2,'LL33','2014-01-31 17:15:17','LocalLoop',NULL,NULL,NULL),(1234,2,33,2,'LL33','2014-01-31 17:22:00','LocalLoop',NULL,NULL,NULL),(1235,2,11,2,'S','2014-01-31 18:03:12','Service',NULL,NULL,NULL),(1236,2,1,2,'TVC:Trade Voice City','2014-02-01 22:45:48','ProductType',NULL,NULL,NULL),(1237,2,1,2,'TVC:Trade Voice City','2014-02-01 23:00:01','ProductType',NULL,NULL,NULL),(1238,2,2,2,'TVI:Trade Voice Intercity','2014-02-01 23:00:40','ProductType',NULL,NULL,NULL),(1239,2,3,2,'TD:Trade Data','2014-02-02 00:12:40','ProductType',NULL,NULL,NULL),(1240,2,4,2,'Flash','2014-02-03 12:55:02','BandwidthAssignee',NULL,NULL,NULL),(1241,2,1,2,'PROD1024','2014-02-03 12:55:31','BandwidthAssignee',NULL,NULL,NULL),(1242,2,2,2,'test','2014-02-03 12:55:49','BandwidthAssignee',NULL,NULL,NULL),(1243,2,3,2,'test 2','2014-02-03 12:56:04','BandwidthAssignee',NULL,NULL,NULL),(1244,2,5,2,'2048 k','2014-02-03 12:57:12','BandwidthAssignee',NULL,NULL,NULL),(1245,2,6,2,'T1','2014-02-03 12:57:33','BandwidthAssignee',NULL,NULL,NULL),(1246,2,27,2,'TEDL:TradExtra Datalink','2014-02-03 13:51:13','ProductType',NULL,NULL,NULL),(1247,2,5,2,'2048 k','2014-02-03 14:03:56','BandwidthAssignee',NULL,NULL,NULL),(1248,2,5,2,'2048 k','2014-02-03 14:12:00','BandwidthAssignee',NULL,NULL,NULL),(1249,2,5,2,'[TVC] Trade voice city','2014-02-03 14:12:00','BandwidthAssignee',1,'Product',NULL),(1250,2,5,2,'[TVI] Trade voice intercity','2014-02-03 14:12:00','BandwidthAssignee',2,'Product',NULL),(1251,2,5,2,'[TD] Trade data','2014-02-03 14:12:00','BandwidthAssignee',3,'Product',NULL),(1252,2,18,2,'Centimos Pesetitas Billing contact','2014-02-03 17:51:36','Contact',NULL,NULL,NULL),(1253,2,19,2,'Housing Provider','2014-02-03 17:55:39','CompanyType',NULL,NULL,NULL),(1254,2,20,2,'Cabling Provider','2014-02-03 17:56:04','CompanyType',NULL,NULL,NULL),(1255,2,11,2,'S','2014-02-03 17:58:03','Service',NULL,NULL,NULL),(1256,2,17,2,'Head office Stiftstr 54 60356 MUNICH','2014-02-03 18:03:43','AddressProvider',NULL,NULL,NULL),(1257,2,13,2,'moneylike Equinix Billing contact','2014-02-03 18:08:34','ContactProvider',NULL,NULL,NULL),(1258,2,69,2,'A1','2014-02-03 22:20:49','BackboneLinkExtremity',NULL,NULL,NULL),(1259,2,41,2,'BB41:','2014-02-03 22:20:59','BackboneLink',NULL,NULL,NULL),(1260,2,60,2,'B2','2014-02-03 22:23:29','LocalLoopExtremity',NULL,NULL,NULL),(1261,2,61,2,'A1','2014-02-04 17:59:50','LocalLoopExtremity',NULL,NULL,NULL),(1262,2,62,2,'B2','2014-02-04 18:00:07','LocalLoopExtremity',NULL,NULL,NULL),(1263,2,35,2,'LL35','2014-02-04 18:00:43','LocalLoop',NULL,NULL,NULL),(1264,2,35,2,'LL35','2014-02-04 18:01:14','LocalLoop',NULL,NULL,NULL),(1265,2,59,2,'Juanjo Spanish Technical contact','2014-02-04 18:01:46','LocalLoopExtremityTech',NULL,NULL,NULL),(1266,2,60,2,'Juan-Carlos Italian Technical Customer Contact','2014-02-04 18:02:00','LocalLoopExtremityTech',NULL,NULL,NULL),(1267,2,35,2,'LL35','2014-02-04 18:02:17','LocalLoop',NULL,NULL,NULL),(1268,2,35,2,'LL35','2014-02-04 18:02:42','LocalLoop',NULL,NULL,NULL),(1269,2,35,2,'LL35','2014-02-04 18:07:06','LocalLoop',NULL,NULL,NULL),(1270,2,35,2,'LL35','2014-02-04 18:12:56','LocalLoop',NULL,NULL,NULL),(1271,2,35,2,'LL35','2014-02-04 18:13:03','LocalLoop',NULL,NULL,NULL),(1272,2,35,2,'LL35','2014-02-04 18:15:46','LocalLoop',NULL,NULL,NULL),(1273,2,35,2,'LL35','2014-02-04 18:24:19','LocalLoop',NULL,NULL,NULL),(1274,2,63,2,'A1','2014-02-04 18:28:56','LocalLoopExtremity',NULL,NULL,NULL),(1275,2,64,2,'B2','2014-02-04 18:29:16','LocalLoopExtremity',NULL,NULL,NULL),(1276,2,36,2,'LL36','2014-02-04 18:29:34','LocalLoop',NULL,NULL,NULL),(1277,2,36,2,'LL36','2014-02-04 18:29:55','LocalLoop',NULL,NULL,NULL),(1278,2,36,2,'LL36','2014-02-04 18:30:12','LocalLoop',NULL,NULL,NULL),(1279,2,36,2,'LL36','2014-02-04 18:30:25','LocalLoop',NULL,NULL,NULL),(1280,2,36,2,'LL36','2014-02-04 18:35:30','LocalLoop',NULL,NULL,NULL),(1281,2,36,2,'LL36','2014-02-04 18:35:37','LocalLoop',NULL,NULL,NULL),(1282,2,36,2,'LL36','2014-02-04 18:36:06','LocalLoop',NULL,NULL,NULL),(1283,2,42,2,'BB42:','2014-02-04 19:06:49','BackboneLink',NULL,NULL,NULL),(1284,2,71,2,'A1','2014-02-04 19:09:00','BackboneLinkExtremity',NULL,NULL,NULL),(1285,2,72,2,'B2','2014-02-04 19:09:13','BackboneLinkExtremity',NULL,NULL,NULL),(1286,2,42,2,'BB42:','2014-02-04 19:09:18','BackboneLink',NULL,NULL,NULL),(1287,2,42,2,'BB42:','2014-02-04 19:09:44','BackboneLink',NULL,NULL,NULL),(1288,2,42,2,'BB42:','2014-02-04 19:10:06','BackboneLink',NULL,NULL,NULL),(1289,2,42,2,'BB42:','2014-02-04 19:11:17','BackboneLink',NULL,NULL,NULL),(1290,2,42,2,'BB42:','2014-02-04 19:16:16','BackboneLink',NULL,NULL,NULL),(1291,2,42,2,'BB42:','2014-02-04 19:16:22','BackboneLink',NULL,NULL,NULL),(1292,2,63,2,'SPEEDO ALONSO','2014-02-04 19:17:46','BackboneLinkExtremityTech',NULL,NULL,NULL),(1293,2,64,2,'SPEEDO ALONSO','2014-02-04 19:18:00','BackboneLinkExtremityTech',NULL,NULL,NULL),(1294,2,42,2,'BB42:','2014-02-04 19:18:08','BackboneLink',NULL,NULL,NULL),(1295,2,42,2,'BB42:','2014-02-04 19:18:30','BackboneLink',NULL,NULL,NULL),(1296,2,42,2,'BB42:','2014-02-04 19:19:01','BackboneLink',NULL,NULL,NULL),(1297,2,26,2,'LL26','2014-02-05 00:17:55','LocalLoop',NULL,NULL,NULL),(1298,2,65,2,'A1','2014-02-05 15:25:08','LocalLoopExtremity',NULL,NULL,NULL),(1299,2,66,2,'B2','2014-02-05 15:25:22','LocalLoopExtremity',NULL,NULL,NULL),(1300,2,37,2,'LL37','2014-02-05 15:25:45','LocalLoop',NULL,NULL,NULL),(1301,2,37,2,'LL37','2014-02-05 15:26:17','LocalLoop',NULL,NULL,NULL),(1302,2,37,2,'LL37','2014-02-05 15:26:39','LocalLoop',NULL,NULL,NULL),(1303,2,63,2,'Juanjo Spanish Technical contact','2014-02-05 15:27:34','LocalLoopExtremityTech',NULL,NULL,NULL),(1304,2,64,2,'Juan-Carlos Italian Technical Customer Contact','2014-02-05 15:27:49','LocalLoopExtremityTech',NULL,NULL,NULL),(1305,2,37,2,'LL37','2014-02-05 15:27:57','LocalLoop',NULL,NULL,NULL),(1306,2,37,2,'LL37','2014-02-05 15:30:10','LocalLoop',NULL,NULL,NULL),(1307,2,25,2,'LL37:','2014-02-05 15:48:45','CostingLocalLoopLine',NULL,NULL,NULL),(1308,2,25,2,'LL37:','2014-02-05 15:54:38','CostingLocalLoopLine',NULL,NULL,NULL),(1309,2,37,2,'LL37','2014-02-05 16:35:45','LocalLoop',NULL,NULL,NULL),(1310,2,37,2,'LL37','2014-02-05 16:36:22','LocalLoop',NULL,NULL,NULL),(1311,2,37,2,'LL37','2014-02-05 16:55:10','LocalLoop',NULL,NULL,NULL),(1312,2,37,2,'LL37','2014-02-05 17:00:25','LocalLoop',NULL,NULL,NULL),(1313,2,37,2,'LL37','2014-02-05 17:00:33','LocalLoop',NULL,NULL,NULL),(1314,2,37,2,'LL37','2014-02-05 17:01:12','LocalLoop',NULL,NULL,NULL),(1315,2,26,2,'LL37:','2014-02-05 17:18:18','CostingLocalLoopLine',NULL,NULL,NULL),(1316,2,7,2,'100 Mbit/s*','2014-02-05 18:13:47','BandwidthAssignee',NULL,NULL,NULL),(1317,2,9,2,'155 Mbit/s','2014-02-05 18:21:32','BandwidthAssignee',NULL,NULL,NULL),(1318,2,70,2,'B2','2014-02-05 22:46:59','BackboneLinkExtremity',NULL,NULL,NULL),(1319,2,41,2,'BB41:','2014-02-05 22:47:12','BackboneLink',NULL,NULL,NULL),(1320,2,41,2,'BB41:','2014-02-05 22:47:34','BackboneLink',NULL,NULL,NULL),(1321,2,41,2,'BB41:','2014-02-05 22:48:00','BackboneLink',NULL,NULL,NULL),(1322,2,41,2,'BB41:','2014-02-05 22:48:46','BackboneLink',NULL,NULL,NULL),(1323,2,61,2,'SPEEDO ALONSO','2014-02-05 22:49:57','BackboneLinkExtremityTech',NULL,NULL,NULL),(1324,2,62,2,'SPEEDO ALONSO','2014-02-05 22:50:15','BackboneLinkExtremityTech',NULL,NULL,NULL),(1325,2,41,2,'BB41:','2014-02-05 22:50:44','BackboneLink',NULL,NULL,NULL),(1326,2,61,2,'SPEEDO ALONSO','2014-02-05 22:52:48','BackboneLinkExtremityTech',NULL,NULL,NULL),(1327,2,62,2,'SPEEDO ALONSO','2014-02-05 22:53:01','BackboneLinkExtremityTech',NULL,NULL,NULL),(1328,2,47,2,'Juan-Carlos Italian Technical Customer Contact','2014-02-05 23:04:13','LocalLoopExtremityTech',NULL,NULL,NULL),(1329,2,47,2,'Juan-Carlos Italian Technical Customer Contact','2014-02-05 23:07:10','LocalLoopExtremityTech',NULL,NULL,NULL),(1330,2,47,2,'Juan-Carlos Italian Technical Customer Contact','2014-02-05 23:09:37','LocalLoopExtremityTech',NULL,NULL,NULL),(1331,2,1,2,'','2014-02-06 17:12:19','BillingService',NULL,NULL,NULL),(1332,2,1,2,':','2014-02-06 17:12:19','BillingService',NULL,'BillingServiceLine',NULL),(1333,2,1,2,'','2014-02-06 17:19:27','BillingService',NULL,NULL,NULL),(1334,2,1,2,':','2014-02-06 17:19:27','BillingService',NULL,'BillingServiceLine',NULL),(1335,2,10,2,'','2014-02-06 18:01:01','Pop',NULL,NULL,NULL),(1336,2,11,2,'S','2014-02-06 18:08:25','Service',NULL,NULL,NULL),(1337,2,11,2,'S','2014-02-06 18:10:40','Service',NULL,NULL,NULL),(1338,2,11,2,'S','2014-02-06 18:11:50','Service',NULL,NULL,NULL),(1339,2,11,2,'S','2014-02-06 18:13:29','Service',NULL,NULL,NULL),(1340,2,11,2,'S','2014-02-06 18:14:05','Service',NULL,NULL,NULL),(1341,2,11,2,'S','2014-02-06 18:15:12','Service',NULL,NULL,NULL),(1342,2,4,2,'Off net','2014-02-10 07:44:28','ProductCaracs',NULL,NULL,NULL),(1343,2,2,2,'SIP','2014-02-10 07:45:33','ProductCaracs',NULL,NULL,NULL),(1344,2,11,2,'S','2014-02-10 08:00:17','Service',NULL,NULL,NULL),(1345,2,11,2,'S','2014-02-10 08:13:15','Service',NULL,NULL,NULL),(1346,2,1,2,'S1','2014-02-10 08:38:40','ServiceExtremity',NULL,NULL,NULL),(1347,2,1,2,'S1','2014-02-10 09:00:28','ServiceExtremity',NULL,NULL,NULL),(1348,2,1,2,'S1','2014-02-10 09:00:57','ServiceExtremity',NULL,NULL,NULL),(1349,2,1,2,'S1','2014-02-10 09:01:18','ServiceExtremity',NULL,NULL,NULL),(1350,2,11,2,'S','2014-02-10 09:01:28','Service',NULL,NULL,NULL),(1351,2,11,2,'S','2014-02-10 09:05:56','Service',NULL,NULL,NULL),(1352,2,11,2,'S','2014-02-10 09:30:14','Service',NULL,NULL,NULL),(1353,2,11,2,'S','2014-02-10 09:32:53','Service',NULL,NULL,NULL),(1354,2,1,2,'S1','2014-02-10 09:33:27','ServiceExtremity',NULL,NULL,NULL),(1355,2,11,2,'S','2014-02-10 09:33:35','Service',NULL,NULL,NULL),(1356,2,11,2,'S','2014-02-10 09:37:18','Service',NULL,NULL,NULL),(1357,2,11,2,'S','2014-02-10 11:03:01','Service',NULL,NULL,NULL),(1358,2,11,2,'SIP : ','2014-02-10 11:03:01','Service',67,'ServiceCaracs',NULL),(1359,2,11,2,'Connection : turret-to-turret','2014-02-10 11:03:01','Service',70,'ServiceCaracs',NULL),(1360,2,11,2,'Off net : ','2014-02-10 11:03:01','Service',71,'ServiceCaracs',NULL),(1361,2,11,2,'S','2014-02-10 11:03:14','Service',NULL,NULL,NULL),(1362,2,11,2,'SIP : ','2014-02-10 11:03:14','Service',67,'ServiceCaracs',NULL),(1363,2,11,2,'Connection : frame-to-frame','2014-02-10 11:03:14','Service',70,'ServiceCaracs',NULL),(1364,2,11,2,'Off net : ','2014-02-10 11:03:14','Service',71,'ServiceCaracs',NULL),(1365,2,11,2,'S','2014-02-10 16:02:00','Service',NULL,NULL,NULL),(1366,2,11,2,'SIP : ','2014-02-10 16:02:01','Service',67,'ServiceCaracs',NULL),(1367,2,11,2,'Off net : ','2014-02-10 16:02:01','Service',71,'ServiceCaracs',NULL),(1368,2,11,2,'S','2014-02-10 16:03:44','Service',NULL,NULL,NULL),(1369,2,11,2,'SIP : ','2014-02-10 16:03:44','Service',67,'ServiceCaracs',NULL),(1370,2,11,2,'Off net : ','2014-02-10 16:03:44','Service',71,'ServiceCaracs',NULL),(1371,2,11,2,'S','2014-02-10 16:43:23','Service',NULL,NULL,NULL),(1372,2,11,2,'SIP : ','2014-02-10 16:43:23','Service',67,'ServiceCaracs',NULL),(1373,2,11,2,'Connection : ','2014-02-10 16:43:23','Service',70,'ServiceCaracs',NULL),(1374,2,11,2,'Off net : 1','2014-02-10 16:43:23','Service',71,'ServiceCaracs',NULL),(1375,2,11,2,'S','2014-02-10 16:44:46','Service',NULL,NULL,NULL),(1376,2,11,2,'SIP : ','2014-02-10 16:44:46','Service',67,'ServiceCaracs',NULL),(1377,2,11,2,'Nb of SIP : 5','2014-02-10 16:44:46','Service',68,'ServiceCaracs',NULL),(1378,2,11,2,'Off net : 1','2014-02-10 16:44:46','Service',71,'ServiceCaracs',NULL),(1379,2,11,2,'S','2014-02-10 16:45:07','Service',NULL,NULL,NULL),(1380,2,11,2,'SIP : ','2014-02-10 16:45:07','Service',67,'ServiceCaracs',NULL),(1381,2,11,2,'Nb of SIP : 5','2014-02-10 16:45:07','Service',68,'ServiceCaracs',NULL),(1382,2,11,2,'Connection : frame-to-frame','2014-02-10 16:45:07','Service',70,'ServiceCaracs',NULL),(1383,2,11,2,'Off net : 1','2014-02-10 16:45:07','Service',71,'ServiceCaracs',NULL),(1384,2,11,2,'S','2014-02-10 16:45:32','Service',NULL,NULL,NULL),(1385,2,11,2,'SIP : ','2014-02-10 16:45:32','Service',67,'ServiceCaracs',NULL),(1386,2,11,2,'Nb of SIP : 5','2014-02-10 16:45:32','Service',68,'ServiceCaracs',NULL),(1387,2,11,2,'Off net : 1','2014-02-10 16:45:32','Service',71,'ServiceCaracs',NULL),(1388,2,11,2,'S','2014-02-10 16:47:33','Service',NULL,NULL,NULL),(1389,2,11,2,'SIP : ','2014-02-10 16:47:33','Service',67,'ServiceCaracs',NULL),(1390,2,11,2,'Nb of SIP : 5','2014-02-10 16:47:33','Service',68,'ServiceCaracs',NULL),(1391,2,11,2,'Off net : 1','2014-02-10 16:47:33','Service',71,'ServiceCaracs',NULL),(1392,2,11,2,'S','2014-02-10 16:48:13','Service',NULL,NULL,NULL),(1393,2,11,2,'SIP : ','2014-02-10 16:48:14','Service',67,'ServiceCaracs',NULL),(1394,2,11,2,'Nb of SIP : 5','2014-02-10 16:48:14','Service',68,'ServiceCaracs',NULL),(1395,2,11,2,'Off net : 1','2014-02-10 16:48:14','Service',71,'ServiceCaracs',NULL),(1396,2,11,2,'S','2014-02-10 16:50:55','Service',NULL,NULL,NULL),(1397,2,11,2,'SIP : ','2014-02-10 16:50:55','Service',67,'ServiceCaracs',NULL),(1398,2,11,2,'Nb of SIP : 5','2014-02-10 16:50:55','Service',68,'ServiceCaracs',NULL),(1399,2,11,2,'Off net : 1','2014-02-10 16:50:55','Service',71,'ServiceCaracs',NULL),(1400,2,11,2,'S','2014-02-10 17:03:29','Service',NULL,NULL,NULL),(1401,2,11,2,'SIP : ','2014-02-10 17:03:29','Service',67,'ServiceCaracs',NULL),(1402,2,11,2,'Nb of SIP : 5','2014-02-10 17:03:29','Service',68,'ServiceCaracs',NULL),(1403,2,11,2,'Off net : 1','2014-02-10 17:03:29','Service',71,'ServiceCaracs',NULL),(1404,2,11,2,'S','2014-02-10 17:13:02','Service',NULL,NULL,NULL),(1405,2,11,2,'SIP : ','2014-02-10 17:13:02','Service',67,'ServiceCaracs',NULL),(1406,2,11,2,'Nb of SIP : 5','2014-02-10 17:13:02','Service',68,'ServiceCaracs',NULL),(1407,2,11,2,'Off net : 1','2014-02-10 17:13:02','Service',71,'ServiceCaracs',NULL),(1408,2,11,2,'S','2014-02-10 17:13:20','Service',NULL,NULL,NULL),(1409,2,11,2,'SIP : ','2014-02-10 17:13:20','Service',67,'ServiceCaracs',NULL),(1410,2,11,2,'Nb of SIP : 5','2014-02-10 17:13:20','Service',68,'ServiceCaracs',NULL),(1411,2,11,2,'Off net : 1','2014-02-10 17:13:20','Service',71,'ServiceCaracs',NULL),(1412,2,11,2,'S','2014-02-10 17:21:51','Service',NULL,NULL,NULL),(1413,2,11,2,'SIP : ','2014-02-10 17:21:51','Service',67,'ServiceCaracs',NULL),(1414,2,11,2,'Nb of SIP : 5','2014-02-10 17:21:51','Service',68,'ServiceCaracs',NULL),(1415,2,11,2,'Off net : 1','2014-02-10 17:21:51','Service',71,'ServiceCaracs',NULL),(1416,2,11,2,'S','2014-02-10 17:30:13','Service',NULL,NULL,NULL),(1417,2,11,2,'SIP : ','2014-02-10 17:30:13','Service',67,'ServiceCaracs',NULL),(1418,2,11,2,'Nb of SIP : 5','2014-02-10 17:30:13','Service',68,'ServiceCaracs',NULL),(1419,2,11,2,'Off net : 1','2014-02-10 17:30:13','Service',71,'ServiceCaracs',NULL),(1420,2,11,2,'S','2014-02-10 17:32:11','Service',NULL,NULL,NULL),(1421,2,11,2,'SIP : ','2014-02-10 17:32:11','Service',67,'ServiceCaracs',NULL),(1422,2,11,2,'Nb of SIP : 5','2014-02-10 17:32:11','Service',68,'ServiceCaracs',NULL),(1423,2,11,2,'Off net : 1','2014-02-10 17:32:11','Service',71,'ServiceCaracs',NULL),(1424,2,11,2,'S','2014-02-10 17:35:55','Service',NULL,NULL,NULL),(1425,2,11,2,'SIP : ','2014-02-10 17:35:55','Service',67,'ServiceCaracs',NULL),(1426,2,11,2,'Nb of SIP : 5','2014-02-10 17:35:55','Service',68,'ServiceCaracs',NULL),(1427,2,11,2,'Off net : 1','2014-02-10 17:35:55','Service',71,'ServiceCaracs',NULL),(1428,2,11,2,'S','2014-02-10 17:37:11','Service',NULL,NULL,NULL),(1429,2,11,2,'SIP : ','2014-02-10 17:37:11','Service',67,'ServiceCaracs',NULL),(1430,2,11,2,'Nb of SIP : 5','2014-02-10 17:37:11','Service',68,'ServiceCaracs',NULL),(1431,2,11,2,'Off net : 1','2014-02-10 17:37:11','Service',71,'ServiceCaracs',NULL),(1432,2,11,2,'S','2014-02-10 17:45:06','Service',NULL,NULL,NULL),(1433,2,11,2,'SIP : ','2014-02-10 17:45:06','Service',67,'ServiceCaracs',NULL),(1434,2,11,2,'Nb of SIP : 5','2014-02-10 17:45:06','Service',68,'ServiceCaracs',NULL),(1435,2,11,2,'Off net : 1','2014-02-10 17:45:06','Service',71,'ServiceCaracs',NULL),(1436,2,11,2,'S','2014-02-10 17:51:24','Service',NULL,NULL,NULL),(1437,2,11,2,'SIP : ','2014-02-10 17:51:24','Service',67,'ServiceCaracs',NULL),(1438,2,11,2,'Nb of SIP : 5','2014-02-10 17:51:24','Service',68,'ServiceCaracs',NULL),(1439,2,11,2,'Off net : 1','2014-02-10 17:51:24','Service',71,'ServiceCaracs',NULL),(1440,2,11,2,'S','2014-02-10 17:53:13','Service',NULL,NULL,NULL),(1441,2,11,2,'SIP : ','2014-02-10 17:53:13','Service',67,'ServiceCaracs',NULL),(1442,2,11,2,'Nb of SIP : 5','2014-02-10 17:53:13','Service',68,'ServiceCaracs',NULL),(1443,2,11,2,'Off net : 1','2014-02-10 17:53:13','Service',71,'ServiceCaracs',NULL),(1444,2,11,2,'S','2014-02-10 17:54:10','Service',NULL,NULL,NULL),(1445,2,11,2,'SIP : ','2014-02-10 17:54:10','Service',67,'ServiceCaracs',NULL),(1446,2,11,2,'Nb of SIP : 5','2014-02-10 17:54:10','Service',68,'ServiceCaracs',NULL),(1447,2,11,2,'Off net : 1','2014-02-10 17:54:10','Service',71,'ServiceCaracs',NULL),(1448,2,11,2,'S','2014-02-10 17:57:40','Service',NULL,NULL,NULL),(1449,2,11,2,'SIP : ','2014-02-10 17:57:40','Service',67,'ServiceCaracs',NULL),(1450,2,11,2,'Nb of SIP : 5','2014-02-10 17:57:40','Service',68,'ServiceCaracs',NULL),(1451,2,11,2,'Off net : 1','2014-02-10 17:57:40','Service',71,'ServiceCaracs',NULL),(1452,2,20,2,'Spanish Customer','2014-02-10 18:48:03','Customer',NULL,NULL,NULL),(1453,2,1,2,'S1','2014-02-10 18:48:33','ServiceExtremity',NULL,NULL,NULL),(1454,2,11,2,'S','2014-02-10 18:48:40','Service',NULL,NULL,NULL),(1455,2,11,2,'SIP : ','2014-02-10 18:48:40','Service',67,'ServiceCaracs',NULL),(1456,2,11,2,'Nb of SIP : 5','2014-02-10 18:48:40','Service',68,'ServiceCaracs',NULL),(1457,2,11,2,'Off net : 1','2014-02-10 18:48:40','Service',71,'ServiceCaracs',NULL),(1458,2,1,2,'S1','2014-02-10 22:35:06','ServiceExtremity',NULL,NULL,NULL),(1459,2,1,2,'Acceptance contact : 19','2014-02-10 22:35:06','ServiceExtremity',56,'ServiceCaracs',NULL),(1460,2,1,2,'Trader : kljlkj','2014-02-10 22:35:06','ServiceExtremity',69,'ServiceCaracs',NULL),(1461,2,1,2,'S1','2014-02-10 22:37:06','ServiceExtremity',NULL,NULL,NULL),(1462,2,1,2,'Acceptance contact : 19','2014-02-10 22:37:06','ServiceExtremity',56,'ServiceCaracs',NULL),(1463,2,1,2,'Spanish Customer','2014-02-10 23:29:28','BillingService',NULL,NULL,NULL),(1464,2,1,2,':','2014-02-10 23:29:28','BillingService',6,'BillingServiceLine',NULL),(1465,2,1,2,':','2014-02-10 23:29:28','BillingService',NULL,'BillingServiceLine',NULL),(1466,2,11,2,'S','2014-02-10 23:31:53','Service',NULL,NULL,NULL),(1467,2,11,2,'SIP : ','2014-02-10 23:31:54','Service',67,'ServiceCaracs',NULL),(1468,2,11,2,'Nb of SIP : 5','2014-02-10 23:31:54','Service',68,'ServiceCaracs',NULL),(1469,2,11,2,'Off net : 1','2014-02-10 23:31:54','Service',71,'ServiceCaracs',NULL),(1470,2,1,2,'Spanish Customer','2014-02-10 23:51:14','BillingService',NULL,NULL,NULL),(1471,2,1,2,':','2014-02-10 23:51:14','BillingService',6,'BillingServiceLine',NULL),(1472,2,1,2,':','2014-02-10 23:51:14','BillingService',7,'BillingServiceLine',NULL),(1473,2,1,2,'Spanish Customer','2014-02-10 23:54:45','BillingService',NULL,NULL,NULL),(1474,2,1,2,':','2014-02-10 23:54:45','BillingService',6,'BillingServiceLine',NULL),(1475,2,1,2,':','2014-02-10 23:54:45','BillingService',7,'BillingServiceLine',NULL),(1476,2,11,2,'S','2014-02-10 23:54:53','Service',NULL,NULL,NULL),(1477,2,11,2,'SIP : ','2014-02-10 23:54:53','Service',67,'ServiceCaracs',NULL),(1478,2,11,2,'Nb of SIP : 5','2014-02-10 23:54:53','Service',68,'ServiceCaracs',NULL),(1479,2,11,2,'Off net : 1','2014-02-10 23:54:53','Service',71,'ServiceCaracs',NULL),(1480,2,1,2,'Spanish Customer','2014-02-10 23:57:04','BillingService',NULL,NULL,NULL),(1481,2,1,2,':','2014-02-10 23:57:04','BillingService',6,'BillingServiceLine',NULL),(1482,2,1,2,':','2014-02-10 23:57:04','BillingService',7,'BillingServiceLine',NULL),(1483,2,11,2,'S','2014-02-10 23:57:11','Service',NULL,NULL,NULL),(1484,2,11,2,'SIP : ','2014-02-10 23:57:11','Service',67,'ServiceCaracs',NULL),(1485,2,11,2,'Nb of SIP : 5','2014-02-10 23:57:11','Service',68,'ServiceCaracs',NULL),(1486,2,11,2,'Off net : 1','2014-02-10 23:57:11','Service',71,'ServiceCaracs',NULL),(1487,2,11,2,'S','2014-02-10 23:58:17','Service',NULL,NULL,NULL),(1488,2,11,2,'SIP : ','2014-02-10 23:58:17','Service',67,'ServiceCaracs',NULL),(1489,2,11,2,'Nb of SIP : 5','2014-02-10 23:58:17','Service',68,'ServiceCaracs',NULL),(1490,2,11,2,'Off net : 1','2014-02-10 23:58:17','Service',71,'ServiceCaracs',NULL),(1491,2,11,2,'S','2014-02-10 23:59:08','Service',NULL,NULL,NULL),(1492,2,11,2,'SIP : ','2014-02-10 23:59:08','Service',67,'ServiceCaracs',NULL),(1493,2,11,2,'Nb of SIP : 5','2014-02-10 23:59:08','Service',68,'ServiceCaracs',NULL),(1494,2,11,2,'Off net : 1','2014-02-10 23:59:08','Service',71,'ServiceCaracs',NULL),(1497,2,11,2,'S','2014-02-11 00:09:55','Service',NULL,NULL,NULL),(1498,2,11,2,'SIP : ','2014-02-11 00:09:56','Service',67,'ServiceCaracs',NULL),(1499,2,11,2,'Nb of SIP : 5','2014-02-11 00:09:56','Service',68,'ServiceCaracs',NULL),(1500,2,11,2,'Off net : 1','2014-02-11 00:09:56','Service',71,'ServiceCaracs',NULL),(1503,2,11,2,'S','2014-02-11 00:12:39','Service',NULL,NULL,NULL),(1504,2,11,2,'test','2014-02-11 00:12:39','Service',67,'ServiceCaracs',NULL),(1505,2,11,2,'test','2014-02-11 00:12:39','Service',68,'ServiceCaracs',NULL),(1506,2,11,2,'test','2014-02-11 00:12:39','Service',71,'ServiceCaracs',NULL),(1510,2,11,2,'S','2014-02-11 00:18:16','Service',NULL,NULL,NULL),(1511,2,11,2,'test','2014-02-11 00:18:16','Service',67,'ServiceCaracs',NULL),(1512,2,11,2,'test','2014-02-11 00:18:16','Service',68,'ServiceCaracs',NULL),(1513,2,11,2,'test','2014-02-11 00:18:16','Service',71,'ServiceCaracs',NULL),(1517,2,11,2,'S','2014-02-11 00:23:21','Service',NULL,NULL,NULL),(1518,2,11,2,'test','2014-02-11 00:23:21','Service',67,'ServiceCaracs',NULL),(1519,2,11,2,'test','2014-02-11 00:23:21','Service',68,'ServiceCaracs',NULL),(1520,2,11,2,'test','2014-02-11 00:23:21','Service',71,'ServiceCaracs',NULL),(1527,2,1,2,'S1','2014-02-11 00:33:43','ServiceExtremity',NULL,NULL,NULL),(1528,2,1,2,'test','2014-02-11 00:33:43','ServiceExtremity',56,'ServiceCaracs',NULL),(1529,2,1,2,'test','2014-02-11 00:33:43','ServiceExtremity',58,'ServiceCaracs',NULL),(1530,2,1,2,'S1','2014-02-11 00:35:44','ServiceExtremity',NULL,NULL,NULL),(1531,2,1,2,'test','2014-02-11 00:35:44','ServiceExtremity',56,'ServiceCaracs',NULL),(1532,2,1,2,'test','2014-02-11 00:35:44','ServiceExtremity',58,'ServiceCaracs',NULL),(1533,2,11,2,'S','2014-02-11 00:35:59','Service',NULL,NULL,NULL),(1534,2,11,2,'test','2014-02-11 00:35:59','Service',67,'ServiceCaracs',NULL),(1535,2,11,2,'test','2014-02-11 00:35:59','Service',68,'ServiceCaracs',NULL),(1536,2,11,2,'test','2014-02-11 00:35:59','Service',71,'ServiceCaracs',NULL),(1537,2,20,2,'Head office Plaza Tower, A-321 98HJT54 Edingburgh*','2014-02-11 10:58:16','AddressProvider',NULL,NULL,NULL),(1538,2,14,2,'Fast Longline','2014-02-11 11:10:03','ContactProvider',NULL,NULL,NULL),(1539,2,39,2,'LL39','2014-02-11 11:14:05','LocalLoop',NULL,NULL,NULL),(1540,2,2,2,'TULLET PREBON EUROPE*','2014-02-11 11:18:32','CustomerGroup',NULL,NULL,NULL),(1541,2,527,2,'Frankfurt am Main','2014-02-11 11:21:46','City',NULL,NULL,NULL),(1542,2,10,2,'','2014-02-11 11:50:44','Pop',NULL,NULL,NULL),(1543,2,70,2,'A1','2014-02-11 11:52:35','LocalLoopExtremity',NULL,NULL,NULL),(1544,2,71,2,'B2','2014-02-11 11:56:27','LocalLoopExtremity',NULL,NULL,NULL),(1545,2,20,2,'Spanish Customer','2014-02-11 11:57:55','Customer',NULL,NULL,NULL),(1546,2,39,2,'LL39','2014-02-11 12:16:08','LocalLoop',NULL,NULL,NULL),(1547,2,39,2,'LL39','2014-02-11 12:16:32','LocalLoop',NULL,NULL,NULL),(1548,2,39,2,'LL39','2014-02-11 12:17:29','LocalLoop',NULL,NULL,NULL),(1549,2,68,2,'','2014-02-11 12:17:50','LocalLoopExtremityTech',NULL,NULL,NULL),(1550,2,39,2,'LL39','2014-02-11 12:17:59','LocalLoop',NULL,NULL,NULL),(1551,2,69,2,'Juanjo Spanish Technical contact','2014-02-11 12:18:22','LocalLoopExtremityTech',NULL,NULL,NULL),(1552,2,39,2,'LL39','2014-02-11 12:18:33','LocalLoop',NULL,NULL,NULL),(1553,2,40,2,'LL40','2014-02-11 12:21:05','LocalLoop',NULL,NULL,NULL),(1554,2,72,2,'A1','2014-02-11 12:21:56','LocalLoopExtremity',NULL,NULL,NULL),(1555,2,73,2,'B2','2014-02-11 12:22:28','LocalLoopExtremity',NULL,NULL,NULL),(1556,2,40,2,'LL40','2014-02-11 12:22:48','LocalLoop',NULL,NULL,NULL),(1557,2,40,2,'LL40','2014-02-11 12:25:58','LocalLoop',NULL,NULL,NULL),(1558,2,40,2,'LL40','2014-02-11 12:26:18','LocalLoop',NULL,NULL,NULL),(1559,2,70,2,'','2014-02-11 12:26:35','LocalLoopExtremityTech',NULL,NULL,NULL),(1560,2,71,2,'Juanjo Spanish Technical contact','2014-02-11 12:26:49','LocalLoopExtremityTech',NULL,NULL,NULL),(1561,2,40,2,'LL40','2014-02-11 12:26:57','LocalLoop',NULL,NULL,NULL),(1562,2,71,2,'Juanjo Spanish Technical contact','2014-02-11 12:27:12','LocalLoopExtremityTech',NULL,NULL,NULL),(1563,2,70,2,'','2014-02-11 12:27:22','LocalLoopExtremityTech',NULL,NULL,NULL),(1564,2,40,2,'LL40','2014-02-11 12:27:30','LocalLoop',NULL,NULL,NULL),(1565,2,40,2,'LL40','2014-02-11 12:27:48','LocalLoop',NULL,NULL,NULL),(1566,2,40,2,'LL40','2014-02-11 12:28:09','LocalLoop',NULL,NULL,NULL),(1567,2,74,2,'A1','2014-02-11 12:39:08','LocalLoopExtremity',NULL,NULL,NULL),(1568,2,75,2,'B2','2014-02-11 12:39:41','LocalLoopExtremity',NULL,NULL,NULL),(1569,2,41,2,'LL41','2014-02-11 12:39:56','LocalLoop',NULL,NULL,NULL),(1570,2,41,2,'LL41','2014-02-11 12:40:21','LocalLoop',NULL,NULL,NULL),(1571,2,41,2,'LL41','2014-02-11 12:40:59','LocalLoop',NULL,NULL,NULL),(1572,2,72,2,'','2014-02-11 12:41:35','LocalLoopExtremityTech',NULL,NULL,NULL),(1573,2,73,2,'','2014-02-11 12:41:47','LocalLoopExtremityTech',NULL,NULL,NULL),(1574,2,41,2,'LL41','2014-02-11 12:41:54','LocalLoop',NULL,NULL,NULL),(1575,2,73,2,'','2014-02-11 12:44:03','LocalLoopExtremityTech',NULL,NULL,NULL),(1576,2,41,2,'LL41','2014-02-11 12:44:09','LocalLoop',NULL,NULL,NULL),(1577,2,76,2,'A1','2014-02-11 12:51:51','LocalLoopExtremity',NULL,NULL,NULL),(1578,2,77,2,'B2','2014-02-11 12:52:11','LocalLoopExtremity',NULL,NULL,NULL),(1579,2,42,2,'LL42','2014-02-11 15:47:39','LocalLoop',NULL,NULL,NULL),(1580,2,74,2,'','2014-02-11 15:48:01','LocalLoopExtremityTech',NULL,NULL,NULL),(1581,2,75,2,'Juanjo Spanish Technical contact','2014-02-11 15:48:14','LocalLoopExtremityTech',NULL,NULL,NULL),(1582,2,42,2,'LL42','2014-02-11 15:48:24','LocalLoop',NULL,NULL,NULL),(1583,2,42,2,'LL42','2014-02-11 15:48:40','LocalLoop',NULL,NULL,NULL),(1584,2,42,2,'LL42','2014-02-11 15:48:52','LocalLoop',NULL,NULL,NULL),(1585,2,17,2,'COLT UK*','2014-02-11 18:24:55','Provider',NULL,NULL,NULL),(1586,2,17,2,'COLT UK*','2014-02-11 18:25:03','Provider',NULL,NULL,NULL),(1587,2,19,2,'A1','2014-02-11 18:28:59','LocalLoopExtremity',NULL,NULL,NULL),(1588,2,9,2,'E : the pop rock','2014-02-12 18:51:37','Pop',NULL,NULL,NULL),(1589,2,9,2,'E_MADPLA87432 : the pop rock','2014-02-12 18:52:21','Pop',NULL,NULL,NULL),(1590,2,9,2,'E_MADPLA87432 : the pop rock','2014-02-12 18:52:57','Pop',NULL,NULL,NULL),(1591,2,78,2,'A1','2014-02-12 18:53:33','LocalLoopExtremity',NULL,NULL,NULL),(1592,2,79,2,'B2','2014-02-12 18:54:01','LocalLoopExtremity',NULL,NULL,NULL),(1593,2,43,2,'LL43','2014-02-12 18:54:17','LocalLoop',NULL,NULL,NULL),(1594,2,43,2,'LL43','2014-02-12 18:55:11','LocalLoop',NULL,NULL,NULL),(1595,2,43,2,'LL43','2014-02-12 18:55:32','LocalLoop',NULL,NULL,NULL),(1596,2,76,2,'','2014-02-12 18:55:54','LocalLoopExtremityTech',NULL,NULL,NULL),(1597,2,77,2,'Donja Sunshine','2014-02-12 18:56:06','LocalLoopExtremityTech',NULL,NULL,NULL),(1598,2,43,2,'LL43','2014-02-12 18:56:11','LocalLoop',NULL,NULL,NULL),(1599,2,80,2,'A1','2014-02-12 18:57:30','LocalLoopExtremity',NULL,NULL,NULL),(1600,2,81,2,'B2','2014-02-12 18:57:45','LocalLoopExtremity',NULL,NULL,NULL),(1601,2,80,2,'A1','2014-02-12 18:58:11','LocalLoopExtremity',NULL,NULL,NULL),(1602,2,44,2,'LL44','2014-02-12 18:58:18','LocalLoop',NULL,NULL,NULL),(1603,2,44,2,'LL44','2014-02-12 18:58:35','LocalLoop',NULL,NULL,NULL),(1604,2,82,2,'A1','2014-02-12 19:00:17','LocalLoopExtremity',NULL,NULL,NULL),(1605,2,83,2,'B2','2014-02-12 19:00:30','LocalLoopExtremity',NULL,NULL,NULL),(1606,2,45,2,'LL45','2014-02-12 19:00:36','LocalLoop',NULL,NULL,NULL),(1607,2,45,2,'LL45','2014-02-12 19:01:05','LocalLoop',NULL,NULL,NULL),(1608,2,45,2,'LL45','2014-02-12 19:01:19','LocalLoop',NULL,NULL,NULL),(1609,2,45,2,'LL45','2014-02-12 19:01:39','LocalLoop',NULL,NULL,NULL),(1610,2,45,2,'LL45','2014-02-12 19:01:51','LocalLoop',NULL,NULL,NULL),(1611,2,80,2,'','2014-02-12 19:02:18','LocalLoopExtremityTech',NULL,NULL,NULL),(1612,2,81,2,'Juanjo Spanish Technical contact','2014-02-12 19:02:30','LocalLoopExtremityTech',NULL,NULL,NULL),(1613,2,45,2,'LL45','2014-02-12 19:02:35','LocalLoop',NULL,NULL,NULL),(1614,2,40,2,'LL40','2014-02-12 19:03:57','LocalLoop',NULL,NULL,NULL),(1615,2,40,2,'LL40','2014-02-12 19:04:58','LocalLoop',NULL,NULL,NULL),(1616,2,45,2,'LL45','2014-02-12 19:05:09','LocalLoop',NULL,NULL,NULL),(1617,2,39,2,'LL39','2014-02-14 15:10:15','LocalLoop',NULL,NULL,NULL),(1618,2,84,2,'A1','2014-02-14 15:11:17','LocalLoopExtremity',NULL,NULL,NULL),(1619,2,85,2,'B2','2014-02-14 15:11:32','LocalLoopExtremity',NULL,NULL,NULL),(1620,2,46,2,'LL46','2014-02-14 15:11:37','LocalLoop',NULL,NULL,NULL),(1621,2,46,2,'LL46','2014-02-14 15:12:23','LocalLoop',NULL,NULL,NULL),(1622,2,46,2,'LL46','2014-02-14 15:13:43','LocalLoop',NULL,NULL,NULL),(1623,2,82,2,'','2014-02-14 15:14:07','LocalLoopExtremityTech',NULL,NULL,NULL),(1624,2,83,2,'Juanjo Spanish Technical contact','2014-02-14 15:14:18','LocalLoopExtremityTech',NULL,NULL,NULL),(1625,2,46,2,'LL46','2014-02-14 15:14:25','LocalLoop',NULL,NULL,NULL),(1626,2,39,2,'LL39','2014-02-14 15:16:11','LocalLoop',NULL,NULL,NULL),(1627,2,46,2,'LL46','2014-02-14 15:16:42','LocalLoop',NULL,NULL,NULL),(1628,2,71,2,'B2','2014-02-14 15:17:56','LocalLoopExtremity',NULL,NULL,NULL),(1629,2,39,2,'LL39','2014-02-14 15:18:02','LocalLoop',NULL,NULL,NULL),(1630,2,73,2,'B2','2014-02-14 15:18:33','LocalLoopExtremity',NULL,NULL,NULL),(1631,2,40,2,'LL40','2014-02-14 15:28:08','LocalLoop',NULL,NULL,NULL),(1632,2,40,2,'LL40','2014-02-14 15:28:35','LocalLoop',NULL,NULL,NULL),(1633,2,46,2,'LL46','2014-02-14 15:29:07','LocalLoop',NULL,NULL,NULL),(1634,2,39,2,'LL39','2014-02-14 15:30:06','LocalLoop',NULL,NULL,NULL),(1635,2,46,2,'LL46','2014-02-14 15:31:30','LocalLoop',NULL,NULL,NULL),(1636,2,86,2,'B2New','2014-02-14 15:32:39','LocalLoopExtremity',NULL,NULL,NULL),(1637,2,86,2,'B2New','2014-02-14 15:32:52','LocalLoopExtremity',NULL,NULL,NULL),(1638,2,46,2,'LL46','2014-02-14 15:33:32','LocalLoop',NULL,NULL,NULL),(1639,2,46,2,'LL46','2014-02-14 15:33:57','LocalLoop',NULL,NULL,NULL),(1640,2,46,2,'LL46','2014-02-14 15:37:16','LocalLoop',NULL,NULL,NULL),(1641,2,46,2,'LL46','2014-02-14 15:42:35','LocalLoop',NULL,NULL,NULL),(1642,2,46,2,'LL46','2014-02-14 15:42:42','LocalLoop',NULL,NULL,NULL),(1643,2,46,2,'Head office Head office street for Customer A 60333 Frankfurt am Main','2014-02-17 17:05:54','Address',NULL,NULL,NULL),(1644,2,46,2,'Head office Head office street for Customer A 60333 Frankfurt am Main','2014-02-17 17:06:03','Address',NULL,NULL,NULL),(1645,2,47,2,'Delivery Delivery Address of German customer A 60333 Frankfurt am Main','2014-02-17 17:08:02','Address',NULL,NULL,NULL),(1646,2,20,2,'Johannes Friedrich','2014-02-17 17:14:26','Contact',NULL,NULL,NULL),(1647,2,20,2,'Johannes Friedrich','2014-02-17 17:16:23','Contact',NULL,NULL,NULL),(1648,2,23,2,'23 : German Customer A','2014-02-17 17:23:21','Customer',NULL,NULL,NULL),(1649,2,23,2,'002 - BNP Pantin','2014-02-17 17:23:21','Customer',8,'Project',NULL),(1650,2,23,2,'001 - BNP Pantin','2014-02-17 17:23:21','Customer',7,'Project',NULL),(1651,2,73,2,'A1','2014-02-17 17:26:57','BackboneLinkExtremity',NULL,NULL,NULL),(1652,2,74,2,'B2','2014-02-17 17:27:33','BackboneLinkExtremity',NULL,NULL,NULL),(1653,2,43,2,'BB43:','2014-02-17 17:27:41','BackboneLink',NULL,NULL,NULL),(1654,2,43,2,'BB43:','2014-02-17 18:03:40','BackboneLink',NULL,NULL,NULL),(1655,2,28,2,'LL11:','2014-02-17 18:04:15','CostingLocalLoopLine',NULL,NULL,NULL),(1656,2,43,2,'BB43:','2014-02-17 18:04:38','BackboneLink',NULL,NULL,NULL),(1657,2,43,2,'BB43:','2014-02-17 18:07:39','BackboneLink',NULL,NULL,NULL),(1658,2,65,2,'Antoine Leroy','2014-02-17 18:18:53','BackboneLinkExtremityTech',NULL,NULL,NULL),(1659,2,66,2,'SPEEDO ALONSO','2014-02-17 18:19:09','BackboneLinkExtremityTech',NULL,NULL,NULL),(1660,2,43,2,'BB43:','2014-02-17 18:19:29','BackboneLink',NULL,NULL,NULL),(1661,2,43,2,'BB43:','2014-02-17 18:23:37','BackboneLink',NULL,NULL,NULL),(1662,2,43,2,'BB43:','2014-02-17 18:30:52','BackboneLink',NULL,NULL,NULL),(1663,2,43,2,'BB43:','2014-02-17 18:31:16','BackboneLink',NULL,NULL,NULL),(1664,2,65,2,'Antoine Leroy','2014-02-17 18:33:15','BackboneLinkExtremityTech',NULL,NULL,NULL),(1665,2,65,2,'Antoine Leroy','2014-02-17 18:33:53','BackboneLinkExtremityTech',NULL,NULL,NULL),(1666,2,66,2,'SPEEDO ALONSO','2014-02-17 18:34:12','BackboneLinkExtremityTech',NULL,NULL,NULL),(1667,2,43,2,'BB43:','2014-02-17 18:34:23','BackboneLink',NULL,NULL,NULL),(1668,2,17,2,'BB43::Version Française 1:','2014-02-17 18:35:55','CostingBackboneLinkLine',NULL,NULL,NULL),(1669,2,43,2,'BB43:','2014-02-17 18:43:33','BackboneLink',NULL,NULL,NULL),(1670,2,43,2,'BB43:','2014-02-17 18:48:26','BackboneLink',NULL,NULL,NULL),(1671,2,43,2,'BB43:','2014-02-17 18:52:03','BackboneLink',NULL,NULL,NULL),(1672,2,41,2,'BB41:','2014-02-17 23:54:58','BackboneLink',NULL,NULL,NULL),(1673,2,43,2,'BB43:','2014-02-18 11:56:51','BackboneLink',NULL,NULL,NULL),(1674,2,75,2,'A1New','2014-02-18 11:58:00','BackboneLinkExtremity',NULL,NULL,NULL),(1675,2,43,2,'BB43:','2014-02-18 11:58:07','BackboneLink',NULL,NULL,NULL),(1676,2,43,2,'BB43:','2014-02-18 11:58:34','BackboneLink',NULL,NULL,NULL),(1677,2,43,2,'BB43:','2014-02-18 11:58:45','BackboneLink',NULL,NULL,NULL),(1678,2,75,2,'A1New','2014-02-18 12:04:39','BackboneLinkExtremity',NULL,NULL,NULL),(1679,2,43,2,'BB43:','2014-02-18 12:05:04','BackboneLink',NULL,NULL,NULL),(1680,2,43,2,'BB43:','2014-02-18 12:05:11','BackboneLink',NULL,NULL,NULL),(1681,2,43,2,'BB43:','2014-02-18 12:09:28','BackboneLink',NULL,NULL,NULL),(1682,2,43,2,'BB43:','2014-02-18 12:09:34','BackboneLink',NULL,NULL,NULL),(1683,2,43,2,'BB43:','2014-02-18 12:10:34','BackboneLink',NULL,NULL,NULL),(1684,2,43,2,'BB43:','2014-02-18 12:10:40','BackboneLink',NULL,NULL,NULL),(1685,2,43,2,'BB43:','2014-02-18 12:15:38','BackboneLink',NULL,NULL,NULL),(1686,2,63,2,'SPEEDO ALONSO','2014-02-18 12:51:32','BackboneLinkExtremityTech',NULL,NULL,NULL),(1687,2,11,2,'GE_MUN_HAR : ','2014-02-18 12:53:33','Pop',NULL,NULL,NULL),(1688,2,26,2,'Super Model XXL Desc','2014-02-18 12:54:07','ComplexModel',NULL,NULL,NULL),(1689,2,26,2,'Super Model XXL Desc','2014-02-18 12:59:21','ComplexModel',NULL,NULL,NULL),(1690,2,19,2,'Billing Banking Area432 321876 STUTTGART','2014-02-18 13:08:24','AddressProvider',NULL,NULL,NULL),(1691,2,16,2,'EQUINIX G : EQUINIX GERMANY','2014-02-18 13:08:29','Provider',NULL,NULL,NULL),(1692,2,11,2,'GE_MUN_HAR : ','2014-02-18 15:10:24','Pop',NULL,NULL,NULL),(1693,2,11,2,'GE_MUN_HAR : ','2014-02-18 15:10:54','Pop',NULL,NULL,NULL),(1694,2,7,2,'test : test','2014-02-18 15:11:57','Pop',NULL,NULL,NULL),(1695,2,6,2,'PopCode : Pop Code description','2014-02-18 15:12:29','Pop',NULL,NULL,NULL),(1696,2,76,2,'A1New','2014-02-18 15:18:27','BackboneLinkExtremity',NULL,NULL,NULL),(1697,2,43,2,'BB43:','2014-02-18 15:41:24','BackboneLink',NULL,NULL,NULL),(1698,2,43,2,'BB43:','2014-02-18 15:41:29','BackboneLink',NULL,NULL,NULL),(1699,2,43,2,'BB43:','2014-02-18 15:42:56','BackboneLink',NULL,NULL,NULL),(1700,2,43,2,'BB43:','2014-02-18 15:43:06','BackboneLink',NULL,NULL,NULL),(1701,2,43,2,'BB43:','2014-02-18 15:44:46','BackboneLink',NULL,NULL,NULL),(1702,2,43,2,'BB43:','2014-02-18 15:44:52','BackboneLink',NULL,NULL,NULL),(1703,2,43,2,'BB43:','2014-02-18 15:47:06','BackboneLink',NULL,NULL,NULL),(1704,2,43,2,'BB43:','2014-02-18 15:47:49','BackboneLink',NULL,NULL,NULL),(1705,2,43,2,'BB43:','2014-02-18 15:48:54','BackboneLink',NULL,NULL,NULL),(1706,2,43,2,'BB43:','2014-02-18 15:48:59','BackboneLink',NULL,NULL,NULL),(1707,2,9,2,'COLT EUROPE','2014-02-18 16:29:27','CountryProviderGroup',NULL,NULL,NULL),(1708,2,10,2,'COLT Worldwide','2014-02-18 16:29:46','CountryProviderGroup',NULL,NULL,NULL),(1709,2,10,2,'Etrali France *','2014-02-18 16:35:29','Branch',NULL,NULL,NULL),(1710,2,2,2,'Pop Ethernet 13','2014-02-18 16:59:03','PopType',NULL,NULL,NULL),(1711,2,9,2,'Pop Type Lille 13','2014-02-18 16:59:13','PopType',NULL,NULL,NULL),(1712,2,8,2,'Pop Ethernet 136','2014-02-18 16:59:23','PopType',NULL,NULL,NULL),(1713,2,23,2,'23 : German Customer A','2014-02-18 16:59:35','Customer',NULL,NULL,NULL),(1714,2,23,2,'Billing Billing Address of German Customer A 70564 STUTTGART','2014-02-18 16:59:35','Customer',48,'Address',NULL),(1715,2,23,2,'Delivery Delivery Address of German customer A 60333 Frankfurt am Main','2014-02-18 16:59:35','Customer',47,'Address',NULL),(1716,2,23,2,'Head office Head office street for Customer A 60333 Frankfurt am Main','2014-02-18 16:59:35','Customer',46,'Address',NULL),(1717,2,40,2,'ETRALI  POP','2014-02-18 16:59:39','PopType',NULL,NULL,NULL),(1718,2,38,2,'Pop Ethernet 146','2014-02-18 16:59:50','PopType',NULL,NULL,NULL),(1719,2,36,2,'Pop Type Lille 22','2014-02-18 17:00:03','PopType',NULL,NULL,NULL),(1720,2,35,2,'Pop Ethernet 145','2014-02-18 17:00:15','PopType',NULL,NULL,NULL),(1721,2,34,2,'Pop de type 55 Paris','2014-02-18 17:00:26','PopType',NULL,NULL,NULL),(1722,2,33,2,'Pop Type Lille 21','2014-02-18 17:00:36','PopType',NULL,NULL,NULL),(1723,2,32,2,'Pop Ethernet 144','2014-02-18 17:00:47','PopType',NULL,NULL,NULL),(1724,2,31,2,'Pop de type 55 Paris','2014-02-18 17:00:56','PopType',NULL,NULL,NULL),(1725,2,37,2,'Pop de type 55 Paris','2014-02-18 17:01:08','PopType',NULL,NULL,NULL),(1726,2,41,2,'THIRD PARTY POP','2014-02-18 17:01:23','PopType',NULL,NULL,NULL),(1727,2,23,2,'23 : German Customer A','2014-02-18 17:01:24','Customer',NULL,NULL,NULL),(1728,2,23,2,'Delivery Delivery Address of German customer A 60333 Frankfurt am Main','2014-02-18 17:01:24','Customer',47,'Address',NULL),(1729,2,23,2,'Head office Head office street for Customer A 60333 Frankfurt am Main','2014-02-18 17:01:24','Customer',46,'Address',NULL),(1730,2,23,2,'Billing Billing Address of German Customer A 70564 STUTTGART','2014-02-18 17:01:24','Customer',48,'Address',NULL),(1731,2,29,2,'Pop Ethernet 143','2014-02-18 17:01:37','PopType',NULL,NULL,NULL),(1732,2,30,2,'Pop Type Lille 20','2014-02-18 17:01:46','PopType',NULL,NULL,NULL),(1733,2,28,2,'Pop de type 55 Paris','2014-02-18 17:01:55','PopType',NULL,NULL,NULL),(1734,2,27,2,'Pop Type Lille 19','2014-02-18 17:02:03','PopType',NULL,NULL,NULL),(1735,2,26,2,'Pop Ethernet 142','2014-02-18 17:02:13','PopType',NULL,NULL,NULL),(1736,2,25,2,'Pop de type 55 Paris','2014-02-18 17:02:23','PopType',NULL,NULL,NULL),(1737,2,23,2,'Pop Ethernet 141','2014-02-18 17:02:33','PopType',NULL,NULL,NULL),(1738,2,22,2,'Pop de type 55 Paris','2014-02-18 17:02:42','PopType',NULL,NULL,NULL),(1739,2,21,2,'Pop Type Lille 17','2014-02-18 17:02:52','PopType',NULL,NULL,NULL),(1740,2,24,2,'Pop Type Lille 18','2014-02-18 17:03:04','PopType',NULL,NULL,NULL),(1741,2,14,2,'Pop Ethernet 138','2014-02-18 17:03:20','PopType',NULL,NULL,NULL),(1742,2,15,2,'Pop Type Lille 15','2014-02-18 17:03:29','PopType',NULL,NULL,NULL),(1743,2,16,2,'Pop de type 55 Paris','2014-02-18 17:03:39','PopType',NULL,NULL,NULL),(1744,2,17,2,'Pop Ethernet 139','2014-02-18 17:03:48','PopType',NULL,NULL,NULL),(1745,2,18,2,'Pop Type Lille 16','2014-02-18 17:03:57','PopType',NULL,NULL,NULL),(1746,2,19,2,'Pop de type 55 Paris','2014-02-18 17:04:06','PopType',NULL,NULL,NULL),(1747,2,20,2,'Pop Ethernet 140','2014-02-18 17:04:14','PopType',NULL,NULL,NULL),(1748,2,13,2,'Pop de type 55 Paris','2014-02-18 17:04:23','PopType',NULL,NULL,NULL),(1749,2,12,2,'Pop Type Lille 14','2014-02-18 17:04:32','PopType',NULL,NULL,NULL),(1750,2,11,2,'Pop Ethernet 137','2014-02-18 17:04:40','PopType',NULL,NULL,NULL),(1751,2,7,2,'Pop de type 55 Paris','2014-02-18 17:04:58','PopType',NULL,NULL,NULL),(1752,2,6,2,'Pop Type Lille 12','2014-02-18 17:05:06','PopType',NULL,NULL,NULL),(1753,2,5,2,'Pop Ethernet 135','2014-02-18 17:05:15','PopType',NULL,NULL,NULL),(1754,2,4,2,'Pop de type 55 Paris','2014-02-18 17:05:25','PopType',NULL,NULL,NULL),(1755,2,3,2,'Pop Type Lille 02','2014-02-18 17:05:37','PopType',NULL,NULL,NULL),(1756,2,13,2,'F_PARAUB_345 : POP Paris Aubervilliers','2014-02-18 17:13:15','Pop',NULL,NULL,NULL),(1757,2,14,2,'F_MAR_NUY543 : ','2014-02-18 17:18:50','Pop',NULL,NULL,NULL),(1758,2,77,2,'B2New','2014-02-18 17:22:46','BackboneLinkExtremity',NULL,NULL,NULL),(1759,2,43,2,'BB43:','2014-02-18 17:22:54','BackboneLink',NULL,NULL,NULL),(1760,2,43,2,'BB43:','2014-02-18 17:23:39','BackboneLink',NULL,NULL,NULL),(1761,2,43,2,'BB43:','2014-02-18 17:23:45','BackboneLink',NULL,NULL,NULL),(1762,2,47,2,'LL47','2014-02-18 18:08:52','LocalLoop',NULL,NULL,NULL),(1763,2,87,2,'A1','2014-02-18 18:09:53','LocalLoopExtremity',NULL,NULL,NULL),(1764,2,88,2,'B2','2014-02-18 18:10:12','LocalLoopExtremity',NULL,NULL,NULL),(1765,2,47,2,'LL47','2014-02-18 18:10:19','LocalLoop',NULL,NULL,NULL),(1766,2,10,2,'GE-FRAVILBEL01 : POP FRA Vilbel','2014-02-18 18:11:39','Pop',NULL,NULL,NULL),(1767,2,87,2,'A1','2014-02-18 18:11:59','LocalLoopExtremity',NULL,NULL,NULL),(1768,2,47,2,'LL47','2014-02-18 18:13:52','LocalLoop',NULL,NULL,NULL),(1769,2,85,2,'','2014-02-18 18:14:16','LocalLoopExtremityTech',NULL,NULL,NULL),(1770,2,86,2,'IKNOWEVERYTHING Yeswecan','2014-02-18 18:14:30','LocalLoopExtremityTech',NULL,NULL,NULL),(1771,2,47,2,'LL47','2014-02-18 18:14:57','LocalLoop',NULL,NULL,NULL),(1772,2,47,2,'LL47','2014-02-18 18:15:47','LocalLoop',NULL,NULL,NULL),(1773,2,47,2,'LL47','2014-02-18 18:16:13','LocalLoop',NULL,NULL,NULL),(1774,2,89,2,'A1New','2014-02-18 18:19:26','LocalLoopExtremity',NULL,NULL,NULL),(1775,2,47,2,'LL47','2014-02-18 18:19:34','LocalLoop',NULL,NULL,NULL),(1776,2,47,2,'LL47','2014-02-18 18:20:13','LocalLoop',NULL,NULL,NULL),(1777,2,47,2,'LL47','2014-02-18 18:20:43','LocalLoop',NULL,NULL,NULL),(1778,2,47,2,'LL47','2014-02-18 18:21:33','LocalLoop',NULL,NULL,NULL),(1779,2,47,2,'LL47','2014-02-18 18:21:42','LocalLoop',NULL,NULL,NULL),(1780,2,47,2,'LL47','2014-02-18 18:22:38','LocalLoop',NULL,NULL,NULL),(1781,2,47,2,'LL47','2014-02-18 18:22:44','LocalLoop',NULL,NULL,NULL),(1782,2,47,2,'LL47','2014-02-18 18:23:10','LocalLoop',NULL,NULL,NULL),(1783,2,47,2,'LL47','2014-02-18 18:23:15','LocalLoop',NULL,NULL,NULL),(1784,2,87,2,'','2014-02-18 18:23:43','LocalLoopExtremityTech',NULL,NULL,NULL),(1785,2,47,2,'LL47','2014-02-18 18:23:48','LocalLoop',NULL,NULL,NULL),(1786,2,47,2,'LL47','2014-02-18 18:25:28','LocalLoop',NULL,NULL,NULL),(1787,2,90,2,'B2New','2014-02-18 18:25:39','LocalLoopExtremity',NULL,NULL,NULL),(1788,2,47,2,'LL47','2014-02-18 18:26:01','LocalLoop',NULL,NULL,NULL),(1789,2,47,2,'LL47','2014-02-18 18:26:10','LocalLoop',NULL,NULL,NULL),(1790,2,47,2,'LL47','2014-02-18 18:26:50','LocalLoop',NULL,NULL,NULL),(1791,2,47,2,'LL47','2014-02-18 18:27:22','LocalLoop',NULL,NULL,NULL),(1792,2,47,2,'LL47','2014-02-18 18:28:14','LocalLoop',NULL,NULL,NULL),(1793,2,47,2,'LL47','2014-02-18 18:28:19','LocalLoop',NULL,NULL,NULL),(1794,2,47,2,'LL47','2014-02-18 18:29:06','LocalLoop',NULL,NULL,NULL),(1795,2,47,2,'LL47','2014-02-18 18:29:10','LocalLoop',NULL,NULL,NULL),(1796,2,47,2,'LL47','2014-02-18 18:29:48','LocalLoop',NULL,NULL,NULL),(1797,2,47,2,'LL47','2014-02-18 18:30:00','LocalLoop',NULL,NULL,NULL),(1798,2,47,2,'LL47','2014-02-18 18:30:18','LocalLoop',NULL,NULL,NULL),(1799,2,47,2,'LL47','2014-02-18 18:30:35','LocalLoop',NULL,NULL,NULL),(1800,2,47,2,'LL47','2014-02-18 18:34:13','LocalLoop',NULL,NULL,NULL),(1801,2,47,2,'LL47','2014-02-18 18:34:30','LocalLoop',NULL,NULL,NULL),(1802,2,47,2,'LL47','2014-02-18 18:34:54','LocalLoop',NULL,NULL,NULL),(1803,2,47,2,'LL47','2014-02-18 18:35:12','LocalLoop',NULL,NULL,NULL),(1804,2,47,2,'LL47','2014-02-18 18:35:30','LocalLoop',NULL,NULL,NULL),(1805,2,47,2,'LL47','2014-02-18 18:35:37','LocalLoop',NULL,NULL,NULL),(1806,2,47,2,'LL47','2014-02-18 18:38:00','LocalLoop',NULL,NULL,NULL),(1807,2,47,2,'LL47','2014-02-18 18:38:39','LocalLoop',NULL,NULL,NULL),(1808,2,47,2,'LL47','2014-02-18 18:39:22','LocalLoop',NULL,NULL,NULL),(1809,2,44,2,'BB44:','2014-02-18 22:12:41','BackboneLink',NULL,NULL,NULL),(1810,2,44,2,'BB44:','2014-02-18 22:13:37','BackboneLink',NULL,NULL,NULL),(1811,2,44,2,'BB44:','2014-02-18 22:13:46','BackboneLink',NULL,NULL,NULL),(1812,2,44,2,'BB44:','2014-02-18 22:14:07','BackboneLink',NULL,NULL,NULL),(1813,2,44,2,'BB44:','2014-02-18 22:14:39','BackboneLink',NULL,NULL,NULL),(1814,2,44,2,'BB44:','2014-02-18 22:15:57','BackboneLink',NULL,NULL,NULL),(1815,2,44,2,'BB44:','2014-02-18 22:16:29','BackboneLink',NULL,NULL,NULL),(1816,2,44,2,'BB44:','2014-02-18 22:17:06','BackboneLink',NULL,NULL,NULL),(1817,2,1,2,'S1','2014-02-18 22:56:04','ServiceExtremity',NULL,NULL,NULL),(1818,2,48,2,'LL48','2014-02-19 15:06:19','LocalLoop',NULL,NULL,NULL),(1819,2,91,2,'A1','2014-02-19 15:07:04','LocalLoopExtremity',NULL,NULL,NULL),(1820,2,92,2,'B2','2014-02-19 15:07:38','LocalLoopExtremity',NULL,NULL,NULL),(1821,2,48,2,'LL48','2014-02-19 15:07:58','LocalLoop',NULL,NULL,NULL),(1822,2,48,2,'LL48','2014-02-19 15:08:25','LocalLoop',NULL,NULL,NULL),(1823,2,48,2,'LL48','2014-02-19 15:08:46','LocalLoop',NULL,NULL,NULL),(1824,2,89,2,'IKNOWEVERYTHING Yeswecan','2014-02-19 15:09:59','LocalLoopExtremityTech',NULL,NULL,NULL),(1825,2,49,2,'LL49','2014-02-19 16:40:48','LocalLoop',NULL,NULL,NULL),(1826,2,93,2,'A1','2014-02-19 16:43:43','LocalLoopExtremity',NULL,NULL,NULL),(1827,2,49,2,'LL49','2014-02-19 16:44:20','LocalLoop',NULL,NULL,NULL),(1828,2,49,2,'LL49','2014-02-19 16:44:29','LocalLoop',NULL,NULL,NULL),(1829,2,48,2,'LL48','2014-02-19 16:44:56','LocalLoop',NULL,NULL,NULL),(1830,2,48,2,'LL48','2014-02-19 16:45:37','LocalLoop',NULL,NULL,NULL),(1831,2,90,2,'Juan-Carlos Italian Technical Customer Contact','2014-02-19 17:08:57','LocalLoopExtremityTech',NULL,NULL,NULL),(1832,2,48,2,'LL48','2014-02-19 17:09:05','LocalLoop',NULL,NULL,NULL),(1833,2,48,2,'LL48','2014-02-19 17:09:39','LocalLoop',NULL,NULL,NULL),(1834,2,95,2,'A1','2014-02-19 17:11:23','LocalLoopExtremity',NULL,NULL,NULL),(1835,2,96,2,'B2','2014-02-19 17:11:43','LocalLoopExtremity',NULL,NULL,NULL),(1836,2,50,2,'LL50','2014-02-19 17:11:47','LocalLoop',NULL,NULL,NULL),(1837,2,50,2,'LL50','2014-02-19 17:22:14','LocalLoop',NULL,NULL,NULL),(1838,2,50,2,'LL50','2014-02-19 17:32:28','LocalLoop',NULL,NULL,NULL),(1839,2,94,2,'Juan-Carlos Italian Technical Customer Contact','2014-02-19 17:32:52','LocalLoopExtremityTech',NULL,NULL,NULL),(1840,2,50,2,'LL50','2014-02-19 17:33:06','LocalLoop',NULL,NULL,NULL),(1841,2,93,2,'IKNOWEVERYTHING Yeswecan','2014-02-19 17:35:14','LocalLoopExtremityTech',NULL,NULL,NULL),(1842,2,50,2,'LL50','2014-02-19 17:35:20','LocalLoop',NULL,NULL,NULL),(1843,2,97,2,'B2New','2014-02-19 17:36:23','LocalLoopExtremity',NULL,NULL,NULL),(1844,2,50,2,'LL50','2014-02-19 17:36:32','LocalLoop',NULL,NULL,NULL),(1845,2,50,2,'LL50','2014-02-19 17:37:14','LocalLoop',NULL,NULL,NULL),(1846,2,97,2,'B2New','2014-02-19 17:37:25','LocalLoopExtremity',NULL,NULL,NULL),(1847,2,50,2,'LL50','2014-02-19 17:38:23','LocalLoop',NULL,NULL,NULL),(1848,2,50,2,'LL50','2014-02-19 17:39:03','LocalLoop',NULL,NULL,NULL),(1849,2,50,2,'LL50','2014-02-19 17:39:10','LocalLoop',NULL,NULL,NULL),(1850,2,50,2,'LL50','2014-02-19 17:39:51','LocalLoop',NULL,NULL,NULL),(1851,2,50,2,'LL50','2014-02-19 17:39:58','LocalLoop',NULL,NULL,NULL),(1852,2,50,2,'LL50','2014-02-19 17:42:01','LocalLoop',NULL,NULL,NULL),(1853,2,50,2,'LL50','2014-02-19 17:42:10','LocalLoop',NULL,NULL,NULL),(1854,2,31,2,'LL50:','2014-02-19 17:46:56','CostingLocalLoopLine',NULL,NULL,NULL),(1855,2,50,2,'LL50','2014-02-19 17:49:41','LocalLoop',NULL,NULL,NULL),(1856,2,50,2,'LL50:','2014-02-19 17:49:41','LocalLoop',31,'CostingLocalLoopLine',NULL),(1857,2,50,2,'LL50:','2014-02-19 17:49:41','LocalLoop',32,'CostingLocalLoopLine',NULL),(1858,2,32,2,'LL50:','2014-02-19 17:49:58','CostingLocalLoopLine',NULL,NULL,NULL),(1859,2,50,2,'LL50','2014-02-19 17:50:20','LocalLoop',NULL,NULL,NULL),(1860,2,35,2,'LL50:Version Française 2:','2014-02-19 18:09:16','CostingLocalLoopLine',NULL,NULL,NULL),(1861,2,50,2,'LL50','2014-02-19 18:10:18','LocalLoop',NULL,NULL,NULL),(1862,2,50,2,'LL50','2014-02-19 18:10:39','LocalLoop',NULL,NULL,NULL),(1863,2,50,2,'LL50','2014-02-19 18:11:13','LocalLoop',NULL,NULL,NULL),(1864,2,9,2,'BB:','2014-02-19 18:15:14','BackboneLink',NULL,NULL,NULL),(1865,2,50,2,'LL50','2014-02-19 18:19:23','LocalLoop',NULL,NULL,NULL),(1866,2,50,2,'LL50','2014-02-19 18:19:32','LocalLoop',NULL,NULL,NULL),(1867,2,95,2,'Donja Sunshine','2014-02-19 18:19:55','LocalLoopExtremityTech',NULL,NULL,NULL),(1868,2,50,2,'LL50','2014-02-19 18:20:01','LocalLoop',NULL,NULL,NULL),(1869,2,98,2,'A1New','2014-02-19 18:45:56','LocalLoopExtremity',NULL,NULL,NULL),(1870,2,98,2,'A1New','2014-02-19 18:46:33','LocalLoopExtremity',NULL,NULL,NULL),(1871,2,50,2,'LL50','2014-02-19 18:47:30','LocalLoop',NULL,NULL,NULL),(1872,2,50,2,'LL50','2014-02-19 18:47:36','LocalLoop',NULL,NULL,NULL),(1873,2,50,2,'LL50','2014-02-19 18:49:47','LocalLoop',NULL,NULL,NULL),(1874,2,50,2,'LL50','2014-02-19 18:49:54','LocalLoop',NULL,NULL,NULL),(1875,2,50,2,'LL50','2014-02-19 18:50:21','LocalLoop',NULL,NULL,NULL),(1876,2,50,2,'LL50','2014-02-19 18:56:48','LocalLoop',NULL,NULL,NULL),(1877,2,50,2,'LL50','2014-02-19 18:56:53','LocalLoop',NULL,NULL,NULL),(1878,2,50,2,'LL50','2014-02-19 18:59:53','LocalLoop',NULL,NULL,NULL),(1879,2,50,2,'LL50','2014-02-19 19:00:23','LocalLoop',NULL,NULL,NULL),(1880,2,50,2,'LL50','2014-02-19 19:01:46','LocalLoop',NULL,NULL,NULL),(1881,2,50,2,'LL50','2014-02-19 19:03:51','LocalLoop',NULL,NULL,NULL),(1882,2,50,2,'LL50','2014-02-19 19:04:01','LocalLoop',NULL,NULL,NULL),(1883,2,50,2,'LL50','2014-02-19 19:04:37','LocalLoop',NULL,NULL,NULL),(1884,2,50,2,'LL50','2014-02-19 19:05:04','LocalLoop',NULL,NULL,NULL),(1885,2,50,2,'LL50','2014-02-19 19:08:19','LocalLoop',NULL,NULL,NULL),(1886,2,50,2,'LL50','2014-02-19 19:08:36','LocalLoop',NULL,NULL,NULL),(1887,2,34,2,'LL50:','2014-02-19 19:09:30','CostingLocalLoopLine',NULL,NULL,NULL),(1888,2,50,2,'LL50','2014-02-19 19:09:46','LocalLoop',NULL,NULL,NULL),(1889,2,44,2,'BB44:','2014-02-19 22:43:50','BackboneLink',NULL,NULL,NULL),(1890,2,80,2,'A1New','2014-02-19 22:44:49','BackboneLinkExtremity',NULL,NULL,NULL),(1891,2,44,2,'BB44:','2014-02-19 22:44:56','BackboneLink',NULL,NULL,NULL),(1892,2,78,2,'A1','2014-02-19 22:45:33','BackboneLinkExtremity',NULL,NULL,NULL),(1893,2,44,2,'BB44:','2014-02-19 22:45:48','BackboneLink',NULL,NULL,NULL),(1894,2,80,2,'A1New','2014-02-19 22:46:37','BackboneLinkExtremity',NULL,NULL,NULL),(1895,2,44,2,'BB44:','2014-02-19 22:46:51','BackboneLink',NULL,NULL,NULL),(1896,2,80,2,'A1New','2014-02-19 22:47:15','BackboneLinkExtremity',NULL,NULL,NULL),(1897,2,44,2,'BB44:','2014-02-19 22:47:25','BackboneLink',NULL,NULL,NULL),(1898,2,72,2,'SPEEDO ALONSO','2014-02-19 22:48:33','BackboneLinkExtremityTech',NULL,NULL,NULL),(1899,2,72,2,'SPEEDO ALONSO','2014-02-19 22:48:47','BackboneLinkExtremityTech',NULL,NULL,NULL),(1900,2,71,2,'SPEEDO ALONSO','2014-02-19 22:49:09','BackboneLinkExtremityTech',NULL,NULL,NULL),(1901,2,44,2,'BB44:','2014-02-19 22:49:47','BackboneLink',NULL,NULL,NULL),(1902,2,69,2,'A1','2014-02-19 22:51:52','BackboneLinkExtremity',NULL,NULL,NULL),(1903,2,44,2,'BB44:','2014-02-19 22:53:20','BackboneLink',NULL,NULL,NULL),(1904,2,44,2,'BB44:','2014-02-19 23:07:46','BackboneLink',NULL,NULL,NULL),(1905,2,44,2,'BB44:','2014-02-19 23:08:59','BackboneLink',NULL,NULL,NULL),(1906,2,44,2,'BB44:','2014-02-19 23:09:21','BackboneLink',NULL,NULL,NULL),(1907,2,72,2,'SPEEDO ALONSO','2014-02-19 23:10:02','BackboneLinkExtremityTech',NULL,NULL,NULL),(1908,2,71,2,'SPEEDO ALONSO','2014-02-19 23:10:15','BackboneLinkExtremityTech',NULL,NULL,NULL),(1909,2,44,2,'BB44:','2014-02-19 23:10:45','BackboneLink',NULL,NULL,NULL),(1910,2,67,2,'B2New','2014-02-19 23:17:34','LocalLoopExtremity',NULL,NULL,NULL),(1911,2,37,2,'LL37','2014-02-19 23:18:09','LocalLoop',NULL,NULL,NULL),(1912,2,66,2,'B2','2014-02-19 23:18:44','LocalLoopExtremity',NULL,NULL,NULL),(1913,2,37,2,'LL37','2014-02-19 23:19:32','LocalLoop',NULL,NULL,NULL),(1914,2,67,2,'B2New','2014-02-19 23:21:52','LocalLoopExtremity',NULL,NULL,NULL),(1915,2,37,2,'LL37','2014-02-19 23:21:59','LocalLoop',NULL,NULL,NULL),(1916,2,67,2,'B2New','2014-02-19 23:22:25','LocalLoopExtremity',NULL,NULL,NULL),(1917,2,37,2,'LL37','2014-02-19 23:23:00','LocalLoop',NULL,NULL,NULL),(1918,2,65,2,'IKNOWEVERYTHING Yeswecan','2014-02-19 23:24:07','LocalLoopExtremityTech',NULL,NULL,NULL),(1919,2,37,2,'LL37','2014-02-19 23:24:33','LocalLoop',NULL,NULL,NULL),(1920,2,37,2,'LL37','2014-02-19 23:25:45','LocalLoop',NULL,NULL,NULL),(1921,2,37,2,'LL37','2014-02-19 23:26:08','LocalLoop',NULL,NULL,NULL),(1922,2,37,2,'LL37','2014-02-19 23:26:24','LocalLoop',NULL,NULL,NULL),(1923,2,63,2,'Juanjo Spanish Technical contact','2014-02-19 23:27:41','LocalLoopExtremityTech',NULL,NULL,NULL),(1924,2,46,2,'LL46','2014-02-20 00:10:15','LocalLoop',NULL,NULL,NULL),(1925,2,86,2,'B2New','2014-02-20 00:10:59','LocalLoopExtremity',NULL,NULL,NULL),(1926,2,46,2,'LL46','2014-02-20 00:11:08','LocalLoop',NULL,NULL,NULL),(1927,2,46,2,'LL46','2014-02-20 00:12:10','LocalLoop',NULL,NULL,NULL),(1928,2,46,2,'LL46','2014-02-20 00:12:25','LocalLoop',NULL,NULL,NULL),(1929,2,46,2,'LL46','2014-02-20 00:13:15','LocalLoop',NULL,NULL,NULL),(1930,2,46,2,'LL46','2014-02-20 00:16:36','LocalLoop',NULL,NULL,NULL),(1931,2,1,2,'20 : Spanish Customer','2014-02-20 14:25:06','BillingService',NULL,NULL,NULL),(1932,2,1,2,':','2014-02-20 14:25:06','BillingService',6,'BillingServiceLine',NULL),(1933,2,1,2,':','2014-02-20 14:25:06','BillingService',7,'BillingServiceLine',NULL),(1934,2,51,2,'LL51','2014-02-20 15:36:58','LocalLoop',NULL,NULL,NULL),(1935,2,16,2,'Last one','2014-02-20 15:45:57','Branch',NULL,NULL,NULL),(1936,2,16,2,'Billing 2014-01','2014-02-20 15:45:57','Branch',36,'BillingPeriodRef',NULL),(1937,2,16,2,'Billing 2015-01','2014-02-20 15:45:57','Branch',37,'BillingPeriodRef',NULL),(1938,2,16,2,'Billing 2016-01','2014-02-20 15:45:57','Branch',38,'BillingPeriodRef',NULL),(1939,2,16,2,'Billing 2017-01','2014-02-20 15:45:57','Branch',39,'BillingPeriodRef',NULL),(1940,2,16,2,'Billing 2018-01','2014-02-20 15:45:57','Branch',40,'BillingPeriodRef',NULL),(1941,2,16,2,'Billing 2019-01','2014-02-20 15:45:57','Branch',41,'BillingPeriodRef',NULL),(1942,2,16,2,'Billing 2020-01','2014-02-20 15:45:57','Branch',42,'BillingPeriodRef',NULL),(1943,2,16,2,'Billing 2021-01','2014-02-20 15:45:57','Branch',43,'BillingPeriodRef',NULL),(1944,2,16,2,'Billing 2022-01','2014-02-20 15:45:57','Branch',44,'BillingPeriodRef',NULL),(1945,2,16,2,'Billing 2023-01','2014-02-20 15:45:57','Branch',45,'BillingPeriodRef',NULL),(1946,2,17,2,'last','2014-02-20 15:51:03','Branch',NULL,NULL,NULL),(1947,2,17,2,'Billing 2014-01','2014-02-20 15:51:03','Branch',46,'BillingPeriodRef',NULL),(1948,2,17,2,'Billing 2015-01','2014-02-20 15:51:03','Branch',47,'BillingPeriodRef',NULL),(1949,2,17,2,'Billing 2016-01','2014-02-20 15:51:03','Branch',48,'BillingPeriodRef',NULL),(1950,2,17,2,'Billing 2017-01','2014-02-20 15:51:03','Branch',49,'BillingPeriodRef',NULL),(1951,2,17,2,'Billing 2018-01','2014-02-20 15:51:03','Branch',50,'BillingPeriodRef',NULL),(1952,2,17,2,'Billing 2019-01','2014-02-20 15:51:03','Branch',51,'BillingPeriodRef',NULL),(1953,2,17,2,'Billing 2020-01','2014-02-20 15:51:03','Branch',52,'BillingPeriodRef',NULL),(1954,2,17,2,'Billing 2021-01','2014-02-20 15:51:03','Branch',53,'BillingPeriodRef',NULL),(1955,2,17,2,'Billing 2022-01','2014-02-20 15:51:03','Branch',54,'BillingPeriodRef',NULL),(1956,2,17,2,'Billing 2023-01','2014-02-20 15:51:03','Branch',55,'BillingPeriodRef',NULL),(2012,2,18,2,'Last one','2014-02-20 16:17:10','Branch',NULL,NULL,NULL),(2013,2,18,2,'Billing 2014-01','2014-02-20 16:17:10','Branch',56,'BillingPeriodRef',NULL),(2014,2,18,2,'Billing 2015-01','2014-02-20 16:17:10','Branch',57,'BillingPeriodRef',NULL),(2015,2,18,2,'Billing 2016-01','2014-02-20 16:17:10','Branch',58,'BillingPeriodRef',NULL),(2016,2,18,2,'Billing 2017-01','2014-02-20 16:17:10','Branch',59,'BillingPeriodRef',NULL),(2017,2,18,2,'Billing 2018-01','2014-02-20 16:17:10','Branch',60,'BillingPeriodRef',NULL),(2018,2,18,2,'Billing 2019-01','2014-02-20 16:17:10','Branch',61,'BillingPeriodRef',NULL),(2019,2,18,2,'Billing 2020-01','2014-02-20 16:17:10','Branch',62,'BillingPeriodRef',NULL),(2020,2,18,2,'Billing 2021-01','2014-02-20 16:17:10','Branch',63,'BillingPeriodRef',NULL),(2021,2,18,2,'Billing 2022-01','2014-02-20 16:17:10','Branch',64,'BillingPeriodRef',NULL),(2022,2,18,2,'Billing 2023-01','2014-02-20 16:17:10','Branch',65,'BillingPeriodRef',NULL),(2023,2,18,2,'Last one','2014-02-20 16:18:38','Branch',NULL,NULL,NULL),(2024,2,18,2,'Billing 2014-01','2014-02-20 16:18:38','Branch',56,'BillingPeriodRef',NULL),(2025,2,18,2,'Billing 2015-01','2014-02-20 16:18:38','Branch',57,'BillingPeriodRef',NULL),(2026,2,18,2,'Billing 2016-01','2014-02-20 16:18:38','Branch',58,'BillingPeriodRef',NULL),(2027,2,18,2,'Billing 2017-01','2014-02-20 16:18:38','Branch',59,'BillingPeriodRef',NULL),(2028,2,18,2,'Billing 2018-01','2014-02-20 16:18:38','Branch',60,'BillingPeriodRef',NULL),(2029,2,18,2,'Billing 2019-01','2014-02-20 16:18:38','Branch',61,'BillingPeriodRef',NULL),(2030,2,18,2,'Billing 2020-01','2014-02-20 16:18:38','Branch',62,'BillingPeriodRef',NULL),(2031,2,18,2,'Billing 2021-01','2014-02-20 16:18:38','Branch',63,'BillingPeriodRef',NULL),(2032,2,18,2,'Billing 2022-01','2014-02-20 16:18:38','Branch',64,'BillingPeriodRef',NULL),(2033,2,18,2,'Billing 2023-01','2014-02-20 16:18:38','Branch',65,'BillingPeriodRef',NULL),(2034,2,19,2,'last 2','2014-02-20 16:20:43','Branch',NULL,NULL,NULL),(2035,2,19,2,'Billing 2014-01','2014-02-20 16:20:43','Branch',66,'BillingPeriodRef',NULL),(2036,2,19,2,'Billing 2015-01','2014-02-20 16:20:43','Branch',67,'BillingPeriodRef',NULL),(2037,2,19,2,'Billing 2016-01','2014-02-20 16:20:43','Branch',68,'BillingPeriodRef',NULL),(2038,2,19,2,'Billing 2017-01','2014-02-20 16:20:43','Branch',69,'BillingPeriodRef',NULL),(2039,2,19,2,'Billing 2018-01','2014-02-20 16:20:43','Branch',70,'BillingPeriodRef',NULL),(2040,2,19,2,'Billing 2019-01','2014-02-20 16:20:43','Branch',71,'BillingPeriodRef',NULL),(2041,2,19,2,'Billing 2020-01','2014-02-20 16:20:43','Branch',72,'BillingPeriodRef',NULL),(2042,2,19,2,'Billing 2021-01','2014-02-20 16:20:43','Branch',73,'BillingPeriodRef',NULL),(2043,2,19,2,'Billing 2022-01','2014-02-20 16:20:43','Branch',74,'BillingPeriodRef',NULL),(2044,2,19,2,'Billing 2023-01','2014-02-20 16:20:43','Branch',75,'BillingPeriodRef',NULL),(2045,2,19,2,'last 2','2014-02-20 16:30:20','Branch',NULL,NULL,NULL),(2046,2,19,2,'Billing 2014-01','2014-02-20 16:30:20','Branch',66,'BillingPeriodRef',NULL),(2047,2,19,2,'Billing 2015-01','2014-02-20 16:30:20','Branch',67,'BillingPeriodRef',NULL),(2048,2,19,2,'Billing 2016-01','2014-02-20 16:30:20','Branch',68,'BillingPeriodRef',NULL),(2049,2,19,2,'Billing 2017-01','2014-02-20 16:30:20','Branch',69,'BillingPeriodRef',NULL),(2050,2,19,2,'Billing 2018-01','2014-02-20 16:30:20','Branch',70,'BillingPeriodRef',NULL),(2051,2,19,2,'Billing 2019-01','2014-02-20 16:30:20','Branch',71,'BillingPeriodRef',NULL),(2052,2,19,2,'Billing 2020-01','2014-02-20 16:30:20','Branch',72,'BillingPeriodRef',NULL),(2053,2,19,2,'Billing 2021-01','2014-02-20 16:30:20','Branch',73,'BillingPeriodRef',NULL),(2054,2,19,2,'Billing 2022-01','2014-02-20 16:30:20','Branch',74,'BillingPeriodRef',NULL),(2055,2,19,2,'Billing 2023-01','2014-02-20 16:30:20','Branch',75,'BillingPeriodRef',NULL),(2056,2,19,2,'last 2','2014-02-20 16:30:39','Branch',NULL,NULL,NULL),(2057,2,19,2,'Billing 2014-01','2014-02-20 16:30:39','Branch',66,'BillingPeriodRef',NULL),(2058,2,19,2,'Billing 2015-01','2014-02-20 16:30:39','Branch',67,'BillingPeriodRef',NULL),(2059,2,19,2,'Billing 2016-01','2014-02-20 16:30:39','Branch',68,'BillingPeriodRef',NULL),(2060,2,19,2,'Billing 2017-01','2014-02-20 16:30:39','Branch',69,'BillingPeriodRef',NULL),(2061,2,19,2,'Billing 2018-01','2014-02-20 16:30:39','Branch',70,'BillingPeriodRef',NULL),(2062,2,19,2,'Billing 2019-01','2014-02-20 16:30:39','Branch',71,'BillingPeriodRef',NULL),(2063,2,19,2,'Billing 2020-01','2014-02-20 16:30:39','Branch',72,'BillingPeriodRef',NULL),(2064,2,19,2,'Billing 2021-01','2014-02-20 16:30:39','Branch',73,'BillingPeriodRef',NULL),(2065,2,19,2,'Billing 2022-01','2014-02-20 16:30:39','Branch',74,'BillingPeriodRef',NULL),(2066,2,19,2,'Billing 2023-01','2014-02-20 16:30:39','Branch',75,'BillingPeriodRef',NULL),(2067,2,19,2,'last 2','2014-02-20 16:33:48','Branch',NULL,NULL,NULL),(2068,2,19,2,'Billing 2014-0888','2014-02-20 16:33:48','Branch',66,'BillingPeriodRef',NULL),(2069,2,19,2,'Billing 2015-01','2014-02-20 16:33:48','Branch',67,'BillingPeriodRef',NULL),(2070,2,19,2,'Billing 2016-01','2014-02-20 16:33:48','Branch',68,'BillingPeriodRef',NULL),(2071,2,19,2,'Billing 2017-01','2014-02-20 16:33:48','Branch',69,'BillingPeriodRef',NULL),(2072,2,19,2,'Billing 2018-01','2014-02-20 16:33:48','Branch',70,'BillingPeriodRef',NULL),(2073,2,19,2,'Billing 2019-01','2014-02-20 16:33:48','Branch',71,'BillingPeriodRef',NULL),(2074,2,19,2,'Billing 2020-01','2014-02-20 16:33:48','Branch',72,'BillingPeriodRef',NULL),(2075,2,19,2,'Billing 2021-01','2014-02-20 16:33:48','Branch',73,'BillingPeriodRef',NULL),(2076,2,19,2,'Billing 2022-01','2014-02-20 16:33:48','Branch',74,'BillingPeriodRef',NULL),(2077,2,19,2,'Billing 2023-01','2014-02-20 16:33:48','Branch',75,'BillingPeriodRef',NULL),(2078,2,19,2,'last 2','2014-02-20 16:34:10','Branch',NULL,NULL,NULL),(2079,2,19,2,'Billing 2014-0888','2014-02-20 16:34:10','Branch',66,'BillingPeriodRef',NULL),(2080,2,19,2,'Billing 2015-01','2014-02-20 16:34:10','Branch',67,'BillingPeriodRef',NULL),(2081,2,19,2,'Billing 2016-01','2014-02-20 16:34:10','Branch',68,'BillingPeriodRef',NULL),(2082,2,19,2,'Billing 2017-01','2014-02-20 16:34:10','Branch',69,'BillingPeriodRef',NULL),(2083,2,19,2,'Billing 2018-01','2014-02-20 16:34:10','Branch',70,'BillingPeriodRef',NULL),(2084,2,19,2,'Billing 2019-01','2014-02-20 16:34:10','Branch',71,'BillingPeriodRef',NULL),(2085,2,19,2,'Billing 2020-01','2014-02-20 16:34:10','Branch',72,'BillingPeriodRef',NULL),(2086,2,19,2,'Billing 2021-01','2014-02-20 16:34:10','Branch',73,'BillingPeriodRef',NULL),(2087,2,19,2,'Billing 2022-01','2014-02-20 16:34:10','Branch',74,'BillingPeriodRef',NULL),(2088,2,19,2,'Billing 2023-01','2014-02-20 16:34:10','Branch',75,'BillingPeriodRef',NULL),(2089,2,19,2,'last 2','2014-02-20 17:00:32','Branch',NULL,NULL,NULL),(2090,2,19,2,'Billing 2014-0888','2014-02-20 17:00:32','Branch',66,'BillingPeriodRef',NULL),(2091,2,19,2,'Billing 2015-01','2014-02-20 17:00:32','Branch',67,'BillingPeriodRef',NULL),(2092,2,19,2,'Billing 2016-01','2014-02-20 17:00:32','Branch',68,'BillingPeriodRef',NULL),(2093,2,19,2,'Billing 2017-01','2014-02-20 17:00:32','Branch',69,'BillingPeriodRef',NULL),(2094,2,19,2,'Billing 2018-01','2014-02-20 17:00:32','Branch',70,'BillingPeriodRef',NULL),(2095,2,19,2,'Billing 2019-01','2014-02-20 17:00:32','Branch',71,'BillingPeriodRef',NULL),(2096,2,19,2,'Billing 2020-01','2014-02-20 17:00:32','Branch',72,'BillingPeriodRef',NULL),(2097,2,19,2,'Billing 2021-01','2014-02-20 17:00:32','Branch',73,'BillingPeriodRef',NULL),(2098,2,19,2,'Billing 2022-01','2014-02-20 17:00:32','Branch',74,'BillingPeriodRef',NULL),(2099,2,19,2,'Billing 2023-01','2014-02-20 17:00:32','Branch',75,'BillingPeriodRef',NULL),(2100,2,19,2,'last 2','2014-02-20 17:01:00','Branch',NULL,NULL,NULL),(2101,2,19,2,'Billing 2014-0888','2014-02-20 17:01:00','Branch',66,'BillingPeriodRef',NULL),(2102,2,19,2,'Billing 2015-01','2014-02-20 17:01:00','Branch',67,'BillingPeriodRef',NULL),(2103,2,19,2,'Billing 2016-01','2014-02-20 17:01:00','Branch',68,'BillingPeriodRef',NULL),(2104,2,19,2,'Billing 2017-01','2014-02-20 17:01:00','Branch',69,'BillingPeriodRef',NULL),(2105,2,19,2,'Billing 2018-01','2014-02-20 17:01:00','Branch',70,'BillingPeriodRef',NULL),(2106,2,19,2,'Billing 2019-01','2014-02-20 17:01:00','Branch',71,'BillingPeriodRef',NULL),(2107,2,19,2,'Billing 2020-01','2014-02-20 17:01:00','Branch',72,'BillingPeriodRef',NULL),(2108,2,19,2,'Billing 2021-01','2014-02-20 17:01:00','Branch',73,'BillingPeriodRef',NULL),(2109,2,19,2,'Billing 2022-01','2014-02-20 17:01:00','Branch',74,'BillingPeriodRef',NULL),(2110,2,19,2,'Billing 2023-01','2014-02-20 17:01:00','Branch',75,'BillingPeriodRef',NULL),(2111,2,19,2,'last 2','2014-02-20 17:01:26','Branch',NULL,NULL,NULL),(2112,2,19,2,'Billing 2014-0888','2014-02-20 17:01:26','Branch',66,'BillingPeriodRef',NULL),(2113,2,19,2,'Billing 2015-01','2014-02-20 17:01:26','Branch',67,'BillingPeriodRef',NULL),(2114,2,19,2,'Billing 2016-01','2014-02-20 17:01:26','Branch',68,'BillingPeriodRef',NULL),(2115,2,19,2,'Billing 2017-01','2014-02-20 17:01:26','Branch',69,'BillingPeriodRef',NULL),(2116,2,19,2,'Billing 2018-01','2014-02-20 17:01:26','Branch',70,'BillingPeriodRef',NULL),(2117,2,19,2,'Billing 2019-01','2014-02-20 17:01:26','Branch',71,'BillingPeriodRef',NULL),(2118,2,19,2,'Billing 2020-01','2014-02-20 17:01:26','Branch',72,'BillingPeriodRef',NULL),(2119,2,19,2,'Billing 2021-01','2014-02-20 17:01:26','Branch',73,'BillingPeriodRef',NULL),(2120,2,19,2,'Billing 2022-01','2014-02-20 17:01:26','Branch',74,'BillingPeriodRef',NULL),(2121,2,19,2,'Billing 2023-01','2014-02-20 17:01:26','Branch',75,'BillingPeriodRef',NULL),(2122,2,19,2,'last 2','2014-02-20 17:06:19','Branch',NULL,NULL,NULL),(2123,2,19,2,'Billing 2014-0888','2014-02-20 17:06:19','Branch',66,'BillingPeriodRef',NULL),(2124,2,19,2,'Billing 2015-01','2014-02-20 17:06:19','Branch',67,'BillingPeriodRef',NULL),(2125,2,19,2,'Billing 2016-01','2014-02-20 17:06:19','Branch',68,'BillingPeriodRef',NULL),(2126,2,19,2,'Billing 2017-01','2014-02-20 17:06:19','Branch',69,'BillingPeriodRef',NULL),(2127,2,19,2,'Billing 2018-01','2014-02-20 17:06:19','Branch',70,'BillingPeriodRef',NULL),(2128,2,19,2,'Billing 2019-01','2014-02-20 17:06:19','Branch',71,'BillingPeriodRef',NULL),(2129,2,19,2,'Billing 2020-01','2014-02-20 17:06:19','Branch',72,'BillingPeriodRef',NULL),(2130,2,19,2,'Billing 2021-01','2014-02-20 17:06:19','Branch',73,'BillingPeriodRef',NULL),(2131,2,19,2,'Billing 2022-01','2014-02-20 17:06:19','Branch',74,'BillingPeriodRef',NULL),(2132,2,19,2,'Billing 2023-01','2014-02-20 17:06:19','Branch',75,'BillingPeriodRef',NULL),(2133,2,19,2,'last 2','2014-02-20 17:08:31','Branch',NULL,NULL,NULL),(2134,2,19,2,'Billing 2014-0888','2014-02-20 17:08:31','Branch',66,'BillingPeriodRef',NULL),(2135,2,19,2,'Billing 2015-01','2014-02-20 17:08:31','Branch',67,'BillingPeriodRef',NULL),(2136,2,19,2,'Billing 2016-01','2014-02-20 17:08:31','Branch',68,'BillingPeriodRef',NULL),(2137,2,19,2,'Billing 2017-01','2014-02-20 17:08:31','Branch',69,'BillingPeriodRef',NULL),(2138,2,19,2,'Billing 2018-01','2014-02-20 17:08:31','Branch',70,'BillingPeriodRef',NULL),(2139,2,19,2,'Billing 2019-01','2014-02-20 17:08:31','Branch',71,'BillingPeriodRef',NULL),(2140,2,19,2,'Billing 2020-01','2014-02-20 17:08:31','Branch',72,'BillingPeriodRef',NULL),(2141,2,19,2,'Billing 2021-01','2014-02-20 17:08:31','Branch',73,'BillingPeriodRef',NULL),(2142,2,19,2,'Billing 2022-01','2014-02-20 17:08:31','Branch',74,'BillingPeriodRef',NULL),(2143,2,19,2,'Billing 2023-01','2014-02-20 17:08:31','Branch',75,'BillingPeriodRef',NULL),(2144,2,19,2,'last 2','2014-02-20 17:09:33','Branch',NULL,NULL,NULL),(2145,2,19,2,'Billing 2014-0888','2014-02-20 17:09:33','Branch',66,'BillingPeriodRef',NULL),(2146,2,19,2,'Billing 2015-01','2014-02-20 17:09:33','Branch',67,'BillingPeriodRef',NULL),(2147,2,19,2,'Billing 2016-01','2014-02-20 17:09:33','Branch',68,'BillingPeriodRef',NULL),(2148,2,19,2,'Billing 2017-01','2014-02-20 17:09:33','Branch',69,'BillingPeriodRef',NULL),(2149,2,19,2,'Billing 2018-01','2014-02-20 17:09:33','Branch',70,'BillingPeriodRef',NULL),(2150,2,19,2,'Billing 2019-01','2014-02-20 17:09:33','Branch',71,'BillingPeriodRef',NULL),(2151,2,19,2,'Billing 2020-01','2014-02-20 17:09:33','Branch',72,'BillingPeriodRef',NULL),(2152,2,19,2,'Billing 2021-01','2014-02-20 17:09:33','Branch',73,'BillingPeriodRef',NULL),(2153,2,19,2,'Billing 2022-01','2014-02-20 17:09:33','Branch',74,'BillingPeriodRef',NULL),(2154,2,19,2,'Billing 2023-01','2014-02-20 17:09:33','Branch',75,'BillingPeriodRef',NULL),(2155,2,19,2,'last 2','2014-02-20 17:12:06','Branch',NULL,NULL,NULL),(2156,2,19,2,'Billing 2014-0888','2014-02-20 17:12:06','Branch',66,'BillingPeriodRef',NULL),(2157,2,19,2,'Billing 2015-01','2014-02-20 17:12:06','Branch',67,'BillingPeriodRef',NULL),(2158,2,19,2,'Billing 2016-01','2014-02-20 17:12:06','Branch',68,'BillingPeriodRef',NULL),(2159,2,19,2,'Billing 2017-01','2014-02-20 17:12:06','Branch',69,'BillingPeriodRef',NULL),(2160,2,19,2,'Billing 2018-01','2014-02-20 17:12:06','Branch',70,'BillingPeriodRef',NULL),(2161,2,19,2,'Billing 2019-01','2014-02-20 17:12:06','Branch',71,'BillingPeriodRef',NULL),(2162,2,19,2,'Billing 2020-01','2014-02-20 17:12:06','Branch',72,'BillingPeriodRef',NULL),(2163,2,19,2,'Billing 2021-01','2014-02-20 17:12:06','Branch',73,'BillingPeriodRef',NULL),(2164,2,19,2,'Billing 2022-01','2014-02-20 17:12:06','Branch',74,'BillingPeriodRef',NULL),(2165,2,19,2,'Billing 2023-01','2014-02-20 17:12:06','Branch',75,'BillingPeriodRef',NULL),(2166,2,19,2,'last 2','2014-02-20 17:16:31','Branch',NULL,NULL,NULL),(2167,2,19,2,'Billing 2014-0888','2014-02-20 17:16:31','Branch',66,'BillingPeriodRef',NULL),(2168,2,19,2,'Billing 2015-01','2014-02-20 17:16:31','Branch',67,'BillingPeriodRef',NULL),(2169,2,19,2,'Billing 2016-01','2014-02-20 17:16:31','Branch',68,'BillingPeriodRef',NULL),(2170,2,19,2,'Billing 2017-01','2014-02-20 17:16:31','Branch',69,'BillingPeriodRef',NULL),(2171,2,19,2,'Billing 2018-01','2014-02-20 17:16:31','Branch',70,'BillingPeriodRef',NULL),(2172,2,19,2,'Billing 2019-01','2014-02-20 17:16:31','Branch',71,'BillingPeriodRef',NULL),(2173,2,19,2,'Billing 2020-01','2014-02-20 17:16:31','Branch',72,'BillingPeriodRef',NULL),(2174,2,19,2,'Billing 2021-01','2014-02-20 17:16:31','Branch',73,'BillingPeriodRef',NULL),(2175,2,19,2,'Billing 2022-01','2014-02-20 17:16:31','Branch',74,'BillingPeriodRef',NULL),(2176,2,19,2,'Billing 2023-01','2014-02-20 17:16:31','Branch',75,'BillingPeriodRef',NULL),(2177,2,19,2,'last 2','2014-02-20 17:17:05','Branch',NULL,NULL,NULL),(2178,2,19,2,'Billing 2014-0888','2014-02-20 17:17:05','Branch',66,'BillingPeriodRef',NULL),(2179,2,19,2,'Billing 2015-01','2014-02-20 17:17:05','Branch',67,'BillingPeriodRef',NULL),(2180,2,19,2,'Billing 2016-01','2014-02-20 17:17:05','Branch',68,'BillingPeriodRef',NULL),(2181,2,19,2,'Billing 2017-01','2014-02-20 17:17:05','Branch',69,'BillingPeriodRef',NULL),(2182,2,19,2,'Billing 2018-01','2014-02-20 17:17:05','Branch',70,'BillingPeriodRef',NULL),(2183,2,19,2,'Billing 2019-01','2014-02-20 17:17:05','Branch',71,'BillingPeriodRef',NULL),(2184,2,19,2,'Billing 2020-01','2014-02-20 17:17:05','Branch',72,'BillingPeriodRef',NULL),(2185,2,19,2,'Billing 2021-01','2014-02-20 17:17:05','Branch',73,'BillingPeriodRef',NULL),(2186,2,19,2,'Billing 2022-01','2014-02-20 17:17:05','Branch',74,'BillingPeriodRef',NULL),(2187,2,19,2,'Billing 2023-01','2014-02-20 17:17:05','Branch',75,'BillingPeriodRef',NULL),(2188,2,19,2,'last 2','2014-02-20 17:22:06','Branch',NULL,NULL,NULL),(2189,2,19,2,'Billing 2014-0888','2014-02-20 17:22:06','Branch',66,'BillingPeriodRef',NULL),(2190,2,19,2,'Billing 2015-01','2014-02-20 17:22:06','Branch',67,'BillingPeriodRef',NULL),(2191,2,19,2,'Billing 2016-01','2014-02-20 17:22:06','Branch',68,'BillingPeriodRef',NULL),(2192,2,19,2,'Billing 2017-01','2014-02-20 17:22:06','Branch',69,'BillingPeriodRef',NULL),(2193,2,19,2,'Billing 2018-01','2014-02-20 17:22:06','Branch',70,'BillingPeriodRef',NULL),(2194,2,19,2,'Billing 2019-01','2014-02-20 17:22:06','Branch',71,'BillingPeriodRef',NULL),(2195,2,19,2,'Billing 2020-01','2014-02-20 17:22:06','Branch',72,'BillingPeriodRef',NULL),(2196,2,19,2,'Billing 2021-01','2014-02-20 17:22:06','Branch',73,'BillingPeriodRef',NULL),(2197,2,19,2,'Billing 2022-01','2014-02-20 17:22:06','Branch',74,'BillingPeriodRef',NULL),(2198,2,19,2,'Billing 2023-01','2014-02-20 17:22:06','Branch',75,'BillingPeriodRef',NULL),(2199,2,19,2,'last 2','2014-02-20 17:23:18','Branch',NULL,NULL,NULL),(2200,2,19,2,'Billing 2014-0888','2014-02-20 17:23:18','Branch',66,'BillingPeriodRef',NULL),(2201,2,19,2,'Billing 2015-01','2014-02-20 17:23:18','Branch',67,'BillingPeriodRef',NULL),(2202,2,19,2,'Billing 2016-01','2014-02-20 17:23:18','Branch',68,'BillingPeriodRef',NULL),(2203,2,19,2,'Billing 2017-01','2014-02-20 17:23:18','Branch',69,'BillingPeriodRef',NULL),(2204,2,19,2,'Billing 2018-01','2014-02-20 17:23:18','Branch',70,'BillingPeriodRef',NULL),(2205,2,19,2,'Billing 2019-01','2014-02-20 17:23:18','Branch',71,'BillingPeriodRef',NULL),(2206,2,19,2,'Billing 2020-01','2014-02-20 17:23:18','Branch',72,'BillingPeriodRef',NULL),(2207,2,19,2,'Billing 2021-01','2014-02-20 17:23:18','Branch',73,'BillingPeriodRef',NULL),(2208,2,19,2,'Billing 2022-01','2014-02-20 17:23:18','Branch',74,'BillingPeriodRef',NULL),(2209,2,19,2,'Billing 2023-01','2014-02-20 17:23:18','Branch',75,'BillingPeriodRef',NULL),(2210,2,19,2,'last 2','2014-02-20 17:25:08','Branch',NULL,NULL,NULL),(2211,2,19,2,'Billing 2014-0888','2014-02-20 17:25:08','Branch',66,'BillingPeriodRef',NULL),(2212,2,19,2,'Billing 2015-01','2014-02-20 17:25:08','Branch',67,'BillingPeriodRef',NULL),(2213,2,19,2,'Billing 2016-01','2014-02-20 17:25:08','Branch',68,'BillingPeriodRef',NULL),(2214,2,19,2,'Billing 2017-01','2014-02-20 17:25:08','Branch',69,'BillingPeriodRef',NULL),(2215,2,19,2,'Billing 2018-01','2014-02-20 17:25:08','Branch',70,'BillingPeriodRef',NULL),(2216,2,19,2,'Billing 2019-01','2014-02-20 17:25:08','Branch',71,'BillingPeriodRef',NULL),(2217,2,19,2,'Billing 2020-01','2014-02-20 17:25:08','Branch',72,'BillingPeriodRef',NULL),(2218,2,19,2,'Billing 2021-01','2014-02-20 17:25:08','Branch',73,'BillingPeriodRef',NULL),(2219,2,19,2,'Billing 2022-01','2014-02-20 17:25:08','Branch',74,'BillingPeriodRef',NULL),(2220,2,19,2,'Billing 2023-01','2014-02-20 17:25:08','Branch',75,'BillingPeriodRef',NULL),(2221,2,19,2,'last 2','2014-02-20 17:25:29','Branch',NULL,NULL,NULL),(2222,2,19,2,'Billing 2014-0888','2014-02-20 17:25:29','Branch',66,'BillingPeriodRef',NULL),(2223,2,19,2,'Billing 2015-01','2014-02-20 17:25:29','Branch',67,'BillingPeriodRef',NULL),(2224,2,19,2,'Billing 2016-01','2014-02-20 17:25:29','Branch',68,'BillingPeriodRef',NULL),(2225,2,19,2,'Billing 2017-01','2014-02-20 17:25:29','Branch',69,'BillingPeriodRef',NULL),(2226,2,19,2,'Billing 2018-01','2014-02-20 17:25:29','Branch',70,'BillingPeriodRef',NULL),(2227,2,19,2,'Billing 2019-01','2014-02-20 17:25:29','Branch',71,'BillingPeriodRef',NULL),(2228,2,19,2,'Billing 2020-01','2014-02-20 17:25:29','Branch',72,'BillingPeriodRef',NULL),(2229,2,19,2,'Billing 2021-01','2014-02-20 17:25:29','Branch',73,'BillingPeriodRef',NULL),(2230,2,19,2,'Billing 2022-01','2014-02-20 17:25:29','Branch',74,'BillingPeriodRef',NULL),(2231,2,19,2,'Billing 2023-01','2014-02-20 17:25:29','Branch',75,'BillingPeriodRef',NULL),(2232,2,19,2,'last 2','2014-02-20 17:34:41','Branch',NULL,NULL,NULL),(2233,2,19,2,'Billing 2014-0888','2014-02-20 17:34:41','Branch',66,'BillingPeriodRef',NULL),(2234,2,19,2,'Billing 2015-01','2014-02-20 17:34:41','Branch',67,'BillingPeriodRef',NULL),(2235,2,19,2,'Billing 2016-01','2014-02-20 17:34:41','Branch',68,'BillingPeriodRef',NULL),(2236,2,19,2,'Billing 2017-01','2014-02-20 17:34:41','Branch',69,'BillingPeriodRef',NULL),(2237,2,19,2,'Billing 2018-01','2014-02-20 17:34:41','Branch',70,'BillingPeriodRef',NULL),(2238,2,19,2,'Billing 2019-01','2014-02-20 17:34:41','Branch',71,'BillingPeriodRef',NULL),(2239,2,19,2,'Billing 2020-01','2014-02-20 17:34:41','Branch',72,'BillingPeriodRef',NULL),(2240,2,19,2,'Billing 2021-01','2014-02-20 17:34:41','Branch',73,'BillingPeriodRef',NULL),(2241,2,19,2,'Billing 2022-01','2014-02-20 17:34:41','Branch',74,'BillingPeriodRef',NULL),(2242,2,19,2,'Billing 2023-01','2014-02-20 17:34:41','Branch',75,'BillingPeriodRef',NULL),(2243,2,19,2,'last 2','2014-02-20 17:35:00','Branch',NULL,NULL,NULL),(2244,2,19,2,'Billing 2014-0888','2014-02-20 17:35:00','Branch',66,'BillingPeriodRef',NULL),(2245,2,19,2,'Billing 2015-01','2014-02-20 17:35:00','Branch',67,'BillingPeriodRef',NULL),(2246,2,19,2,'Billing 2016-01','2014-02-20 17:35:00','Branch',68,'BillingPeriodRef',NULL),(2247,2,19,2,'Billing 2017-01','2014-02-20 17:35:00','Branch',69,'BillingPeriodRef',NULL),(2248,2,19,2,'Billing 2018-01','2014-02-20 17:35:00','Branch',70,'BillingPeriodRef',NULL),(2249,2,19,2,'Billing 2019-01','2014-02-20 17:35:00','Branch',71,'BillingPeriodRef',NULL),(2250,2,19,2,'Billing 2020-01','2014-02-20 17:35:00','Branch',72,'BillingPeriodRef',NULL),(2251,2,19,2,'Billing 2021-01','2014-02-20 17:35:00','Branch',73,'BillingPeriodRef',NULL),(2252,2,19,2,'Billing 2022-01','2014-02-20 17:35:00','Branch',74,'BillingPeriodRef',NULL),(2253,2,19,2,'Billing 2023-01','2014-02-20 17:35:00','Branch',75,'BillingPeriodRef',NULL),(2254,2,10,2,'300.000','2014-02-21 11:18:20','BandwidthAssignee',NULL,NULL,NULL),(2255,2,10,2,'300.000 kbit/s','2014-02-21 11:19:13','BandwidthAssignee',NULL,NULL,NULL),(2256,2,5,2,'5454','2014-02-21 16:27:16','ComplexModel',NULL,NULL,NULL),(2257,2,26,2,'Super Model XXL Desc','2014-02-21 16:27:55','ComplexModel',NULL,NULL,NULL),(2258,2,27,2,'SAR -8 completely equiped','2014-02-21 16:43:23','ComplexModel',NULL,NULL,NULL),(2259,2,497,2,'SAR-8_99','2014-02-21 16:45:37','Equipment',NULL,NULL,NULL),(2260,2,26,2,'Super Model XXL Desc','2014-02-21 16:50:29','ComplexModel',NULL,NULL,NULL),(2261,2,19,2,'S19','2014-02-23 10:47:03','Service',NULL,NULL,NULL),(2262,2,19,2,'test','2014-02-23 10:47:03','Service',73,'ServiceCaracs',NULL),(2263,2,19,2,'test','2014-02-23 10:47:03','Service',74,'ServiceCaracs',NULL),(2264,2,19,2,'test','2014-02-23 10:47:03','Service',76,'ServiceCaracs',NULL),(2265,2,10,2,'A1','2014-02-23 10:47:55','ServiceExtremity',NULL,NULL,NULL),(2266,2,10,2,'test','2014-02-23 10:47:55','ServiceExtremity',81,'ServiceCaracs',NULL),(2267,2,6,2,'23 : German Customer A','2014-02-23 10:49:22','BillingService',NULL,NULL,NULL),(2268,2,6,2,'S19:A1','2014-02-23 10:49:22','BillingService',9,'BillingServiceLine',NULL),(2269,2,6,2,'23 : German Customer A','2014-02-23 10:50:31','BillingService',NULL,NULL,NULL),(2270,2,6,2,'S19:A1','2014-02-23 10:50:32','BillingService',9,'BillingServiceLine',NULL),(2271,2,10,2,'A1','2014-02-23 10:52:25','ServiceExtremity',NULL,NULL,NULL),(2272,2,10,2,'test','2014-02-23 10:52:25','ServiceExtremity',82,'ServiceCaracs',NULL),(2273,2,19,2,'S19','2014-02-23 10:52:37','Service',NULL,NULL,NULL),(2274,2,19,2,'test','2014-02-23 10:52:37','Service',73,'ServiceCaracs',NULL),(2275,2,19,2,'test','2014-02-23 10:52:37','Service',76,'ServiceCaracs',NULL),(2276,2,19,2,'S19','2014-02-23 10:52:56','Service',NULL,NULL,NULL),(2277,2,19,2,'test','2014-02-23 10:52:57','Service',73,'ServiceCaracs',NULL),(2278,2,19,2,'test','2014-02-23 10:52:57','Service',76,'ServiceCaracs',NULL),(2279,2,12,2,'C3','2014-02-23 11:03:49','ServiceExtremity',NULL,NULL,NULL),(2280,2,12,2,'test','2014-02-23 11:03:49','ServiceExtremity',99,'ServiceCaracs',NULL),(2281,2,19,2,'S19','2014-02-23 11:05:50','Service',NULL,NULL,NULL),(2282,2,19,2,'test','2014-02-23 11:05:50','Service',73,'ServiceCaracs',NULL),(2283,2,19,2,'test','2014-02-23 11:05:50','Service',76,'ServiceCaracs',NULL),(2284,2,12,2,'C3','2014-02-24 00:21:21','ServiceExtremity',NULL,NULL,NULL),(2285,2,12,2,'test','2014-02-24 00:21:21','ServiceExtremity',99,'ServiceCaracs',NULL),(2286,2,12,2,'C3','2014-02-24 00:25:26','ServiceExtremity',NULL,NULL,NULL),(2287,2,12,2,'test','2014-02-24 00:25:26','ServiceExtremity',99,'ServiceCaracs',NULL),(2288,2,12,2,'C3','2014-02-24 00:26:45','ServiceExtremity',NULL,NULL,NULL),(2289,2,12,2,'C3','2014-02-24 00:27:31','ServiceExtremity',NULL,NULL,NULL),(2290,2,19,2,'S19','2014-02-24 00:45:50','Service',NULL,NULL,NULL),(2291,2,19,2,'test','2014-02-24 00:45:50','Service',73,'ServiceCaracs',NULL),(2292,2,19,2,'test','2014-02-24 00:45:50','Service',76,'ServiceCaracs',NULL),(2293,2,19,2,'S19','2014-02-24 00:55:17','Service',NULL,NULL,NULL),(2294,2,19,2,'test','2014-02-24 00:55:17','Service',73,'ServiceCaracs',NULL),(2295,2,19,2,'test','2014-02-24 00:55:17','Service',76,'ServiceCaracs',NULL),(2296,2,13,2,'D4','2014-02-24 01:42:22','ServiceExtremity',NULL,NULL,NULL),(2297,2,13,2,'D4','2014-02-24 01:43:40','ServiceExtremity',NULL,NULL,NULL),(2298,2,10,2,'A1','2014-02-24 01:44:22','ServiceExtremity',NULL,NULL,NULL),(2299,2,10,2,'test','2014-02-24 01:44:22','ServiceExtremity',82,'ServiceCaracs',NULL),(2300,2,10,2,'A1','2014-02-24 01:45:07','ServiceExtremity',NULL,NULL,NULL),(2301,2,10,2,'A1','2014-02-24 01:45:46','ServiceExtremity',NULL,NULL,NULL),(2302,2,10,2,'A1','2014-02-24 01:47:19','ServiceExtremity',NULL,NULL,NULL),(2303,2,12,2,'C3','2014-02-24 01:55:43','ServiceExtremity',NULL,NULL,NULL),(2304,2,12,2,'test','2014-02-24 01:55:43','ServiceExtremity',100,'ServiceCaracs',NULL),(2305,2,19,2,'S19','2014-02-24 01:55:52','Service',NULL,NULL,NULL),(2306,2,19,2,'test','2014-02-24 01:55:52','Service',73,'ServiceCaracs',NULL),(2307,2,19,2,'test','2014-02-24 01:55:52','Service',76,'ServiceCaracs',NULL),(2308,2,10,2,'TETC:TradExtra Talk City','2014-02-24 11:56:00','ProductType',NULL,NULL,NULL),(2309,2,11,2,'TETA:TradExtra Talk Area','2014-02-24 11:56:27','ProductType',NULL,NULL,NULL),(2310,2,12,2,'TETIA:TradExtra Talk Inter-Area','2014-02-24 11:56:46','ProductType',NULL,NULL,NULL),(2311,2,11,2,'TETA:TradExtra Talk Area','2014-02-24 11:57:02','ProductType',NULL,NULL,NULL),(2312,2,12,2,'TETIA:TradExtra Talk Inter-Area','2014-02-24 11:57:20','ProductType',NULL,NULL,NULL),(2313,2,14,2,'TEOS:TradExtra One system','2014-02-24 11:58:50','ProductType',NULL,NULL,NULL),(2314,2,10,2,'TETC:TradExtra Talk City','2014-02-24 12:06:29','ProductType',NULL,NULL,NULL),(2315,2,11,2,'TETA:TradExtra Talk Area','2014-02-24 12:07:12','ProductType',NULL,NULL,NULL),(2316,2,12,2,'TETIA:TradExtra Talk Inter-Area','2014-02-24 12:07:45','ProductType',NULL,NULL,NULL),(2317,2,13,2,'TEP:TradExtra Plug','2014-02-24 12:14:18','ProductType',NULL,NULL,NULL),(2318,2,14,2,'TEOS:TradExtra One system','2014-02-24 12:14:36','ProductType',NULL,NULL,NULL),(2319,2,19,2,'TEF:TradExtra Fix','2014-02-24 12:15:31','ProductType',NULL,NULL,NULL),(2320,2,27,2,'TEDL:TradExtra Datalink','2014-02-24 12:16:42','ProductType',NULL,NULL,NULL),(2321,2,15,2,'MET:Metrics','2014-02-24 12:18:08','ProductType',NULL,NULL,NULL),(2322,2,7,2,'BUC:Bundle City','2014-02-24 12:19:27','ProductType',NULL,NULL,NULL),(2323,2,8,2,'BUA:Bundle Area','2014-02-24 12:19:54','ProductType',NULL,NULL,NULL),(2324,2,9,2,'BUI:Bundle Inter-Area','2014-02-24 12:20:17','ProductType',NULL,NULL,NULL),(2325,2,4,2,'BC:Business Conference','2014-02-24 12:22:38','ProductType',NULL,NULL,NULL),(2326,2,3,2,'TD:Trade Data','2014-02-24 12:23:12','ProductType',NULL,NULL,NULL),(2327,2,2,2,'TVI:Trade Voice Intercity','2014-02-24 12:23:34','ProductType',NULL,NULL,NULL),(2328,2,1,2,'TVC:Trade Voice City','2014-02-24 12:23:54','ProductType',NULL,NULL,NULL),(2329,2,48,2,'Billing Billing Address of German Customer A 70564 STUTTGART','2014-02-24 17:43:33','Address',NULL,NULL,NULL),(2330,2,48,2,'98217654','2014-02-24 17:43:33','Address',NULL,'BillingGroup',NULL),(2331,2,48,2,'32165','2014-02-24 17:43:33','Address',NULL,'BillingGroup',NULL),(2332,2,48,2,'65438765','2014-02-24 17:43:33','Address',NULL,'BillingGroup',NULL),(2333,2,21,2,'S21','2014-02-24 19:21:27','Service',NULL,NULL,NULL),(2334,2,10,2,'TETC:TradExtra Talk City','2014-02-24 23:20:27','ProductType',NULL,NULL,NULL),(2335,2,11,2,'TETA:TradExtra Talk Area','2014-02-24 23:21:02','ProductType',NULL,NULL,NULL),(2336,2,14,2,'TEOS:TradExtra One system','2014-02-24 23:21:34','ProductType',NULL,NULL,NULL),(2337,2,27,2,'TEDL:TradExtra Datalink','2014-02-24 23:22:02','ProductType',NULL,NULL,NULL),(2338,2,19,2,'S19','2014-02-24 23:41:38','Service',NULL,NULL,NULL),(2339,2,19,2,'test','2014-02-24 23:41:38','Service',73,'ServiceCaracs',NULL),(2340,2,19,2,'test','2014-02-24 23:41:38','Service',76,'ServiceCaracs',NULL),(2341,2,19,2,'S19','2014-02-24 23:42:47','Service',NULL,NULL,NULL),(2342,2,19,2,'test','2014-02-24 23:42:47','Service',73,'ServiceCaracs',NULL),(2343,2,19,2,'test','2014-02-24 23:42:47','Service',76,'ServiceCaracs',NULL),(2344,2,19,2,'S19','2014-02-24 23:44:02','Service',NULL,NULL,NULL),(2345,2,19,2,'test','2014-02-24 23:44:02','Service',73,'ServiceCaracs',NULL),(2346,2,19,2,'test','2014-02-24 23:44:02','Service',76,'ServiceCaracs',NULL),(2347,2,19,2,'S19','2014-02-24 23:44:27','Service',NULL,NULL,NULL),(2348,2,19,2,'test','2014-02-24 23:44:27','Service',73,'ServiceCaracs',NULL),(2349,2,19,2,'test','2014-02-24 23:44:27','Service',76,'ServiceCaracs',NULL),(2350,2,19,2,'S19','2014-02-24 23:45:16','Service',NULL,NULL,NULL),(2351,2,19,2,'test','2014-02-24 23:45:16','Service',73,'ServiceCaracs',NULL),(2352,2,19,2,'test','2014-02-24 23:45:16','Service',76,'ServiceCaracs',NULL),(2353,2,19,2,'S19','2014-02-24 23:45:58','Service',NULL,NULL,NULL),(2354,2,19,2,'test','2014-02-24 23:45:58','Service',73,'ServiceCaracs',NULL),(2355,2,19,2,'test','2014-02-24 23:45:58','Service',76,'ServiceCaracs',NULL),(2356,2,12,2,'','2014-02-24 23:47:06','ServiceExtremityTech',NULL,NULL,NULL),(2357,2,10,2,'','2014-02-24 23:47:29','ServiceExtremityTech',NULL,NULL,NULL),(2358,2,11,2,'','2014-02-24 23:47:49','ServiceExtremityTech',NULL,NULL,NULL),(2359,2,13,2,'','2014-02-24 23:48:26','ServiceExtremityTech',NULL,NULL,NULL),(2360,2,19,2,'S19','2014-02-24 23:48:35','Service',NULL,NULL,NULL),(2361,2,19,2,'test','2014-02-24 23:48:35','Service',73,'ServiceCaracs',NULL),(2362,2,19,2,'test','2014-02-24 23:48:35','Service',76,'ServiceCaracs',NULL),(2363,2,10,2,'','2014-02-24 23:48:54','ServiceExtremityTech',NULL,NULL,NULL),(2364,2,19,2,'S19','2014-02-24 23:49:31','Service',NULL,NULL,NULL),(2365,2,19,2,'S19','2014-02-25 00:03:23','Service',NULL,NULL,NULL),(2366,2,19,2,'S19','2014-02-25 00:09:02','Service',NULL,NULL,NULL),(2367,2,19,2,'S19','2014-02-25 00:09:42','Service',NULL,NULL,NULL),(2368,2,19,2,'S19','2014-02-25 00:09:51','Service',NULL,NULL,NULL),(2369,2,19,2,'test','2014-02-25 00:09:51','Service',73,'ServiceCaracs',NULL),(2370,2,19,2,'test','2014-02-25 00:09:51','Service',76,'ServiceCaracs',NULL),(2371,2,19,2,'S19','2014-02-25 00:10:11','Service',NULL,NULL,NULL),(2372,2,19,2,'test','2014-02-25 00:10:11','Service',73,'ServiceCaracs',NULL),(2373,2,19,2,'test','2014-02-25 00:10:11','Service',76,'ServiceCaracs',NULL),(2374,2,19,2,'S19','2014-02-25 00:12:07','Service',NULL,NULL,NULL),(2375,2,19,2,'test','2014-02-25 00:12:07','Service',73,'ServiceCaracs',NULL),(2376,2,19,2,'test','2014-02-25 00:12:07','Service',76,'ServiceCaracs',NULL),(2377,2,19,2,'S19','2014-02-25 00:16:07','Service',NULL,NULL,NULL),(2378,2,19,2,'test','2014-02-25 00:16:07','Service',73,'ServiceCaracs',NULL),(2379,2,19,2,'test','2014-02-25 00:16:07','Service',76,'ServiceCaracs',NULL),(2380,2,35,2,'LL35','2014-02-25 14:56:57','LocalLoop',NULL,NULL,NULL),(2381,2,101,2,'A1New','2014-02-25 14:57:05','LocalLoopExtremity',NULL,NULL,NULL),(2382,2,35,2,'LL35','2014-02-25 14:57:44','LocalLoop',NULL,NULL,NULL),(2383,2,102,2,'B2New','2014-02-25 14:58:33','LocalLoopExtremity',NULL,NULL,NULL),(2384,2,47,2,'LL47','2014-02-25 14:58:37','LocalLoop',NULL,NULL,NULL),(2385,2,90,2,'B2','2014-02-25 14:59:20','LocalLoopExtremity',NULL,NULL,NULL),(2386,2,47,2,'LL47','2014-02-25 14:59:24','LocalLoop',NULL,NULL,NULL),(2387,2,47,2,'LL47','2014-02-25 14:59:53','LocalLoop',NULL,NULL,NULL),(2388,2,102,2,'B2New','2014-02-25 15:00:12','LocalLoopExtremity',NULL,NULL,NULL),(2389,2,47,2,'LL47','2014-02-25 15:00:15','LocalLoop',NULL,NULL,NULL),(2390,2,47,2,'LL47','2014-02-25 15:00:36','LocalLoop',NULL,NULL,NULL),(2391,2,102,2,'B2New','2014-02-25 15:00:50','LocalLoopExtremity',NULL,NULL,NULL),(2392,2,47,2,'LL47','2014-02-25 15:00:57','LocalLoop',NULL,NULL,NULL),(2393,2,100,2,'IKNOWEVERYTHING Yeswecan','2014-02-25 15:01:14','LocalLoopExtremityTech',NULL,NULL,NULL),(2394,2,47,2,'LL47','2014-02-25 15:01:27','LocalLoop',NULL,NULL,NULL),(2395,2,47,2,'LL47','2014-02-25 15:21:28','LocalLoop',NULL,NULL,NULL),(2396,2,103,2,'A1New','2014-02-25 15:22:59','LocalLoopExtremity',NULL,NULL,NULL),(2397,2,47,2,'LL47','2014-02-25 15:23:03','LocalLoop',NULL,NULL,NULL),(2398,2,47,2,'LL47','2014-02-25 15:42:39','LocalLoop',NULL,NULL,NULL),(2399,2,15,2,'A1','2014-02-25 16:09:01','ServiceExtremity',NULL,NULL,NULL),(2400,2,23,2,'S23','2014-02-25 16:10:17','Service',NULL,NULL,NULL),(2401,2,23,2,'test','2014-02-25 16:10:17','Service',151,'ServiceCaracs',NULL),(2402,2,23,2,'test','2014-02-25 16:10:17','Service',154,'ServiceCaracs',NULL),(2403,2,7,2,'23 : German Customer A','2014-02-25 16:21:01','BillingService',NULL,NULL,NULL),(2404,2,7,2,'S23:A1','2014-02-25 16:21:01','BillingService',10,'BillingServiceLine',NULL),(2405,2,23,2,'S23','2014-02-25 16:21:04','Service',NULL,NULL,NULL),(2406,2,23,2,'test','2014-02-25 16:21:04','Service',151,'ServiceCaracs',NULL),(2407,2,23,2,'test','2014-02-25 16:21:04','Service',154,'ServiceCaracs',NULL),(2408,2,23,2,'S23','2014-02-25 16:21:55','Service',NULL,NULL,NULL),(2409,2,23,2,'test','2014-02-25 16:21:55','Service',151,'ServiceCaracs',NULL),(2410,2,23,2,'test','2014-02-25 16:21:55','Service',152,'ServiceCaracs',NULL),(2411,2,23,2,'test','2014-02-25 16:21:55','Service',154,'ServiceCaracs',NULL),(2412,2,15,2,'A1','2014-02-25 16:22:20','ServiceExtremity',NULL,NULL,NULL),(2413,2,15,2,'test','2014-02-25 16:22:20','ServiceExtremity',170,'ServiceCaracs',NULL),(2414,2,23,2,'S23','2014-02-25 16:22:32','Service',NULL,NULL,NULL),(2415,2,23,2,'test','2014-02-25 16:22:32','Service',151,'ServiceCaracs',NULL),(2416,2,23,2,'test','2014-02-25 16:22:32','Service',154,'ServiceCaracs',NULL),(2417,2,15,2,'A1','2014-02-25 16:22:55','ServiceExtremity',NULL,NULL,NULL),(2418,2,15,2,'test','2014-02-25 16:22:55','ServiceExtremity',171,'ServiceCaracs',NULL),(2419,2,23,2,'S23','2014-02-25 16:23:16','Service',NULL,NULL,NULL),(2420,2,23,2,'test','2014-02-25 16:23:16','Service',151,'ServiceCaracs',NULL),(2421,2,23,2,'test','2014-02-25 16:23:16','Service',154,'ServiceCaracs',NULL),(2422,2,23,2,'S23','2014-02-25 16:23:27','Service',NULL,NULL,NULL),(2423,2,23,2,'test','2014-02-25 16:23:27','Service',151,'ServiceCaracs',NULL),(2424,2,23,2,'test','2014-02-25 16:23:27','Service',154,'ServiceCaracs',NULL),(2425,2,15,2,'','2014-02-25 16:24:31','ServiceExtremityTech',NULL,NULL,NULL),(2426,2,15,2,'test','2014-02-25 16:24:31','ServiceExtremityTech',178,'ServiceCaracs',NULL),(2427,2,16,2,'','2014-02-25 16:24:50','ServiceExtremityTech',NULL,NULL,NULL),(2428,2,16,2,'test','2014-02-25 16:24:50','ServiceExtremityTech',179,'ServiceCaracs',NULL),(2429,2,23,2,'S23','2014-02-25 16:24:53','Service',NULL,NULL,NULL),(2430,2,23,2,'test','2014-02-25 16:24:54','Service',151,'ServiceCaracs',NULL),(2431,2,23,2,'test','2014-02-25 16:24:54','Service',154,'ServiceCaracs',NULL),(2432,2,23,2,'S23','2014-02-25 16:25:04','Service',NULL,NULL,NULL),(2433,2,23,2,'test','2014-02-25 16:25:05','Service',151,'ServiceCaracs',NULL),(2434,2,23,2,'test','2014-02-25 16:25:05','Service',154,'ServiceCaracs',NULL),(2435,2,452,2,'GFGG','2014-02-25 16:46:29','Equipment',NULL,NULL,NULL),(2436,2,452,2,'GFGG','2014-02-25 16:46:43','Equipment',NULL,NULL,NULL),(2437,2,452,2,'GFGG','2014-02-25 16:51:56','Equipment',NULL,NULL,NULL),(2438,2,50,2,'LL50','2014-02-26 13:16:03','LocalLoop',NULL,NULL,NULL),(2439,2,37,2,'BB37:','2014-02-26 13:21:25','BackboneLink',NULL,NULL,NULL),(2440,2,37,2,'BB37:','2014-02-26 13:22:06','BackboneLink',NULL,NULL,NULL),(2441,2,19,2,'S19','2014-02-28 12:01:14','Service',NULL,NULL,NULL),(2442,2,19,2,'test','2014-02-28 12:01:14','Service',73,'ServiceCaracs',NULL),(2443,2,19,2,'test','2014-02-28 12:01:14','Service',76,'ServiceCaracs',NULL),(2444,2,19,2,'S19','2014-02-28 12:01:57','Service',NULL,NULL,NULL),(2445,2,19,2,'test','2014-02-28 12:01:57','Service',73,'ServiceCaracs',NULL),(2446,2,19,2,'test','2014-02-28 12:01:57','Service',76,'ServiceCaracs',NULL),(2447,2,19,2,'S19','2014-02-28 12:03:57','Service',NULL,NULL,NULL),(2448,2,19,2,'test','2014-02-28 12:03:57','Service',73,'ServiceCaracs',NULL),(2449,2,19,2,'test','2014-02-28 12:03:57','Service',76,'ServiceCaracs',NULL),(2450,2,19,2,'S19','2014-02-28 12:04:18','Service',NULL,NULL,NULL),(2451,2,19,2,'test','2014-02-28 12:04:18','Service',73,'ServiceCaracs',NULL),(2452,2,19,2,'test','2014-02-28 12:04:18','Service',76,'ServiceCaracs',NULL),(2453,2,19,2,'S19','2014-02-28 12:06:07','Service',NULL,NULL,NULL),(2454,2,19,2,'test','2014-02-28 12:06:07','Service',73,'ServiceCaracs',NULL),(2455,2,19,2,'test','2014-02-28 12:06:07','Service',76,'ServiceCaracs',NULL),(2456,2,1,2,'TVC:Trade Voice City','2014-02-28 16:34:31','ProductType',NULL,NULL,NULL),(2457,2,2,2,'TVI:Trade Voice Intercity','2014-02-28 16:34:46','ProductType',NULL,NULL,NULL),(2458,2,3,2,'TD:Trade Data','2014-02-28 16:35:07','ProductType',NULL,NULL,NULL),(2459,2,4,2,'BC:Business Conference','2014-02-28 16:35:34','ProductType',NULL,NULL,NULL),(2460,2,5,2,'NVA:NetRecova','2014-02-28 16:35:58','ProductType',NULL,NULL,NULL),(2461,2,13,2,'TEP:TradExtra Plug','2014-02-28 16:36:48','ProductType',NULL,NULL,NULL),(2462,2,14,2,'TEOS:TradExtra One system','2014-02-28 16:37:29','ProductType',NULL,NULL,NULL),(2463,2,16,2,'RA:Remote Access','2014-02-28 16:37:47','ProductType',NULL,NULL,NULL),(2464,2,17,2,'LLSCR:Live-Live Smart Call Routing','2014-02-28 16:38:14','ProductType',NULL,NULL,NULL),(2465,2,11,2,'TETA:TradExtra Talk Area','2014-02-28 16:38:45','ProductType',NULL,NULL,NULL),(2466,2,18,2,'FTSSCR:Follow-The-Sun Smart Call Routing','2014-02-28 16:39:26','ProductType',NULL,NULL,NULL),(2467,2,19,2,'TEF:TradExtra Fix','2014-02-28 16:40:02','ProductType',NULL,NULL,NULL),(2468,2,22,2,'FLCN:Flexible Connect','2014-02-28 16:40:29','ProductType',NULL,NULL,NULL),(2469,2,23,2,'FLRE:Flexible Retrieve','2014-02-28 16:40:50','ProductType',NULL,NULL,NULL),(2470,2,27,2,'TEDL:TradExtra Datalink','2014-02-28 16:41:17','ProductType',NULL,NULL,NULL),(2471,2,81,2,'A1','2014-02-28 16:42:09','BackboneLinkExtremity',NULL,NULL,NULL),(2472,2,82,2,'B2','2014-02-28 16:42:26','BackboneLinkExtremity',NULL,NULL,NULL),(2473,2,45,2,'BB45:','2014-02-28 16:42:32','BackboneLink',NULL,NULL,NULL),(2474,2,21,2,'BB45::','2014-02-28 17:26:40','CostingBackboneLinkLine',NULL,NULL,NULL),(2475,2,45,2,'BB45:','2014-02-28 17:26:56','BackboneLink',NULL,NULL,NULL),(2476,2,45,2,'BB45:','2014-02-28 17:34:20','BackboneLink',NULL,NULL,NULL),(2477,2,19,2,'S19','2014-02-28 20:27:48','Service',NULL,NULL,NULL),(2478,2,19,2,'test','2014-02-28 20:27:49','Service',73,'ServiceCaracs',NULL),(2479,2,19,2,'test','2014-02-28 20:27:49','Service',76,'ServiceCaracs',NULL),(2480,2,19,2,'S19','2014-02-28 20:28:14','Service',NULL,NULL,NULL),(2481,2,19,2,'test','2014-02-28 20:28:14','Service',73,'ServiceCaracs',NULL),(2482,2,19,2,'test','2014-02-28 20:28:14','Service',76,'ServiceCaracs',NULL),(2483,2,12,2,'','2014-02-28 21:41:11','ServiceExtremityTech',NULL,NULL,NULL),(2484,2,11,2,'','2014-02-28 21:41:33','ServiceExtremityTech',NULL,NULL,NULL),(2485,2,13,2,'','2014-02-28 21:42:05','ServiceExtremityTech',NULL,NULL,NULL),(2486,2,19,2,'S19','2014-02-28 21:42:16','Service',NULL,NULL,NULL),(2487,2,19,2,'test','2014-02-28 21:42:16','Service',73,'ServiceCaracs',NULL),(2488,2,19,2,'test','2014-02-28 21:42:16','Service',76,'ServiceCaracs',NULL),(2489,2,10,2,'','2014-02-28 21:43:04','ServiceExtremityTech',NULL,NULL,NULL),(2490,2,19,2,'S19','2014-02-28 21:43:28','Service',NULL,NULL,NULL),(2491,2,19,2,'test','2014-02-28 21:43:28','Service',73,'ServiceCaracs',NULL),(2492,2,19,2,'test','2014-02-28 21:43:28','Service',76,'ServiceCaracs',NULL),(2493,2,19,2,'S19','2014-02-28 21:47:28','Service',NULL,NULL,NULL),(2494,2,19,2,'test','2014-02-28 21:47:29','Service',73,'ServiceCaracs',NULL),(2495,2,19,2,'test','2014-02-28 21:47:29','Service',76,'ServiceCaracs',NULL),(2496,2,49,2,'LL49','2014-02-28 21:51:01','LocalLoop',NULL,NULL,NULL),(2497,2,49,2,'LL49','2014-02-28 21:51:43','LocalLoop',NULL,NULL,NULL),(2498,2,49,2,'LL49','2014-02-28 21:52:04','LocalLoop',NULL,NULL,NULL),(2499,2,1,2,'TVC:Trade Voice City','2014-03-04 14:10:36','ProductType',NULL,NULL,NULL),(2500,2,27,2,'TEDL:TradExtra Datalink','2014-03-04 14:20:46','ProductType',NULL,NULL,NULL),(2501,2,16,2,'RA:Remote Access','2014-03-06 17:02:24','ProductType',NULL,NULL,NULL),(2502,2,24,2,'BRS30:BET Remote System (Gateway 30 channels)','2014-03-06 17:03:37','ProductType',NULL,NULL,NULL),(2503,2,26,2,'BRT:BET Remote Turret (Etranet Remote Trading)','2014-03-06 17:03:49','ProductType',NULL,NULL,NULL),(2504,2,25,2,'BRS64:BET Remote System (Gateway 64)','2014-03-06 17:04:01','ProductType',NULL,NULL,NULL),(2505,2,5,2,'NVA:NetRecova','2014-03-06 17:05:19','ProductType',NULL,NULL,NULL),(2506,2,6,2,'TEM:TradExtra Membership','2014-03-06 17:05:48','ProductType',NULL,NULL,NULL),(2507,2,5,2,'NVA:NetRecova','2014-03-06 17:06:53','ProductType',NULL,NULL,NULL),(2508,2,7,2,'BUC:Bundle City','2014-03-06 17:09:03','ProductType',NULL,NULL,NULL),(2509,2,8,2,'BUA:Bundle Area','2014-03-06 17:09:38','ProductType',NULL,NULL,NULL),(2510,2,9,2,'BUI:Bundle Inter-Area','2014-03-06 17:09:53','ProductType',NULL,NULL,NULL),(2511,2,10,2,'TETC:TradExtra Talk City','2014-03-06 17:10:10','ProductType',NULL,NULL,NULL),(2512,2,11,2,'TETA:TradExtra Talk Area','2014-03-06 17:10:29','ProductType',NULL,NULL,NULL),(2513,2,12,2,'TETIA:TradExtra Talk Inter-Area','2014-03-06 17:10:42','ProductType',NULL,NULL,NULL),(2514,2,4,2,'BC:Business Conference','2014-03-06 17:12:18','ProductType',NULL,NULL,NULL),(2515,2,7,2,'BUC:Bundle City','2014-03-06 17:13:07','ProductType',NULL,NULL,NULL),(2516,2,8,2,'BUA:Bundle Area','2014-03-06 17:13:19','ProductType',NULL,NULL,NULL),(2517,2,9,2,'BUI:Bundle Inter-Area','2014-03-06 17:13:32','ProductType',NULL,NULL,NULL),(2518,2,27,2,'TEDL:TradExtra Datalink','2014-03-06 17:14:23','ProductType',NULL,NULL,NULL),(2519,2,20,2,'FLT:Flexible Trading','2014-03-06 17:14:56','ProductType',NULL,NULL,NULL),(2520,2,10,2,'S','2014-03-06 17:19:14','Service',NULL,NULL,NULL),(2521,2,4,2,'BC:Business Conference','2014-03-06 17:22:39','ProductType',NULL,NULL,NULL),(2522,2,5,2,'NVA:NetRecova','2014-03-06 17:22:52','ProductType',NULL,NULL,NULL),(2523,2,27,2,'TEDL:TradExtra Datalink','2014-03-06 17:23:54','ProductType',NULL,NULL,NULL),(2524,2,44,2,'Netrecova ref','2014-03-07 08:06:07','ProductCaracs',NULL,NULL,NULL),(2525,2,21,2,'FLTU:Flexible Turrets','2014-03-07 08:16:48','ProductType',NULL,NULL,NULL),(2526,2,22,2,'FLCN:Flexible Connect','2014-03-07 08:17:19','ProductType',NULL,NULL,NULL),(2527,2,14,2,'TEOS:TradExtra One system','2014-03-07 08:18:21','ProductType',NULL,NULL,NULL),(2528,2,19,2,'TEF:TradExtra Fix','2014-03-07 08:19:12','ProductType',NULL,NULL,NULL),(2529,2,15,2,'MET:Metrics','2014-03-07 08:20:59','ProductType',NULL,NULL,NULL),(2530,2,13,2,'TEP:TradExtra Plug','2014-03-07 08:22:21','ProductType',NULL,NULL,NULL),(2531,2,27,2,'TEDL:TradExtra Datalink','2014-03-07 08:22:51','ProductType',NULL,NULL,NULL),(2532,2,7,2,'BUC:Bundle City','2014-03-07 08:23:36','ProductType',NULL,NULL,NULL),(2533,2,8,2,'BUA:Bundle Area','2014-03-07 08:24:04','ProductType',NULL,NULL,NULL),(2534,2,9,2,'BUI:Bundle Inter-Area','2014-03-07 08:24:32','ProductType',NULL,NULL,NULL),(2535,2,4,2,'BC:Business Conference','2014-03-07 08:24:51','ProductType',NULL,NULL,NULL),(2536,2,3,2,'TD:Trade Data','2014-03-07 08:25:16','ProductType',NULL,NULL,NULL),(2537,2,2,2,'TVI:Trade Voice Intercity','2014-03-07 08:25:33','ProductType',NULL,NULL,NULL),(2538,2,10,2,'TETC:TradExtra Talk City','2014-03-07 08:26:28','ProductType',NULL,NULL,NULL),(2539,2,11,2,'TETA:TradExtra Talk Area','2014-03-07 08:26:54','ProductType',NULL,NULL,NULL),(2540,2,12,2,'TETIA:TradExtra Talk Inter-Area','2014-03-07 08:27:13','ProductType',NULL,NULL,NULL),(2541,2,50,2,'Flexible trading ref','2014-03-07 10:29:22','ProductCaracs',NULL,NULL,NULL),(2542,2,46,2,'Membership ref','2014-03-07 10:31:46','ProductCaracs',NULL,NULL,NULL),(2543,2,44,2,'Netrecova ref','2014-03-07 10:32:56','ProductCaracs',NULL,NULL,NULL),(2544,2,50,2,'Flexible trading ref','2014-03-07 10:33:26','ProductCaracs',NULL,NULL,NULL),(2545,2,43,2,'BB43:','2014-03-10 11:33:09','BackboneLink',NULL,NULL,NULL),(2546,2,77,2,'B2New','2014-03-10 11:33:33','BackboneLinkExtremity',NULL,NULL,NULL),(2547,2,43,2,'BB43:','2014-03-10 11:33:42','BackboneLink',NULL,NULL,NULL),(2548,2,77,2,'B2New','2014-03-10 11:34:39','BackboneLinkExtremity',NULL,NULL,NULL),(2549,2,43,2,'BB43:','2014-03-10 11:34:52','BackboneLink',NULL,NULL,NULL),(2550,2,43,2,'BB43:','2014-03-10 11:35:08','BackboneLink',NULL,NULL,NULL),(2551,2,77,2,'B2New','2014-03-10 11:35:58','BackboneLinkExtremity',NULL,NULL,NULL),(2552,2,69,2,'SPEEDO ALONSO','2014-03-10 11:36:18','BackboneLinkExtremityTech',NULL,NULL,NULL),(2553,2,43,2,'BB43:','2014-03-10 11:36:41','BackboneLink',NULL,NULL,NULL),(2554,2,7,2,'BDL:Bundle City','2014-03-10 12:37:16','ProductType',NULL,NULL,NULL),(2555,2,8,2,'BDL:Bundle Area','2014-03-10 12:37:31','ProductType',NULL,NULL,NULL),(2556,2,9,2,'BDL:Bundle Inter-Area','2014-03-10 12:37:47','ProductType',NULL,NULL,NULL),(2557,2,6,2,'MSP:TradExtra Membership','2014-03-10 12:38:02','ProductType',NULL,NULL,NULL),(2558,2,5,2,'RCV:NetRecova','2014-03-10 12:38:18','ProductType',NULL,NULL,NULL),(2559,2,4,2,'BCO:Business Conference','2014-03-10 12:38:41','ProductType',NULL,NULL,NULL),(2560,2,27,2,'PMP:TradExtra Datalink','2014-03-10 12:39:17','ProductType',NULL,NULL,NULL),(2561,2,21,2,'FTU:Flexible Turrets','2014-03-10 12:39:53','ProductType',NULL,NULL,NULL),(2562,2,20,2,'FTR:Flexible Trading','2014-03-10 12:40:31','ProductType',NULL,NULL,NULL),(2563,2,17,2,'SCR:Live-Live Smart Call Routing','2014-03-10 12:40:45','ProductType',NULL,NULL,NULL),(2564,2,18,2,'SCR:Follow-The-Sun Smart Call Routing','2014-03-10 12:40:59','ProductType',NULL,NULL,NULL),(2565,2,23,2,'BCOF23','2014-03-10 13:10:47','Service',NULL,NULL,NULL),(2566,2,23,2,'test','2014-03-10 13:10:47','Service',151,'ServiceCaracs',NULL),(2567,2,23,2,'test','2014-03-10 13:10:47','Service',154,'ServiceCaracs',NULL),(2568,2,13,2,'F_PARAUB_345 : POP Paris Aubervilliers','2014-03-10 15:55:42','Pop',NULL,NULL,NULL),(2569,2,5,2,'EQUINIX GERMANY','2014-03-10 16:00:48','CostingPop',NULL,NULL,NULL),(2570,2,NULL,2,'COLT Frankfurt','2014-03-10 16:06:30','CostingPop',NULL,NULL,NULL),(2571,2,NULL,2,'COLT Frankfurt','2014-03-10 16:14:28','CostingPop',NULL,NULL,NULL),(2572,2,NULL,2,'COLT Frankfurt','2014-03-10 16:16:12','CostingPop',NULL,NULL,NULL),(2573,2,NULL,2,'COLT Frankfurt','2014-03-10 16:17:01','CostingPop',NULL,NULL,NULL),(2574,2,NULL,2,'COLT Frankfurt','2014-03-10 16:18:46','CostingPop',NULL,NULL,NULL),(2575,2,NULL,2,'COLT Frankfurt','2014-03-10 16:20:25','CostingPop',NULL,NULL,NULL),(2576,2,NULL,2,'COLT Frankfurt','2014-03-10 16:24:08','CostingPop',NULL,NULL,NULL),(2577,2,NULL,2,'COLT Frankfurt','2014-03-10 16:24:52','CostingPop',NULL,NULL,NULL),(2578,2,NULL,2,'COLT Frankfurt','2014-03-10 16:26:23','CostingPop',NULL,NULL,NULL),(2579,2,NULL,2,'COLT Frankfurt','2014-03-10 16:29:14','CostingPop',NULL,NULL,NULL),(2580,2,NULL,2,'COLT Frankfurt','2014-03-10 16:31:00','CostingPop',NULL,NULL,NULL),(2581,2,NULL,2,'COLT Frankfurt','2014-03-10 16:31:50','CostingPop',NULL,NULL,NULL),(2582,2,NULL,2,'COLT Frankfurt','2014-03-10 16:35:28','CostingPop',NULL,NULL,NULL),(2583,2,NULL,2,'COLT Frankfurt','2014-03-10 16:38:34','CostingPop',NULL,NULL,NULL),(2584,2,NULL,2,'COLT Frankfurt','2014-03-10 16:40:09','CostingPop',NULL,NULL,NULL),(2585,2,NULL,2,'COLT Frankfurt','2014-03-10 16:42:40','CostingPop',NULL,NULL,NULL),(2586,2,NULL,2,'COLT Frankfurt','2014-03-10 16:44:43','CostingPop',NULL,NULL,NULL),(2587,2,NULL,2,'COLT Frankfurt','2014-03-10 16:46:04','CostingPop',NULL,NULL,NULL),(2588,2,NULL,2,'COLT Frankfurt','2014-03-10 16:46:48','CostingPop',NULL,NULL,NULL),(2589,2,NULL,2,'COLT Frankfurt','2014-03-10 16:47:56','CostingPop',NULL,NULL,NULL),(2590,2,NULL,2,'COLT Frankfurt','2014-03-10 16:58:02','CostingPop',NULL,NULL,NULL),(2591,2,NULL,2,'EQUINIX GERMANY','2014-03-10 17:11:48','CostingPop',NULL,NULL,NULL),(2592,2,NULL,2,'EQUINIX GERMANY','2014-03-10 17:12:18','CostingPop',NULL,NULL,NULL),(2593,1,9,2,'dfgdfgdgdg 45455 Perl Harbour England','2014-03-10 17:24:25','AddressPop',NULL,NULL,NULL),(2594,2,10,2,'54545 5454 LONDON Troie','2014-03-10 17:53:41','AddressPop',NULL,NULL,NULL),(2595,1,NULL,2,'545454 565656 Perl Harbour England','2014-03-10 18:13:42','AddressPop',NULL,NULL,NULL),(2596,1,NULL,2,'54545 4545 LONDON England','2014-03-10 18:14:54','AddressPop',NULL,NULL,NULL),(2597,1,14,2,'54545 4545 LONDON England','2014-03-10 18:16:15','AddressPop',NULL,NULL,NULL),(2598,1,15,2,'gfgfdhdfh 855 LONDON England','2014-03-10 18:18:29','AddressPop',NULL,NULL,NULL),(2599,2,15,2,'BCOF15A','2014-03-11 14:01:49','ServiceExtremity',NULL,NULL,NULL),(2600,2,15,2,'test','2014-03-11 14:01:49','ServiceExtremity',168,'ServiceCaracs',NULL),(2601,2,15,2,'test','2014-03-11 14:01:49','ServiceExtremity',169,'ServiceCaracs',NULL),(2602,2,15,2,'test','2014-03-11 14:01:49','ServiceExtremity',170,'ServiceCaracs',NULL),(2603,2,15,2,'test','2014-03-11 14:01:49','ServiceExtremity',171,'ServiceCaracs',NULL),(2604,2,15,2,'test','2014-03-11 14:01:49','ServiceExtremity',184,'ServiceCaracs',NULL),(2605,2,15,2,'test','2014-03-11 14:01:49','ServiceExtremity',193,'ServiceCaracs',NULL),(2606,2,15,2,'test','2014-03-11 14:01:49','ServiceExtremity',195,'ServiceCaracs',NULL),(2607,2,15,2,'test','2014-03-11 14:01:49','ServiceExtremity',197,'ServiceCaracs',NULL),(2608,2,15,2,'test','2014-03-11 14:01:49','ServiceExtremity',199,'ServiceCaracs',NULL),(2609,1,26,2,'','2014-03-11 14:34:40','Service',NULL,NULL,NULL),(2610,1,27,2,'BDL','2014-03-11 14:36:08','Service',NULL,NULL,NULL),(2611,1,11,2,'1024ko','2014-03-11 14:40:15','BandwidthAssignee',NULL,NULL,NULL),(2612,1,11,2,'[BUC25] Bundle city 25','2014-03-11 14:40:15','BandwidthAssignee',14,'Product',NULL),(2613,2,11,2,'1024ko','2014-03-11 14:58:42','BandwidthAssignee',NULL,NULL,NULL),(2614,2,11,2,'[BUC25] Bundle city 25','2014-03-11 14:58:42','BandwidthAssignee',14,'Product',NULL),(2615,2,11,2,'1024ko','2014-03-11 15:01:06','BandwidthAssignee',NULL,NULL,NULL),(2616,2,11,2,'[BUC25] Bundle city 25','2014-03-11 15:01:06','BandwidthAssignee',14,'Product',NULL),(2617,2,11,2,'[BUC200] Bundle city 200','2014-03-11 15:01:06','BandwidthAssignee',16,'Product',NULL),(2618,2,11,2,'[BUA10] Bundle area 10','2014-03-11 15:01:06','BandwidthAssignee',17,'Product',NULL),(2619,2,11,2,'[BUA25] Bundle area 25','2014-03-11 15:01:06','BandwidthAssignee',18,'Product',NULL),(2620,2,11,2,'[BUA50] Bundle area 50','2014-03-11 15:01:06','BandwidthAssignee',19,'Product',NULL),(2621,2,11,2,'[BUA200] Bundle area 200','2014-03-11 15:01:06','BandwidthAssignee',20,'Product',NULL),(2622,2,11,2,'[BUC50] Bundle city 50','2014-03-11 15:01:06','BandwidthAssignee',15,'Product',NULL),(2623,2,11,2,'[BUI10] Bunde inter-area','2014-03-11 15:01:06','BandwidthAssignee',21,'Product',NULL),(2624,2,11,2,'[BUI25] Bundle inter-area 25','2014-03-11 15:01:06','BandwidthAssignee',22,'Product',NULL),(2625,2,11,2,'[BUI50] Bundle inter-area 50','2014-03-11 15:01:06','BandwidthAssignee',23,'Product',NULL),(2626,2,11,2,'[BUI200] Bundle inter-area 200','2014-03-11 15:01:06','BandwidthAssignee',24,'Product',NULL),(2627,2,11,2,'[BUC10] Bundle city 10','2014-03-11 15:01:06','BandwidthAssignee',13,'Product',NULL),(2628,2,27,2,'BDL27','2014-03-11 15:01:48','Service',NULL,NULL,NULL),(2629,2,27,2,'A1','2014-03-11 15:01:48','Service',24,'ServiceExtremity',NULL),(2630,2,27,2,'','2014-03-11 15:01:48','Service',10,'BillingService',NULL),(2631,2,27,2,'test','2014-03-11 15:01:48','Service',232,'ServiceCaracs',NULL),(2632,2,27,2,'test','2014-03-11 15:01:48','Service',233,'ServiceCaracs',NULL),(2633,2,27,2,'','2014-03-11 15:01:48','Service',24,'ServiceExtremityTech',NULL),(2634,2,24,2,'A1','2014-03-11 15:02:27','ServiceExtremity',NULL,NULL,NULL),(2635,2,10,2,'23 : German Customer A','2014-03-11 15:09:53','BillingService',NULL,NULL,NULL),(2636,2,10,2,'BDLF27:A1','2014-03-11 15:09:53','BillingService',13,'BillingServiceLine',NULL),(2637,2,27,2,'BDLF27','2014-03-11 15:10:09','Service',NULL,NULL,NULL),(2638,2,27,2,'A1','2014-03-11 15:10:09','Service',24,'ServiceExtremity',NULL),(2639,2,27,2,'23 : German Customer A','2014-03-11 15:10:09','Service',10,'BillingService',NULL),(2640,2,27,2,'test','2014-03-11 15:10:09','Service',232,'ServiceCaracs',NULL),(2641,2,27,2,'test','2014-03-11 15:10:09','Service',233,'ServiceCaracs',NULL),(2642,2,27,2,'','2014-03-11 15:10:09','Service',24,'ServiceExtremityTech',NULL),(2643,2,24,2,'A1','2014-03-11 15:10:43','ServiceExtremity',NULL,NULL,NULL),(2644,2,27,2,'BDLF27','2014-03-11 15:26:18','Service',NULL,NULL,NULL),(2645,2,27,2,'A1','2014-03-11 15:26:18','Service',24,'ServiceExtremity',NULL),(2646,2,27,2,'23 : German Customer A','2014-03-11 15:26:18','Service',10,'BillingService',NULL),(2647,2,27,2,'test','2014-03-11 15:26:18','Service',232,'ServiceCaracs',NULL),(2648,2,27,2,'test','2014-03-11 15:26:18','Service',233,'ServiceCaracs',NULL),(2649,2,27,2,'','2014-03-11 15:26:18','Service',24,'ServiceExtremityTech',NULL),(2650,2,27,2,'BDLF27','2014-03-11 15:32:39','Service',NULL,NULL,NULL),(2651,2,27,2,'A1','2014-03-11 15:32:39','Service',24,'ServiceExtremity',NULL),(2652,2,27,2,'23 : German Customer A','2014-03-11 15:32:39','Service',10,'BillingService',NULL),(2653,2,27,2,'test','2014-03-11 15:32:39','Service',232,'ServiceCaracs',NULL),(2654,2,27,2,'test','2014-03-11 15:32:39','Service',233,'ServiceCaracs',NULL),(2655,2,27,2,'','2014-03-11 15:32:39','Service',24,'ServiceExtremityTech',NULL),(2656,2,27,2,'BDLF27','2014-03-11 15:33:21','Service',NULL,NULL,NULL),(2657,2,27,2,'A1','2014-03-11 15:33:21','Service',24,'ServiceExtremity',NULL),(2658,2,27,2,'23 : German Customer A','2014-03-11 15:33:21','Service',10,'BillingService',NULL),(2659,2,27,2,'test','2014-03-11 15:33:21','Service',232,'ServiceCaracs',NULL),(2660,2,27,2,'test','2014-03-11 15:33:21','Service',233,'ServiceCaracs',NULL),(2661,2,27,2,'','2014-03-11 15:33:21','Service',24,'ServiceExtremityTech',NULL),(2662,2,27,2,'BDLF27','2014-03-11 15:34:30','Service',NULL,NULL,NULL),(2663,2,27,2,'A1','2014-03-11 15:34:31','Service',24,'ServiceExtremity',NULL),(2664,2,27,2,'23 : German Customer A','2014-03-11 15:34:31','Service',10,'BillingService',NULL),(2665,2,27,2,'test','2014-03-11 15:34:31','Service',232,'ServiceCaracs',NULL),(2666,2,27,2,'test','2014-03-11 15:34:31','Service',233,'ServiceCaracs',NULL),(2667,2,27,2,'','2014-03-11 15:34:31','Service',24,'ServiceExtremityTech',NULL),(2668,2,27,2,'BDLF27','2014-03-11 15:37:40','Service',NULL,NULL,NULL),(2669,2,27,2,'A1','2014-03-11 15:37:40','Service',24,'ServiceExtremity',NULL),(2670,2,27,2,'23 : German Customer A','2014-03-11 15:37:40','Service',10,'BillingService',NULL),(2671,2,27,2,'test','2014-03-11 15:37:40','Service',232,'ServiceCaracs',NULL),(2672,2,27,2,'test','2014-03-11 15:37:40','Service',233,'ServiceCaracs',NULL),(2673,2,27,2,'','2014-03-11 15:37:40','Service',24,'ServiceExtremityTech',NULL),(2674,2,27,2,'BDLF27','2014-03-11 15:40:58','Service',NULL,NULL,NULL),(2675,2,27,2,'A1','2014-03-11 15:40:58','Service',24,'ServiceExtremity',NULL),(2676,2,27,2,'23 : German Customer A','2014-03-11 15:40:58','Service',10,'BillingService',NULL),(2677,2,27,2,'test','2014-03-11 15:40:58','Service',232,'ServiceCaracs',NULL),(2678,2,27,2,'test','2014-03-11 15:40:58','Service',233,'ServiceCaracs',NULL),(2679,2,27,2,'','2014-03-11 15:40:58','Service',24,'ServiceExtremityTech',NULL),(2680,2,27,2,'BDLF27','2014-03-11 15:42:00','Service',NULL,NULL,NULL),(2681,2,27,2,'A1','2014-03-11 15:42:00','Service',24,'ServiceExtremity',NULL),(2682,2,27,2,'23 : German Customer A','2014-03-11 15:42:00','Service',10,'BillingService',NULL),(2683,2,27,2,'test','2014-03-11 15:42:00','Service',232,'ServiceCaracs',NULL),(2684,2,27,2,'test','2014-03-11 15:42:00','Service',233,'ServiceCaracs',NULL),(2685,2,27,2,'','2014-03-11 15:42:00','Service',24,'ServiceExtremityTech',NULL),(2686,2,27,2,'BDLF27','2014-03-11 15:42:44','Service',NULL,NULL,NULL),(2687,2,27,2,'A1','2014-03-11 15:42:44','Service',24,'ServiceExtremity',NULL),(2688,2,27,2,'23 : German Customer A','2014-03-11 15:42:44','Service',10,'BillingService',NULL),(2689,2,27,2,'test','2014-03-11 15:42:44','Service',232,'ServiceCaracs',NULL),(2690,2,27,2,'test','2014-03-11 15:42:44','Service',233,'ServiceCaracs',NULL),(2691,2,27,2,'','2014-03-11 15:42:44','Service',24,'ServiceExtremityTech',NULL),(2692,2,27,2,'BDLF27','2014-03-11 16:07:50','Service',NULL,NULL,NULL),(2693,2,27,2,'A1','2014-03-11 16:07:50','Service',24,'ServiceExtremity',NULL),(2694,2,27,2,'23 : German Customer A','2014-03-11 16:07:50','Service',10,'BillingService',NULL),(2695,2,27,2,'test','2014-03-11 16:07:50','Service',232,'ServiceCaracs',NULL),(2696,2,27,2,'test','2014-03-11 16:07:50','Service',233,'ServiceCaracs',NULL),(2697,2,27,2,'','2014-03-11 16:07:50','Service',24,'ServiceExtremityTech',NULL),(2698,2,27,2,'11/03/2014--Service : Create : Initiated order','2014-03-11 16:07:50','Service',15,'ServiceTransactions',NULL),(2699,2,27,2,'BDLF27','2014-03-11 16:34:40','Service',NULL,NULL,NULL),(2700,2,27,2,'A1','2014-03-11 16:34:40','Service',24,'ServiceExtremity',NULL),(2701,2,27,2,'23 : German Customer A','2014-03-11 16:34:40','Service',10,'BillingService',NULL),(2702,2,27,2,'test','2014-03-11 16:34:40','Service',232,'ServiceCaracs',NULL),(2703,2,27,2,'test','2014-03-11 16:34:40','Service',233,'ServiceCaracs',NULL),(2704,2,27,2,'','2014-03-11 16:34:40','Service',24,'ServiceExtremityTech',NULL),(2705,2,27,2,'11/03/2014--Service : Create : Acceptance sent','2014-03-11 16:34:40','Service',16,'ServiceTransactions',NULL),(2706,2,27,2,'11/03/2014--Service : Create : Initiated order','2014-03-11 16:34:40','Service',15,'ServiceTransactions',NULL),(2707,2,27,2,'BDLF27','2014-03-11 16:35:04','Service',NULL,NULL,NULL),(2708,2,27,2,'A1','2014-03-11 16:35:04','Service',24,'ServiceExtremity',NULL),(2709,2,27,2,'23 : German Customer A','2014-03-11 16:35:04','Service',10,'BillingService',NULL),(2710,2,27,2,'test','2014-03-11 16:35:04','Service',232,'ServiceCaracs',NULL),(2711,2,27,2,'test','2014-03-11 16:35:04','Service',233,'ServiceCaracs',NULL),(2712,2,27,2,'','2014-03-11 16:35:04','Service',24,'ServiceExtremityTech',NULL),(2713,2,27,2,'11/03/2014--Service : Create : Acceptance sent','2014-03-11 16:35:04','Service',16,'ServiceTransactions',NULL),(2714,2,27,2,'11/03/2014--Service : Create : Initiated order','2014-03-11 16:35:04','Service',15,'ServiceTransactions',NULL),(2715,2,27,2,'BDLF27','2014-03-11 16:47:07','Service',NULL,NULL,NULL),(2716,2,27,2,'A1','2014-03-11 16:47:07','Service',24,'ServiceExtremity',NULL),(2717,2,27,2,'23 : German Customer A','2014-03-11 16:47:07','Service',10,'BillingService',NULL),(2718,2,27,2,'BDLF27:A1','2014-03-11 16:47:07','Service',13,'BillingServiceLine',NULL),(2719,2,27,2,'test','2014-03-11 16:47:07','Service',232,'ServiceCaracs',NULL),(2720,2,27,2,'test','2014-03-11 16:47:07','Service',233,'ServiceCaracs',NULL),(2721,2,27,2,'','2014-03-11 16:47:07','Service',24,'ServiceExtremityTech',NULL),(2722,2,27,2,'11/03/2014--Service : Create : Acceptance sent','2014-03-11 16:47:07','Service',16,'ServiceTransactions',NULL),(2723,2,27,2,'11/03/2014--Service : Create : Initiated order','2014-03-11 16:47:07','Service',15,'ServiceTransactions',NULL),(2724,2,27,2,'BDLF27','2014-03-11 16:52:45','Service',NULL,NULL,NULL),(2725,2,27,2,'A1','2014-03-11 16:52:45','Service',24,'ServiceExtremity',NULL),(2726,2,27,2,'23 : German Customer A','2014-03-11 16:52:45','Service',10,'BillingService',NULL),(2727,2,27,2,'BDLF27:A1','2014-03-11 16:52:45','Service',13,'BillingServiceLine',NULL),(2728,2,27,2,'test','2014-03-11 16:52:45','Service',232,'ServiceCaracs',NULL),(2729,2,27,2,'test','2014-03-11 16:52:45','Service',233,'ServiceCaracs',NULL),(2730,2,27,2,'','2014-03-11 16:52:45','Service',24,'ServiceExtremityTech',NULL),(2731,2,27,2,'11/03/2014--Service : Create : In-service','2014-03-11 16:52:45','Service',17,'ServiceTransactions',NULL),(2732,2,27,2,'11/03/2014--Service : Create : Acceptance sent','2014-03-11 16:52:45','Service',16,'ServiceTransactions',NULL),(2733,2,27,2,'11/03/2014--Service : Create : Initiated order','2014-03-11 16:52:45','Service',15,'ServiceTransactions',NULL),(2734,2,27,2,'BDLF27','2014-03-11 16:53:55','Service',NULL,NULL,NULL),(2735,2,27,2,'A1','2014-03-11 16:53:56','Service',24,'ServiceExtremity',NULL),(2736,2,27,2,'23 : German Customer A','2014-03-11 16:53:56','Service',10,'BillingService',NULL),(2737,2,27,2,'BDLF27:A1','2014-03-11 16:53:56','Service',13,'BillingServiceLine',NULL),(2738,2,27,2,'test','2014-03-11 16:53:56','Service',232,'ServiceCaracs',NULL),(2739,2,27,2,'test','2014-03-11 16:53:56','Service',233,'ServiceCaracs',NULL),(2740,2,27,2,'','2014-03-11 16:53:56','Service',24,'ServiceExtremityTech',NULL),(2741,2,27,2,'11/03/2014--Service : Create : In-service','2014-03-11 16:53:56','Service',17,'ServiceTransactions',NULL),(2742,2,27,2,'11/03/2014--Service : Create : Acceptance sent','2014-03-11 16:53:56','Service',16,'ServiceTransactions',NULL),(2743,2,27,2,'11/03/2014--Service : Create : Initiated order','2014-03-11 16:53:56','Service',15,'ServiceTransactions',NULL),(2744,2,27,2,'BDLF27','2014-03-11 17:06:38','Service',NULL,NULL,NULL),(2745,2,27,2,'A1','2014-03-11 17:06:38','Service',24,'ServiceExtremity',NULL),(2746,2,27,2,'23 : German Customer A','2014-03-11 17:06:38','Service',10,'BillingService',NULL),(2747,2,27,2,'BDLF27:A1','2014-03-11 17:06:38','Service',13,'BillingServiceLine',NULL),(2748,2,27,2,'test','2014-03-11 17:06:38','Service',232,'ServiceCaracs',NULL),(2749,2,27,2,'test','2014-03-11 17:06:38','Service',233,'ServiceCaracs',NULL),(2750,2,27,2,'','2014-03-11 17:06:38','Service',24,'ServiceExtremityTech',NULL),(2751,2,27,2,'11/03/2014--Service : Create : In-service','2014-03-11 17:06:38','Service',18,'ServiceTransactions',NULL),(2752,2,27,2,'11/03/2014--Service : Create : In-service','2014-03-11 17:06:38','Service',17,'ServiceTransactions',NULL),(2753,2,27,2,'11/03/2014--Service : Create : Acceptance sent','2014-03-11 17:06:38','Service',16,'ServiceTransactions',NULL),(2754,2,27,2,'11/03/2014--Service : Create : Initiated order','2014-03-11 17:06:38','Service',15,'ServiceTransactions',NULL),(2755,2,27,2,'BDLF27','2014-03-11 17:07:38','Service',NULL,NULL,NULL),(2756,2,27,2,'A1','2014-03-11 17:07:38','Service',24,'ServiceExtremity',NULL),(2757,2,27,2,'23 : German Customer A','2014-03-11 17:07:38','Service',10,'BillingService',NULL),(2758,2,27,2,'BDLF27:A1','2014-03-11 17:07:38','Service',13,'BillingServiceLine',NULL),(2759,2,27,2,'test','2014-03-11 17:07:38','Service',232,'ServiceCaracs',NULL),(2760,2,27,2,'test','2014-03-11 17:07:38','Service',233,'ServiceCaracs',NULL),(2761,2,27,2,'','2014-03-11 17:07:38','Service',24,'ServiceExtremityTech',NULL),(2762,2,27,2,'11/03/2014--Service : Create : In-service','2014-03-11 17:07:38','Service',19,'ServiceTransactions',NULL),(2763,2,27,2,'11/03/2014--Service : Create : In-service','2014-03-11 17:07:38','Service',18,'ServiceTransactions',NULL),(2764,2,27,2,'11/03/2014--Service : Create : In-service','2014-03-11 17:07:38','Service',17,'ServiceTransactions',NULL),(2765,2,27,2,'11/03/2014--Service : Create : Acceptance sent','2014-03-11 17:07:38','Service',16,'ServiceTransactions',NULL),(2766,2,27,2,'11/03/2014--Service : Create : Initiated order','2014-03-11 17:07:38','Service',15,'ServiceTransactions',NULL),(2767,2,27,2,'BDLF27','2014-03-11 17:26:12','Service',NULL,NULL,NULL),(2768,2,27,2,'A1','2014-03-11 17:26:12','Service',24,'ServiceExtremity',NULL),(2769,2,27,2,'23 : German Customer A','2014-03-11 17:26:12','Service',10,'BillingService',NULL),(2770,2,27,2,'BDLF27:A1','2014-03-11 17:26:12','Service',13,'BillingServiceLine',NULL),(2771,2,27,2,'test','2014-03-11 17:26:12','Service',232,'ServiceCaracs',NULL),(2772,2,27,2,'test','2014-03-11 17:26:12','Service',233,'ServiceCaracs',NULL),(2773,2,27,2,'','2014-03-11 17:26:12','Service',24,'ServiceExtremityTech',NULL),(2774,2,27,2,'11/03/2014--Service : Create : In-service','2014-03-11 17:26:12','Service',19,'ServiceTransactions',NULL),(2775,2,27,2,'11/03/2014--Service : Create : In-service','2014-03-11 17:26:12','Service',18,'ServiceTransactions',NULL),(2776,2,27,2,'11/03/2014--Service : Create : In-service','2014-03-11 17:26:12','Service',17,'ServiceTransactions',NULL),(2777,2,27,2,'11/03/2014--Service : Create : Acceptance sent','2014-03-11 17:26:12','Service',16,'ServiceTransactions',NULL),(2778,2,27,2,'11/03/2014--Service : Create : Initiated order','2014-03-11 17:26:12','Service',15,'ServiceTransactions',NULL),(2779,2,27,2,'BDLF27','2014-03-11 17:26:26','Service',NULL,NULL,NULL),(2780,2,27,2,'A1','2014-03-11 17:26:26','Service',24,'ServiceExtremity',NULL),(2781,2,27,2,'23 : German Customer A','2014-03-11 17:26:26','Service',10,'BillingService',NULL),(2782,2,27,2,'BDLF27:A1','2014-03-11 17:26:26','Service',13,'BillingServiceLine',NULL),(2783,2,27,2,'test','2014-03-11 17:26:26','Service',232,'ServiceCaracs',NULL),(2784,2,27,2,'test','2014-03-11 17:26:26','Service',233,'ServiceCaracs',NULL),(2785,2,27,2,'','2014-03-11 17:26:26','Service',24,'ServiceExtremityTech',NULL),(2786,2,27,2,'11/03/2014--Service : Create : In-service','2014-03-11 17:26:26','Service',19,'ServiceTransactions',NULL),(2787,2,27,2,'11/03/2014--Service : Create : In-service','2014-03-11 17:26:26','Service',18,'ServiceTransactions',NULL),(2788,2,27,2,'11/03/2014--Service : Create : In-service','2014-03-11 17:26:26','Service',17,'ServiceTransactions',NULL),(2789,2,27,2,'11/03/2014--Service : Create : Acceptance sent','2014-03-11 17:26:26','Service',16,'ServiceTransactions',NULL),(2790,2,27,2,'11/03/2014--Service : Create : Initiated order','2014-03-11 17:26:26','Service',15,'ServiceTransactions',NULL),(2791,1,12,2,'2048Ko','2014-03-11 17:29:41','BandwidthAssignee',NULL,NULL,NULL),(2792,1,12,2,'[TETC] TradExtra talk city','2014-03-11 17:29:41','BandwidthAssignee',10,'Product',NULL),(2793,1,12,2,'[TETA] TradExtra talk area','2014-03-11 17:29:41','BandwidthAssignee',11,'Product',NULL),(2794,1,12,2,'[TETIA] TradExtra talk inter-area','2014-03-11 17:29:41','BandwidthAssignee',12,'Product',NULL),(2795,2,22,2,'A1','2014-03-11 17:35:10','ServiceExtremity',NULL,NULL,NULL),(2796,2,23,2,'B2','2014-03-11 17:41:13','ServiceExtremity',NULL,NULL,NULL),(2797,2,23,2,'B2','2014-03-11 17:59:51','ServiceExtremity',NULL,NULL,NULL),(2798,2,26,2,'FF26','2014-03-11 17:59:53','Service',NULL,NULL,NULL),(2799,2,26,2,'BDLF27','2014-03-11 17:59:53','Service',27,'Service',NULL),(2800,2,26,2,'A1','2014-03-11 17:59:53','Service',22,'ServiceExtremity',NULL),(2801,2,26,2,'B2','2014-03-11 17:59:53','Service',23,'ServiceExtremity',NULL),(2802,2,26,2,'test','2014-03-11 17:59:53','Service',228,'ServiceCaracs',NULL),(2803,2,26,2,'test','2014-03-11 17:59:53','Service',229,'ServiceCaracs',NULL),(2804,2,26,2,'test','2014-03-11 17:59:53','Service',230,'ServiceCaracs',NULL),(2805,2,26,2,'test','2014-03-11 17:59:53','Service',231,'ServiceCaracs',NULL),(2806,2,26,2,'','2014-03-11 17:59:53','Service',22,'ServiceExtremityTech',NULL),(2807,2,26,2,'','2014-03-11 17:59:53','Service',23,'ServiceExtremityTech',NULL),(2808,2,22,2,'A1','2014-03-11 18:04:00','ServiceExtremity',NULL,NULL,NULL),(2809,2,22,2,'test','2014-03-11 18:04:00','ServiceExtremity',234,'ServiceCaracs',NULL),(2810,2,22,2,'test','2014-03-11 18:04:00','ServiceExtremity',236,'ServiceCaracs',NULL),(2811,2,22,2,'test','2014-03-11 18:04:00','ServiceExtremity',238,'ServiceCaracs',NULL),(2812,2,22,2,'test','2014-03-11 18:04:00','ServiceExtremity',240,'ServiceCaracs',NULL),(2813,2,22,2,'test','2014-03-11 18:04:00','ServiceExtremity',254,'ServiceCaracs',NULL),(2814,2,26,2,'FF26','2014-03-11 18:04:02','Service',NULL,NULL,NULL),(2815,2,26,2,'BDLF27','2014-03-11 18:04:02','Service',27,'Service',NULL),(2816,2,26,2,'A1','2014-03-11 18:04:02','Service',22,'ServiceExtremity',NULL),(2817,2,26,2,'B2','2014-03-11 18:04:02','Service',23,'ServiceExtremity',NULL),(2818,2,26,2,'test','2014-03-11 18:04:02','Service',228,'ServiceCaracs',NULL),(2819,2,26,2,'test','2014-03-11 18:04:02','Service',229,'ServiceCaracs',NULL),(2820,2,26,2,'test','2014-03-11 18:04:02','Service',230,'ServiceCaracs',NULL),(2821,2,26,2,'test','2014-03-11 18:04:02','Service',231,'ServiceCaracs',NULL),(2822,2,26,2,'','2014-03-11 18:04:02','Service',22,'ServiceExtremityTech',NULL),(2823,2,26,2,'','2014-03-11 18:04:02','Service',23,'ServiceExtremityTech',NULL),(2824,2,22,2,'A1','2014-03-11 18:10:18','ServiceExtremity',NULL,NULL,NULL),(2825,2,22,2,'test','2014-03-11 18:10:18','ServiceExtremity',234,'ServiceCaracs',NULL),(2826,2,22,2,'test','2014-03-11 18:10:18','ServiceExtremity',236,'ServiceCaracs',NULL),(2827,2,22,2,'test','2014-03-11 18:10:18','ServiceExtremity',238,'ServiceCaracs',NULL),(2828,2,22,2,'test','2014-03-11 18:10:18','ServiceExtremity',240,'ServiceCaracs',NULL),(2829,2,22,2,'test','2014-03-11 18:10:18','ServiceExtremity',254,'ServiceCaracs',NULL),(2830,2,26,2,'FF26','2014-03-11 18:10:20','Service',NULL,NULL,NULL),(2831,2,26,2,'BDLF27','2014-03-11 18:10:21','Service',27,'Service',NULL),(2832,2,26,2,'A1','2014-03-11 18:10:21','Service',22,'ServiceExtremity',NULL),(2833,2,26,2,'B2','2014-03-11 18:10:21','Service',23,'ServiceExtremity',NULL),(2834,2,26,2,'test','2014-03-11 18:10:21','Service',228,'ServiceCaracs',NULL),(2835,2,26,2,'test','2014-03-11 18:10:21','Service',229,'ServiceCaracs',NULL),(2836,2,26,2,'test','2014-03-11 18:10:21','Service',230,'ServiceCaracs',NULL),(2837,2,26,2,'test','2014-03-11 18:10:21','Service',231,'ServiceCaracs',NULL),(2838,2,26,2,'','2014-03-11 18:10:21','Service',22,'ServiceExtremityTech',NULL),(2839,2,26,2,'','2014-03-11 18:10:21','Service',23,'ServiceExtremityTech',NULL),(2840,2,23,2,'B2','2014-03-11 18:10:37','ServiceExtremity',NULL,NULL,NULL),(2841,2,23,2,'test','2014-03-11 18:10:37','ServiceExtremity',235,'ServiceCaracs',NULL),(2842,2,23,2,'test','2014-03-11 18:10:37','ServiceExtremity',237,'ServiceCaracs',NULL),(2843,2,23,2,'test','2014-03-11 18:10:37','ServiceExtremity',239,'ServiceCaracs',NULL),(2844,2,23,2,'test','2014-03-11 18:10:37','ServiceExtremity',241,'ServiceCaracs',NULL),(2845,2,23,2,'test','2014-03-11 18:10:37','ServiceExtremity',255,'ServiceCaracs',NULL),(2846,2,26,2,'FF26','2014-03-11 18:10:40','Service',NULL,NULL,NULL),(2847,2,26,2,'BDLF27','2014-03-11 18:10:40','Service',27,'Service',NULL),(2848,2,26,2,'A1','2014-03-11 18:10:40','Service',22,'ServiceExtremity',NULL),(2849,2,26,2,'B2','2014-03-11 18:10:40','Service',23,'ServiceExtremity',NULL),(2850,2,26,2,'test','2014-03-11 18:10:40','Service',228,'ServiceCaracs',NULL),(2851,2,26,2,'test','2014-03-11 18:10:40','Service',229,'ServiceCaracs',NULL),(2852,2,26,2,'test','2014-03-11 18:10:40','Service',230,'ServiceCaracs',NULL),(2853,2,26,2,'test','2014-03-11 18:10:40','Service',231,'ServiceCaracs',NULL),(2854,2,26,2,'','2014-03-11 18:10:40','Service',22,'ServiceExtremityTech',NULL),(2855,2,26,2,'','2014-03-11 18:10:40','Service',23,'ServiceExtremityTech',NULL),(2856,2,82,2,'B2','2014-03-11 18:11:43','BackboneLinkExtremity',NULL,NULL,NULL),(2857,2,81,2,'A1','2014-03-11 18:11:59','BackboneLinkExtremity',NULL,NULL,NULL),(2858,2,26,2,'FF26','2014-03-11 21:31:01','Service',NULL,NULL,NULL),(2859,2,26,2,'BDLF27','2014-03-11 21:31:01','Service',27,'Service',NULL),(2860,2,26,2,'A1','2014-03-11 21:31:01','Service',22,'ServiceExtremity',NULL),(2861,2,26,2,'B2','2014-03-11 21:31:01','Service',23,'ServiceExtremity',NULL),(2862,2,26,2,'test','2014-03-11 21:31:01','Service',228,'ServiceCaracs',NULL),(2863,2,26,2,'test','2014-03-11 21:31:01','Service',229,'ServiceCaracs',NULL),(2864,2,26,2,'test','2014-03-11 21:31:01','Service',230,'ServiceCaracs',NULL),(2865,2,26,2,'test','2014-03-11 21:31:01','Service',231,'ServiceCaracs',NULL),(2866,2,26,2,'','2014-03-11 21:31:01','Service',22,'ServiceExtremityTech',NULL),(2867,2,26,2,'','2014-03-11 21:31:01','Service',23,'ServiceExtremityTech',NULL),(2868,2,26,2,'FF26','2014-03-11 21:32:15','Service',NULL,NULL,NULL),(2869,2,26,2,'BDLF27','2014-03-11 21:32:15','Service',27,'Service',NULL),(2870,2,26,2,'A1','2014-03-11 21:32:15','Service',22,'ServiceExtremity',NULL),(2871,2,26,2,'B2','2014-03-11 21:32:15','Service',23,'ServiceExtremity',NULL),(2872,2,26,2,'test','2014-03-11 21:32:15','Service',228,'ServiceCaracs',NULL),(2873,2,26,2,'test','2014-03-11 21:32:15','Service',229,'ServiceCaracs',NULL),(2874,2,26,2,'test','2014-03-11 21:32:15','Service',230,'ServiceCaracs',NULL),(2875,2,26,2,'test','2014-03-11 21:32:15','Service',231,'ServiceCaracs',NULL),(2876,2,26,2,'','2014-03-11 21:32:15','Service',22,'ServiceExtremityTech',NULL),(2877,2,26,2,'','2014-03-11 21:32:15','Service',23,'ServiceExtremityTech',NULL),(2878,2,26,2,'FF26','2014-03-11 21:32:38','Service',NULL,NULL,NULL),(2879,2,26,2,'BDLF27','2014-03-11 21:32:38','Service',27,'Service',NULL),(2880,2,26,2,'A1','2014-03-11 21:32:38','Service',22,'ServiceExtremity',NULL),(2881,2,26,2,'B2','2014-03-11 21:32:38','Service',23,'ServiceExtremity',NULL),(2882,2,26,2,'test','2014-03-11 21:32:38','Service',228,'ServiceCaracs',NULL),(2883,2,26,2,'test','2014-03-11 21:32:38','Service',229,'ServiceCaracs',NULL),(2884,2,26,2,'test','2014-03-11 21:32:38','Service',230,'ServiceCaracs',NULL),(2885,2,26,2,'test','2014-03-11 21:32:38','Service',231,'ServiceCaracs',NULL),(2886,2,26,2,'','2014-03-11 21:32:38','Service',22,'ServiceExtremityTech',NULL),(2887,2,26,2,'','2014-03-11 21:32:38','Service',23,'ServiceExtremityTech',NULL),(2888,2,26,2,'FF26','2014-03-11 21:39:29','Service',NULL,NULL,NULL),(2889,2,26,2,'BDLF27','2014-03-11 21:39:29','Service',27,'Service',NULL),(2890,2,26,2,'A1','2014-03-11 21:39:29','Service',22,'ServiceExtremity',NULL),(2891,2,26,2,'B2','2014-03-11 21:39:29','Service',23,'ServiceExtremity',NULL),(2892,2,26,2,'test','2014-03-11 21:39:29','Service',228,'ServiceCaracs',NULL),(2893,2,26,2,'test','2014-03-11 21:39:29','Service',229,'ServiceCaracs',NULL),(2894,2,26,2,'test','2014-03-11 21:39:29','Service',230,'ServiceCaracs',NULL),(2895,2,26,2,'test','2014-03-11 21:39:29','Service',231,'ServiceCaracs',NULL),(2896,2,26,2,'','2014-03-11 21:39:29','Service',22,'ServiceExtremityTech',NULL),(2897,2,26,2,'','2014-03-11 21:39:29','Service',23,'ServiceExtremityTech',NULL),(2898,2,26,2,'FF26','2014-03-11 21:39:51','Service',NULL,NULL,NULL),(2899,2,26,2,'BDLF27','2014-03-11 21:39:51','Service',27,'Service',NULL),(2900,2,26,2,'A1','2014-03-11 21:39:51','Service',22,'ServiceExtremity',NULL),(2901,2,26,2,'B2','2014-03-11 21:39:51','Service',23,'ServiceExtremity',NULL),(2902,2,26,2,'test','2014-03-11 21:39:51','Service',228,'ServiceCaracs',NULL),(2903,2,26,2,'test','2014-03-11 21:39:51','Service',229,'ServiceCaracs',NULL),(2904,2,26,2,'test','2014-03-11 21:39:51','Service',230,'ServiceCaracs',NULL),(2905,2,26,2,'test','2014-03-11 21:39:51','Service',231,'ServiceCaracs',NULL),(2906,2,26,2,'','2014-03-11 21:39:51','Service',22,'ServiceExtremityTech',NULL),(2907,2,26,2,'','2014-03-11 21:39:51','Service',23,'ServiceExtremityTech',NULL),(2908,2,26,2,'11/03/2014--Service : Create : Initiated order','2014-03-11 21:39:51','Service',21,'ServiceTransactions',NULL),(2909,2,26,2,'FF26','2014-03-11 21:42:46','Service',NULL,NULL,NULL),(2910,2,26,2,'BDLF27','2014-03-11 21:42:46','Service',27,'Service',NULL),(2911,2,26,2,'A1','2014-03-11 21:42:46','Service',22,'ServiceExtremity',NULL),(2912,2,26,2,'B2','2014-03-11 21:42:46','Service',23,'ServiceExtremity',NULL),(2913,2,26,2,'test','2014-03-11 21:42:46','Service',228,'ServiceCaracs',NULL),(2914,2,26,2,'test','2014-03-11 21:42:46','Service',229,'ServiceCaracs',NULL),(2915,2,26,2,'test','2014-03-11 21:42:46','Service',230,'ServiceCaracs',NULL),(2916,2,26,2,'test','2014-03-11 21:42:46','Service',231,'ServiceCaracs',NULL),(2917,2,26,2,'','2014-03-11 21:42:46','Service',22,'ServiceExtremityTech',NULL),(2918,2,26,2,'','2014-03-11 21:42:46','Service',23,'ServiceExtremityTech',NULL),(2919,2,26,2,'11/03/2014--Service : Create : Acceptance sent','2014-03-11 21:42:46','Service',22,'ServiceTransactions',NULL),(2920,2,26,2,'11/03/2014--Service : Create : Initiated order','2014-03-11 21:42:46','Service',21,'ServiceTransactions',NULL),(2921,2,26,2,'FF26','2014-03-11 21:44:08','Service',NULL,NULL,NULL),(2922,2,26,2,'BDLF27','2014-03-11 21:44:08','Service',27,'Service',NULL),(2923,2,26,2,'A1','2014-03-11 21:44:08','Service',22,'ServiceExtremity',NULL),(2924,2,26,2,'B2','2014-03-11 21:44:08','Service',23,'ServiceExtremity',NULL),(2925,2,26,2,'test','2014-03-11 21:44:08','Service',228,'ServiceCaracs',NULL),(2926,2,26,2,'test','2014-03-11 21:44:08','Service',229,'ServiceCaracs',NULL),(2927,2,26,2,'test','2014-03-11 21:44:08','Service',230,'ServiceCaracs',NULL),(2928,2,26,2,'test','2014-03-11 21:44:08','Service',231,'ServiceCaracs',NULL),(2929,2,26,2,'','2014-03-11 21:44:08','Service',22,'ServiceExtremityTech',NULL),(2930,2,26,2,'','2014-03-11 21:44:08','Service',23,'ServiceExtremityTech',NULL),(2931,2,26,2,'11/03/2014--Service : Create : Acceptance sent','2014-03-11 21:44:08','Service',23,'ServiceTransactions',NULL),(2932,2,26,2,'11/03/2014--Service : Create : Acceptance sent','2014-03-11 21:44:08','Service',22,'ServiceTransactions',NULL),(2933,2,26,2,'11/03/2014--Service : Create : Initiated order','2014-03-11 21:44:08','Service',21,'ServiceTransactions',NULL),(2934,2,26,2,'FF26','2014-03-11 21:45:03','Service',NULL,NULL,NULL),(2935,2,26,2,'BDLF27','2014-03-11 21:45:03','Service',27,'Service',NULL),(2936,2,26,2,'A1','2014-03-11 21:45:03','Service',22,'ServiceExtremity',NULL),(2937,2,26,2,'B2','2014-03-11 21:45:03','Service',23,'ServiceExtremity',NULL),(2938,2,26,2,'test','2014-03-11 21:45:03','Service',228,'ServiceCaracs',NULL),(2939,2,26,2,'test','2014-03-11 21:45:03','Service',229,'ServiceCaracs',NULL),(2940,2,26,2,'test','2014-03-11 21:45:03','Service',230,'ServiceCaracs',NULL),(2941,2,26,2,'test','2014-03-11 21:45:03','Service',231,'ServiceCaracs',NULL),(2942,2,26,2,'','2014-03-11 21:45:03','Service',22,'ServiceExtremityTech',NULL),(2943,2,26,2,'','2014-03-11 21:45:03','Service',23,'ServiceExtremityTech',NULL),(2944,2,26,2,'11/03/2014--Service : Create : Acceptance sent','2014-03-11 21:45:03','Service',23,'ServiceTransactions',NULL),(2945,2,26,2,'11/03/2014--Service : Create : Acceptance sent','2014-03-11 21:45:03','Service',22,'ServiceTransactions',NULL),(2946,2,26,2,'11/03/2014--Service : Create : Initiated order','2014-03-11 21:45:03','Service',21,'ServiceTransactions',NULL),(2947,2,26,2,'FF26','2014-03-11 21:47:58','Service',NULL,NULL,NULL),(2948,2,26,2,'BDLF27','2014-03-11 21:47:59','Service',27,'Service',NULL),(2949,2,26,2,'A1','2014-03-11 21:47:59','Service',22,'ServiceExtremity',NULL),(2950,2,26,2,'B2','2014-03-11 21:47:59','Service',23,'ServiceExtremity',NULL),(2951,2,26,2,'test','2014-03-11 21:47:59','Service',228,'ServiceCaracs',NULL),(2952,2,26,2,'test','2014-03-11 21:47:59','Service',229,'ServiceCaracs',NULL),(2953,2,26,2,'test','2014-03-11 21:47:59','Service',230,'ServiceCaracs',NULL),(2954,2,26,2,'test','2014-03-11 21:47:59','Service',231,'ServiceCaracs',NULL),(2955,2,26,2,'','2014-03-11 21:47:59','Service',22,'ServiceExtremityTech',NULL),(2956,2,26,2,'','2014-03-11 21:47:59','Service',23,'ServiceExtremityTech',NULL),(2957,2,26,2,'11/03/2014--Service : Create : Acceptance sent','2014-03-11 21:47:59','Service',23,'ServiceTransactions',NULL),(2958,2,26,2,'11/03/2014--Service : Create : Acceptance sent','2014-03-11 21:47:59','Service',22,'ServiceTransactions',NULL),(2959,2,26,2,'11/03/2014--Service : Create : Initiated order','2014-03-11 21:47:59','Service',21,'ServiceTransactions',NULL),(2960,2,26,2,'FF26','2014-03-11 21:54:10','Service',NULL,NULL,NULL),(2961,2,26,2,'BDLF27','2014-03-11 21:54:10','Service',27,'Service',NULL),(2962,2,26,2,'A1','2014-03-11 21:54:10','Service',22,'ServiceExtremity',NULL),(2963,2,26,2,'B2','2014-03-11 21:54:10','Service',23,'ServiceExtremity',NULL),(2964,2,26,2,'test','2014-03-11 21:54:10','Service',228,'ServiceCaracs',NULL),(2965,2,26,2,'test','2014-03-11 21:54:10','Service',229,'ServiceCaracs',NULL),(2966,2,26,2,'test','2014-03-11 21:54:11','Service',230,'ServiceCaracs',NULL),(2967,2,26,2,'test','2014-03-11 21:54:11','Service',231,'ServiceCaracs',NULL),(2968,2,26,2,'','2014-03-11 21:54:11','Service',22,'ServiceExtremityTech',NULL),(2969,2,26,2,'','2014-03-11 21:54:11','Service',23,'ServiceExtremityTech',NULL),(2970,2,26,2,'11/03/2014--Service : Create : Acceptance sent','2014-03-11 21:54:11','Service',23,'ServiceTransactions',NULL),(2971,2,26,2,'11/03/2014--Service : Create : Acceptance sent','2014-03-11 21:54:11','Service',22,'ServiceTransactions',NULL),(2972,2,26,2,'11/03/2014--Service : Create : Initiated order','2014-03-11 21:54:11','Service',21,'ServiceTransactions',NULL),(2973,2,26,2,'FF26','2014-03-11 21:57:54','Service',NULL,NULL,NULL),(2974,2,26,2,'BDLF27','2014-03-11 21:57:54','Service',27,'Service',NULL),(2975,2,26,2,'A1','2014-03-11 21:57:54','Service',22,'ServiceExtremity',NULL),(2976,2,26,2,'B2','2014-03-11 21:57:54','Service',23,'ServiceExtremity',NULL),(2977,2,26,2,'test','2014-03-11 21:57:54','Service',228,'ServiceCaracs',NULL),(2978,2,26,2,'test','2014-03-11 21:57:54','Service',229,'ServiceCaracs',NULL),(2979,2,26,2,'test','2014-03-11 21:57:54','Service',230,'ServiceCaracs',NULL),(2980,2,26,2,'test','2014-03-11 21:57:54','Service',231,'ServiceCaracs',NULL),(2981,2,26,2,'','2014-03-11 21:57:54','Service',22,'ServiceExtremityTech',NULL),(2982,2,26,2,'','2014-03-11 21:57:54','Service',23,'ServiceExtremityTech',NULL),(2983,2,26,2,'11/03/2014--Service : Create : Acceptance sent','2014-03-11 21:57:54','Service',23,'ServiceTransactions',NULL),(2984,2,26,2,'11/03/2014--Service : Create : Acceptance sent','2014-03-11 21:57:54','Service',22,'ServiceTransactions',NULL),(2985,2,26,2,'11/03/2014--Service : Create : Initiated order','2014-03-11 21:57:54','Service',21,'ServiceTransactions',NULL),(2986,2,26,2,'FF26','2014-03-11 21:58:47','Service',NULL,NULL,NULL),(2987,2,26,2,'BDLF27','2014-03-11 21:58:47','Service',27,'Service',NULL),(2988,2,26,2,'A1','2014-03-11 21:58:48','Service',22,'ServiceExtremity',NULL),(2989,2,26,2,'B2','2014-03-11 21:58:48','Service',23,'ServiceExtremity',NULL),(2990,2,26,2,'test','2014-03-11 21:58:48','Service',228,'ServiceCaracs',NULL),(2991,2,26,2,'test','2014-03-11 21:58:48','Service',229,'ServiceCaracs',NULL),(2992,2,26,2,'test','2014-03-11 21:58:48','Service',230,'ServiceCaracs',NULL),(2993,2,26,2,'test','2014-03-11 21:58:48','Service',231,'ServiceCaracs',NULL),(2994,2,26,2,'','2014-03-11 21:58:48','Service',22,'ServiceExtremityTech',NULL),(2995,2,26,2,'','2014-03-11 21:58:48','Service',23,'ServiceExtremityTech',NULL),(2996,2,26,2,'11/03/2014--Service : Create : Acceptance sent','2014-03-11 21:58:48','Service',23,'ServiceTransactions',NULL),(2997,2,26,2,'11/03/2014--Service : Create : Acceptance sent','2014-03-11 21:58:48','Service',22,'ServiceTransactions',NULL),(2998,2,26,2,'11/03/2014--Service : Create : Initiated order','2014-03-11 21:58:48','Service',21,'ServiceTransactions',NULL),(2999,2,22,2,'A1','2014-03-11 21:59:15','ServiceExtremity',NULL,NULL,NULL),(3000,2,22,2,'test','2014-03-11 21:59:15','ServiceExtremity',234,'ServiceCaracs',NULL),(3001,2,22,2,'test','2014-03-11 21:59:15','ServiceExtremity',236,'ServiceCaracs',NULL),(3002,2,22,2,'test','2014-03-11 21:59:15','ServiceExtremity',238,'ServiceCaracs',NULL),(3003,2,22,2,'test','2014-03-11 21:59:15','ServiceExtremity',240,'ServiceCaracs',NULL),(3004,2,22,2,'test','2014-03-11 21:59:15','ServiceExtremity',254,'ServiceCaracs',NULL),(3005,2,26,2,'FF26','2014-03-11 21:59:17','Service',NULL,NULL,NULL),(3006,2,26,2,'BDLF27','2014-03-11 21:59:17','Service',27,'Service',NULL),(3007,2,26,2,'A1','2014-03-11 21:59:17','Service',22,'ServiceExtremity',NULL),(3008,2,26,2,'B2','2014-03-11 21:59:17','Service',23,'ServiceExtremity',NULL),(3009,2,26,2,'test','2014-03-11 21:59:17','Service',228,'ServiceCaracs',NULL),(3010,2,26,2,'test','2014-03-11 21:59:17','Service',229,'ServiceCaracs',NULL),(3011,2,26,2,'test','2014-03-11 21:59:17','Service',230,'ServiceCaracs',NULL),(3012,2,26,2,'test','2014-03-11 21:59:17','Service',231,'ServiceCaracs',NULL),(3013,2,26,2,'','2014-03-11 21:59:17','Service',22,'ServiceExtremityTech',NULL),(3014,2,26,2,'','2014-03-11 21:59:17','Service',23,'ServiceExtremityTech',NULL),(3015,2,26,2,'11/03/2014--Service : Create : Acceptance sent','2014-03-11 21:59:17','Service',23,'ServiceTransactions',NULL),(3016,2,26,2,'11/03/2014--Service : Create : Acceptance sent','2014-03-11 21:59:17','Service',22,'ServiceTransactions',NULL),(3017,2,26,2,'11/03/2014--Service : Create : Initiated order','2014-03-11 21:59:17','Service',21,'ServiceTransactions',NULL),(3018,2,26,2,'FF26','2014-03-11 21:59:53','Service',NULL,NULL,NULL),(3019,2,26,2,'BDLF27','2014-03-11 21:59:53','Service',27,'Service',NULL),(3020,2,26,2,'A1','2014-03-11 21:59:53','Service',22,'ServiceExtremity',NULL),(3021,2,26,2,'B2','2014-03-11 21:59:53','Service',23,'ServiceExtremity',NULL),(3022,2,26,2,'test','2014-03-11 21:59:53','Service',228,'ServiceCaracs',NULL),(3023,2,26,2,'test','2014-03-11 21:59:53','Service',229,'ServiceCaracs',NULL),(3024,2,26,2,'test','2014-03-11 21:59:53','Service',230,'ServiceCaracs',NULL),(3025,2,26,2,'test','2014-03-11 21:59:53','Service',231,'ServiceCaracs',NULL),(3026,2,26,2,'','2014-03-11 21:59:53','Service',22,'ServiceExtremityTech',NULL),(3027,2,26,2,'','2014-03-11 21:59:53','Service',23,'ServiceExtremityTech',NULL),(3028,2,26,2,'11/03/2014--Service : Create : Acceptance sent','2014-03-11 21:59:53','Service',24,'ServiceTransactions',NULL),(3029,2,26,2,'11/03/2014--Service : Create : Acceptance sent','2014-03-11 21:59:53','Service',23,'ServiceTransactions',NULL),(3030,2,26,2,'11/03/2014--Service : Create : Acceptance sent','2014-03-11 21:59:53','Service',22,'ServiceTransactions',NULL),(3031,2,26,2,'11/03/2014--Service : Create : Initiated order','2014-03-11 21:59:53','Service',21,'ServiceTransactions',NULL),(3032,2,26,2,'FF26','2014-03-11 22:03:58','Service',NULL,NULL,NULL),(3033,2,26,2,'BDLF27','2014-03-11 22:03:58','Service',27,'Service',NULL),(3034,2,26,2,'A1','2014-03-11 22:03:58','Service',22,'ServiceExtremity',NULL),(3035,2,26,2,'B2','2014-03-11 22:03:58','Service',23,'ServiceExtremity',NULL),(3036,2,26,2,'test','2014-03-11 22:03:58','Service',228,'ServiceCaracs',NULL),(3037,2,26,2,'test','2014-03-11 22:03:58','Service',229,'ServiceCaracs',NULL),(3038,2,26,2,'test','2014-03-11 22:03:58','Service',230,'ServiceCaracs',NULL),(3039,2,26,2,'test','2014-03-11 22:03:58','Service',231,'ServiceCaracs',NULL),(3040,2,26,2,'','2014-03-11 22:03:58','Service',22,'ServiceExtremityTech',NULL),(3041,2,26,2,'','2014-03-11 22:03:58','Service',23,'ServiceExtremityTech',NULL),(3042,2,26,2,'11/03/2014--Service : Create : Acceptance received','2014-03-11 22:03:58','Service',25,'ServiceTransactions',NULL),(3043,2,26,2,'11/03/2014--Service : Create : Acceptance sent','2014-03-11 22:03:58','Service',24,'ServiceTransactions',NULL),(3044,2,26,2,'11/03/2014--Service : Create : Acceptance sent','2014-03-11 22:03:58','Service',23,'ServiceTransactions',NULL),(3045,2,26,2,'11/03/2014--Service : Create : Acceptance sent','2014-03-11 22:03:58','Service',22,'ServiceTransactions',NULL),(3046,2,26,2,'11/03/2014--Service : Create : Initiated order','2014-03-11 22:03:58','Service',21,'ServiceTransactions',NULL),(3047,2,26,2,'FF26','2014-03-11 22:04:47','Service',NULL,NULL,NULL),(3048,2,26,2,'BDLF27','2014-03-11 22:04:47','Service',27,'Service',NULL),(3049,2,26,2,'A1','2014-03-11 22:04:47','Service',22,'ServiceExtremity',NULL),(3050,2,26,2,'B2','2014-03-11 22:04:47','Service',23,'ServiceExtremity',NULL),(3051,2,26,2,'test','2014-03-11 22:04:47','Service',228,'ServiceCaracs',NULL),(3052,2,26,2,'test','2014-03-11 22:04:47','Service',229,'ServiceCaracs',NULL),(3053,2,26,2,'test','2014-03-11 22:04:47','Service',230,'ServiceCaracs',NULL),(3054,2,26,2,'test','2014-03-11 22:04:47','Service',231,'ServiceCaracs',NULL),(3055,2,26,2,'','2014-03-11 22:04:47','Service',22,'ServiceExtremityTech',NULL),(3056,2,26,2,'','2014-03-11 22:04:47','Service',23,'ServiceExtremityTech',NULL),(3057,2,26,2,'11/03/2014--Service : Create : Acceptance received','2014-03-11 22:04:47','Service',25,'ServiceTransactions',NULL),(3058,2,26,2,'11/03/2014--Service : Create : Acceptance sent','2014-03-11 22:04:47','Service',24,'ServiceTransactions',NULL),(3059,2,26,2,'11/03/2014--Service : Create : Acceptance sent','2014-03-11 22:04:47','Service',23,'ServiceTransactions',NULL),(3060,2,26,2,'11/03/2014--Service : Create : Acceptance sent','2014-03-11 22:04:47','Service',22,'ServiceTransactions',NULL),(3061,2,26,2,'11/03/2014--Service : Create : Initiated order','2014-03-11 22:04:47','Service',21,'ServiceTransactions',NULL),(3062,2,26,2,'FF26','2014-03-11 22:06:37','Service',NULL,NULL,NULL),(3063,2,26,2,'BDLF27','2014-03-11 22:06:37','Service',27,'Service',NULL),(3064,2,26,2,'A1','2014-03-11 22:06:37','Service',22,'ServiceExtremity',NULL),(3065,2,26,2,'B2','2014-03-11 22:06:37','Service',23,'ServiceExtremity',NULL),(3066,2,26,2,'test','2014-03-11 22:06:37','Service',228,'ServiceCaracs',NULL),(3067,2,26,2,'test','2014-03-11 22:06:37','Service',229,'ServiceCaracs',NULL),(3068,2,26,2,'test','2014-03-11 22:06:37','Service',230,'ServiceCaracs',NULL),(3069,2,26,2,'test','2014-03-11 22:06:37','Service',231,'ServiceCaracs',NULL),(3070,2,26,2,'','2014-03-11 22:06:37','Service',22,'ServiceExtremityTech',NULL),(3071,2,26,2,'','2014-03-11 22:06:37','Service',23,'ServiceExtremityTech',NULL),(3072,2,26,2,'11/03/2014--Service : Create : Acceptance received','2014-03-11 22:06:37','Service',25,'ServiceTransactions',NULL),(3073,2,26,2,'11/03/2014--Service : Create : Acceptance sent','2014-03-11 22:06:37','Service',24,'ServiceTransactions',NULL),(3074,2,26,2,'11/03/2014--Service : Create : Acceptance sent','2014-03-11 22:06:37','Service',23,'ServiceTransactions',NULL),(3075,2,26,2,'11/03/2014--Service : Create : Acceptance sent','2014-03-11 22:06:37','Service',22,'ServiceTransactions',NULL),(3076,2,26,2,'11/03/2014--Service : Create : Initiated order','2014-03-11 22:06:37','Service',21,'ServiceTransactions',NULL),(3077,2,26,2,'FF26','2014-03-11 22:06:58','Service',NULL,NULL,NULL),(3078,2,26,2,'BDLF27','2014-03-11 22:06:58','Service',27,'Service',NULL),(3079,2,26,2,'A1','2014-03-11 22:06:58','Service',22,'ServiceExtremity',NULL),(3080,2,26,2,'B2','2014-03-11 22:06:58','Service',23,'ServiceExtremity',NULL),(3081,2,26,2,'test','2014-03-11 22:06:58','Service',228,'ServiceCaracs',NULL),(3082,2,26,2,'test','2014-03-11 22:06:58','Service',229,'ServiceCaracs',NULL),(3083,2,26,2,'test','2014-03-11 22:06:58','Service',230,'ServiceCaracs',NULL),(3084,2,26,2,'test','2014-03-11 22:06:58','Service',231,'ServiceCaracs',NULL),(3085,2,26,2,'','2014-03-11 22:06:58','Service',22,'ServiceExtremityTech',NULL),(3086,2,26,2,'','2014-03-11 22:06:58','Service',23,'ServiceExtremityTech',NULL),(3087,2,26,2,'11/03/2014--Service : Create : Acceptance received','2014-03-11 22:06:58','Service',25,'ServiceTransactions',NULL),(3088,2,26,2,'11/03/2014--Service : Create : Acceptance sent','2014-03-11 22:06:58','Service',24,'ServiceTransactions',NULL),(3089,2,26,2,'11/03/2014--Service : Create : Acceptance sent','2014-03-11 22:06:58','Service',23,'ServiceTransactions',NULL),(3090,2,26,2,'11/03/2014--Service : Create : Acceptance sent','2014-03-11 22:06:58','Service',22,'ServiceTransactions',NULL),(3091,2,26,2,'11/03/2014--Service : Create : Initiated order','2014-03-11 22:06:58','Service',21,'ServiceTransactions',NULL),(3092,2,22,2,'A1','2014-03-11 22:07:39','ServiceExtremity',NULL,NULL,NULL),(3093,2,22,2,'test','2014-03-11 22:07:39','ServiceExtremity',234,'ServiceCaracs',NULL),(3094,2,22,2,'test','2014-03-11 22:07:39','ServiceExtremity',236,'ServiceCaracs',NULL),(3095,2,22,2,'test','2014-03-11 22:07:39','ServiceExtremity',238,'ServiceCaracs',NULL),(3096,2,22,2,'test','2014-03-11 22:07:39','ServiceExtremity',240,'ServiceCaracs',NULL),(3097,2,22,2,'test','2014-03-11 22:07:39','ServiceExtremity',254,'ServiceCaracs',NULL),(3098,2,26,2,'FF26','2014-03-11 22:07:41','Service',NULL,NULL,NULL),(3099,2,26,2,'BDLF27','2014-03-11 22:07:41','Service',27,'Service',NULL),(3100,2,26,2,'A1','2014-03-11 22:07:41','Service',22,'ServiceExtremity',NULL),(3101,2,26,2,'B2','2014-03-11 22:07:41','Service',23,'ServiceExtremity',NULL),(3102,2,26,2,'test','2014-03-11 22:07:41','Service',228,'ServiceCaracs',NULL),(3103,2,26,2,'test','2014-03-11 22:07:41','Service',229,'ServiceCaracs',NULL),(3104,2,26,2,'test','2014-03-11 22:07:41','Service',230,'ServiceCaracs',NULL),(3105,2,26,2,'test','2014-03-11 22:07:41','Service',231,'ServiceCaracs',NULL),(3106,2,26,2,'','2014-03-11 22:07:41','Service',22,'ServiceExtremityTech',NULL),(3107,2,26,2,'','2014-03-11 22:07:41','Service',23,'ServiceExtremityTech',NULL),(3108,2,26,2,'11/03/2014--Service : Create : Acceptance received','2014-03-11 22:07:41','Service',25,'ServiceTransactions',NULL),(3109,2,26,2,'11/03/2014--Service : Create : Acceptance sent','2014-03-11 22:07:41','Service',24,'ServiceTransactions',NULL),(3110,2,26,2,'11/03/2014--Service : Create : Acceptance sent','2014-03-11 22:07:41','Service',23,'ServiceTransactions',NULL),(3111,2,26,2,'11/03/2014--Service : Create : Acceptance sent','2014-03-11 22:07:41','Service',22,'ServiceTransactions',NULL),(3112,2,26,2,'11/03/2014--Service : Create : Initiated order','2014-03-11 22:07:41','Service',21,'ServiceTransactions',NULL),(3113,2,26,2,'FF26','2014-03-11 22:08:20','Service',NULL,NULL,NULL),(3114,2,26,2,'BDLF27','2014-03-11 22:08:20','Service',27,'Service',NULL),(3115,2,26,2,'A1','2014-03-11 22:08:20','Service',22,'ServiceExtremity',NULL),(3116,2,26,2,'B2','2014-03-11 22:08:20','Service',23,'ServiceExtremity',NULL),(3117,2,26,2,'test','2014-03-11 22:08:20','Service',228,'ServiceCaracs',NULL),(3118,2,26,2,'test','2014-03-11 22:08:20','Service',229,'ServiceCaracs',NULL),(3119,2,26,2,'test','2014-03-11 22:08:20','Service',230,'ServiceCaracs',NULL),(3120,2,26,2,'test','2014-03-11 22:08:20','Service',231,'ServiceCaracs',NULL),(3121,2,26,2,'','2014-03-11 22:08:20','Service',22,'ServiceExtremityTech',NULL),(3122,2,26,2,'','2014-03-11 22:08:20','Service',23,'ServiceExtremityTech',NULL),(3123,2,26,2,'11/03/2014--Service : Create : Acceptance received','2014-03-11 22:08:20','Service',26,'ServiceTransactions',NULL),(3124,2,26,2,'11/03/2014--Service : Create : Acceptance received','2014-03-11 22:08:20','Service',25,'ServiceTransactions',NULL),(3125,2,26,2,'11/03/2014--Service : Create : Acceptance sent','2014-03-11 22:08:20','Service',24,'ServiceTransactions',NULL),(3126,2,26,2,'11/03/2014--Service : Create : Acceptance sent','2014-03-11 22:08:20','Service',23,'ServiceTransactions',NULL),(3127,2,26,2,'11/03/2014--Service : Create : Acceptance sent','2014-03-11 22:08:20','Service',22,'ServiceTransactions',NULL),(3128,2,26,2,'11/03/2014--Service : Create : Initiated order','2014-03-11 22:08:20','Service',21,'ServiceTransactions',NULL),(3129,2,26,2,'FF26','2014-03-11 22:08:35','Service',NULL,NULL,NULL),(3130,2,26,2,'BDLF27','2014-03-11 22:08:35','Service',27,'Service',NULL),(3131,2,26,2,'A1','2014-03-11 22:08:35','Service',22,'ServiceExtremity',NULL),(3132,2,26,2,'B2','2014-03-11 22:08:35','Service',23,'ServiceExtremity',NULL),(3133,2,26,2,'test','2014-03-11 22:08:35','Service',228,'ServiceCaracs',NULL),(3134,2,26,2,'test','2014-03-11 22:08:35','Service',229,'ServiceCaracs',NULL),(3135,2,26,2,'test','2014-03-11 22:08:35','Service',230,'ServiceCaracs',NULL),(3136,2,26,2,'test','2014-03-11 22:08:35','Service',231,'ServiceCaracs',NULL),(3137,2,26,2,'','2014-03-11 22:08:35','Service',22,'ServiceExtremityTech',NULL),(3138,2,26,2,'','2014-03-11 22:08:35','Service',23,'ServiceExtremityTech',NULL),(3139,2,26,2,'11/03/2014--Service : Create : Acceptance received','2014-03-11 22:08:35','Service',26,'ServiceTransactions',NULL),(3140,2,26,2,'11/03/2014--Service : Create : Acceptance received','2014-03-11 22:08:35','Service',25,'ServiceTransactions',NULL),(3141,2,26,2,'11/03/2014--Service : Create : Acceptance sent','2014-03-11 22:08:35','Service',24,'ServiceTransactions',NULL),(3142,2,26,2,'11/03/2014--Service : Create : Acceptance sent','2014-03-11 22:08:35','Service',23,'ServiceTransactions',NULL),(3143,2,26,2,'11/03/2014--Service : Create : Acceptance sent','2014-03-11 22:08:35','Service',22,'ServiceTransactions',NULL),(3144,2,26,2,'11/03/2014--Service : Create : Initiated order','2014-03-11 22:08:35','Service',21,'ServiceTransactions',NULL),(3145,2,26,2,'FF26','2014-03-12 10:27:01','Service',NULL,NULL,NULL),(3146,2,26,2,'BDLF27','2014-03-12 10:27:01','Service',27,'Service',NULL),(3147,2,26,2,'A1','2014-03-12 10:27:01','Service',22,'ServiceExtremity',NULL),(3148,2,26,2,'B2','2014-03-12 10:27:01','Service',23,'ServiceExtremity',NULL),(3149,2,26,2,'test','2014-03-12 10:27:02','Service',228,'ServiceCaracs',NULL),(3150,2,26,2,'test','2014-03-12 10:27:02','Service',229,'ServiceCaracs',NULL),(3151,2,26,2,'test','2014-03-12 10:27:02','Service',230,'ServiceCaracs',NULL),(3152,2,26,2,'test','2014-03-12 10:27:02','Service',231,'ServiceCaracs',NULL),(3153,2,26,2,'','2014-03-12 10:27:02','Service',22,'ServiceExtremityTech',NULL),(3154,2,26,2,'','2014-03-12 10:27:02','Service',23,'ServiceExtremityTech',NULL),(3155,2,26,2,'11/03/2014--Service : Create : Validated order','2014-03-12 10:27:02','Service',27,'ServiceTransactions',NULL),(3156,2,26,2,'11/03/2014--Service : Create : Acceptance received','2014-03-12 10:27:02','Service',26,'ServiceTransactions',NULL),(3157,2,26,2,'11/03/2014--Service : Create : Acceptance received','2014-03-12 10:27:02','Service',25,'ServiceTransactions',NULL),(3158,2,26,2,'11/03/2014--Service : Create : Acceptance sent','2014-03-12 10:27:02','Service',24,'ServiceTransactions',NULL),(3159,2,26,2,'11/03/2014--Service : Create : Acceptance sent','2014-03-12 10:27:02','Service',23,'ServiceTransactions',NULL),(3160,2,26,2,'11/03/2014--Service : Create : Acceptance sent','2014-03-12 10:27:02','Service',22,'ServiceTransactions',NULL),(3161,2,26,2,'11/03/2014--Service : Create : Initiated order','2014-03-12 10:27:02','Service',21,'ServiceTransactions',NULL),(3162,2,26,2,'FF26','2014-03-12 10:31:11','Service',NULL,NULL,NULL),(3163,2,26,2,'BDLF27','2014-03-12 10:31:11','Service',27,'Service',NULL),(3164,2,26,2,'A1','2014-03-12 10:31:11','Service',22,'ServiceExtremity',NULL),(3165,2,26,2,'B2','2014-03-12 10:31:11','Service',23,'ServiceExtremity',NULL),(3166,2,26,2,'test','2014-03-12 10:31:11','Service',228,'ServiceCaracs',NULL),(3167,2,26,2,'test','2014-03-12 10:31:11','Service',229,'ServiceCaracs',NULL),(3168,2,26,2,'test','2014-03-12 10:31:11','Service',230,'ServiceCaracs',NULL),(3169,2,26,2,'test','2014-03-12 10:31:11','Service',231,'ServiceCaracs',NULL),(3170,2,26,2,'','2014-03-12 10:31:11','Service',22,'ServiceExtremityTech',NULL),(3171,2,26,2,'','2014-03-12 10:31:11','Service',23,'ServiceExtremityTech',NULL),(3172,2,26,2,'11/03/2014--Service : Create : Validated order','2014-03-12 10:31:11','Service',27,'ServiceTransactions',NULL),(3173,2,26,2,'11/03/2014--Service : Create : Acceptance received','2014-03-12 10:31:11','Service',26,'ServiceTransactions',NULL),(3174,2,26,2,'11/03/2014--Service : Create : Acceptance received','2014-03-12 10:31:11','Service',25,'ServiceTransactions',NULL),(3175,2,26,2,'11/03/2014--Service : Create : Acceptance sent','2014-03-12 10:31:11','Service',24,'ServiceTransactions',NULL),(3176,2,26,2,'11/03/2014--Service : Create : Acceptance sent','2014-03-12 10:31:11','Service',23,'ServiceTransactions',NULL),(3177,2,26,2,'11/03/2014--Service : Create : Acceptance sent','2014-03-12 10:31:11','Service',22,'ServiceTransactions',NULL),(3178,2,26,2,'11/03/2014--Service : Create : Initiated order','2014-03-12 10:31:11','Service',21,'ServiceTransactions',NULL),(3179,1,28,2,'','2014-03-12 10:50:17','Service',NULL,NULL,NULL),(3180,1,29,2,'','2014-03-12 10:52:07','Service',NULL,NULL,NULL),(3181,2,29,2,'29','2014-03-12 11:06:20','Service',NULL,NULL,NULL),(3182,2,29,2,'A1','2014-03-12 11:06:20','Service',25,'ServiceExtremity',NULL),(3183,2,29,2,'B2','2014-03-12 11:06:20','Service',26,'ServiceExtremity',NULL),(3184,2,29,2,'','2014-03-12 11:06:20','Service',11,'BillingService',NULL),(3185,2,29,2,'29:A1','2014-03-12 11:06:20','Service',14,'BillingServiceLine',NULL),(3186,2,29,2,'test','2014-03-12 11:06:20','Service',256,'ServiceCaracs',NULL),(3187,2,29,2,'test','2014-03-12 11:06:20','Service',257,'ServiceCaracs',NULL),(3188,2,29,2,'test','2014-03-12 11:06:20','Service',258,'ServiceCaracs',NULL),(3189,2,29,2,'test','2014-03-12 11:06:20','Service',259,'ServiceCaracs',NULL),(3190,2,29,2,'','2014-03-12 11:06:20','Service',25,'ServiceExtremityTech',NULL),(3191,2,29,2,'','2014-03-12 11:06:20','Service',26,'ServiceExtremityTech',NULL),(3192,2,25,2,'A1','2014-03-12 11:07:00','ServiceExtremity',NULL,NULL,NULL),(3193,2,25,2,'F29:A1','2014-03-12 11:07:00','ServiceExtremity',14,'BillingServiceLine',NULL),(3194,2,25,2,'test','2014-03-12 11:07:00','ServiceExtremity',260,'ServiceCaracs',NULL),(3195,2,25,2,'test','2014-03-12 11:07:00','ServiceExtremity',262,'ServiceCaracs',NULL),(3196,2,25,2,'test','2014-03-12 11:07:00','ServiceExtremity',276,'ServiceCaracs',NULL),(3197,2,25,2,'test','2014-03-12 11:07:00','ServiceExtremity',278,'ServiceCaracs',NULL),(3198,2,25,2,'test','2014-03-12 11:07:00','ServiceExtremity',280,'ServiceCaracs',NULL),(3199,2,29,2,'F29','2014-03-12 11:07:02','Service',NULL,NULL,NULL),(3200,2,29,2,'RCV21','2014-03-12 11:07:02','Service',21,'Service',NULL),(3201,2,29,2,'A1','2014-03-12 11:07:02','Service',25,'ServiceExtremity',NULL),(3202,2,29,2,'B2','2014-03-12 11:07:02','Service',26,'ServiceExtremity',NULL),(3203,2,29,2,'','2014-03-12 11:07:02','Service',11,'BillingService',NULL),(3204,2,29,2,'F29:A1','2014-03-12 11:07:02','Service',14,'BillingServiceLine',NULL),(3205,2,29,2,'test','2014-03-12 11:07:02','Service',256,'ServiceCaracs',NULL),(3206,2,29,2,'test','2014-03-12 11:07:02','Service',257,'ServiceCaracs',NULL),(3207,2,29,2,'test','2014-03-12 11:07:02','Service',258,'ServiceCaracs',NULL),(3208,2,29,2,'test','2014-03-12 11:07:02','Service',259,'ServiceCaracs',NULL),(3209,2,29,2,'','2014-03-12 11:07:02','Service',25,'ServiceExtremityTech',NULL),(3210,2,29,2,'','2014-03-12 11:07:02','Service',26,'ServiceExtremityTech',NULL),(3211,2,26,2,'B2','2014-03-12 11:16:01','ServiceExtremity',NULL,NULL,NULL),(3212,2,26,2,'test','2014-03-12 11:16:01','ServiceExtremity',261,'ServiceCaracs',NULL),(3213,2,26,2,'test','2014-03-12 11:16:01','ServiceExtremity',263,'ServiceCaracs',NULL),(3214,2,26,2,'test','2014-03-12 11:16:01','ServiceExtremity',277,'ServiceCaracs',NULL),(3215,2,26,2,'test','2014-03-12 11:16:01','ServiceExtremity',279,'ServiceCaracs',NULL),(3216,2,26,2,'test','2014-03-12 11:16:01','ServiceExtremity',281,'ServiceCaracs',NULL),(3217,2,29,2,'FBLOIS29','2014-03-12 11:16:03','Service',NULL,NULL,NULL),(3218,2,29,2,'RCV21','2014-03-12 11:16:03','Service',21,'Service',NULL),(3219,2,29,2,'A1','2014-03-12 11:16:03','Service',25,'ServiceExtremity',NULL),(3220,2,29,2,'B2','2014-03-12 11:16:03','Service',26,'ServiceExtremity',NULL),(3221,2,29,2,'','2014-03-12 11:16:03','Service',11,'BillingService',NULL),(3222,2,29,2,'FBLOIS29:A1','2014-03-12 11:16:03','Service',14,'BillingServiceLine',NULL),(3223,2,29,2,'test','2014-03-12 11:16:03','Service',256,'ServiceCaracs',NULL),(3224,2,29,2,'test','2014-03-12 11:16:03','Service',257,'ServiceCaracs',NULL),(3225,2,29,2,'test','2014-03-12 11:16:03','Service',258,'ServiceCaracs',NULL),(3226,2,29,2,'test','2014-03-12 11:16:03','Service',259,'ServiceCaracs',NULL),(3227,2,29,2,'','2014-03-12 11:16:03','Service',25,'ServiceExtremityTech',NULL),(3228,2,29,2,'','2014-03-12 11:16:03','Service',26,'ServiceExtremityTech',NULL),(3229,2,25,2,'A1','2014-03-12 11:17:11','ServiceExtremity',NULL,NULL,NULL),(3230,2,25,2,'FBLOIS29:A1','2014-03-12 11:17:11','ServiceExtremity',14,'BillingServiceLine',NULL),(3231,2,25,2,'test','2014-03-12 11:17:11','ServiceExtremity',260,'ServiceCaracs',NULL),(3232,2,25,2,'test','2014-03-12 11:17:11','ServiceExtremity',262,'ServiceCaracs',NULL),(3233,2,25,2,'test','2014-03-12 11:17:11','ServiceExtremity',276,'ServiceCaracs',NULL),(3234,2,25,2,'test','2014-03-12 11:17:11','ServiceExtremity',278,'ServiceCaracs',NULL),(3235,2,25,2,'test','2014-03-12 11:17:11','ServiceExtremity',280,'ServiceCaracs',NULL),(3236,2,29,2,'FBLOIS29','2014-03-12 11:17:13','Service',NULL,NULL,NULL),(3237,2,29,2,'RCV21','2014-03-12 11:17:13','Service',21,'Service',NULL),(3238,2,29,2,'A1','2014-03-12 11:17:14','Service',25,'ServiceExtremity',NULL),(3239,2,29,2,'B2','2014-03-12 11:17:14','Service',26,'ServiceExtremity',NULL),(3240,2,29,2,'','2014-03-12 11:17:14','Service',11,'BillingService',NULL),(3241,2,29,2,'FBLOIS29:A1','2014-03-12 11:17:14','Service',14,'BillingServiceLine',NULL),(3242,2,29,2,'test','2014-03-12 11:17:14','Service',256,'ServiceCaracs',NULL),(3243,2,29,2,'test','2014-03-12 11:17:14','Service',257,'ServiceCaracs',NULL),(3244,2,29,2,'test','2014-03-12 11:17:14','Service',258,'ServiceCaracs',NULL),(3245,2,29,2,'test','2014-03-12 11:17:14','Service',259,'ServiceCaracs',NULL),(3246,2,29,2,'','2014-03-12 11:17:14','Service',25,'ServiceExtremityTech',NULL),(3247,2,29,2,'','2014-03-12 11:17:14','Service',26,'ServiceExtremityTech',NULL),(3248,2,29,2,'FBLOIS29','2014-03-12 11:18:18','Service',NULL,NULL,NULL),(3249,2,29,2,'RCV21','2014-03-12 11:18:18','Service',21,'Service',NULL),(3250,2,29,2,'A1','2014-03-12 11:18:18','Service',25,'ServiceExtremity',NULL),(3251,2,29,2,'B2','2014-03-12 11:18:18','Service',26,'ServiceExtremity',NULL),(3252,2,29,2,'','2014-03-12 11:18:18','Service',11,'BillingService',NULL),(3253,2,29,2,'FBLOIS29:A1','2014-03-12 11:18:18','Service',14,'BillingServiceLine',NULL),(3254,2,29,2,'test','2014-03-12 11:18:18','Service',256,'ServiceCaracs',NULL),(3255,2,29,2,'test','2014-03-12 11:18:18','Service',257,'ServiceCaracs',NULL),(3256,2,29,2,'test','2014-03-12 11:18:18','Service',258,'ServiceCaracs',NULL),(3257,2,29,2,'test','2014-03-12 11:18:18','Service',259,'ServiceCaracs',NULL),(3258,2,29,2,'','2014-03-12 11:18:18','Service',25,'ServiceExtremityTech',NULL),(3259,2,29,2,'','2014-03-12 11:18:18','Service',26,'ServiceExtremityTech',NULL),(3260,2,25,2,'A1','2014-03-12 11:19:41','ServiceExtremity',NULL,NULL,NULL),(3261,2,25,2,'FBLOIS29:A1','2014-03-12 11:19:41','ServiceExtremity',14,'BillingServiceLine',NULL),(3262,2,25,2,'test','2014-03-12 11:19:41','ServiceExtremity',260,'ServiceCaracs',NULL),(3263,2,25,2,'test','2014-03-12 11:19:41','ServiceExtremity',262,'ServiceCaracs',NULL),(3264,2,25,2,'test','2014-03-12 11:19:41','ServiceExtremity',276,'ServiceCaracs',NULL),(3265,2,25,2,'test','2014-03-12 11:19:41','ServiceExtremity',278,'ServiceCaracs',NULL),(3266,2,25,2,'test','2014-03-12 11:19:41','ServiceExtremity',280,'ServiceCaracs',NULL),(3267,2,29,2,'FBLOIS29','2014-03-12 11:19:43','Service',NULL,NULL,NULL),(3268,2,29,2,'RCV21','2014-03-12 11:19:43','Service',21,'Service',NULL),(3269,2,29,2,'A1','2014-03-12 11:19:43','Service',25,'ServiceExtremity',NULL),(3270,2,29,2,'B2','2014-03-12 11:19:43','Service',26,'ServiceExtremity',NULL),(3271,2,29,2,'','2014-03-12 11:19:43','Service',11,'BillingService',NULL),(3272,2,29,2,'FBLOIS29:A1','2014-03-12 11:19:43','Service',14,'BillingServiceLine',NULL),(3273,2,29,2,'test','2014-03-12 11:19:43','Service',256,'ServiceCaracs',NULL),(3274,2,29,2,'test','2014-03-12 11:19:43','Service',257,'ServiceCaracs',NULL),(3275,2,29,2,'test','2014-03-12 11:19:43','Service',258,'ServiceCaracs',NULL),(3276,2,29,2,'test','2014-03-12 11:19:43','Service',259,'ServiceCaracs',NULL),(3277,2,29,2,'','2014-03-12 11:19:43','Service',25,'ServiceExtremityTech',NULL),(3278,2,29,2,'','2014-03-12 11:19:43','Service',26,'ServiceExtremityTech',NULL),(3279,2,14,2,'A1','2014-03-12 11:20:09','ServiceExtremity',NULL,NULL,NULL),(3280,2,14,2,'test','2014-03-12 11:20:09','ServiceExtremity',138,'ServiceCaracs',NULL),(3281,2,21,2,'RCVF21','2014-03-12 11:20:12','Service',NULL,NULL,NULL),(3282,2,21,2,'FBLOIS19','2014-03-12 11:20:12','Service',19,'Service',NULL),(3283,2,21,2,'BCOF23','2014-03-12 11:20:12','Service',23,'Service',NULL),(3284,2,21,2,'FBLOIS29','2014-03-12 11:20:12','Service',29,'Service',NULL),(3285,2,21,2,'A1','2014-03-12 11:20:12','Service',14,'ServiceExtremity',NULL),(3286,2,21,2,'test','2014-03-12 11:20:12','Service',148,'ServiceCaracs',NULL),(3287,2,21,2,'test','2014-03-12 11:20:12','Service',149,'ServiceCaracs',NULL),(3288,2,21,2,'test','2014-03-12 11:20:12','Service',150,'ServiceCaracs',NULL),(3289,2,21,2,'','2014-03-12 11:20:12','Service',14,'ServiceExtremityTech',NULL),(3290,2,25,2,'A1','2014-03-12 11:31:53','ServiceExtremity',NULL,NULL,NULL),(3291,2,25,2,'FBLOIS29:A1','2014-03-12 11:31:53','ServiceExtremity',14,'BillingServiceLine',NULL),(3292,2,25,2,'test','2014-03-12 11:31:53','ServiceExtremity',260,'ServiceCaracs',NULL),(3293,2,25,2,'test','2014-03-12 11:31:53','ServiceExtremity',262,'ServiceCaracs',NULL),(3294,2,25,2,'test','2014-03-12 11:31:53','ServiceExtremity',276,'ServiceCaracs',NULL),(3295,2,25,2,'test','2014-03-12 11:31:53','ServiceExtremity',278,'ServiceCaracs',NULL),(3296,2,25,2,'test','2014-03-12 11:31:53','ServiceExtremity',280,'ServiceCaracs',NULL),(3297,2,29,2,'FBLOIS29','2014-03-12 11:31:56','Service',NULL,NULL,NULL),(3298,2,29,2,'RCVF21','2014-03-12 11:31:56','Service',21,'Service',NULL),(3299,2,29,2,'A1','2014-03-12 11:31:56','Service',25,'ServiceExtremity',NULL),(3300,2,29,2,'B2','2014-03-12 11:31:56','Service',26,'ServiceExtremity',NULL),(3301,2,29,2,'','2014-03-12 11:31:56','Service',11,'BillingService',NULL),(3302,2,29,2,'FBLOIS29:A1','2014-03-12 11:31:56','Service',14,'BillingServiceLine',NULL),(3303,2,29,2,'test','2014-03-12 11:31:56','Service',256,'ServiceCaracs',NULL),(3304,2,29,2,'test','2014-03-12 11:31:56','Service',257,'ServiceCaracs',NULL),(3305,2,29,2,'test','2014-03-12 11:31:56','Service',258,'ServiceCaracs',NULL),(3306,2,29,2,'test','2014-03-12 11:31:56','Service',259,'ServiceCaracs',NULL),(3307,2,29,2,'','2014-03-12 11:31:56','Service',25,'ServiceExtremityTech',NULL),(3308,2,29,2,'','2014-03-12 11:31:56','Service',26,'ServiceExtremityTech',NULL),(3309,2,26,2,'B2','2014-03-12 11:32:18','ServiceExtremity',NULL,NULL,NULL),(3310,2,26,2,'test','2014-03-12 11:32:18','ServiceExtremity',261,'ServiceCaracs',NULL),(3311,2,26,2,'test','2014-03-12 11:32:18','ServiceExtremity',263,'ServiceCaracs',NULL),(3312,2,26,2,'test','2014-03-12 11:32:18','ServiceExtremity',277,'ServiceCaracs',NULL),(3313,2,26,2,'test','2014-03-12 11:32:18','ServiceExtremity',279,'ServiceCaracs',NULL),(3314,2,26,2,'test','2014-03-12 11:32:18','ServiceExtremity',281,'ServiceCaracs',NULL),(3315,2,29,2,'FBLOIS29','2014-03-12 11:32:21','Service',NULL,NULL,NULL),(3316,2,29,2,'RCVF21','2014-03-12 11:32:21','Service',21,'Service',NULL),(3317,2,29,2,'A1','2014-03-12 11:32:21','Service',25,'ServiceExtremity',NULL),(3318,2,29,2,'B2','2014-03-12 11:32:21','Service',26,'ServiceExtremity',NULL),(3319,2,29,2,'','2014-03-12 11:32:21','Service',11,'BillingService',NULL),(3320,2,29,2,'FBLOIS29:A1','2014-03-12 11:32:21','Service',14,'BillingServiceLine',NULL),(3321,2,29,2,'test','2014-03-12 11:32:21','Service',256,'ServiceCaracs',NULL),(3322,2,29,2,'test','2014-03-12 11:32:21','Service',257,'ServiceCaracs',NULL),(3323,2,29,2,'test','2014-03-12 11:32:21','Service',258,'ServiceCaracs',NULL),(3324,2,29,2,'test','2014-03-12 11:32:21','Service',259,'ServiceCaracs',NULL),(3325,2,29,2,'','2014-03-12 11:32:21','Service',25,'ServiceExtremityTech',NULL),(3326,2,29,2,'','2014-03-12 11:32:21','Service',26,'ServiceExtremityTech',NULL),(3327,2,29,2,'FBLOIS29','2014-03-12 11:35:57','Service',NULL,NULL,NULL),(3328,2,29,2,'RCVF21','2014-03-12 11:35:57','Service',21,'Service',NULL),(3329,2,29,2,'A1','2014-03-12 11:35:57','Service',25,'ServiceExtremity',NULL),(3330,2,29,2,'B2','2014-03-12 11:35:57','Service',26,'ServiceExtremity',NULL),(3331,2,29,2,'','2014-03-12 11:35:57','Service',11,'BillingService',NULL),(3332,2,29,2,'FBLOIS29:A1','2014-03-12 11:35:57','Service',14,'BillingServiceLine',NULL),(3333,2,29,2,'test','2014-03-12 11:35:57','Service',256,'ServiceCaracs',NULL),(3334,2,29,2,'test','2014-03-12 11:35:57','Service',257,'ServiceCaracs',NULL),(3335,2,29,2,'test','2014-03-12 11:35:57','Service',258,'ServiceCaracs',NULL),(3336,2,29,2,'test','2014-03-12 11:35:57','Service',259,'ServiceCaracs',NULL),(3337,2,29,2,'','2014-03-12 11:35:57','Service',25,'ServiceExtremityTech',NULL),(3338,2,29,2,'','2014-03-12 11:35:57','Service',26,'ServiceExtremityTech',NULL),(3339,2,25,2,'A1','2014-03-12 11:36:58','ServiceExtremity',NULL,NULL,NULL),(3340,2,25,2,'FBLOIS29:A1','2014-03-12 11:36:58','ServiceExtremity',14,'BillingServiceLine',NULL),(3341,2,25,2,'test','2014-03-12 11:36:58','ServiceExtremity',260,'ServiceCaracs',NULL),(3342,2,25,2,'test','2014-03-12 11:36:58','ServiceExtremity',262,'ServiceCaracs',NULL),(3343,2,25,2,'test','2014-03-12 11:36:58','ServiceExtremity',276,'ServiceCaracs',NULL),(3344,2,25,2,'test','2014-03-12 11:36:58','ServiceExtremity',278,'ServiceCaracs',NULL),(3345,2,25,2,'test','2014-03-12 11:36:58','ServiceExtremity',280,'ServiceCaracs',NULL),(3346,2,29,2,'FBLOIS29','2014-03-12 11:37:00','Service',NULL,NULL,NULL),(3347,2,29,2,'A1','2014-03-12 11:37:01','Service',25,'ServiceExtremity',NULL),(3348,2,29,2,'B2','2014-03-12 11:37:01','Service',26,'ServiceExtremity',NULL),(3349,2,29,2,'','2014-03-12 11:37:01','Service',11,'BillingService',NULL),(3350,2,29,2,'FBLOIS29:A1','2014-03-12 11:37:01','Service',14,'BillingServiceLine',NULL),(3351,2,29,2,'test','2014-03-12 11:37:01','Service',256,'ServiceCaracs',NULL),(3352,2,29,2,'test','2014-03-12 11:37:01','Service',257,'ServiceCaracs',NULL),(3353,2,29,2,'test','2014-03-12 11:37:01','Service',258,'ServiceCaracs',NULL),(3354,2,29,2,'test','2014-03-12 11:37:01','Service',259,'ServiceCaracs',NULL),(3355,2,29,2,'','2014-03-12 11:37:01','Service',25,'ServiceExtremityTech',NULL),(3356,2,29,2,'','2014-03-12 11:37:01','Service',26,'ServiceExtremityTech',NULL),(3357,2,26,2,'FF26','2014-03-12 11:41:54','Service',NULL,NULL,NULL),(3358,2,26,2,'A1','2014-03-12 11:41:54','Service',22,'ServiceExtremity',NULL),(3359,2,26,2,'B2','2014-03-12 11:41:54','Service',23,'ServiceExtremity',NULL),(3360,2,26,2,'test','2014-03-12 11:41:54','Service',228,'ServiceCaracs',NULL),(3361,2,26,2,'test','2014-03-12 11:41:54','Service',229,'ServiceCaracs',NULL),(3362,2,26,2,'test','2014-03-12 11:41:54','Service',230,'ServiceCaracs',NULL),(3363,2,26,2,'test','2014-03-12 11:41:54','Service',231,'ServiceCaracs',NULL),(3364,2,26,2,'','2014-03-12 11:41:54','Service',22,'ServiceExtremityTech',NULL),(3365,2,26,2,'','2014-03-12 11:41:54','Service',23,'ServiceExtremityTech',NULL),(3366,2,26,2,'11/03/2014--Service : Create : Validated order','2014-03-12 11:41:54','Service',27,'ServiceTransactions',NULL),(3367,2,26,2,'11/03/2014--Service : Create : Acceptance received','2014-03-12 11:41:54','Service',26,'ServiceTransactions',NULL),(3368,2,26,2,'11/03/2014--Service : Create : Acceptance received','2014-03-12 11:41:54','Service',25,'ServiceTransactions',NULL),(3369,2,26,2,'11/03/2014--Service : Create : Acceptance sent','2014-03-12 11:41:54','Service',24,'ServiceTransactions',NULL),(3370,2,26,2,'11/03/2014--Service : Create : Acceptance sent','2014-03-12 11:41:54','Service',23,'ServiceTransactions',NULL),(3371,2,26,2,'11/03/2014--Service : Create : Acceptance sent','2014-03-12 11:41:54','Service',22,'ServiceTransactions',NULL),(3372,2,26,2,'11/03/2014--Service : Create : Initiated order','2014-03-12 11:41:54','Service',21,'ServiceTransactions',NULL),(3373,2,26,2,'FF26','2014-03-12 11:42:08','Service',NULL,NULL,NULL),(3374,2,26,2,'A1','2014-03-12 11:42:08','Service',22,'ServiceExtremity',NULL),(3375,2,26,2,'B2','2014-03-12 11:42:08','Service',23,'ServiceExtremity',NULL),(3376,2,26,2,'test','2014-03-12 11:42:08','Service',228,'ServiceCaracs',NULL),(3377,2,26,2,'test','2014-03-12 11:42:08','Service',229,'ServiceCaracs',NULL),(3378,2,26,2,'test','2014-03-12 11:42:08','Service',230,'ServiceCaracs',NULL),(3379,2,26,2,'test','2014-03-12 11:42:09','Service',231,'ServiceCaracs',NULL),(3380,2,26,2,'','2014-03-12 11:42:09','Service',22,'ServiceExtremityTech',NULL),(3381,2,26,2,'','2014-03-12 11:42:09','Service',23,'ServiceExtremityTech',NULL),(3382,2,26,2,'11/03/2014--Service : Create : Validated order','2014-03-12 11:42:09','Service',27,'ServiceTransactions',NULL),(3383,2,26,2,'11/03/2014--Service : Create : Acceptance received','2014-03-12 11:42:09','Service',26,'ServiceTransactions',NULL),(3384,2,26,2,'11/03/2014--Service : Create : Acceptance received','2014-03-12 11:42:09','Service',25,'ServiceTransactions',NULL),(3385,2,26,2,'11/03/2014--Service : Create : Acceptance sent','2014-03-12 11:42:09','Service',24,'ServiceTransactions',NULL),(3386,2,26,2,'11/03/2014--Service : Create : Acceptance sent','2014-03-12 11:42:09','Service',23,'ServiceTransactions',NULL),(3387,2,26,2,'11/03/2014--Service : Create : Acceptance sent','2014-03-12 11:42:09','Service',22,'ServiceTransactions',NULL),(3388,2,26,2,'11/03/2014--Service : Create : Initiated order','2014-03-12 11:42:09','Service',21,'ServiceTransactions',NULL),(3389,2,26,2,'FF26','2014-03-12 11:49:42','Service',NULL,NULL,NULL),(3390,2,26,2,'BDLF27','2014-03-12 11:49:42','Service',27,'Service',NULL),(3391,2,26,2,'A1','2014-03-12 11:49:42','Service',22,'ServiceExtremity',NULL),(3392,2,26,2,'B2','2014-03-12 11:49:42','Service',23,'ServiceExtremity',NULL),(3393,2,26,2,'test','2014-03-12 11:49:42','Service',228,'ServiceCaracs',NULL),(3394,2,26,2,'test','2014-03-12 11:49:42','Service',229,'ServiceCaracs',NULL),(3395,2,26,2,'test','2014-03-12 11:49:42','Service',230,'ServiceCaracs',NULL),(3396,2,26,2,'test','2014-03-12 11:49:42','Service',231,'ServiceCaracs',NULL),(3397,2,26,2,'','2014-03-12 11:49:42','Service',22,'ServiceExtremityTech',NULL),(3398,2,26,2,'','2014-03-12 11:49:42','Service',23,'ServiceExtremityTech',NULL),(3399,2,26,2,'11/03/2014--Service : Create : Validated order','2014-03-12 11:49:42','Service',27,'ServiceTransactions',NULL),(3400,2,26,2,'11/03/2014--Service : Create : Acceptance received','2014-03-12 11:49:42','Service',26,'ServiceTransactions',NULL),(3401,2,26,2,'11/03/2014--Service : Create : Acceptance received','2014-03-12 11:49:42','Service',25,'ServiceTransactions',NULL),(3402,2,26,2,'11/03/2014--Service : Create : Acceptance sent','2014-03-12 11:49:42','Service',24,'ServiceTransactions',NULL),(3403,2,26,2,'11/03/2014--Service : Create : Acceptance sent','2014-03-12 11:49:42','Service',23,'ServiceTransactions',NULL),(3404,2,26,2,'11/03/2014--Service : Create : Acceptance sent','2014-03-12 11:49:42','Service',22,'ServiceTransactions',NULL),(3405,2,26,2,'11/03/2014--Service : Create : Initiated order','2014-03-12 11:49:42','Service',21,'ServiceTransactions',NULL),(3406,1,30,2,'MSP','2014-03-12 11:50:24','Service',NULL,NULL,NULL),(3407,2,30,2,'MSP30','2014-03-12 11:51:06','Service',NULL,NULL,NULL),(3408,2,30,2,'A1','2014-03-12 11:51:06','Service',27,'ServiceExtremity',NULL),(3409,2,30,2,'B2','2014-03-12 11:51:06','Service',28,'ServiceExtremity',NULL),(3410,2,30,2,'','2014-03-12 11:51:06','Service',12,'BillingService',NULL),(3411,2,30,2,'MSP30:A1','2014-03-12 11:51:06','Service',15,'BillingServiceLine',NULL),(3412,2,30,2,'','2014-03-12 11:51:06','Service',27,'ServiceExtremityTech',NULL),(3413,2,30,2,'','2014-03-12 11:51:06','Service',28,'ServiceExtremityTech',NULL),(3414,2,30,2,'MSP30','2014-03-12 11:56:56','Service',NULL,NULL,NULL),(3415,2,30,2,'A1','2014-03-12 11:56:56','Service',27,'ServiceExtremity',NULL),(3416,2,30,2,'B2','2014-03-12 11:56:56','Service',28,'ServiceExtremity',NULL),(3417,2,30,2,'','2014-03-12 11:56:56','Service',12,'BillingService',NULL),(3418,2,30,2,'MSP30:A1','2014-03-12 11:56:56','Service',15,'BillingServiceLine',NULL),(3419,2,30,2,'','2014-03-12 11:56:56','Service',27,'ServiceExtremityTech',NULL),(3420,2,30,2,'','2014-03-12 11:56:56','Service',28,'ServiceExtremityTech',NULL),(3421,2,29,2,'FBLOIS29','2014-03-12 12:01:26','Service',NULL,NULL,NULL),(3422,2,29,2,'A1','2014-03-12 12:01:26','Service',25,'ServiceExtremity',NULL),(3423,2,29,2,'B2','2014-03-12 12:01:26','Service',26,'ServiceExtremity',NULL),(3424,2,29,2,'','2014-03-12 12:01:26','Service',11,'BillingService',NULL),(3425,2,29,2,'FBLOIS29:A1','2014-03-12 12:01:26','Service',14,'BillingServiceLine',NULL),(3426,2,29,2,'test','2014-03-12 12:01:26','Service',256,'ServiceCaracs',NULL),(3427,2,29,2,'test','2014-03-12 12:01:26','Service',257,'ServiceCaracs',NULL),(3428,2,29,2,'test','2014-03-12 12:01:26','Service',258,'ServiceCaracs',NULL),(3429,2,29,2,'test','2014-03-12 12:01:26','Service',259,'ServiceCaracs',NULL),(3430,2,29,2,'','2014-03-12 12:01:26','Service',25,'ServiceExtremityTech',NULL),(3431,2,29,2,'','2014-03-12 12:01:26','Service',26,'ServiceExtremityTech',NULL),(3432,2,30,2,'MSPBLOIS30','2014-03-12 12:02:09','Service',NULL,NULL,NULL),(3433,2,30,2,'A1','2014-03-12 12:02:09','Service',27,'ServiceExtremity',NULL),(3434,2,30,2,'B2','2014-03-12 12:02:09','Service',28,'ServiceExtremity',NULL),(3435,2,30,2,'','2014-03-12 12:02:09','Service',12,'BillingService',NULL),(3436,2,30,2,'MSPBLOIS30:A1','2014-03-12 12:02:09','Service',15,'BillingServiceLine',NULL),(3437,2,30,2,'','2014-03-12 12:02:09','Service',27,'ServiceExtremityTech',NULL),(3438,2,30,2,'','2014-03-12 12:02:09','Service',28,'ServiceExtremityTech',NULL),(3439,2,30,2,'MSPBLOIS30','2014-03-12 12:04:41','Service',NULL,NULL,NULL),(3440,2,30,2,'A1','2014-03-12 12:04:41','Service',27,'ServiceExtremity',NULL),(3441,2,30,2,'B2','2014-03-12 12:04:41','Service',28,'ServiceExtremity',NULL),(3442,2,30,2,'','2014-03-12 12:04:41','Service',12,'BillingService',NULL),(3443,2,30,2,'MSPBLOIS30:A1','2014-03-12 12:04:41','Service',15,'BillingServiceLine',NULL),(3444,2,30,2,'','2014-03-12 12:04:41','Service',27,'ServiceExtremityTech',NULL),(3445,2,30,2,'','2014-03-12 12:04:41','Service',28,'ServiceExtremityTech',NULL),(3446,1,31,2,'SCR','2014-03-12 12:05:50','Service',NULL,NULL,NULL),(3447,1,32,2,'','2014-03-12 13:47:26','Service',NULL,NULL,NULL),(3448,2,32,2,'32','2014-03-12 13:48:07','Service',NULL,NULL,NULL),(3449,2,32,2,'A1','2014-03-12 13:48:07','Service',31,'ServiceExtremity',NULL),(3450,2,32,2,'B2','2014-03-12 13:48:07','Service',32,'ServiceExtremity',NULL),(3451,2,32,2,'','2014-03-12 13:48:07','Service',14,'BillingService',NULL),(3452,2,32,2,'32:A1','2014-03-12 13:48:07','Service',17,'BillingServiceLine',NULL),(3453,2,32,2,'test','2014-03-12 13:48:07','Service',315,'ServiceCaracs',NULL),(3454,2,32,2,'test','2014-03-12 13:48:07','Service',332,'ServiceCaracs',NULL),(3455,2,32,2,'test','2014-03-12 13:48:07','Service',333,'ServiceCaracs',NULL),(3456,2,32,2,'test','2014-03-12 13:48:07','Service',340,'ServiceCaracs',NULL),(3457,2,32,2,'','2014-03-12 13:48:07','Service',31,'ServiceExtremityTech',NULL),(3458,2,32,2,'','2014-03-12 13:48:07','Service',32,'ServiceExtremityTech',NULL),(3459,2,11,2,'23 : German Customer A','2014-03-12 13:48:16','BillingService',NULL,NULL,NULL),(3460,2,11,2,'FBLOIS29:A1','2014-03-12 13:48:16','BillingService',14,'BillingServiceLine',NULL),(3461,2,11,2,'FBLOIS29:B2','2014-03-12 13:48:16','BillingService',NULL,'BillingServiceLine',NULL),(3462,2,29,2,'FBLOIS29','2014-03-12 13:48:18','Service',NULL,NULL,NULL),(3463,2,29,2,'A1','2014-03-12 13:48:18','Service',25,'ServiceExtremity',NULL),(3464,2,29,2,'B2','2014-03-12 13:48:18','Service',26,'ServiceExtremity',NULL),(3465,2,29,2,'23 : German Customer A','2014-03-12 13:48:18','Service',11,'BillingService',NULL),(3466,2,29,2,'FBLOIS29:A1','2014-03-12 13:48:18','Service',14,'BillingServiceLine',NULL),(3467,2,29,2,'FBLOIS29:B2','2014-03-12 13:48:18','Service',18,'BillingServiceLine',NULL),(3468,2,29,2,'test','2014-03-12 13:48:18','Service',256,'ServiceCaracs',NULL),(3469,2,29,2,'test','2014-03-12 13:48:18','Service',257,'ServiceCaracs',NULL),(3470,2,29,2,'test','2014-03-12 13:48:18','Service',258,'ServiceCaracs',NULL),(3471,2,29,2,'test','2014-03-12 13:48:18','Service',259,'ServiceCaracs',NULL),(3472,2,29,2,'','2014-03-12 13:48:18','Service',25,'ServiceExtremityTech',NULL),(3473,2,29,2,'','2014-03-12 13:48:18','Service',26,'ServiceExtremityTech',NULL),(3474,2,25,2,'A1','2014-03-12 13:50:33','ServiceExtremity',NULL,NULL,NULL),(3475,2,25,2,'FBLOIS29:A1','2014-03-12 13:50:33','ServiceExtremity',14,'BillingServiceLine',NULL),(3476,2,25,2,'test','2014-03-12 13:50:33','ServiceExtremity',260,'ServiceCaracs',NULL),(3477,2,25,2,'test','2014-03-12 13:50:33','ServiceExtremity',262,'ServiceCaracs',NULL),(3478,2,25,2,'test','2014-03-12 13:50:33','ServiceExtremity',276,'ServiceCaracs',NULL),(3479,2,25,2,'test','2014-03-12 13:50:33','ServiceExtremity',278,'ServiceCaracs',NULL),(3480,2,25,2,'test','2014-03-12 13:50:33','ServiceExtremity',280,'ServiceCaracs',NULL),(3481,2,29,2,'FBLOIS29','2014-03-12 13:50:35','Service',NULL,NULL,NULL),(3482,2,29,2,'A1','2014-03-12 13:50:35','Service',25,'ServiceExtremity',NULL),(3483,2,29,2,'B2','2014-03-12 13:50:35','Service',26,'ServiceExtremity',NULL),(3484,2,29,2,'23 : German Customer A','2014-03-12 13:50:35','Service',11,'BillingService',NULL),(3485,2,29,2,'FBLOIS29:A1','2014-03-12 13:50:35','Service',14,'BillingServiceLine',NULL),(3486,2,29,2,'FBLOIS29:B2','2014-03-12 13:50:35','Service',18,'BillingServiceLine',NULL),(3487,2,29,2,'test','2014-03-12 13:50:35','Service',256,'ServiceCaracs',NULL),(3488,2,29,2,'test','2014-03-12 13:50:35','Service',257,'ServiceCaracs',NULL),(3489,2,29,2,'test','2014-03-12 13:50:35','Service',258,'ServiceCaracs',NULL),(3490,2,29,2,'test','2014-03-12 13:50:35','Service',259,'ServiceCaracs',NULL),(3491,2,29,2,'','2014-03-12 13:50:36','Service',25,'ServiceExtremityTech',NULL),(3492,2,29,2,'','2014-03-12 13:50:36','Service',26,'ServiceExtremityTech',NULL),(3493,2,29,2,'FBLOIS29','2014-03-12 13:50:44','Service',NULL,NULL,NULL),(3494,2,29,2,'A1','2014-03-12 13:50:44','Service',25,'ServiceExtremity',NULL),(3495,2,29,2,'B2','2014-03-12 13:50:44','Service',26,'ServiceExtremity',NULL),(3496,2,29,2,'23 : German Customer A','2014-03-12 13:50:44','Service',11,'BillingService',NULL),(3497,2,29,2,'FBLOIS29:A1','2014-03-12 13:50:44','Service',14,'BillingServiceLine',NULL),(3498,2,29,2,'FBLOIS29:B2','2014-03-12 13:50:44','Service',18,'BillingServiceLine',NULL),(3499,2,29,2,'test','2014-03-12 13:50:44','Service',256,'ServiceCaracs',NULL),(3500,2,29,2,'test','2014-03-12 13:50:44','Service',257,'ServiceCaracs',NULL),(3501,2,29,2,'test','2014-03-12 13:50:44','Service',258,'ServiceCaracs',NULL),(3502,2,29,2,'test','2014-03-12 13:50:44','Service',259,'ServiceCaracs',NULL),(3503,2,29,2,'','2014-03-12 13:50:44','Service',25,'ServiceExtremityTech',NULL),(3504,2,29,2,'','2014-03-12 13:50:44','Service',26,'ServiceExtremityTech',NULL),(3505,2,32,2,'LDM32','2014-03-12 13:54:54','Service',NULL,NULL,NULL),(3506,2,32,2,'A1','2014-03-12 13:54:54','Service',31,'ServiceExtremity',NULL),(3507,2,32,2,'B2','2014-03-12 13:54:54','Service',32,'ServiceExtremity',NULL),(3508,2,32,2,'','2014-03-12 13:54:54','Service',14,'BillingService',NULL),(3509,2,32,2,'LDM32:A1','2014-03-12 13:54:54','Service',17,'BillingServiceLine',NULL),(3510,2,32,2,'test','2014-03-12 13:54:55','Service',315,'ServiceCaracs',NULL),(3511,2,32,2,'test','2014-03-12 13:54:55','Service',332,'ServiceCaracs',NULL),(3512,2,32,2,'test','2014-03-12 13:54:55','Service',333,'ServiceCaracs',NULL),(3513,2,32,2,'test','2014-03-12 13:54:55','Service',340,'ServiceCaracs',NULL),(3514,2,32,2,'','2014-03-12 13:54:55','Service',31,'ServiceExtremityTech',NULL),(3515,2,32,2,'','2014-03-12 13:54:55','Service',32,'ServiceExtremityTech',NULL),(3516,2,32,2,'LDM32','2014-03-12 13:55:08','Service',NULL,NULL,NULL),(3517,2,32,2,'A1','2014-03-12 13:55:08','Service',31,'ServiceExtremity',NULL),(3518,2,32,2,'B2','2014-03-12 13:55:08','Service',32,'ServiceExtremity',NULL),(3519,2,32,2,'','2014-03-12 13:55:08','Service',14,'BillingService',NULL),(3520,2,32,2,'LDM32:A1','2014-03-12 13:55:08','Service',17,'BillingServiceLine',NULL),(3521,2,32,2,'test','2014-03-12 13:55:08','Service',315,'ServiceCaracs',NULL),(3522,2,32,2,'test','2014-03-12 13:55:08','Service',332,'ServiceCaracs',NULL),(3523,2,32,2,'test','2014-03-12 13:55:08','Service',333,'ServiceCaracs',NULL),(3524,2,32,2,'test','2014-03-12 13:55:08','Service',340,'ServiceCaracs',NULL),(3525,2,32,2,'','2014-03-12 13:55:08','Service',31,'ServiceExtremityTech',NULL),(3526,2,32,2,'','2014-03-12 13:55:08','Service',32,'ServiceExtremityTech',NULL),(3527,2,32,2,'LDM32','2014-03-12 14:00:10','Service',NULL,NULL,NULL),(3528,2,32,2,'A1','2014-03-12 14:00:10','Service',31,'ServiceExtremity',NULL),(3529,2,32,2,'B2','2014-03-12 14:00:10','Service',32,'ServiceExtremity',NULL),(3530,2,32,2,'','2014-03-12 14:00:10','Service',14,'BillingService',NULL),(3531,2,32,2,'LDM32:A1','2014-03-12 14:00:10','Service',17,'BillingServiceLine',NULL),(3532,2,32,2,'test','2014-03-12 14:00:10','Service',315,'ServiceCaracs',NULL),(3533,2,32,2,'test','2014-03-12 14:00:10','Service',332,'ServiceCaracs',NULL),(3534,2,32,2,'test','2014-03-12 14:00:10','Service',333,'ServiceCaracs',NULL),(3535,2,32,2,'test','2014-03-12 14:00:10','Service',340,'ServiceCaracs',NULL),(3536,2,32,2,'','2014-03-12 14:00:10','Service',31,'ServiceExtremityTech',NULL),(3537,2,32,2,'','2014-03-12 14:00:10','Service',32,'ServiceExtremityTech',NULL),(3538,2,29,2,'FBLOIS29','2014-03-12 14:01:01','Service',NULL,NULL,NULL),(3539,2,29,2,'A1','2014-03-12 14:01:01','Service',25,'ServiceExtremity',NULL),(3540,2,29,2,'B2','2014-03-12 14:01:01','Service',26,'ServiceExtremity',NULL),(3541,2,29,2,'23 : German Customer A','2014-03-12 14:01:01','Service',11,'BillingService',NULL),(3542,2,29,2,'FBLOIS29:A1','2014-03-12 14:01:01','Service',14,'BillingServiceLine',NULL),(3543,2,29,2,'FBLOIS29:B2','2014-03-12 14:01:01','Service',18,'BillingServiceLine',NULL),(3544,2,29,2,'test','2014-03-12 14:01:01','Service',256,'ServiceCaracs',NULL),(3545,2,29,2,'test','2014-03-12 14:01:01','Service',257,'ServiceCaracs',NULL),(3546,2,29,2,'test','2014-03-12 14:01:01','Service',258,'ServiceCaracs',NULL),(3547,2,29,2,'test','2014-03-12 14:01:01','Service',259,'ServiceCaracs',NULL),(3548,2,29,2,'','2014-03-12 14:01:01','Service',25,'ServiceExtremityTech',NULL),(3549,2,29,2,'','2014-03-12 14:01:01','Service',26,'ServiceExtremityTech',NULL),(3550,2,26,2,'B2','2014-03-12 14:01:58','ServiceExtremity',NULL,NULL,NULL),(3551,2,26,2,'FF29:B2','2014-03-12 14:01:58','ServiceExtremity',18,'BillingServiceLine',NULL),(3552,2,26,2,'test','2014-03-12 14:01:58','ServiceExtremity',261,'ServiceCaracs',NULL),(3553,2,26,2,'test','2014-03-12 14:01:58','ServiceExtremity',263,'ServiceCaracs',NULL),(3554,2,26,2,'test','2014-03-12 14:01:58','ServiceExtremity',277,'ServiceCaracs',NULL),(3555,2,26,2,'test','2014-03-12 14:01:58','ServiceExtremity',279,'ServiceCaracs',NULL),(3556,2,26,2,'test','2014-03-12 14:01:58','ServiceExtremity',281,'ServiceCaracs',NULL),(3557,2,29,2,'FF29','2014-03-12 14:02:01','Service',NULL,NULL,NULL),(3558,2,29,2,'A1','2014-03-12 14:02:01','Service',25,'ServiceExtremity',NULL),(3559,2,29,2,'B2','2014-03-12 14:02:01','Service',26,'ServiceExtremity',NULL),(3560,2,29,2,'23 : German Customer A','2014-03-12 14:02:01','Service',11,'BillingService',NULL),(3561,2,29,2,'FF29:A1','2014-03-12 14:02:01','Service',14,'BillingServiceLine',NULL),(3562,2,29,2,'FF29:B2','2014-03-12 14:02:01','Service',18,'BillingServiceLine',NULL),(3563,2,29,2,'test','2014-03-12 14:02:01','Service',256,'ServiceCaracs',NULL),(3564,2,29,2,'test','2014-03-12 14:02:01','Service',257,'ServiceCaracs',NULL),(3565,2,29,2,'test','2014-03-12 14:02:01','Service',258,'ServiceCaracs',NULL),(3566,2,29,2,'test','2014-03-12 14:02:01','Service',259,'ServiceCaracs',NULL),(3567,2,29,2,'','2014-03-12 14:02:01','Service',25,'ServiceExtremityTech',NULL),(3568,2,29,2,'','2014-03-12 14:02:01','Service',26,'ServiceExtremityTech',NULL),(3569,2,29,2,'FF29','2014-03-12 14:02:09','Service',NULL,NULL,NULL),(3570,2,29,2,'A1','2014-03-12 14:02:09','Service',25,'ServiceExtremity',NULL),(3571,2,29,2,'B2','2014-03-12 14:02:09','Service',26,'ServiceExtremity',NULL),(3572,2,29,2,'23 : German Customer A','2014-03-12 14:02:10','Service',11,'BillingService',NULL),(3573,2,29,2,'FF29:A1','2014-03-12 14:02:10','Service',14,'BillingServiceLine',NULL),(3574,2,29,2,'FF29:B2','2014-03-12 14:02:10','Service',18,'BillingServiceLine',NULL),(3575,2,29,2,'test','2014-03-12 14:02:10','Service',256,'ServiceCaracs',NULL),(3576,2,29,2,'test','2014-03-12 14:02:10','Service',257,'ServiceCaracs',NULL),(3577,2,29,2,'test','2014-03-12 14:02:10','Service',258,'ServiceCaracs',NULL),(3578,2,29,2,'test','2014-03-12 14:02:10','Service',259,'ServiceCaracs',NULL),(3579,2,29,2,'','2014-03-12 14:02:10','Service',25,'ServiceExtremityTech',NULL),(3580,2,29,2,'','2014-03-12 14:02:10','Service',26,'ServiceExtremityTech',NULL),(3581,2,29,2,'12/03/2014--Service : Create : Initiated order','2014-03-12 14:02:10','Service',28,'ServiceTransactions',NULL),(3582,2,29,2,'FF29','2014-03-12 14:10:15','Service',NULL,NULL,NULL),(3583,2,29,2,'A1','2014-03-12 14:10:15','Service',25,'ServiceExtremity',NULL),(3584,2,29,2,'B2','2014-03-12 14:10:15','Service',26,'ServiceExtremity',NULL),(3585,2,29,2,'23 : German Customer A','2014-03-12 14:10:15','Service',11,'BillingService',NULL),(3586,2,29,2,'FF29:A1','2014-03-12 14:10:15','Service',14,'BillingServiceLine',NULL),(3587,2,29,2,'FF29:B2','2014-03-12 14:10:15','Service',18,'BillingServiceLine',NULL),(3588,2,29,2,'test','2014-03-12 14:10:15','Service',256,'ServiceCaracs',NULL),(3589,2,29,2,'test','2014-03-12 14:10:15','Service',257,'ServiceCaracs',NULL),(3590,2,29,2,'test','2014-03-12 14:10:15','Service',258,'ServiceCaracs',NULL),(3591,2,29,2,'test','2014-03-12 14:10:15','Service',259,'ServiceCaracs',NULL),(3592,2,29,2,'','2014-03-12 14:10:15','Service',25,'ServiceExtremityTech',NULL),(3593,2,29,2,'','2014-03-12 14:10:15','Service',26,'ServiceExtremityTech',NULL),(3594,2,29,2,'12/03/2014--Service : Create : Initiated order','2014-03-12 14:10:15','Service',28,'ServiceTransactions',NULL),(3595,2,25,2,'A1','2014-03-12 14:10:57','ServiceExtremity',NULL,NULL,NULL),(3596,2,25,2,'FF29:A1','2014-03-12 14:10:57','ServiceExtremity',14,'BillingServiceLine',NULL),(3597,2,25,2,'test','2014-03-12 14:10:57','ServiceExtremity',260,'ServiceCaracs',NULL),(3598,2,25,2,'test','2014-03-12 14:10:57','ServiceExtremity',262,'ServiceCaracs',NULL),(3599,2,25,2,'test','2014-03-12 14:10:57','ServiceExtremity',276,'ServiceCaracs',NULL),(3600,2,25,2,'test','2014-03-12 14:10:57','ServiceExtremity',278,'ServiceCaracs',NULL),(3601,2,25,2,'test','2014-03-12 14:10:57','ServiceExtremity',280,'ServiceCaracs',NULL),(3602,2,29,2,'FF29','2014-03-12 14:10:59','Service',NULL,NULL,NULL),(3603,2,29,2,'A1','2014-03-12 14:10:59','Service',25,'ServiceExtremity',NULL),(3604,2,29,2,'B2','2014-03-12 14:10:59','Service',26,'ServiceExtremity',NULL),(3605,2,29,2,'23 : German Customer A','2014-03-12 14:10:59','Service',11,'BillingService',NULL),(3606,2,29,2,'FF29:A1','2014-03-12 14:10:59','Service',14,'BillingServiceLine',NULL),(3607,2,29,2,'FF29:B2','2014-03-12 14:10:59','Service',18,'BillingServiceLine',NULL),(3608,2,29,2,'test','2014-03-12 14:10:59','Service',256,'ServiceCaracs',NULL),(3609,2,29,2,'test','2014-03-12 14:10:59','Service',257,'ServiceCaracs',NULL),(3610,2,29,2,'test','2014-03-12 14:10:59','Service',258,'ServiceCaracs',NULL),(3611,2,29,2,'test','2014-03-12 14:10:59','Service',259,'ServiceCaracs',NULL),(3612,2,29,2,'','2014-03-12 14:11:00','Service',25,'ServiceExtremityTech',NULL),(3613,2,29,2,'','2014-03-12 14:11:00','Service',26,'ServiceExtremityTech',NULL),(3614,2,29,2,'12/03/2014--Service : Create : Initiated order','2014-03-12 14:11:00','Service',28,'ServiceTransactions',NULL),(3615,2,31,2,'A1','2014-03-12 14:11:01','ServiceExtremity',NULL,NULL,NULL),(3616,2,31,2,'FM32:A1','2014-03-12 14:11:01','ServiceExtremity',17,'BillingServiceLine',NULL),(3617,2,31,2,'test','2014-03-12 14:11:01','ServiceExtremity',316,'ServiceCaracs',NULL),(3618,2,31,2,'test','2014-03-12 14:11:01','ServiceExtremity',318,'ServiceCaracs',NULL),(3619,2,31,2,'test','2014-03-12 14:11:01','ServiceExtremity',334,'ServiceCaracs',NULL),(3620,2,31,2,'test','2014-03-12 14:11:01','ServiceExtremity',336,'ServiceCaracs',NULL),(3621,2,31,2,'test','2014-03-12 14:11:01','ServiceExtremity',338,'ServiceCaracs',NULL),(3622,2,32,2,'FM32','2014-03-12 14:11:03','Service',NULL,NULL,NULL),(3623,2,32,2,'A1','2014-03-12 14:11:04','Service',31,'ServiceExtremity',NULL),(3624,2,32,2,'B2','2014-03-12 14:11:04','Service',32,'ServiceExtremity',NULL),(3625,2,32,2,'','2014-03-12 14:11:04','Service',14,'BillingService',NULL),(3626,2,32,2,'FM32:A1','2014-03-12 14:11:04','Service',17,'BillingServiceLine',NULL),(3627,2,32,2,'test','2014-03-12 14:11:04','Service',315,'ServiceCaracs',NULL),(3628,2,32,2,'test','2014-03-12 14:11:04','Service',332,'ServiceCaracs',NULL),(3629,2,32,2,'test','2014-03-12 14:11:04','Service',333,'ServiceCaracs',NULL),(3630,2,32,2,'test','2014-03-12 14:11:04','Service',340,'ServiceCaracs',NULL),(3631,2,32,2,'','2014-03-12 14:11:04','Service',31,'ServiceExtremityTech',NULL),(3632,2,32,2,'','2014-03-12 14:11:04','Service',32,'ServiceExtremityTech',NULL),(3633,2,29,2,'FF29','2014-03-12 14:11:19','Service',NULL,NULL,NULL),(3634,2,29,2,'A1','2014-03-12 14:11:19','Service',25,'ServiceExtremity',NULL),(3635,2,29,2,'B2','2014-03-12 14:11:19','Service',26,'ServiceExtremity',NULL),(3636,2,29,2,'23 : German Customer A','2014-03-12 14:11:19','Service',11,'BillingService',NULL),(3637,2,29,2,'FF29:A1','2014-03-12 14:11:19','Service',14,'BillingServiceLine',NULL),(3638,2,29,2,'FF29:B2','2014-03-12 14:11:19','Service',18,'BillingServiceLine',NULL),(3639,2,29,2,'test','2014-03-12 14:11:19','Service',256,'ServiceCaracs',NULL),(3640,2,29,2,'test','2014-03-12 14:11:19','Service',257,'ServiceCaracs',NULL),(3641,2,29,2,'test','2014-03-12 14:11:19','Service',258,'ServiceCaracs',NULL),(3642,2,29,2,'test','2014-03-12 14:11:19','Service',259,'ServiceCaracs',NULL),(3643,2,29,2,'','2014-03-12 14:11:19','Service',25,'ServiceExtremityTech',NULL),(3644,2,29,2,'','2014-03-12 14:11:19','Service',26,'ServiceExtremityTech',NULL),(3645,2,29,2,'12/03/2014--Service : Create : Acceptance sent','2014-03-12 14:11:19','Service',29,'ServiceTransactions',NULL),(3646,2,29,2,'12/03/2014--Service : Create : Initiated order','2014-03-12 14:11:19','Service',28,'ServiceTransactions',NULL),(3647,2,32,2,'B2','2014-03-12 14:12:01','ServiceExtremity',NULL,NULL,NULL),(3648,2,32,2,'test','2014-03-12 14:12:01','ServiceExtremity',317,'ServiceCaracs',NULL),(3649,2,32,2,'test','2014-03-12 14:12:01','ServiceExtremity',319,'ServiceCaracs',NULL),(3650,2,32,2,'test','2014-03-12 14:12:01','ServiceExtremity',335,'ServiceCaracs',NULL),(3651,2,32,2,'test','2014-03-12 14:12:01','ServiceExtremity',337,'ServiceCaracs',NULL),(3652,2,32,2,'test','2014-03-12 14:12:01','ServiceExtremity',339,'ServiceCaracs',NULL),(3653,2,32,2,'FF32','2014-03-12 14:12:04','Service',NULL,NULL,NULL),(3654,2,32,2,'A1','2014-03-12 14:12:04','Service',31,'ServiceExtremity',NULL),(3655,2,32,2,'B2','2014-03-12 14:12:04','Service',32,'ServiceExtremity',NULL),(3656,2,32,2,'','2014-03-12 14:12:04','Service',14,'BillingService',NULL),(3657,2,32,2,'FF32:A1','2014-03-12 14:12:04','Service',17,'BillingServiceLine',NULL),(3658,2,32,2,'test','2014-03-12 14:12:04','Service',315,'ServiceCaracs',NULL),(3659,2,32,2,'test','2014-03-12 14:12:04','Service',332,'ServiceCaracs',NULL),(3660,2,32,2,'test','2014-03-12 14:12:04','Service',333,'ServiceCaracs',NULL),(3661,2,32,2,'test','2014-03-12 14:12:04','Service',340,'ServiceCaracs',NULL),(3662,2,32,2,'','2014-03-12 14:12:04','Service',31,'ServiceExtremityTech',NULL),(3663,2,32,2,'','2014-03-12 14:12:04','Service',32,'ServiceExtremityTech',NULL),(3664,2,32,2,'FF32','2014-03-12 14:12:32','Service',NULL,NULL,NULL),(3665,2,32,2,'A1','2014-03-12 14:12:32','Service',31,'ServiceExtremity',NULL),(3666,2,32,2,'B2','2014-03-12 14:12:32','Service',32,'ServiceExtremity',NULL),(3667,2,32,2,'','2014-03-12 14:12:32','Service',14,'BillingService',NULL),(3668,2,32,2,'FF32:A1','2014-03-12 14:12:32','Service',17,'BillingServiceLine',NULL),(3669,2,32,2,'test','2014-03-12 14:12:32','Service',315,'ServiceCaracs',NULL),(3670,2,32,2,'test','2014-03-12 14:12:32','Service',332,'ServiceCaracs',NULL),(3671,2,32,2,'test','2014-03-12 14:12:32','Service',333,'ServiceCaracs',NULL),(3672,2,32,2,'test','2014-03-12 14:12:32','Service',340,'ServiceCaracs',NULL),(3673,2,32,2,'','2014-03-12 14:12:32','Service',31,'ServiceExtremityTech',NULL),(3674,2,32,2,'','2014-03-12 14:12:32','Service',32,'ServiceExtremityTech',NULL),(3675,2,25,2,'A1','2014-03-12 14:12:34','ServiceExtremity',NULL,NULL,NULL),(3676,2,25,2,'FF29:A1','2014-03-12 14:12:34','ServiceExtremity',14,'BillingServiceLine',NULL),(3677,2,25,2,'test','2014-03-12 14:12:34','ServiceExtremity',260,'ServiceCaracs',NULL),(3678,2,25,2,'test','2014-03-12 14:12:34','ServiceExtremity',262,'ServiceCaracs',NULL),(3679,2,25,2,'test','2014-03-12 14:12:34','ServiceExtremity',276,'ServiceCaracs',NULL),(3680,2,25,2,'test','2014-03-12 14:12:34','ServiceExtremity',278,'ServiceCaracs',NULL),(3681,2,25,2,'test','2014-03-12 14:12:34','ServiceExtremity',280,'ServiceCaracs',NULL),(3682,2,29,2,'FF29','2014-03-12 14:12:35','Service',NULL,NULL,NULL),(3683,2,29,2,'A1','2014-03-12 14:12:35','Service',25,'ServiceExtremity',NULL),(3684,2,29,2,'B2','2014-03-12 14:12:35','Service',26,'ServiceExtremity',NULL),(3685,2,29,2,'23 : German Customer A','2014-03-12 14:12:35','Service',11,'BillingService',NULL),(3686,2,29,2,'FF29:A1','2014-03-12 14:12:36','Service',14,'BillingServiceLine',NULL),(3687,2,29,2,'FF29:B2','2014-03-12 14:12:36','Service',18,'BillingServiceLine',NULL),(3688,2,29,2,'test','2014-03-12 14:12:36','Service',256,'ServiceCaracs',NULL),(3689,2,29,2,'test','2014-03-12 14:12:36','Service',257,'ServiceCaracs',NULL),(3690,2,29,2,'test','2014-03-12 14:12:36','Service',258,'ServiceCaracs',NULL),(3691,2,29,2,'test','2014-03-12 14:12:36','Service',259,'ServiceCaracs',NULL),(3692,2,29,2,'','2014-03-12 14:12:36','Service',25,'ServiceExtremityTech',NULL),(3693,2,29,2,'','2014-03-12 14:12:36','Service',26,'ServiceExtremityTech',NULL),(3694,2,29,2,'12/03/2014--Service : Create : Acceptance sent','2014-03-12 14:12:36','Service',29,'ServiceTransactions',NULL),(3695,2,29,2,'12/03/2014--Service : Create : Initiated order','2014-03-12 14:12:36','Service',28,'ServiceTransactions',NULL),(3696,2,32,2,'FF32','2014-03-12 14:12:52','Service',NULL,NULL,NULL),(3697,2,32,2,'A1','2014-03-12 14:12:52','Service',31,'ServiceExtremity',NULL),(3698,2,32,2,'B2','2014-03-12 14:12:52','Service',32,'ServiceExtremity',NULL),(3699,2,32,2,'','2014-03-12 14:12:52','Service',14,'BillingService',NULL),(3700,2,32,2,'FF32:A1','2014-03-12 14:12:52','Service',17,'BillingServiceLine',NULL),(3701,2,32,2,'test','2014-03-12 14:12:52','Service',315,'ServiceCaracs',NULL),(3702,2,32,2,'test','2014-03-12 14:12:52','Service',332,'ServiceCaracs',NULL),(3703,2,32,2,'test','2014-03-12 14:12:52','Service',333,'ServiceCaracs',NULL),(3704,2,32,2,'test','2014-03-12 14:12:52','Service',340,'ServiceCaracs',NULL),(3705,2,32,2,'','2014-03-12 14:12:52','Service',31,'ServiceExtremityTech',NULL),(3706,2,32,2,'','2014-03-12 14:12:52','Service',32,'ServiceExtremityTech',NULL),(3707,2,32,2,'FF32','2014-03-12 14:12:54','Service',NULL,NULL,NULL),(3708,2,32,2,'A1','2014-03-12 14:12:54','Service',31,'ServiceExtremity',NULL),(3709,2,32,2,'B2','2014-03-12 14:12:54','Service',32,'ServiceExtremity',NULL),(3710,2,32,2,'','2014-03-12 14:12:54','Service',14,'BillingService',NULL),(3711,2,32,2,'FF32:A1','2014-03-12 14:12:54','Service',17,'BillingServiceLine',NULL),(3712,2,32,2,'test','2014-03-12 14:12:54','Service',315,'ServiceCaracs',NULL),(3713,2,32,2,'test','2014-03-12 14:12:54','Service',332,'ServiceCaracs',NULL),(3714,2,32,2,'test','2014-03-12 14:12:54','Service',333,'ServiceCaracs',NULL),(3715,2,32,2,'test','2014-03-12 14:12:54','Service',340,'ServiceCaracs',NULL),(3716,2,32,2,'','2014-03-12 14:12:54','Service',31,'ServiceExtremityTech',NULL),(3717,2,32,2,'','2014-03-12 14:12:54','Service',32,'ServiceExtremityTech',NULL),(3718,2,29,2,'FF29','2014-03-12 14:15:34','Service',NULL,NULL,NULL),(3719,2,29,2,'A1','2014-03-12 14:15:34','Service',25,'ServiceExtremity',NULL),(3720,2,29,2,'B2','2014-03-12 14:15:34','Service',26,'ServiceExtremity',NULL),(3721,2,29,2,'23 : German Customer A','2014-03-12 14:15:34','Service',11,'BillingService',NULL),(3722,2,29,2,'FF29:A1','2014-03-12 14:15:34','Service',14,'BillingServiceLine',NULL),(3723,2,29,2,'FF29:B2','2014-03-12 14:15:34','Service',18,'BillingServiceLine',NULL),(3724,2,29,2,'test','2014-03-12 14:15:34','Service',256,'ServiceCaracs',NULL),(3725,2,29,2,'test','2014-03-12 14:15:34','Service',257,'ServiceCaracs',NULL),(3726,2,29,2,'test','2014-03-12 14:15:34','Service',258,'ServiceCaracs',NULL),(3727,2,29,2,'test','2014-03-12 14:15:34','Service',259,'ServiceCaracs',NULL),(3728,2,29,2,'','2014-03-12 14:15:34','Service',25,'ServiceExtremityTech',NULL),(3729,2,29,2,'','2014-03-12 14:15:34','Service',26,'ServiceExtremityTech',NULL),(3730,2,29,2,'12/03/2014--Service : Create : Acceptance received','2014-03-12 14:15:34','Service',30,'ServiceTransactions',NULL),(3731,2,29,2,'12/03/2014--Service : Create : Acceptance sent','2014-03-12 14:15:34','Service',29,'ServiceTransactions',NULL),(3732,2,29,2,'12/03/2014--Service : Create : Initiated order','2014-03-12 14:15:34','Service',28,'ServiceTransactions',NULL),(3733,2,29,2,'FF29','2014-03-12 14:16:30','Service',NULL,NULL,NULL),(3734,2,29,2,'A1','2014-03-12 14:16:30','Service',25,'ServiceExtremity',NULL),(3735,2,29,2,'B2','2014-03-12 14:16:30','Service',26,'ServiceExtremity',NULL),(3736,2,29,2,'23 : German Customer A','2014-03-12 14:16:30','Service',11,'BillingService',NULL),(3737,2,29,2,'FF29:A1','2014-03-12 14:16:30','Service',14,'BillingServiceLine',NULL),(3738,2,29,2,'FF29:B2','2014-03-12 14:16:30','Service',18,'BillingServiceLine',NULL),(3739,2,29,2,'test','2014-03-12 14:16:30','Service',256,'ServiceCaracs',NULL),(3740,2,29,2,'test','2014-03-12 14:16:31','Service',257,'ServiceCaracs',NULL),(3741,2,29,2,'test','2014-03-12 14:16:31','Service',258,'ServiceCaracs',NULL),(3742,2,29,2,'test','2014-03-12 14:16:31','Service',259,'ServiceCaracs',NULL),(3743,2,29,2,'','2014-03-12 14:16:31','Service',25,'ServiceExtremityTech',NULL),(3744,2,29,2,'','2014-03-12 14:16:31','Service',26,'ServiceExtremityTech',NULL),(3745,2,29,2,'12/03/2014--Service : Create : Validated order','2014-03-12 14:16:31','Service',31,'ServiceTransactions',NULL),(3746,2,29,2,'12/03/2014--Service : Create : Acceptance received','2014-03-12 14:16:31','Service',30,'ServiceTransactions',NULL),(3747,2,29,2,'12/03/2014--Service : Create : Acceptance sent','2014-03-12 14:16:31','Service',29,'ServiceTransactions',NULL),(3748,2,29,2,'12/03/2014--Service : Create : Initiated order','2014-03-12 14:16:31','Service',28,'ServiceTransactions',NULL),(3749,2,25,2,'','2014-03-12 14:36:02','ServiceExtremityTech',NULL,NULL,NULL),(3750,2,25,2,'test','2014-03-12 14:36:03','ServiceExtremityTech',264,'ServiceCaracs',NULL),(3751,2,25,2,'test','2014-03-12 14:36:03','ServiceExtremityTech',266,'ServiceCaracs',NULL),(3752,2,25,2,'test','2014-03-12 14:36:03','ServiceExtremityTech',268,'ServiceCaracs',NULL),(3753,2,25,2,'test','2014-03-12 14:36:03','ServiceExtremityTech',270,'ServiceCaracs',NULL),(3754,2,25,2,'test','2014-03-12 14:36:03','ServiceExtremityTech',272,'ServiceCaracs',NULL),(3755,2,25,2,'test','2014-03-12 14:36:03','ServiceExtremityTech',274,'ServiceCaracs',NULL),(3756,2,29,2,'FF29','2014-03-12 14:36:05','Service',NULL,NULL,NULL),(3757,2,29,2,'A1','2014-03-12 14:36:05','Service',25,'ServiceExtremity',NULL),(3758,2,29,2,'B2','2014-03-12 14:36:05','Service',26,'ServiceExtremity',NULL),(3759,2,29,2,'23 : German Customer A','2014-03-12 14:36:05','Service',11,'BillingService',NULL),(3760,2,29,2,'FF29:A1','2014-03-12 14:36:05','Service',14,'BillingServiceLine',NULL),(3761,2,29,2,'FF29:B2','2014-03-12 14:36:05','Service',18,'BillingServiceLine',NULL),(3762,2,29,2,'test','2014-03-12 14:36:05','Service',256,'ServiceCaracs',NULL),(3763,2,29,2,'test','2014-03-12 14:36:05','Service',257,'ServiceCaracs',NULL),(3764,2,29,2,'test','2014-03-12 14:36:05','Service',258,'ServiceCaracs',NULL),(3765,2,29,2,'test','2014-03-12 14:36:05','Service',259,'ServiceCaracs',NULL),(3766,2,29,2,'','2014-03-12 14:36:05','Service',25,'ServiceExtremityTech',NULL),(3767,2,29,2,'','2014-03-12 14:36:05','Service',26,'ServiceExtremityTech',NULL),(3768,2,29,2,'12/03/2014--Service : Create : Validated order','2014-03-12 14:36:05','Service',31,'ServiceTransactions',NULL),(3769,2,29,2,'12/03/2014--Service : Create : Acceptance received','2014-03-12 14:36:05','Service',30,'ServiceTransactions',NULL),(3770,2,29,2,'12/03/2014--Service : Create : Acceptance sent','2014-03-12 14:36:05','Service',29,'ServiceTransactions',NULL),(3771,2,29,2,'12/03/2014--Service : Create : Initiated order','2014-03-12 14:36:05','Service',28,'ServiceTransactions',NULL),(3772,2,29,2,'FF29','2014-03-12 15:32:44','Service',NULL,NULL,NULL),(3773,2,29,2,'A1','2014-03-12 15:32:44','Service',25,'ServiceExtremity',NULL),(3774,2,29,2,'B2','2014-03-12 15:32:44','Service',26,'ServiceExtremity',NULL),(3775,2,29,2,'23 : German Customer A','2014-03-12 15:32:44','Service',11,'BillingService',NULL),(3776,2,29,2,'FF29:A1','2014-03-12 15:32:44','Service',14,'BillingServiceLine',NULL),(3777,2,29,2,'FF29:B2','2014-03-12 15:32:44','Service',18,'BillingServiceLine',NULL),(3778,2,29,2,'test','2014-03-12 15:32:44','Service',256,'ServiceCaracs',NULL),(3779,2,29,2,'test','2014-03-12 15:32:44','Service',257,'ServiceCaracs',NULL),(3780,2,29,2,'test','2014-03-12 15:32:44','Service',258,'ServiceCaracs',NULL),(3781,2,29,2,'test','2014-03-12 15:32:44','Service',259,'ServiceCaracs',NULL),(3782,2,29,2,'','2014-03-12 15:32:44','Service',25,'ServiceExtremityTech',NULL),(3783,2,29,2,'','2014-03-12 15:32:44','Service',26,'ServiceExtremityTech',NULL),(3784,2,29,2,'12/03/2014--Service : Create : Validated order','2014-03-12 15:32:44','Service',31,'ServiceTransactions',NULL),(3785,2,29,2,'12/03/2014--Service : Create : Acceptance received','2014-03-12 15:32:44','Service',30,'ServiceTransactions',NULL),(3786,2,29,2,'12/03/2014--Service : Create : Acceptance sent','2014-03-12 15:32:44','Service',29,'ServiceTransactions',NULL),(3787,2,29,2,'12/03/2014--Service : Create : Initiated order','2014-03-12 15:32:44','Service',28,'ServiceTransactions',NULL),(3788,2,25,2,'A1','2014-03-12 15:33:11','ServiceExtremity',NULL,NULL,NULL),(3789,2,25,2,'FF29:A1','2014-03-12 15:33:12','ServiceExtremity',14,'BillingServiceLine',NULL),(3790,2,25,2,'test','2014-03-12 15:33:12','ServiceExtremity',260,'ServiceCaracs',NULL),(3791,2,25,2,'test','2014-03-12 15:33:12','ServiceExtremity',262,'ServiceCaracs',NULL),(3792,2,25,2,'test','2014-03-12 15:33:12','ServiceExtremity',276,'ServiceCaracs',NULL),(3793,2,25,2,'test','2014-03-12 15:33:12','ServiceExtremity',278,'ServiceCaracs',NULL),(3794,2,25,2,'test','2014-03-12 15:33:12','ServiceExtremity',280,'ServiceCaracs',NULL),(3795,2,29,2,'FF29','2014-03-12 15:33:13','Service',NULL,NULL,NULL),(3796,2,29,2,'RCVF21','2014-03-12 15:33:13','Service',21,'Service',NULL),(3797,2,29,2,'A1','2014-03-12 15:33:13','Service',25,'ServiceExtremity',NULL),(3798,2,29,2,'B2','2014-03-12 15:33:13','Service',26,'ServiceExtremity',NULL),(3799,2,29,2,'23 : German Customer A','2014-03-12 15:33:13','Service',11,'BillingService',NULL),(3800,2,29,2,'FF29:A1','2014-03-12 15:33:13','Service',14,'BillingServiceLine',NULL),(3801,2,29,2,'FF29:B2','2014-03-12 15:33:13','Service',18,'BillingServiceLine',NULL),(3802,2,29,2,'test','2014-03-12 15:33:13','Service',256,'ServiceCaracs',NULL),(3803,2,29,2,'test','2014-03-12 15:33:13','Service',257,'ServiceCaracs',NULL),(3804,2,29,2,'test','2014-03-12 15:33:13','Service',258,'ServiceCaracs',NULL),(3805,2,29,2,'test','2014-03-12 15:33:14','Service',259,'ServiceCaracs',NULL),(3806,2,29,2,'','2014-03-12 15:33:14','Service',25,'ServiceExtremityTech',NULL),(3807,2,29,2,'','2014-03-12 15:33:14','Service',26,'ServiceExtremityTech',NULL),(3808,2,29,2,'12/03/2014--Service : Create : Validated order','2014-03-12 15:33:14','Service',31,'ServiceTransactions',NULL),(3809,2,29,2,'12/03/2014--Service : Create : Acceptance received','2014-03-12 15:33:14','Service',30,'ServiceTransactions',NULL),(3810,2,29,2,'12/03/2014--Service : Create : Acceptance sent','2014-03-12 15:33:14','Service',29,'ServiceTransactions',NULL),(3811,2,29,2,'12/03/2014--Service : Create : Initiated order','2014-03-12 15:33:14','Service',28,'ServiceTransactions',NULL),(3812,2,52,2,'LL52','2014-03-12 15:39:05','LocalLoop',NULL,NULL,NULL),(3813,2,52,2,'A1','2014-03-12 15:39:05','LocalLoop',104,'LocalLoopExtremity',NULL),(3814,2,52,2,'B2','2014-03-12 15:39:05','LocalLoop',105,'LocalLoopExtremity',NULL),(3815,2,52,2,'A1','2014-03-12 15:39:05','LocalLoop',102,'LocalLoopExtremityTech',NULL),(3816,2,52,2,'B2','2014-03-12 15:39:05','LocalLoop',103,'LocalLoopExtremityTech',NULL),(3817,2,52,2,'26/02/2014 11:18--Local Loop : Create : LL start','2014-03-12 15:39:05','LocalLoop',255,'LocalLoopTransactions',NULL),(3818,2,25,2,'','2014-03-12 15:39:51','ServiceExtremityTech',NULL,NULL,NULL),(3819,2,25,2,'test','2014-03-12 15:39:51','ServiceExtremityTech',264,'ServiceCaracs',NULL),(3820,2,25,2,'test','2014-03-12 15:39:51','ServiceExtremityTech',266,'ServiceCaracs',NULL),(3821,2,25,2,'test','2014-03-12 15:39:51','ServiceExtremityTech',268,'ServiceCaracs',NULL),(3822,2,25,2,'test','2014-03-12 15:39:51','ServiceExtremityTech',270,'ServiceCaracs',NULL),(3823,2,25,2,'test','2014-03-12 15:39:51','ServiceExtremityTech',272,'ServiceCaracs',NULL),(3824,2,25,2,'test','2014-03-12 15:39:51','ServiceExtremityTech',274,'ServiceCaracs',NULL),(3825,2,29,2,'FF29','2014-03-12 15:39:53','Service',NULL,NULL,NULL),(3826,2,29,2,'RCVF21','2014-03-12 15:39:53','Service',21,'Service',NULL),(3827,2,29,2,'A1','2014-03-12 15:39:53','Service',25,'ServiceExtremity',NULL),(3828,2,29,2,'B2','2014-03-12 15:39:53','Service',26,'ServiceExtremity',NULL),(3829,2,29,2,'23 : German Customer A','2014-03-12 15:39:53','Service',11,'BillingService',NULL),(3830,2,29,2,'FF29:A1','2014-03-12 15:39:53','Service',14,'BillingServiceLine',NULL),(3831,2,29,2,'FF29:B2','2014-03-12 15:39:53','Service',18,'BillingServiceLine',NULL),(3832,2,29,2,'test','2014-03-12 15:39:53','Service',256,'ServiceCaracs',NULL),(3833,2,29,2,'test','2014-03-12 15:39:53','Service',257,'ServiceCaracs',NULL),(3834,2,29,2,'test','2014-03-12 15:39:53','Service',258,'ServiceCaracs',NULL),(3835,2,29,2,'test','2014-03-12 15:39:53','Service',259,'ServiceCaracs',NULL),(3836,2,29,2,'','2014-03-12 15:39:53','Service',25,'ServiceExtremityTech',NULL),(3837,2,29,2,'','2014-03-12 15:39:53','Service',26,'ServiceExtremityTech',NULL),(3838,2,29,2,'12/03/2014--Service : Create : Validated order','2014-03-12 15:39:53','Service',31,'ServiceTransactions',NULL),(3839,2,29,2,'12/03/2014--Service : Create : Acceptance received','2014-03-12 15:39:53','Service',30,'ServiceTransactions',NULL),(3840,2,29,2,'12/03/2014--Service : Create : Acceptance sent','2014-03-12 15:39:53','Service',29,'ServiceTransactions',NULL),(3841,2,29,2,'12/03/2014--Service : Create : Initiated order','2014-03-12 15:39:53','Service',28,'ServiceTransactions',NULL),(3842,2,26,2,'','2014-03-12 15:41:11','ServiceExtremityTech',NULL,NULL,NULL),(3843,2,26,2,'test','2014-03-12 15:41:11','ServiceExtremityTech',265,'ServiceCaracs',NULL),(3844,2,26,2,'test','2014-03-12 15:41:11','ServiceExtremityTech',267,'ServiceCaracs',NULL),(3845,2,26,2,'test','2014-03-12 15:41:11','ServiceExtremityTech',269,'ServiceCaracs',NULL),(3846,2,26,2,'test','2014-03-12 15:41:11','ServiceExtremityTech',271,'ServiceCaracs',NULL),(3847,2,26,2,'test','2014-03-12 15:41:11','ServiceExtremityTech',273,'ServiceCaracs',NULL),(3848,2,26,2,'test','2014-03-12 15:41:11','ServiceExtremityTech',275,'ServiceCaracs',NULL),(3849,2,29,2,'FF29','2014-03-12 15:41:13','Service',NULL,NULL,NULL),(3850,2,29,2,'RCVF21','2014-03-12 15:41:13','Service',21,'Service',NULL),(3851,2,29,2,'A1','2014-03-12 15:41:13','Service',25,'ServiceExtremity',NULL),(3852,2,29,2,'B2','2014-03-12 15:41:13','Service',26,'ServiceExtremity',NULL),(3853,2,29,2,'23 : German Customer A','2014-03-12 15:41:13','Service',11,'BillingService',NULL),(3854,2,29,2,'FF29:A1','2014-03-12 15:41:14','Service',14,'BillingServiceLine',NULL),(3855,2,29,2,'FF29:B2','2014-03-12 15:41:14','Service',18,'BillingServiceLine',NULL),(3856,2,29,2,'test','2014-03-12 15:41:14','Service',256,'ServiceCaracs',NULL),(3857,2,29,2,'test','2014-03-12 15:41:14','Service',257,'ServiceCaracs',NULL),(3858,2,29,2,'test','2014-03-12 15:41:14','Service',258,'ServiceCaracs',NULL),(3859,2,29,2,'test','2014-03-12 15:41:14','Service',259,'ServiceCaracs',NULL),(3860,2,29,2,'','2014-03-12 15:41:14','Service',25,'ServiceExtremityTech',NULL),(3861,2,29,2,'','2014-03-12 15:41:14','Service',26,'ServiceExtremityTech',NULL),(3862,2,29,2,'12/03/2014--Service : Create : Validated order','2014-03-12 15:41:14','Service',31,'ServiceTransactions',NULL),(3863,2,29,2,'12/03/2014--Service : Create : Acceptance received','2014-03-12 15:41:14','Service',30,'ServiceTransactions',NULL),(3864,2,29,2,'12/03/2014--Service : Create : Acceptance sent','2014-03-12 15:41:14','Service',29,'ServiceTransactions',NULL),(3865,2,29,2,'12/03/2014--Service : Create : Initiated order','2014-03-12 15:41:14','Service',28,'ServiceTransactions',NULL),(3866,2,104,2,'A1','2014-03-12 16:41:22','LocalLoopExtremity',NULL,NULL,NULL),(3867,2,105,2,'B2','2014-03-12 16:41:45','LocalLoopExtremity',NULL,NULL,NULL),(3868,2,52,2,'LL52','2014-03-12 16:41:53','LocalLoop',NULL,NULL,NULL),(3869,2,52,2,'A1','2014-03-12 16:41:53','LocalLoop',104,'LocalLoopExtremity',NULL),(3870,2,52,2,'B2','2014-03-12 16:41:53','LocalLoop',105,'LocalLoopExtremity',NULL),(3871,2,52,2,'A1','2014-03-12 16:41:53','LocalLoop',102,'LocalLoopExtremityTech',NULL),(3872,2,52,2,'B2','2014-03-12 16:41:53','LocalLoop',103,'LocalLoopExtremityTech',NULL),(3873,2,52,2,'26/02/2014 11:18--Local Loop : Create : LL start','2014-03-12 16:41:53','LocalLoop',255,'LocalLoopTransactions',NULL),(3874,2,52,2,'','2014-03-12 16:41:53','LocalLoop',25,'ServiceExtremityTech',NULL),(3875,2,52,2,'LL52','2014-03-12 16:43:12','LocalLoop',NULL,NULL,NULL),(3876,2,52,2,'A1','2014-03-12 16:43:12','LocalLoop',104,'LocalLoopExtremity',NULL),(3877,2,52,2,'B2','2014-03-12 16:43:12','LocalLoop',105,'LocalLoopExtremity',NULL),(3878,2,52,2,'A1','2014-03-12 16:43:12','LocalLoop',102,'LocalLoopExtremityTech',NULL),(3879,2,52,2,'B2','2014-03-12 16:43:12','LocalLoop',103,'LocalLoopExtremityTech',NULL),(3880,2,52,2,'12/03/2014 16:41--Local Loop : Create : Initiated order','2014-03-12 16:43:12','LocalLoop',258,'LocalLoopTransactions',NULL),(3881,2,52,2,'26/02/2014 11:18--Local Loop : Create : LL start','2014-03-12 16:43:12','LocalLoop',255,'LocalLoopTransactions',NULL),(3882,2,52,2,'','2014-03-12 16:43:12','LocalLoop',25,'ServiceExtremityTech',NULL),(3883,2,29,2,'FF29','2014-03-12 16:44:50','Service',NULL,NULL,NULL),(3884,2,29,2,'RCVF21','2014-03-12 16:44:50','Service',21,'Service',NULL),(3885,2,29,2,'A1','2014-03-12 16:44:50','Service',25,'ServiceExtremity',NULL),(3886,2,29,2,'B2','2014-03-12 16:44:50','Service',26,'ServiceExtremity',NULL),(3887,2,29,2,'23 : German Customer A','2014-03-12 16:44:50','Service',11,'BillingService',NULL),(3888,2,29,2,'FF29:A1','2014-03-12 16:44:50','Service',14,'BillingServiceLine',NULL),(3889,2,29,2,'FF29:B2','2014-03-12 16:44:50','Service',18,'BillingServiceLine',NULL),(3890,2,29,2,'test','2014-03-12 16:44:50','Service',256,'ServiceCaracs',NULL),(3891,2,29,2,'test','2014-03-12 16:44:50','Service',257,'ServiceCaracs',NULL),(3892,2,29,2,'test','2014-03-12 16:44:50','Service',258,'ServiceCaracs',NULL),(3893,2,29,2,'test','2014-03-12 16:44:50','Service',259,'ServiceCaracs',NULL),(3894,2,29,2,'','2014-03-12 16:44:50','Service',25,'ServiceExtremityTech',NULL),(3895,2,29,2,'','2014-03-12 16:44:50','Service',26,'ServiceExtremityTech',NULL),(3896,2,29,2,'12/03/2014--Service : Create : Validated order','2014-03-12 16:44:50','Service',31,'ServiceTransactions',NULL),(3897,2,29,2,'12/03/2014--Service : Create : Acceptance received','2014-03-12 16:44:50','Service',30,'ServiceTransactions',NULL),(3898,2,29,2,'12/03/2014--Service : Create : Acceptance sent','2014-03-12 16:44:50','Service',29,'ServiceTransactions',NULL),(3899,2,29,2,'12/03/2014--Service : Create : Initiated order','2014-03-12 16:44:50','Service',28,'ServiceTransactions',NULL),(3900,2,52,2,'LL52','2014-03-12 16:58:09','LocalLoop',NULL,NULL,NULL),(3901,2,52,2,'A1','2014-03-12 16:58:09','LocalLoop',104,'LocalLoopExtremity',NULL),(3902,2,52,2,'B2','2014-03-12 16:58:09','LocalLoop',105,'LocalLoopExtremity',NULL),(3903,2,52,2,'A1','2014-03-12 16:58:09','LocalLoop',102,'LocalLoopExtremityTech',NULL),(3904,2,52,2,'B2','2014-03-12 16:58:09','LocalLoop',103,'LocalLoopExtremityTech',NULL),(3905,2,52,2,'12/03/2014 16:43--Local Loop : Create : Carrier confirmation','2014-03-12 16:58:09','LocalLoop',259,'LocalLoopTransactions',NULL),(3906,2,52,2,'12/03/2014 16:41--Local Loop : Create : Initiated order','2014-03-12 16:58:09','LocalLoop',258,'LocalLoopTransactions',NULL),(3907,2,52,2,'26/02/2014 11:18--Local Loop : Create : LL start','2014-03-12 16:58:09','LocalLoop',255,'LocalLoopTransactions',NULL),(3908,2,52,2,'','2014-03-12 16:58:09','LocalLoop',25,'ServiceExtremityTech',NULL),(3909,2,52,2,'LL52','2014-03-12 17:08:22','LocalLoop',NULL,NULL,NULL),(3910,2,52,2,'A1','2014-03-12 17:08:22','LocalLoop',104,'LocalLoopExtremity',NULL),(3911,2,52,2,'B2','2014-03-12 17:08:22','LocalLoop',105,'LocalLoopExtremity',NULL),(3912,2,52,2,'A1','2014-03-12 17:08:22','LocalLoop',102,'LocalLoopExtremityTech',NULL),(3913,2,52,2,'B2','2014-03-12 17:08:22','LocalLoop',103,'LocalLoopExtremityTech',NULL),(3914,2,52,2,'12/03/2014 16:58--Local Loop : Create : Carrier confirmation','2014-03-12 17:08:22','LocalLoop',260,'LocalLoopTransactions',NULL),(3915,2,52,2,'12/03/2014 16:43--Local Loop : Create : Carrier confirmation','2014-03-12 17:08:22','LocalLoop',259,'LocalLoopTransactions',NULL),(3916,2,52,2,'12/03/2014 16:41--Local Loop : Create : Initiated order','2014-03-12 17:08:22','LocalLoop',258,'LocalLoopTransactions',NULL),(3917,2,52,2,'26/02/2014 11:18--Local Loop : Create : LL start','2014-03-12 17:08:22','LocalLoop',255,'LocalLoopTransactions',NULL),(3918,2,52,2,'','2014-03-12 17:08:22','LocalLoop',25,'ServiceExtremityTech',NULL),(3919,2,29,2,'FF29','2014-03-12 17:09:01','Service',NULL,NULL,NULL),(3920,2,29,2,'RCVF21','2014-03-12 17:09:01','Service',21,'Service',NULL),(3921,2,29,2,'A1','2014-03-12 17:09:01','Service',25,'ServiceExtremity',NULL),(3922,2,29,2,'B2','2014-03-12 17:09:01','Service',26,'ServiceExtremity',NULL),(3923,2,29,2,'23 : German Customer A','2014-03-12 17:09:01','Service',11,'BillingService',NULL),(3924,2,29,2,'FF29:A1','2014-03-12 17:09:01','Service',14,'BillingServiceLine',NULL),(3925,2,29,2,'FF29:B2','2014-03-12 17:09:01','Service',18,'BillingServiceLine',NULL),(3926,2,29,2,'test','2014-03-12 17:09:01','Service',256,'ServiceCaracs',NULL),(3927,2,29,2,'test','2014-03-12 17:09:01','Service',257,'ServiceCaracs',NULL),(3928,2,29,2,'test','2014-03-12 17:09:01','Service',258,'ServiceCaracs',NULL),(3929,2,29,2,'test','2014-03-12 17:09:01','Service',259,'ServiceCaracs',NULL),(3930,2,29,2,'','2014-03-12 17:09:01','Service',25,'ServiceExtremityTech',NULL),(3931,2,29,2,'','2014-03-12 17:09:01','Service',26,'ServiceExtremityTech',NULL),(3932,2,29,2,'12/03/2014--Service : Create : Order in progress','2014-03-12 17:09:01','Service',32,'ServiceTransactions',NULL),(3933,2,29,2,'12/03/2014--Service : Create : Validated order','2014-03-12 17:09:01','Service',31,'ServiceTransactions',NULL),(3934,2,29,2,'12/03/2014--Service : Create : Acceptance received','2014-03-12 17:09:01','Service',30,'ServiceTransactions',NULL),(3935,2,29,2,'12/03/2014--Service : Create : Acceptance sent','2014-03-12 17:09:01','Service',29,'ServiceTransactions',NULL),(3936,2,29,2,'12/03/2014--Service : Create : Initiated order','2014-03-12 17:09:01','Service',28,'ServiceTransactions',NULL),(3937,2,49,2,'LL49','2014-03-12 17:09:48','LocalLoop',NULL,NULL,NULL),(3938,2,49,2,'A1','2014-03-12 17:09:48','LocalLoop',93,'LocalLoopExtremity',NULL),(3939,2,49,2,'B2','2014-03-12 17:09:48','LocalLoop',94,'LocalLoopExtremity',NULL),(3940,2,49,2,'A1','2014-03-12 17:09:48','LocalLoop',91,'LocalLoopExtremityTech',NULL),(3941,2,49,2,'B2','2014-03-12 17:09:48','LocalLoop',92,'LocalLoopExtremityTech',NULL),(3942,2,49,2,'28/02/2014 21:52--Local Loop : Create : Carrier confirmation','2014-03-12 17:09:48','LocalLoop',257,'LocalLoopTransactions',NULL),(3943,2,49,2,'19/02/2014 16:44--Local Loop : Create : Initiated order','2014-03-12 17:09:48','LocalLoop',211,'LocalLoopTransactions',NULL),(3944,2,49,2,'19/02/2014 16:40--Local Loop : Create : LL start','2014-03-12 17:09:48','LocalLoop',210,'LocalLoopTransactions',NULL),(3945,2,49,2,'','2014-03-12 17:09:48','LocalLoop',13,'ServiceExtremityTech',NULL),(3946,2,49,2,'','2014-03-12 17:09:48','LocalLoop',26,'ServiceExtremityTech',NULL),(3947,2,91,2,'A1','2014-03-12 17:10:19','LocalLoopExtremityTech',NULL,NULL,NULL),(3948,2,94,2,'B2','2014-03-12 17:11:04','LocalLoopExtremity',NULL,NULL,NULL),(3949,2,92,2,'B2','2014-03-12 17:11:33','LocalLoopExtremityTech',NULL,NULL,NULL),(3950,2,92,2,'','2014-03-12 17:11:33','LocalLoopExtremityTech',26,'ServiceExtremityTech',NULL),(3951,2,49,2,'LL49','2014-03-12 17:12:16','LocalLoop',NULL,NULL,NULL),(3952,2,49,2,'B2','2014-03-12 17:12:16','LocalLoop',94,'LocalLoopExtremity',NULL),(3953,2,49,2,'A1','2014-03-12 17:12:16','LocalLoop',93,'LocalLoopExtremity',NULL),(3954,2,49,2,'A1','2014-03-12 17:12:16','LocalLoop',91,'LocalLoopExtremityTech',NULL),(3955,2,49,2,'B2','2014-03-12 17:12:16','LocalLoop',92,'LocalLoopExtremityTech',NULL),(3956,2,49,2,'12/03/2014 17:09--Local Loop : Create : Local loop delivered','2014-03-12 17:12:16','LocalLoop',262,'LocalLoopTransactions',NULL),(3957,2,49,2,'28/02/2014 21:52--Local Loop : Create : Carrier confirmation','2014-03-12 17:12:16','LocalLoop',257,'LocalLoopTransactions',NULL),(3958,2,49,2,'19/02/2014 16:44--Local Loop : Create : Initiated order','2014-03-12 17:12:16','LocalLoop',211,'LocalLoopTransactions',NULL),(3959,2,49,2,'19/02/2014 16:40--Local Loop : Create : LL start','2014-03-12 17:12:16','LocalLoop',210,'LocalLoopTransactions',NULL),(3960,2,49,2,'','2014-03-12 17:12:16','LocalLoop',13,'ServiceExtremityTech',NULL),(3961,2,49,2,'','2014-03-12 17:12:16','LocalLoop',26,'ServiceExtremityTech',NULL),(3962,2,29,2,'FF29','2014-03-12 17:13:56','Service',NULL,NULL,NULL),(3963,2,29,2,'RCVF21','2014-03-12 17:13:56','Service',21,'Service',NULL),(3964,2,29,2,'A1','2014-03-12 17:13:56','Service',25,'ServiceExtremity',NULL),(3965,2,29,2,'B2','2014-03-12 17:13:56','Service',26,'ServiceExtremity',NULL),(3966,2,29,2,'23 : German Customer A','2014-03-12 17:13:56','Service',11,'BillingService',NULL),(3967,2,29,2,'FF29:A1','2014-03-12 17:13:56','Service',14,'BillingServiceLine',NULL),(3968,2,29,2,'FF29:B2','2014-03-12 17:13:56','Service',18,'BillingServiceLine',NULL),(3969,2,29,2,'test','2014-03-12 17:13:56','Service',256,'ServiceCaracs',NULL),(3970,2,29,2,'test','2014-03-12 17:13:56','Service',257,'ServiceCaracs',NULL),(3971,2,29,2,'test','2014-03-12 17:13:56','Service',258,'ServiceCaracs',NULL),(3972,2,29,2,'test','2014-03-12 17:13:56','Service',259,'ServiceCaracs',NULL),(3973,2,29,2,'','2014-03-12 17:13:56','Service',25,'ServiceExtremityTech',NULL),(3974,2,29,2,'','2014-03-12 17:13:56','Service',26,'ServiceExtremityTech',NULL),(3975,2,29,2,'12/03/2014--Service : Create : Order in progress','2014-03-12 17:13:56','Service',32,'ServiceTransactions',NULL),(3976,2,29,2,'12/03/2014--Service : Create : Validated order','2014-03-12 17:13:56','Service',31,'ServiceTransactions',NULL),(3977,2,29,2,'12/03/2014--Service : Create : Acceptance received','2014-03-12 17:13:56','Service',30,'ServiceTransactions',NULL),(3978,2,29,2,'12/03/2014--Service : Create : Acceptance sent','2014-03-12 17:13:56','Service',29,'ServiceTransactions',NULL),(3979,2,29,2,'12/03/2014--Service : Create : Initiated order','2014-03-12 17:13:56','Service',28,'ServiceTransactions',NULL),(3980,2,29,2,'FF29','2014-03-12 17:36:27','Service',NULL,NULL,NULL),(3981,2,29,2,'RCVF21','2014-03-12 17:36:27','Service',21,'Service',NULL),(3982,2,29,2,'A1','2014-03-12 17:36:27','Service',25,'ServiceExtremity',NULL),(3983,2,29,2,'B2','2014-03-12 17:36:27','Service',26,'ServiceExtremity',NULL),(3984,2,29,2,'23 : German Customer A','2014-03-12 17:36:27','Service',11,'BillingService',NULL),(3985,2,29,2,'FF29:A1','2014-03-12 17:36:27','Service',14,'BillingServiceLine',NULL),(3986,2,29,2,'FF29:B2','2014-03-12 17:36:27','Service',18,'BillingServiceLine',NULL),(3987,2,29,2,'test','2014-03-12 17:36:27','Service',256,'ServiceCaracs',NULL),(3988,2,29,2,'test','2014-03-12 17:36:27','Service',257,'ServiceCaracs',NULL),(3989,2,29,2,'test','2014-03-12 17:36:27','Service',258,'ServiceCaracs',NULL),(3990,2,29,2,'test','2014-03-12 17:36:27','Service',259,'ServiceCaracs',NULL),(3991,2,29,2,'','2014-03-12 17:36:27','Service',25,'ServiceExtremityTech',NULL),(3992,2,29,2,'','2014-03-12 17:36:27','Service',26,'ServiceExtremityTech',NULL),(3993,2,29,2,'12/03/2014--Service : Create : Order in progress','2014-03-12 17:36:27','Service',32,'ServiceTransactions',NULL),(3994,2,29,2,'12/03/2014--Service : Create : Validated order','2014-03-12 17:36:27','Service',31,'ServiceTransactions',NULL),(3995,2,29,2,'12/03/2014--Service : Create : Acceptance received','2014-03-12 17:36:27','Service',30,'ServiceTransactions',NULL),(3996,2,29,2,'12/03/2014--Service : Create : Acceptance sent','2014-03-12 17:36:27','Service',29,'ServiceTransactions',NULL),(3997,2,29,2,'12/03/2014--Service : Create : Initiated order','2014-03-12 17:36:27','Service',28,'ServiceTransactions',NULL),(3998,2,102,2,'A1','2014-03-12 18:00:00','LocalLoopExtremityTech',NULL,NULL,NULL),(3999,2,102,2,'','2014-03-12 18:00:00','LocalLoopExtremityTech',25,'ServiceExtremityTech',NULL),(4000,2,29,2,'FF29','2014-03-12 22:34:17','Service',NULL,NULL,NULL),(4001,2,29,2,'RCVF21','2014-03-12 22:34:17','Service',21,'Service',NULL),(4002,2,29,2,'A1','2014-03-12 22:34:17','Service',25,'ServiceExtremity',NULL),(4003,2,29,2,'B2','2014-03-12 22:34:17','Service',26,'ServiceExtremity',NULL),(4004,2,29,2,'23 : German Customer A','2014-03-12 22:34:17','Service',11,'BillingService',NULL),(4005,2,29,2,'FF29:A1','2014-03-12 22:34:17','Service',14,'BillingServiceLine',NULL),(4006,2,29,2,'FF29:B2','2014-03-12 22:34:17','Service',18,'BillingServiceLine',NULL),(4007,2,29,2,'test','2014-03-12 22:34:17','Service',256,'ServiceCaracs',NULL),(4008,2,29,2,'test','2014-03-12 22:34:17','Service',257,'ServiceCaracs',NULL),(4009,2,29,2,'test','2014-03-12 22:34:17','Service',258,'ServiceCaracs',NULL),(4010,2,29,2,'test','2014-03-12 22:34:17','Service',259,'ServiceCaracs',NULL),(4011,2,29,2,'','2014-03-12 22:34:17','Service',25,'ServiceExtremityTech',NULL),(4012,2,29,2,'','2014-03-12 22:34:17','Service',26,'ServiceExtremityTech',NULL),(4013,2,29,2,'12/03/2014--Service : Create : End-to-end','2014-03-12 22:34:17','Service',33,'ServiceTransactions',NULL),(4014,2,29,2,'12/03/2014--Service : Create : Order in progress','2014-03-12 22:34:17','Service',32,'ServiceTransactions',NULL),(4015,2,29,2,'12/03/2014--Service : Create : Validated order','2014-03-12 22:34:17','Service',31,'ServiceTransactions',NULL),(4016,2,29,2,'12/03/2014--Service : Create : Acceptance received','2014-03-12 22:34:17','Service',30,'ServiceTransactions',NULL),(4017,2,29,2,'12/03/2014--Service : Create : Acceptance sent','2014-03-12 22:34:17','Service',29,'ServiceTransactions',NULL),(4018,2,29,2,'12/03/2014--Service : Create : Initiated order','2014-03-12 22:34:17','Service',28,'ServiceTransactions',NULL),(4019,2,29,2,'FF29','2014-03-12 22:35:27','Service',NULL,NULL,NULL),(4020,2,29,2,'RCVF21','2014-03-12 22:35:27','Service',21,'Service',NULL),(4021,2,29,2,'A1','2014-03-12 22:35:27','Service',25,'ServiceExtremity',NULL),(4022,2,29,2,'B2','2014-03-12 22:35:27','Service',26,'ServiceExtremity',NULL),(4023,2,29,2,'23 : German Customer A','2014-03-12 22:35:27','Service',11,'BillingService',NULL),(4024,2,29,2,'FF29:A1','2014-03-12 22:35:27','Service',14,'BillingServiceLine',NULL),(4025,2,29,2,'FF29:B2','2014-03-12 22:35:27','Service',18,'BillingServiceLine',NULL),(4026,2,29,2,'test','2014-03-12 22:35:27','Service',256,'ServiceCaracs',NULL),(4027,2,29,2,'test','2014-03-12 22:35:27','Service',257,'ServiceCaracs',NULL),(4028,2,29,2,'test','2014-03-12 22:35:27','Service',258,'ServiceCaracs',NULL),(4029,2,29,2,'test','2014-03-12 22:35:27','Service',259,'ServiceCaracs',NULL),(4030,2,29,2,'','2014-03-12 22:35:27','Service',25,'ServiceExtremityTech',NULL),(4031,2,29,2,'','2014-03-12 22:35:27','Service',26,'ServiceExtremityTech',NULL),(4032,2,29,2,'12/03/2014--Service : Create : Order in progress','2014-03-12 22:35:27','Service',34,'ServiceTransactions',NULL),(4033,2,29,2,'12/03/2014--Service : Create : End-to-end','2014-03-12 22:35:27','Service',33,'ServiceTransactions',NULL),(4034,2,29,2,'12/03/2014--Service : Create : Order in progress','2014-03-12 22:35:27','Service',32,'ServiceTransactions',NULL),(4035,2,29,2,'12/03/2014--Service : Create : Validated order','2014-03-12 22:35:27','Service',31,'ServiceTransactions',NULL),(4036,2,29,2,'12/03/2014--Service : Create : Acceptance received','2014-03-12 22:35:27','Service',30,'ServiceTransactions',NULL),(4037,2,29,2,'12/03/2014--Service : Create : Acceptance sent','2014-03-12 22:35:27','Service',29,'ServiceTransactions',NULL),(4038,2,29,2,'12/03/2014--Service : Create : Initiated order','2014-03-12 22:35:27','Service',28,'ServiceTransactions',NULL),(4039,2,29,2,'FF29','2014-03-12 22:52:38','Service',NULL,NULL,NULL),(4040,2,29,2,'RCVF21','2014-03-12 22:52:38','Service',21,'Service',NULL),(4041,2,29,2,'A1','2014-03-12 22:52:38','Service',25,'ServiceExtremity',NULL),(4042,2,29,2,'B2','2014-03-12 22:52:38','Service',26,'ServiceExtremity',NULL),(4043,2,29,2,'23 : German Customer A','2014-03-12 22:52:38','Service',11,'BillingService',NULL),(4044,2,29,2,'FF29:A1','2014-03-12 22:52:38','Service',14,'BillingServiceLine',NULL),(4045,2,29,2,'FF29:B2','2014-03-12 22:52:38','Service',18,'BillingServiceLine',NULL),(4046,2,29,2,'test','2014-03-12 22:52:38','Service',256,'ServiceCaracs',NULL),(4047,2,29,2,'test','2014-03-12 22:52:38','Service',257,'ServiceCaracs',NULL),(4048,2,29,2,'test','2014-03-12 22:52:38','Service',258,'ServiceCaracs',NULL),(4049,2,29,2,'test','2014-03-12 22:52:38','Service',259,'ServiceCaracs',NULL),(4050,2,29,2,'','2014-03-12 22:52:38','Service',25,'ServiceExtremityTech',NULL),(4051,2,29,2,'','2014-03-12 22:52:38','Service',26,'ServiceExtremityTech',NULL),(4052,2,29,2,'12/03/2014--Service : Create : Local loops tested','2014-03-12 22:52:38','Service',35,'ServiceTransactions',NULL),(4053,2,29,2,'12/03/2014--Service : Create : Order in progress','2014-03-12 22:52:38','Service',34,'ServiceTransactions',NULL),(4054,2,29,2,'12/03/2014--Service : Create : End-to-end','2014-03-12 22:52:38','Service',33,'ServiceTransactions',NULL),(4055,2,29,2,'12/03/2014--Service : Create : Order in progress','2014-03-12 22:52:38','Service',32,'ServiceTransactions',NULL),(4056,2,29,2,'12/03/2014--Service : Create : Validated order','2014-03-12 22:52:38','Service',31,'ServiceTransactions',NULL),(4057,2,29,2,'12/03/2014--Service : Create : Acceptance received','2014-03-12 22:52:38','Service',30,'ServiceTransactions',NULL),(4058,2,29,2,'12/03/2014--Service : Create : Acceptance sent','2014-03-12 22:52:38','Service',29,'ServiceTransactions',NULL),(4059,2,29,2,'12/03/2014--Service : Create : Initiated order','2014-03-12 22:52:38','Service',28,'ServiceTransactions',NULL),(4060,2,29,2,'FF29','2014-03-12 22:57:38','Service',NULL,NULL,NULL),(4061,2,29,2,'RCVF21','2014-03-12 22:57:38','Service',21,'Service',NULL),(4062,2,29,2,'A1','2014-03-12 22:57:38','Service',25,'ServiceExtremity',NULL),(4063,2,29,2,'B2','2014-03-12 22:57:38','Service',26,'ServiceExtremity',NULL),(4064,2,29,2,'23 : German Customer A','2014-03-12 22:57:38','Service',11,'BillingService',NULL),(4065,2,29,2,'FF29:A1','2014-03-12 22:57:38','Service',14,'BillingServiceLine',NULL),(4066,2,29,2,'FF29:B2','2014-03-12 22:57:38','Service',18,'BillingServiceLine',NULL),(4067,2,29,2,'test','2014-03-12 22:57:38','Service',256,'ServiceCaracs',NULL),(4068,2,29,2,'test','2014-03-12 22:57:38','Service',257,'ServiceCaracs',NULL),(4069,2,29,2,'test','2014-03-12 22:57:38','Service',258,'ServiceCaracs',NULL),(4070,2,29,2,'test','2014-03-12 22:57:38','Service',259,'ServiceCaracs',NULL),(4071,2,29,2,'','2014-03-12 22:57:38','Service',25,'ServiceExtremityTech',NULL),(4072,2,29,2,'','2014-03-12 22:57:38','Service',26,'ServiceExtremityTech',NULL),(4073,2,29,2,'12/03/2014--Service : Create : Frame-to-frame','2014-03-12 22:57:38','Service',36,'ServiceTransactions',NULL),(4074,2,29,2,'12/03/2014--Service : Create : Local loops tested','2014-03-12 22:57:38','Service',35,'ServiceTransactions',NULL),(4075,2,29,2,'12/03/2014--Service : Create : Order in progress','2014-03-12 22:57:38','Service',34,'ServiceTransactions',NULL),(4076,2,29,2,'12/03/2014--Service : Create : End-to-end','2014-03-12 22:57:38','Service',33,'ServiceTransactions',NULL),(4077,2,29,2,'12/03/2014--Service : Create : Order in progress','2014-03-12 22:57:38','Service',32,'ServiceTransactions',NULL),(4078,2,29,2,'12/03/2014--Service : Create : Validated order','2014-03-12 22:57:38','Service',31,'ServiceTransactions',NULL),(4079,2,29,2,'12/03/2014--Service : Create : Acceptance received','2014-03-12 22:57:38','Service',30,'ServiceTransactions',NULL),(4080,2,29,2,'12/03/2014--Service : Create : Acceptance sent','2014-03-12 22:57:38','Service',29,'ServiceTransactions',NULL),(4081,2,29,2,'12/03/2014--Service : Create : Initiated order','2014-03-12 22:57:38','Service',28,'ServiceTransactions',NULL),(4082,2,29,2,'FF29','2014-03-12 23:12:22','Service',NULL,NULL,NULL),(4083,2,29,2,'RCVF21','2014-03-12 23:12:22','Service',21,'Service',NULL),(4084,2,29,2,'A1','2014-03-12 23:12:22','Service',25,'ServiceExtremity',NULL),(4085,2,29,2,'B2','2014-03-12 23:12:22','Service',26,'ServiceExtremity',NULL),(4086,2,29,2,'23 : German Customer A','2014-03-12 23:12:22','Service',11,'BillingService',NULL),(4087,2,29,2,'FF29:A1','2014-03-12 23:12:22','Service',14,'BillingServiceLine',NULL),(4088,2,29,2,'FF29:B2','2014-03-12 23:12:22','Service',18,'BillingServiceLine',NULL),(4089,2,29,2,'test','2014-03-12 23:12:22','Service',256,'ServiceCaracs',NULL),(4090,2,29,2,'test','2014-03-12 23:12:22','Service',257,'ServiceCaracs',NULL),(4091,2,29,2,'test','2014-03-12 23:12:22','Service',258,'ServiceCaracs',NULL),(4092,2,29,2,'test','2014-03-12 23:12:22','Service',259,'ServiceCaracs',NULL),(4093,2,29,2,'','2014-03-12 23:12:22','Service',25,'ServiceExtremityTech',NULL),(4094,2,29,2,'','2014-03-12 23:12:22','Service',26,'ServiceExtremityTech',NULL),(4095,2,29,2,'12/03/2014--Service : Create : Frame-to-frame','2014-03-12 23:12:22','Service',36,'ServiceTransactions',NULL),(4096,2,29,2,'12/03/2014--Service : Create : Local loops tested','2014-03-12 23:12:22','Service',35,'ServiceTransactions',NULL),(4097,2,29,2,'12/03/2014--Service : Create : Order in progress','2014-03-12 23:12:22','Service',34,'ServiceTransactions',NULL),(4098,2,29,2,'12/03/2014--Service : Create : End-to-end','2014-03-12 23:12:22','Service',33,'ServiceTransactions',NULL),(4099,2,29,2,'12/03/2014--Service : Create : Order in progress','2014-03-12 23:12:22','Service',32,'ServiceTransactions',NULL),(4100,2,29,2,'12/03/2014--Service : Create : Validated order','2014-03-12 23:12:22','Service',31,'ServiceTransactions',NULL),(4101,2,29,2,'12/03/2014--Service : Create : Acceptance received','2014-03-12 23:12:22','Service',30,'ServiceTransactions',NULL),(4102,2,29,2,'12/03/2014--Service : Create : Acceptance sent','2014-03-12 23:12:22','Service',29,'ServiceTransactions',NULL),(4103,2,29,2,'12/03/2014--Service : Create : Initiated order','2014-03-12 23:12:22','Service',28,'ServiceTransactions',NULL),(4104,2,29,2,'FF29','2014-03-12 23:12:55','Service',NULL,NULL,NULL),(4105,2,29,2,'RCVF21','2014-03-12 23:12:55','Service',21,'Service',NULL),(4106,2,29,2,'A1','2014-03-12 23:12:55','Service',25,'ServiceExtremity',NULL),(4107,2,29,2,'B2','2014-03-12 23:12:55','Service',26,'ServiceExtremity',NULL),(4108,2,29,2,'23 : German Customer A','2014-03-12 23:12:55','Service',11,'BillingService',NULL),(4109,2,29,2,'FF29:A1','2014-03-12 23:12:55','Service',14,'BillingServiceLine',NULL),(4110,2,29,2,'FF29:B2','2014-03-12 23:12:55','Service',18,'BillingServiceLine',NULL),(4111,2,29,2,'test','2014-03-12 23:12:55','Service',256,'ServiceCaracs',NULL),(4112,2,29,2,'test','2014-03-12 23:12:55','Service',257,'ServiceCaracs',NULL),(4113,2,29,2,'test','2014-03-12 23:12:55','Service',258,'ServiceCaracs',NULL),(4114,2,29,2,'test','2014-03-12 23:12:55','Service',259,'ServiceCaracs',NULL),(4115,2,29,2,'','2014-03-12 23:12:55','Service',25,'ServiceExtremityTech',NULL),(4116,2,29,2,'','2014-03-12 23:12:55','Service',26,'ServiceExtremityTech',NULL),(4117,2,29,2,'12/03/2014--Service : Create : Frame-to-frame','2014-03-12 23:12:55','Service',36,'ServiceTransactions',NULL),(4118,2,29,2,'12/03/2014--Service : Create : Local loops tested','2014-03-12 23:12:55','Service',35,'ServiceTransactions',NULL),(4119,2,29,2,'12/03/2014--Service : Create : Order in progress','2014-03-12 23:12:55','Service',34,'ServiceTransactions',NULL),(4120,2,29,2,'12/03/2014--Service : Create : End-to-end','2014-03-12 23:12:55','Service',33,'ServiceTransactions',NULL),(4121,2,29,2,'12/03/2014--Service : Create : Order in progress','2014-03-12 23:12:55','Service',32,'ServiceTransactions',NULL),(4122,2,29,2,'12/03/2014--Service : Create : Validated order','2014-03-12 23:12:55','Service',31,'ServiceTransactions',NULL),(4123,2,29,2,'12/03/2014--Service : Create : Acceptance received','2014-03-12 23:12:55','Service',30,'ServiceTransactions',NULL),(4124,2,29,2,'12/03/2014--Service : Create : Acceptance sent','2014-03-12 23:12:55','Service',29,'ServiceTransactions',NULL),(4125,2,29,2,'12/03/2014--Service : Create : Initiated order','2014-03-12 23:12:55','Service',28,'ServiceTransactions',NULL),(4126,2,29,2,'FF29','2014-03-13 09:59:07','Service',NULL,NULL,NULL),(4127,2,29,2,'RCVF21','2014-03-13 09:59:07','Service',21,'Service',NULL),(4128,2,29,2,'A1','2014-03-13 09:59:07','Service',25,'ServiceExtremity',NULL),(4129,2,29,2,'B2','2014-03-13 09:59:07','Service',26,'ServiceExtremity',NULL),(4130,2,29,2,'23 : German Customer A','2014-03-13 09:59:07','Service',11,'BillingService',NULL),(4131,2,29,2,'FF29:A1','2014-03-13 09:59:07','Service',14,'BillingServiceLine',NULL),(4132,2,29,2,'FF29:B2','2014-03-13 09:59:07','Service',18,'BillingServiceLine',NULL),(4133,2,29,2,'test','2014-03-13 09:59:07','Service',256,'ServiceCaracs',NULL),(4134,2,29,2,'test','2014-03-13 09:59:07','Service',257,'ServiceCaracs',NULL),(4135,2,29,2,'test','2014-03-13 09:59:07','Service',258,'ServiceCaracs',NULL),(4136,2,29,2,'test','2014-03-13 09:59:07','Service',259,'ServiceCaracs',NULL),(4137,2,29,2,'','2014-03-13 09:59:07','Service',25,'ServiceExtremityTech',NULL),(4138,2,29,2,'','2014-03-13 09:59:07','Service',26,'ServiceExtremityTech',NULL),(4139,2,29,2,'12/03/2014--Service : Create : Frame-to-frame','2014-03-13 09:59:07','Service',36,'ServiceTransactions',NULL),(4140,2,29,2,'12/03/2014--Service : Create : Local loops tested','2014-03-13 09:59:07','Service',35,'ServiceTransactions',NULL),(4141,2,29,2,'12/03/2014--Service : Create : Order in progress','2014-03-13 09:59:07','Service',34,'ServiceTransactions',NULL),(4142,2,29,2,'12/03/2014--Service : Create : End-to-end','2014-03-13 09:59:07','Service',33,'ServiceTransactions',NULL),(4143,2,29,2,'12/03/2014--Service : Create : Order in progress','2014-03-13 09:59:07','Service',32,'ServiceTransactions',NULL),(4144,2,29,2,'12/03/2014--Service : Create : Validated order','2014-03-13 09:59:07','Service',31,'ServiceTransactions',NULL),(4145,2,29,2,'12/03/2014--Service : Create : Acceptance received','2014-03-13 09:59:07','Service',30,'ServiceTransactions',NULL),(4146,2,29,2,'12/03/2014--Service : Create : Acceptance sent','2014-03-13 09:59:07','Service',29,'ServiceTransactions',NULL),(4147,2,29,2,'12/03/2014--Service : Create : Initiated order','2014-03-13 09:59:07','Service',28,'ServiceTransactions',NULL),(4148,2,25,2,'','2014-03-13 10:00:50','ServiceExtremityTech',NULL,NULL,NULL),(4149,2,25,2,'test','2014-03-13 10:00:50','ServiceExtremityTech',264,'ServiceCaracs',NULL),(4150,2,25,2,'test','2014-03-13 10:00:50','ServiceExtremityTech',266,'ServiceCaracs',NULL),(4151,2,25,2,'test','2014-03-13 10:00:50','ServiceExtremityTech',268,'ServiceCaracs',NULL),(4152,2,25,2,'test','2014-03-13 10:00:50','ServiceExtremityTech',270,'ServiceCaracs',NULL),(4153,2,25,2,'test','2014-03-13 10:00:50','ServiceExtremityTech',272,'ServiceCaracs',NULL),(4154,2,25,2,'test','2014-03-13 10:00:50','ServiceExtremityTech',274,'ServiceCaracs',NULL),(4155,2,29,2,'FF29','2014-03-13 10:00:52','Service',NULL,NULL,NULL),(4156,2,29,2,'RCVF21','2014-03-13 10:00:52','Service',21,'Service',NULL),(4157,2,29,2,'A1','2014-03-13 10:00:52','Service',25,'ServiceExtremity',NULL),(4158,2,29,2,'B2','2014-03-13 10:00:52','Service',26,'ServiceExtremity',NULL),(4159,2,29,2,'23 : German Customer A','2014-03-13 10:00:52','Service',11,'BillingService',NULL),(4160,2,29,2,'FF29:A1','2014-03-13 10:00:52','Service',14,'BillingServiceLine',NULL),(4161,2,29,2,'FF29:B2','2014-03-13 10:00:52','Service',18,'BillingServiceLine',NULL),(4162,2,29,2,'test','2014-03-13 10:00:52','Service',256,'ServiceCaracs',NULL),(4163,2,29,2,'test','2014-03-13 10:00:52','Service',257,'ServiceCaracs',NULL),(4164,2,29,2,'test','2014-03-13 10:00:52','Service',258,'ServiceCaracs',NULL),(4165,2,29,2,'test','2014-03-13 10:00:52','Service',259,'ServiceCaracs',NULL),(4166,2,29,2,'','2014-03-13 10:00:52','Service',25,'ServiceExtremityTech',NULL),(4167,2,29,2,'','2014-03-13 10:00:52','Service',26,'ServiceExtremityTech',NULL),(4168,2,29,2,'12/03/2014--Service : Create : Frame-to-frame','2014-03-13 10:00:52','Service',36,'ServiceTransactions',NULL),(4169,2,29,2,'12/03/2014--Service : Create : Local loops tested','2014-03-13 10:00:52','Service',35,'ServiceTransactions',NULL),(4170,2,29,2,'12/03/2014--Service : Create : Order in progress','2014-03-13 10:00:52','Service',34,'ServiceTransactions',NULL),(4171,2,29,2,'12/03/2014--Service : Create : End-to-end','2014-03-13 10:00:52','Service',33,'ServiceTransactions',NULL),(4172,2,29,2,'12/03/2014--Service : Create : Order in progress','2014-03-13 10:00:52','Service',32,'ServiceTransactions',NULL),(4173,2,29,2,'12/03/2014--Service : Create : Validated order','2014-03-13 10:00:53','Service',31,'ServiceTransactions',NULL),(4174,2,29,2,'12/03/2014--Service : Create : Acceptance received','2014-03-13 10:00:53','Service',30,'ServiceTransactions',NULL),(4175,2,29,2,'12/03/2014--Service : Create : Acceptance sent','2014-03-13 10:00:53','Service',29,'ServiceTransactions',NULL),(4176,2,29,2,'12/03/2014--Service : Create : Initiated order','2014-03-13 10:00:53','Service',28,'ServiceTransactions',NULL),(4177,2,26,2,'','2014-03-13 10:01:10','ServiceExtremityTech',NULL,NULL,NULL),(4178,2,26,2,'test','2014-03-13 10:01:10','ServiceExtremityTech',265,'ServiceCaracs',NULL),(4179,2,26,2,'test','2014-03-13 10:01:10','ServiceExtremityTech',267,'ServiceCaracs',NULL),(4180,2,26,2,'test','2014-03-13 10:01:11','ServiceExtremityTech',269,'ServiceCaracs',NULL),(4181,2,26,2,'test','2014-03-13 10:01:11','ServiceExtremityTech',271,'ServiceCaracs',NULL),(4182,2,26,2,'test','2014-03-13 10:01:11','ServiceExtremityTech',273,'ServiceCaracs',NULL),(4183,2,26,2,'test','2014-03-13 10:01:11','ServiceExtremityTech',275,'ServiceCaracs',NULL),(4184,2,29,2,'FF29','2014-03-13 10:05:38','Service',NULL,NULL,NULL),(4185,2,29,2,'RCVF21','2014-03-13 10:05:38','Service',21,'Service',NULL),(4186,2,29,2,'A1','2014-03-13 10:05:38','Service',25,'ServiceExtremity',NULL),(4187,2,29,2,'B2','2014-03-13 10:05:38','Service',26,'ServiceExtremity',NULL),(4188,2,29,2,'23 : German Customer A','2014-03-13 10:05:38','Service',11,'BillingService',NULL),(4189,2,29,2,'FF29:A1','2014-03-13 10:05:38','Service',14,'BillingServiceLine',NULL),(4190,2,29,2,'FF29:B2','2014-03-13 10:05:38','Service',18,'BillingServiceLine',NULL),(4191,2,29,2,'test','2014-03-13 10:05:38','Service',256,'ServiceCaracs',NULL),(4192,2,29,2,'test','2014-03-13 10:05:38','Service',257,'ServiceCaracs',NULL),(4193,2,29,2,'test','2014-03-13 10:05:38','Service',258,'ServiceCaracs',NULL),(4194,2,29,2,'test','2014-03-13 10:05:38','Service',259,'ServiceCaracs',NULL),(4195,2,29,2,'','2014-03-13 10:05:38','Service',25,'ServiceExtremityTech',NULL),(4196,2,29,2,'','2014-03-13 10:05:38','Service',26,'ServiceExtremityTech',NULL),(4197,2,29,2,'12/03/2014--Service : Create : Frame-to-frame','2014-03-13 10:05:38','Service',36,'ServiceTransactions',NULL),(4198,2,29,2,'12/03/2014--Service : Create : Local loops tested','2014-03-13 10:05:38','Service',35,'ServiceTransactions',NULL),(4199,2,29,2,'12/03/2014--Service : Create : Order in progress','2014-03-13 10:05:38','Service',34,'ServiceTransactions',NULL),(4200,2,29,2,'12/03/2014--Service : Create : End-to-end','2014-03-13 10:05:38','Service',33,'ServiceTransactions',NULL),(4201,2,29,2,'12/03/2014--Service : Create : Order in progress','2014-03-13 10:05:38','Service',32,'ServiceTransactions',NULL),(4202,2,29,2,'12/03/2014--Service : Create : Validated order','2014-03-13 10:05:38','Service',31,'ServiceTransactions',NULL),(4203,2,29,2,'12/03/2014--Service : Create : Acceptance received','2014-03-13 10:05:38','Service',30,'ServiceTransactions',NULL),(4204,2,29,2,'12/03/2014--Service : Create : Acceptance sent','2014-03-13 10:05:38','Service',29,'ServiceTransactions',NULL),(4205,2,29,2,'12/03/2014--Service : Create : Initiated order','2014-03-13 10:05:38','Service',28,'ServiceTransactions',NULL),(4206,2,29,2,'FF29','2014-03-13 10:06:39','Service',NULL,NULL,NULL),(4207,2,29,2,'RCVF21','2014-03-13 10:06:39','Service',21,'Service',NULL),(4208,2,29,2,'A1','2014-03-13 10:06:39','Service',25,'ServiceExtremity',NULL),(4209,2,29,2,'B2','2014-03-13 10:06:39','Service',26,'ServiceExtremity',NULL),(4210,2,29,2,'23 : German Customer A','2014-03-13 10:06:39','Service',11,'BillingService',NULL),(4211,2,29,2,'FF29:A1','2014-03-13 10:06:39','Service',14,'BillingServiceLine',NULL),(4212,2,29,2,'FF29:B2','2014-03-13 10:06:39','Service',18,'BillingServiceLine',NULL),(4213,2,29,2,'test','2014-03-13 10:06:39','Service',256,'ServiceCaracs',NULL),(4214,2,29,2,'test','2014-03-13 10:06:39','Service',257,'ServiceCaracs',NULL),(4215,2,29,2,'test','2014-03-13 10:06:39','Service',258,'ServiceCaracs',NULL),(4216,2,29,2,'test','2014-03-13 10:06:39','Service',259,'ServiceCaracs',NULL),(4217,2,29,2,'','2014-03-13 10:06:39','Service',25,'ServiceExtremityTech',NULL),(4218,2,29,2,'','2014-03-13 10:06:39','Service',26,'ServiceExtremityTech',NULL),(4219,2,29,2,'13/03/2014--Service : Create : Frame-to-frame','2014-03-13 10:06:39','Service',38,'ServiceTransactions',NULL),(4220,2,29,2,'13/03/2014--Service : Create : Backbone programmed','2014-03-13 10:06:39','Service',37,'ServiceTransactions',NULL),(4221,2,29,2,'12/03/2014--Service : Create : Frame-to-frame','2014-03-13 10:06:39','Service',36,'ServiceTransactions',NULL),(4222,2,29,2,'12/03/2014--Service : Create : Local loops tested','2014-03-13 10:06:39','Service',35,'ServiceTransactions',NULL),(4223,2,29,2,'12/03/2014--Service : Create : Order in progress','2014-03-13 10:06:39','Service',34,'ServiceTransactions',NULL),(4224,2,29,2,'12/03/2014--Service : Create : End-to-end','2014-03-13 10:06:39','Service',33,'ServiceTransactions',NULL),(4225,2,29,2,'12/03/2014--Service : Create : Order in progress','2014-03-13 10:06:39','Service',32,'ServiceTransactions',NULL),(4226,2,29,2,'12/03/2014--Service : Create : Validated order','2014-03-13 10:06:39','Service',31,'ServiceTransactions',NULL),(4227,2,29,2,'12/03/2014--Service : Create : Acceptance received','2014-03-13 10:06:39','Service',30,'ServiceTransactions',NULL),(4228,2,29,2,'12/03/2014--Service : Create : Acceptance sent','2014-03-13 10:06:39','Service',29,'ServiceTransactions',NULL),(4229,2,29,2,'12/03/2014--Service : Create : Initiated order','2014-03-13 10:06:39','Service',28,'ServiceTransactions',NULL),(4230,2,25,2,'','2014-03-13 10:11:27','ServiceExtremityTech',NULL,NULL,NULL),(4231,2,25,2,'test','2014-03-13 10:11:27','ServiceExtremityTech',264,'ServiceCaracs',NULL),(4232,2,25,2,'test','2014-03-13 10:11:27','ServiceExtremityTech',266,'ServiceCaracs',NULL),(4233,2,25,2,'test','2014-03-13 10:11:27','ServiceExtremityTech',268,'ServiceCaracs',NULL),(4234,2,25,2,'test','2014-03-13 10:11:27','ServiceExtremityTech',270,'ServiceCaracs',NULL),(4235,2,25,2,'test','2014-03-13 10:11:27','ServiceExtremityTech',272,'ServiceCaracs',NULL),(4236,2,25,2,'test','2014-03-13 10:11:27','ServiceExtremityTech',274,'ServiceCaracs',NULL),(4237,2,29,2,'FF29','2014-03-13 10:11:30','Service',NULL,NULL,NULL),(4238,2,29,2,'RCVF21','2014-03-13 10:11:30','Service',21,'Service',NULL),(4239,2,29,2,'A1','2014-03-13 10:11:30','Service',25,'ServiceExtremity',NULL),(4240,2,29,2,'B2','2014-03-13 10:11:30','Service',26,'ServiceExtremity',NULL),(4241,2,29,2,'23 : German Customer A','2014-03-13 10:11:30','Service',11,'BillingService',NULL),(4242,2,29,2,'FF29:A1','2014-03-13 10:11:30','Service',14,'BillingServiceLine',NULL),(4243,2,29,2,'FF29:B2','2014-03-13 10:11:30','Service',18,'BillingServiceLine',NULL),(4244,2,29,2,'test','2014-03-13 10:11:30','Service',256,'ServiceCaracs',NULL),(4245,2,29,2,'test','2014-03-13 10:11:30','Service',257,'ServiceCaracs',NULL),(4246,2,29,2,'test','2014-03-13 10:11:30','Service',258,'ServiceCaracs',NULL),(4247,2,29,2,'test','2014-03-13 10:11:30','Service',259,'ServiceCaracs',NULL),(4248,2,29,2,'','2014-03-13 10:11:30','Service',25,'ServiceExtremityTech',NULL),(4249,2,29,2,'','2014-03-13 10:11:30','Service',26,'ServiceExtremityTech',NULL),(4250,2,29,2,'13/03/2014--Service : Create : Frame-to-frame','2014-03-13 10:11:30','Service',38,'ServiceTransactions',NULL),(4251,2,29,2,'13/03/2014--Service : Create : Backbone programmed','2014-03-13 10:11:30','Service',37,'ServiceTransactions',NULL),(4252,2,29,2,'12/03/2014--Service : Create : Frame-to-frame','2014-03-13 10:11:30','Service',36,'ServiceTransactions',NULL),(4253,2,29,2,'12/03/2014--Service : Create : Local loops tested','2014-03-13 10:11:30','Service',35,'ServiceTransactions',NULL),(4254,2,29,2,'12/03/2014--Service : Create : Order in progress','2014-03-13 10:11:30','Service',34,'ServiceTransactions',NULL),(4255,2,29,2,'12/03/2014--Service : Create : End-to-end','2014-03-13 10:11:30','Service',33,'ServiceTransactions',NULL),(4256,2,29,2,'12/03/2014--Service : Create : Order in progress','2014-03-13 10:11:30','Service',32,'ServiceTransactions',NULL),(4257,2,29,2,'12/03/2014--Service : Create : Validated order','2014-03-13 10:11:30','Service',31,'ServiceTransactions',NULL),(4258,2,29,2,'12/03/2014--Service : Create : Acceptance received','2014-03-13 10:11:30','Service',30,'ServiceTransactions',NULL),(4259,2,29,2,'12/03/2014--Service : Create : Acceptance sent','2014-03-13 10:11:30','Service',29,'ServiceTransactions',NULL),(4260,2,29,2,'12/03/2014--Service : Create : Initiated order','2014-03-13 10:11:30','Service',28,'ServiceTransactions',NULL),(4261,2,29,2,'FF29','2014-03-13 10:11:40','Service',NULL,NULL,NULL),(4262,2,29,2,'RCVF21','2014-03-13 10:11:40','Service',21,'Service',NULL),(4263,2,29,2,'A1','2014-03-13 10:11:40','Service',25,'ServiceExtremity',NULL),(4264,2,29,2,'B2','2014-03-13 10:11:40','Service',26,'ServiceExtremity',NULL),(4265,2,29,2,'23 : German Customer A','2014-03-13 10:11:40','Service',11,'BillingService',NULL),(4266,2,29,2,'FF29:A1','2014-03-13 10:11:40','Service',14,'BillingServiceLine',NULL),