--
-- Host: localhost    Database: ginang
-- ------------------------------------------------------


--
-- Table structure for table `BackboneLinkTransactions`
--

CREATE TABLE `BackboneLinkTransactions` (
  `id_backbone_link_transactions` int(11) NOT NULL AUTO_INCREMENT,
  `id_transaction_type` int(11) DEFAULT NULL,
  `id_transaction_status` int(11) DEFAULT NULL,
  `dt_create` datetime DEFAULT NULL,
  `cd_extremity_ref` varchar(45) COLLATE utf8_unicode_ci DEFAULT NULL,
  `id_backbone_link` int(11) DEFAULT NULL,
  `lb_operation` varchar(45) COLLATE utf8_unicode_ci DEFAULT NULL,
  PRIMARY KEY (`id_backbone_link_transactions`),
  KEY `IDX_A842D8178D173C59` (`id_transaction_type`),
  KEY `IDX_A842D8178E5FA5F3` (`id_transaction_status`),
  KEY `IDX_A842D817D9707BB8` (`id_backbone_link`),
  CONSTRAINT `FK_A842D8178D173C59` FOREIGN KEY (`id_transaction_type`) REFERENCES `TransactionType` (`id_transaction_type`),
  CONSTRAINT `FK_A842D8178E5FA5F3` FOREIGN KEY (`id_transaction_status`) REFERENCES `TransactionStatus` (`id_transaction_status`),
  CONSTRAINT `FK_A842D817D9707BB8` FOREIGN KEY (`id_backbone_link`) REFERENCES `backbone_link` (`id_backbone_link`)
) ENGINE=InnoDB AUTO_INCREMENT=171 DEFAULT CHARSET=utf8 COLLATE=utf8_unicode_ci;

--
-- Dumping data for table `BackboneLinkTransactions`
--

INSERT INTO `BackboneLinkTransactions` VALUES (1,1,2,'2013-11-01 23:46:55',NULL,9,NULL),(2,1,3,'2013-11-01 23:58:20',NULL,9,NULL),(3,1,4,'2013-11-02 00:32:03',NULL,9,NULL),(4,1,5,'2013-11-02 00:32:35',NULL,9,NULL),(5,1,1,'2013-11-02 00:50:05',NULL,10,NULL),(6,1,1,'2013-11-02 00:56:12',NULL,10,NULL),(7,1,1,'2013-11-02 01:03:53',NULL,10,NULL),(8,1,1,'2013-11-02 01:13:07',NULL,10,NULL),(9,1,1,'2013-11-02 01:25:35',NULL,10,NULL),(10,1,1,'2013-11-02 01:27:12',NULL,11,NULL),(11,1,2,'2013-11-02 23:50:41',NULL,11,NULL),(12,1,3,'2013-11-02 23:51:22',NULL,11,NULL),(13,1,4,'2013-11-03 01:12:34',NULL,11,NULL),(14,1,5,'2013-11-03 01:14:10',NULL,11,NULL),(15,1,7,'2013-11-04 16:28:51',NULL,11,NULL),(16,1,8,'2013-11-04 16:41:12',NULL,11,NULL),(17,1,9,'2013-11-04 16:49:40',NULL,11,NULL),(18,1,10,'2013-11-04 16:59:11',NULL,11,NULL),(19,1,11,'2013-11-04 16:59:40',NULL,11,NULL),(20,1,1,'2013-11-12 09:59:19',NULL,12,NULL),(21,1,2,'2013-11-12 09:59:51',NULL,12,NULL),(22,1,0,'2013-11-12 10:08:57',NULL,13,NULL),(23,1,1,'2013-11-12 10:10:31',NULL,13,NULL),(24,1,13,'2013-11-12 10:48:25',NULL,9,NULL),(25,1,13,'2013-11-12 10:51:10',NULL,9,NULL),(26,1,14,'2013-11-12 10:57:48',NULL,9,NULL),(27,1,15,'2013-11-12 11:05:47',NULL,9,NULL),(28,1,16,'2013-11-12 11:07:57',NULL,9,NULL),(29,1,14,'2013-11-12 11:10:08',NULL,9,NULL),(30,1,15,'2013-11-12 11:10:28',NULL,9,NULL),(31,1,16,'2013-11-12 11:10:58',NULL,9,NULL),(32,1,19,'2013-11-12 11:20:36',NULL,9,NULL),(33,1,19,'2013-11-12 11:25:25',NULL,9,NULL),(34,1,13,'2013-11-12 11:32:09',NULL,9,NULL),(35,1,13,'2013-11-12 11:47:11',NULL,9,NULL),(36,1,0,'2013-11-12 14:48:35',NULL,14,NULL),(37,1,1,'2013-11-12 14:55:03',NULL,14,NULL),(38,1,2,'2013-11-12 15:15:29',NULL,14,NULL),(39,1,0,'2013-12-07 17:52:15',NULL,16,NULL),(40,1,2,'2013-12-07 22:26:16',NULL,10,NULL),(41,1,3,'2013-12-07 22:26:53',NULL,10,NULL),(42,1,0,'2013-12-10 11:15:33',NULL,17,NULL),(43,1,2,'2013-12-10 11:20:34',NULL,13,NULL),(44,1,0,'2013-12-10 11:22:44',NULL,18,NULL),(45,1,1,'2013-12-10 11:23:48',NULL,18,NULL),(46,1,2,'2013-12-17 10:53:20',NULL,18,NULL),(47,1,3,'2013-12-17 12:26:38',NULL,18,NULL),(48,1,4,'2013-12-17 12:57:16',NULL,18,NULL),(49,1,0,'2013-12-17 13:14:42',NULL,22,NULL),(50,1,1,'2013-12-17 13:25:39',NULL,19,NULL),(51,1,2,'2013-12-17 13:29:16',NULL,19,NULL),(52,1,3,'2013-12-17 13:29:58',NULL,19,NULL),(53,1,4,'2013-12-17 13:31:01',NULL,19,NULL),(54,1,13,'2013-12-17 13:46:23',NULL,18,NULL),(55,1,14,'2013-12-17 13:47:08',NULL,18,NULL),(56,1,15,'2013-12-17 13:47:42',NULL,18,NULL),(57,1,1,'2013-12-17 14:06:25',NULL,27,NULL),(58,1,0,'2013-12-17 14:07:49',NULL,28,NULL),(59,1,2,'2013-12-17 14:08:47',NULL,27,NULL),(60,1,1,'2013-12-17 14:18:20',NULL,29,NULL),(61,1,2,'2013-12-17 14:18:36',NULL,29,NULL),(62,1,1,'2013-12-17 15:42:01',NULL,30,NULL),(63,1,2,'2013-12-17 16:21:26',NULL,30,NULL),(64,1,3,'2013-12-19 11:33:10',NULL,30,NULL),(65,1,4,'2013-12-19 11:41:55',NULL,30,NULL),(66,1,1,'2013-12-19 11:47:24',NULL,28,NULL),(67,1,2,'2013-12-19 11:48:05',NULL,28,NULL),(68,1,3,'2013-12-19 11:49:15',NULL,28,NULL),(69,1,4,'2013-12-19 11:52:11',NULL,28,NULL),(70,1,1,'2013-12-19 11:57:01',NULL,31,NULL),(71,1,2,'2013-12-19 11:57:57',NULL,31,NULL),(72,1,3,'2013-12-19 12:01:25',NULL,31,NULL),(73,1,4,'2013-12-19 12:10:43',NULL,31,NULL),(74,1,13,'2013-12-30 11:08:43',NULL,31,NULL),(75,1,14,'2013-12-30 11:11:25',NULL,31,NULL),(76,1,15,'2013-12-30 11:13:08',NULL,31,NULL),(77,1,16,'2013-12-30 11:18:01',NULL,31,NULL),(78,1,13,'2013-12-30 11:22:33',NULL,30,NULL),(79,1,14,'2013-12-30 11:23:35',NULL,30,NULL),(80,1,15,'2013-12-30 11:24:02',NULL,30,NULL),(81,1,16,'2013-12-30 11:24:37',NULL,30,NULL),(82,1,7,'2013-12-30 11:43:57',NULL,30,NULL),(83,1,8,'2013-12-30 11:57:41',NULL,30,NULL),(84,1,9,'2013-12-30 12:04:48',NULL,30,NULL),(85,1,10,'2013-12-30 12:08:47',NULL,30,NULL),(86,1,19,'2013-12-30 12:14:08',NULL,30,NULL),(87,1,0,'2014-01-17 17:29:08',NULL,32,NULL),(88,1,1,'2014-01-21 16:16:34',NULL,32,'Backbone Link : Create '),(89,1,0,'2014-01-21 16:19:41',NULL,33,'Operation 1'),(90,1,0,'2014-01-21 16:22:50',NULL,34,'Backbone Link : Create 1'),(91,1,1,'2014-01-21 16:23:39',NULL,34,'Backbone Link : Create 1'),(92,2,7,'2014-01-21 17:07:50',NULL,28,'Backbone Link : Transfer 1'),(93,2,7,'2014-01-21 17:23:50',NULL,31,'Backbone Link : Transfer 1'),(94,2,8,'2014-01-21 18:43:03',NULL,31,'Backbone Link : Transfer 1'),(95,1,0,'2014-01-22 11:07:11',NULL,36,'Backbone Link : Create 1'),(96,1,0,'2014-01-22 14:29:28',NULL,37,'Backbone Link : Create 1'),(97,1,1,'2014-01-22 14:45:03',NULL,37,'Backbone Link : Create 1'),(98,1,2,'2014-01-22 14:46:27',NULL,37,'Backbone Link : Create 1'),(99,1,3,'2014-01-22 14:46:55',NULL,37,'Backbone Link : Create 1'),(100,1,4,'2014-01-22 14:49:32',NULL,37,'Backbone Link : Create 1'),(101,2,7,'2014-01-22 14:50:40',NULL,37,'Backbone Link : Transfer 2'),(102,2,8,'2014-01-22 14:51:17',NULL,37,'Backbone Link : Transfer 2'),(103,2,9,'2014-01-22 14:54:02',NULL,37,'Backbone Link : Transfer 2'),(104,2,10,'2014-01-22 14:54:44',NULL,37,'Backbone Link : Transfer 2'),(105,1,0,'2014-01-26 23:54:28',NULL,38,'Backbone Link : Create 1'),(106,1,0,'2014-01-27 14:57:39',NULL,39,'Backbone Link : Create 1'),(107,1,0,'2014-02-03 22:20:22',NULL,41,'Backbone Link : Create 1'),(108,1,1,'2014-02-04 19:09:18',NULL,42,'Backbone Link : Create 1'),(109,1,2,'2014-02-04 19:09:44',NULL,42,'Backbone Link : Create 1'),(110,1,3,'2014-02-04 19:11:17',NULL,42,'Backbone Link : Create 1'),(111,1,4,'2014-02-04 19:18:08',NULL,42,'Backbone Link : Create 1'),(112,1,5,'2014-02-04 19:18:08',NULL,42,'Backbone Link : Create 1'),(113,1,6,'2014-02-04 19:18:31',NULL,42,'Backbone Link : Create 1'),(114,1,7,'2014-02-04 19:19:01',NULL,42,'Backbone Link : Create 1'),(115,1,1,'2014-02-05 22:47:12',NULL,41,'Backbone Link : Create 1'),(116,1,2,'2014-02-05 22:47:34',NULL,41,'Backbone Link : Create 1'),(117,1,3,'2014-02-05 22:48:00',NULL,41,'Backbone Link : Create 1'),(118,1,4,'2014-02-05 22:50:44',NULL,41,'Backbone Link : Create 1'),(119,1,5,'2014-02-05 22:50:44',NULL,41,'Backbone Link : Create 1'),(120,1,0,'2014-02-17 17:24:16',NULL,43,'Backbone Link : Create 1'),(121,1,1,'2014-02-17 17:27:41',NULL,43,'Backbone Link : Create 1'),(122,1,2,'2014-02-17 18:03:40',NULL,43,'Backbone Link : Create 1'),(123,1,3,'2014-02-17 18:04:38',NULL,43,'Backbone Link : Create 1'),(124,1,4,'2014-02-17 18:19:30',NULL,43,'Backbone Link : Create 1'),(125,1,5,'2014-02-17 18:19:30',NULL,43,'Backbone Link : Create 1'),(126,3,13,'2014-02-17 18:23:38',NULL,43,'Backbone Link : Up/Downgrade 2'),(127,3,14,'2014-02-17 18:30:52',NULL,43,'Backbone Link : Up/Downgrade 2'),(128,3,15,'2014-02-17 18:31:17',NULL,43,'Backbone Link : Up/Downgrade 2'),(129,3,16,'2014-02-17 18:34:23',NULL,43,'Backbone Link : Up/Downgrade 2'),(130,2,7,'2014-02-18 11:58:46',NULL,43,'Backbone Link : Transfer 3'),(131,2,8,'2014-02-18 12:05:11',NULL,43,'Backbone Link : Transfer 3'),(132,2,9,'2014-02-18 12:09:34',NULL,43,'Backbone Link : Transfer 3'),(133,2,10,'2014-02-18 12:10:40',NULL,43,'Backbone Link : Transfer 3'),(134,2,11,'2014-02-18 12:10:40',NULL,43,'Backbone Link : Transfer 3'),(135,2,7,'2014-02-18 15:41:29',NULL,43,'Backbone Link : Transfer 4'),(136,2,8,'2014-02-18 15:43:07',NULL,43,'Backbone Link : Transfer 4'),(137,2,9,'2014-02-18 15:44:52',NULL,43,'Backbone Link : Transfer 4'),(138,2,10,'2014-02-18 15:48:59',NULL,43,'Backbone Link : Transfer 4'),(139,2,11,'2014-02-18 15:48:59',NULL,43,'Backbone Link : Transfer 4'),(140,2,7,'2014-02-18 17:23:45',NULL,43,'Backbone Link : Transfer 5'),(141,1,1,'2014-02-18 22:13:46',NULL,44,'Backbone Link : Create 1'),(142,1,2,'2014-02-18 22:14:07',NULL,44,'Backbone Link : Create 1'),(143,1,3,'2014-02-18 22:14:40',NULL,44,'Backbone Link : Create 1'),(144,1,4,'2014-02-18 22:17:06',NULL,44,'Backbone Link : Create 1'),(145,1,5,'2014-02-18 22:17:07',NULL,44,'Backbone Link : Create 1'),(146,2,7,'2014-02-19 22:45:48',NULL,44,'Backbone Link : Transfer 2'),(147,2,8,'2014-02-19 22:46:51',NULL,44,'Backbone Link : Transfer 2'),(148,2,9,'2014-02-19 22:47:25',NULL,44,'Backbone Link : Transfer 2'),(149,2,10,'2014-02-19 22:49:47',NULL,44,'Backbone Link : Transfer 2'),(150,2,11,'2014-02-19 22:49:47',NULL,44,'Backbone Link : Transfer 2'),(151,3,13,'2014-02-19 23:07:47',NULL,44,'Backbone Link : Up/Downgrade 3'),(152,3,14,'2014-02-19 23:08:59',NULL,44,'Backbone Link : Up/Downgrade 3'),(153,3,15,'2014-02-19 23:09:21',NULL,44,'Backbone Link : Up/Downgrade 3'),(154,3,16,'2014-02-19 23:10:45',NULL,44,'Backbone Link : Up/Downgrade 3'),(155,3,17,'2014-02-19 23:10:45',NULL,44,'Backbone Link : Up/Downgrade 3'),(156,4,19,'2014-02-26 13:21:25',NULL,37,'Backbone Link : Terminate 3'),(157,4,20,'2014-02-26 13:30:38',NULL,30,'Backbone Link : Terminate '),(158,4,20,'2014-02-26 13:30:38',NULL,37,'Backbone Link : Terminate 3'),(159,4,20,'2014-02-26 13:32:09',NULL,37,'Backbone Link : Terminate 3'),(160,4,20,'2014-02-26 13:34:03',NULL,37,'Backbone Link : Terminate 3'),(161,4,20,'2014-02-26 13:35:08',NULL,37,'Backbone Link : Terminate 3'),(162,4,20,'2014-02-26 13:38:20',NULL,37,'Backbone Link : Terminate 3'),(163,1,0,'2014-02-28 16:41:48',NULL,45,'Backbone Link : Create 1'),(164,1,1,'2014-02-28 16:42:32',NULL,45,'Backbone Link : Create 1'),(165,1,2,'2014-02-28 17:26:57',NULL,45,'Backbone Link : Create 1'),(166,1,3,'2014-02-28 17:34:20',NULL,45,'Backbone Link : Create 1'),(167,2,8,'2014-03-10 11:33:42',NULL,43,'Backbone Link : Transfer 5'),(168,2,9,'2014-03-10 11:34:52',NULL,43,'Backbone Link : Transfer 5'),(169,2,10,'2014-03-10 11:36:41',NULL,43,'Backbone Link : Transfer 5'),(170,2,11,'2014-03-10 11:36:42',NULL,43,'Backbone Link : Transfer 5');

--
-- Table structure for table `LocalLoopTransactions`
--

CREATE TABLE `LocalLoopTransactions` (
  `id_local_loop_transactions` int(11) NOT NULL AUTO_INCREMENT,
  `id_transaction_type` int(11) DEFAULT NULL,
  `id_transaction_status` int(11) DEFAULT NULL,
  `id_local_loop` int(11) DEFAULT NULL,
  `dt_create` datetime DEFAULT NULL,
  `cd_extremity_ref` varchar(45) COLLATE utf8_unicode_ci DEFAULT NULL,
  `lb_operation` varchar(45) COLLATE utf8_unicode_ci DEFAULT NULL,
  PRIMARY KEY (`id_local_loop_transactions`),
  KEY `IDX_81D0BB3C8D173C59` (`id_transaction_type`),
  KEY `IDX_81D0BB3C8E5FA5F3` (`id_transaction_status`),
  KEY `IDX_81D0BB3C38CAF7EA` (`id_local_loop`),
  CONSTRAINT `FK_81D0BB3C38CAF7EA` FOREIGN KEY (`id_local_loop`) REFERENCES `local_loop` (`id_local_loop`),
  CONSTRAINT `FK_81D0BB3C8D173C59` FOREIGN KEY (`id_transaction_type`) REFERENCES `TransactionType` (`id_transaction_type`),
  CONSTRAINT `FK_81D0BB3C8E5FA5F3` FOREIGN KEY (`id_transaction_status`) REFERENCES `TransactionStatus` (`id_transaction_status`)
) ENGINE=InnoDB AUTO_INCREMENT=258 DEFAULT CHARSET=utf8 COLLATE=utf8_unicode_ci;

--
-- Dumping data for table `LocalLoopTransactions`
--

INSERT INTO `LocalLoopTransactions` VALUES (1,5,22,3,'2013-12-07 18:02:58',NULL,NULL),(2,5,23,3,'2013-12-07 23:48:40',NULL,NULL),(3,5,24,3,'2013-12-08 00:00:05',NULL,NULL),(4,5,25,3,'2013-12-09 12:36:55',NULL,NULL),(5,5,23,8,'2014-01-13 15:21:13',NULL,NULL),(6,5,24,8,'2014-01-13 15:24:50',NULL,NULL),(7,5,25,8,'2014-01-13 15:25:41',NULL,NULL),(8,5,26,8,'2014-01-13 15:29:02',NULL,NULL),(9,5,26,3,'2014-01-13 15:34:06',NULL,NULL),(10,5,35,3,'2014-01-13 15:44:09',NULL,NULL),(11,5,36,3,'2014-01-13 15:45:25',NULL,NULL),(12,5,37,3,'2014-01-13 15:46:03',NULL,NULL),(13,5,38,3,'2014-01-13 15:48:35',NULL,NULL),(14,5,29,8,'2014-01-13 16:14:11',NULL,NULL),(15,5,30,8,'2014-01-13 16:17:03',NULL,NULL),(16,5,31,8,'2014-01-13 16:18:07',NULL,NULL),(17,5,32,8,'2014-01-13 16:20:03',NULL,NULL),(18,5,41,8,'2014-01-13 16:22:11',NULL,NULL),(19,5,42,8,'2014-01-16 16:46:35',NULL,NULL),(20,5,29,8,'2014-01-16 17:34:54',NULL,NULL),(21,5,30,8,'2014-01-16 17:35:55',NULL,NULL),(22,5,31,8,'2014-01-16 17:45:01',NULL,NULL),(23,5,32,8,'2014-01-16 17:46:38',NULL,NULL),(24,5,22,9,'2014-01-21 17:27:59',NULL,'Local Loop : Create 1'),(25,5,23,9,'2014-01-22 08:06:11',NULL,'Local Loop : Create 1'),(26,5,24,9,'2014-01-22 08:06:39',NULL,'Local Loop : Create 1'),(27,5,25,9,'2014-01-22 08:06:59',NULL,'Local Loop : Create 1'),(28,5,22,10,'2014-01-22 10:55:00',NULL,'Local Loop : Create 1'),(29,5,23,10,'2014-01-22 13:26:13',NULL,'Local Loop : Create 1'),(30,5,24,10,'2014-01-22 13:50:15',NULL,'Local Loop : Create 1'),(31,5,25,10,'2014-01-22 13:50:55',NULL,'Local Loop : Create 1'),(32,5,26,10,'2014-01-22 13:52:18',NULL,'Local Loop : Create 1'),(33,6,29,10,'2014-01-22 13:53:48',NULL,'Local Loop : Transfer 2'),(34,6,30,10,'2014-01-22 13:55:09',NULL,'Local Loop : Transfer 2'),(35,6,31,10,'2014-01-22 14:14:05',NULL,'Local Loop : Transfer 2'),(36,6,32,10,'2014-01-22 14:19:37',NULL,'Local Loop : Transfer 2'),(37,5,22,12,'2014-01-23 17:36:02',NULL,'Local Loop : Create 1'),(38,5,22,13,'2014-01-24 14:10:12',NULL,'Local Loop : Create 1'),(39,5,22,15,'2014-01-24 16:18:59',NULL,'Local Loop : Create 1'),(40,5,23,15,'2014-01-24 18:05:19',NULL,'Local Loop : Create 1'),(50,5,24,15,'2014-01-27 23:07:58',NULL,'Local Loop : Create 1'),(51,5,25,15,'2014-01-27 23:08:20',NULL,'Local Loop : Create 1'),(52,5,26,15,'2014-01-27 23:12:55',NULL,'Local Loop : Create 1'),(53,5,27,15,'2014-01-27 23:12:55',NULL,'Local Loop : Create 1'),(54,7,35,15,'2014-01-28 09:54:09',NULL,'Local Loop : Up/Downgrade 2'),(55,7,36,15,'2014-01-28 09:55:21',NULL,'Local Loop : Up/Downgrade 2'),(56,7,37,15,'2014-01-28 09:56:49',NULL,'Local Loop : Up/Downgrade 2'),(57,7,38,15,'2014-01-28 10:00:23',NULL,'Local Loop : Up/Downgrade 2'),(58,7,39,15,'2014-01-28 10:00:23',NULL,'Local Loop : Up/Downgrade 2'),(59,5,22,21,'2014-01-28 11:59:31',NULL,'Local Loop : Create 1'),(60,5,23,14,'2014-01-28 22:56:58',NULL,'Local Loop : Create 1'),(61,5,24,14,'2014-01-28 22:57:24',NULL,'Local Loop : Create 1'),(62,5,25,14,'2014-01-28 22:58:45',NULL,'Local Loop : Create 1'),(63,5,26,14,'2014-01-28 23:00:22',NULL,'Local Loop : Create 1'),(64,5,27,14,'2014-01-28 23:00:22',NULL,'Local Loop : Create 1'),(65,5,22,22,'2014-01-29 11:02:15',NULL,'Local Loop : Create 1'),(66,5,23,22,'2014-01-29 13:51:18',NULL,'Local Loop : Create 1'),(67,5,24,22,'2014-01-29 13:52:52',NULL,'Local Loop : Create 1'),(68,5,23,23,'2014-01-29 14:14:11',NULL,'Local Loop : Create 1'),(69,5,24,23,'2014-01-29 14:17:31',NULL,'Local Loop : Create 1'),(70,5,25,23,'2014-01-29 14:22:16',NULL,'Local Loop : Create 1'),(71,5,22,25,'2014-01-29 16:50:37',NULL,'Local Loop : Create 1'),(72,5,23,25,'2014-01-29 16:53:14',NULL,'Local Loop : Create 1'),(73,5,24,25,'2014-01-29 16:54:16',NULL,'Local Loop : Create 1'),(74,5,25,25,'2014-01-29 16:54:48',NULL,'Local Loop : Create 1'),(75,5,23,24,'2014-01-29 17:21:23',NULL,'Local Loop : Create 1'),(76,5,23,26,'2014-01-29 17:25:04',NULL,'Local Loop : Create 1'),(77,5,24,26,'2014-01-29 17:26:29',NULL,'Local Loop : Create 1'),(78,5,25,26,'2014-01-29 17:28:36',NULL,'Local Loop : Create 1'),(79,5,26,26,'2014-01-29 17:28:51',NULL,'Local Loop : Create 1'),(80,5,27,26,'2014-01-29 17:28:51',NULL,'Local Loop : Create 1'),(81,5,22,28,'2014-01-29 17:55:52',NULL,'Local Loop : Create 1'),(82,5,22,29,'2014-01-29 18:14:07',NULL,'Local Loop : Create 1'),(83,5,23,29,'2014-01-29 18:15:55',NULL,'Local Loop : Create 1'),(84,5,24,29,'2014-01-29 18:16:39',NULL,'Local Loop : Create 1'),(85,5,25,29,'2014-01-29 18:17:22',NULL,'Local Loop : Create 1'),(86,5,26,29,'2014-01-29 18:18:40',NULL,'Local Loop : Create 1'),(87,5,27,29,'2014-01-29 18:18:40',NULL,'Local Loop : Create 1'),(88,5,22,30,'2014-01-29 18:21:43',NULL,'Local Loop : Create 1'),(89,5,23,30,'2014-01-29 18:23:20',NULL,'Local Loop : Create 1'),(90,5,22,31,'2014-01-29 18:26:32',NULL,'Local Loop : Create 1'),(91,5,23,31,'2014-01-29 18:29:35',NULL,'Local Loop : Create 1'),(92,5,24,31,'2014-01-29 18:30:46',NULL,'Local Loop : Create 1'),(93,5,25,31,'2014-01-29 18:35:41',NULL,'Local Loop : Create 1'),(94,5,24,30,'2014-01-30 17:32:13',NULL,'Local Loop : Create 1'),(95,5,22,32,'2014-01-31 14:30:03',NULL,'Local Loop : Create 1'),(96,5,23,32,'2014-01-31 14:32:25',NULL,'Local Loop : Create 1'),(97,5,22,33,'2014-01-31 15:03:00',NULL,'Local Loop : Create 1'),(98,5,23,33,'2014-01-31 15:39:23',NULL,'Local Loop : Create 1'),(99,5,24,33,'2014-01-31 15:39:48',NULL,'Local Loop : Create 1'),(100,5,25,33,'2014-01-31 15:46:21',NULL,'Local Loop : Create 1'),(101,5,26,33,'2014-01-31 15:47:35',NULL,'Local Loop : Create 1'),(102,5,27,33,'2014-01-31 15:47:35',NULL,'Local Loop : Create 1'),(103,7,35,33,'2014-01-31 16:24:19',NULL,'Local Loop : Up/Downgrade 2'),(104,7,36,33,'2014-01-31 16:33:18',NULL,'Local Loop : Up/Downgrade 2'),(105,7,37,33,'2014-01-31 16:35:02',NULL,'Local Loop : Up/Downgrade 2'),(106,7,38,33,'2014-01-31 16:36:20',NULL,'Local Loop : Up/Downgrade 2'),(107,7,39,33,'2014-01-31 16:36:20',NULL,'Local Loop : Up/Downgrade 2'),(108,7,35,33,'2014-01-31 17:12:37',NULL,'Local Loop : Up/Downgrade 3'),(109,7,36,33,'2014-01-31 17:14:52',NULL,'Local Loop : Up/Downgrade 3'),(110,7,37,33,'2014-01-31 17:15:17',NULL,'Local Loop : Up/Downgrade 3'),(111,7,38,33,'2014-01-31 17:22:01',NULL,'Local Loop : Up/Downgrade 3'),(112,7,39,33,'2014-01-31 17:22:01',NULL,'Local Loop : Up/Downgrade 3'),(113,5,22,34,'2014-02-03 22:23:03',NULL,'Local Loop : Create 1'),(114,5,22,35,'2014-02-04 17:59:04',NULL,'Local Loop : Create 1'),(115,5,23,35,'2014-02-04 18:00:44',NULL,'Local Loop : Create 1'),(116,5,24,35,'2014-02-04 18:01:14',NULL,'Local Loop : Create 1'),(117,5,25,35,'2014-02-04 18:02:43',NULL,'Local Loop : Create 1'),(118,5,26,35,'2014-02-04 18:13:03',NULL,'Local Loop : Create 1'),(119,5,27,35,'2014-02-04 18:13:03',NULL,'Local Loop : Create 1'),(120,5,28,35,'2014-02-04 18:15:47',NULL,'Local Loop : Create 1'),(121,5,29,35,'2014-02-04 18:24:19',NULL,'Local Loop : Create 1'),(122,5,22,36,'2014-02-04 18:28:25',NULL,'Local Loop : Create 1'),(123,5,23,36,'2014-02-04 18:29:34',NULL,'Local Loop : Create 1'),(124,5,24,36,'2014-02-04 18:29:55',NULL,'Local Loop : Create 1'),(125,5,25,36,'2014-02-04 18:30:25',NULL,'Local Loop : Create 1'),(126,5,26,36,'2014-02-04 18:35:37',NULL,'Local Loop : Create 1'),(127,5,27,36,'2014-02-04 18:35:37',NULL,'Local Loop : Create 1'),(128,5,28,36,'2014-02-04 18:36:07',NULL,'Local Loop : Create 1'),(129,5,22,37,'2014-02-05 15:24:31',NULL,'Local Loop : Create 1'),(130,5,23,37,'2014-02-05 15:25:45',NULL,'Local Loop : Create 1'),(131,5,24,37,'2014-02-05 15:26:18',NULL,'Local Loop : Create 1'),(132,5,25,37,'2014-02-05 15:26:39',NULL,'Local Loop : Create 1'),(133,5,26,37,'2014-02-05 15:27:58',NULL,'Local Loop : Create 1'),(134,5,27,37,'2014-02-05 15:27:58',NULL,'Local Loop : Create 1'),(135,7,35,37,'2014-02-05 16:35:45',NULL,'Local Loop : Up/Downgrade 2'),(136,7,36,37,'2014-02-05 16:36:22',NULL,'Local Loop : Up/Downgrade 2'),(137,7,37,37,'2014-02-05 16:55:11',NULL,'Local Loop : Up/Downgrade 2'),(138,7,38,37,'2014-02-05 17:00:33',NULL,'Local Loop : Up/Downgrade 2'),(139,7,39,37,'2014-02-05 17:00:33',NULL,'Local Loop : Up/Downgrade 2'),(140,5,22,38,'2014-02-05 18:22:16',NULL,'Local Loop : Create 1'),(141,5,23,39,'2014-02-11 12:16:08',NULL,'Local Loop : Create 1'),(142,5,24,39,'2014-02-11 12:16:32',NULL,'Local Loop : Create 1'),(143,5,25,39,'2014-02-11 12:17:29',NULL,'Local Loop : Create 1'),(144,5,26,39,'2014-02-11 12:18:33',NULL,'Local Loop : Create 1'),(145,5,27,39,'2014-02-11 12:18:33',NULL,'Local Loop : Create 1'),(146,5,23,40,'2014-02-11 12:22:49',NULL,'Local Loop : Create 1'),(147,5,24,40,'2014-02-11 12:25:59',NULL,'Local Loop : Create 1'),(148,5,25,40,'2014-02-11 12:27:48',NULL,'Local Loop : Create 1'),(149,5,26,40,'2014-02-11 12:28:09',NULL,'Local Loop : Create 1'),(150,5,27,40,'2014-02-11 12:28:09',NULL,'Local Loop : Create 1'),(151,5,22,41,'2014-02-11 12:38:37',NULL,'Local Loop : Create 1'),(152,5,23,41,'2014-02-11 12:39:57',NULL,'Local Loop : Create 1'),(153,5,24,41,'2014-02-11 12:40:21',NULL,'Local Loop : Create 1'),(154,5,25,41,'2014-02-11 12:40:59',NULL,'Local Loop : Create 1'),(155,5,26,41,'2014-02-11 12:44:09',NULL,'Local Loop : Create 1'),(156,5,27,41,'2014-02-11 12:44:09',NULL,'Local Loop : Create 1'),(157,5,22,42,'2014-02-11 12:51:00',NULL,'Local Loop : Create 1'),(158,5,23,42,'2014-02-11 15:47:39',NULL,'Local Loop : Create 1'),(159,5,24,42,'2014-02-11 15:48:24',NULL,'Local Loop : Create 1'),(160,5,25,42,'2014-02-11 15:48:40',NULL,'Local Loop : Create 1'),(161,5,26,42,'2014-02-11 15:48:52',NULL,'Local Loop : Create 1'),(162,5,27,42,'2014-02-11 15:48:52',NULL,'Local Loop : Create 1'),(163,5,22,43,'2014-02-12 18:37:55',NULL,'Local Loop : Create 1'),(164,5,23,43,'2014-02-12 18:54:17',NULL,'Local Loop : Create 1'),(165,5,24,43,'2014-02-12 18:55:11',NULL,'Local Loop : Create 1'),(166,5,25,43,'2014-02-12 18:55:32',NULL,'Local Loop : Create 1'),(167,5,26,43,'2014-02-12 18:56:11',NULL,'Local Loop : Create 1'),(168,5,27,43,'2014-02-12 18:56:11',NULL,'Local Loop : Create 1'),(169,5,22,44,'2014-02-12 18:57:06',NULL,'Local Loop : Create 1'),(170,5,23,44,'2014-02-12 18:58:18',NULL,'Local Loop : Create 1'),(171,5,22,45,'2014-02-12 18:59:54',NULL,'Local Loop : Create 1'),(172,5,23,45,'2014-02-12 19:00:36',NULL,'Local Loop : Create 1'),(173,5,24,45,'2014-02-12 19:01:19',NULL,'Local Loop : Create 1'),(174,5,25,45,'2014-02-12 19:01:51',NULL,'Local Loop : Create 1'),(175,5,26,45,'2014-02-12 19:02:35',NULL,'Local Loop : Create 1'),(176,5,27,45,'2014-02-12 19:02:35',NULL,'Local Loop : Create 1'),(177,5,22,46,'2014-02-14 15:10:56',NULL,'Local Loop : Create 1'),(178,5,23,46,'2014-02-14 15:11:37',NULL,'Local Loop : Create 1'),(179,5,24,46,'2014-02-14 15:12:23',NULL,'Local Loop : Create 1'),(180,5,25,46,'2014-02-14 15:13:43',NULL,'Local Loop : Create 1'),(181,5,26,46,'2014-02-14 15:14:25',NULL,'Local Loop : Create 1'),(182,5,27,46,'2014-02-14 15:14:25',NULL,'Local Loop : Create 1'),(183,6,29,46,'2014-02-14 15:33:57',NULL,'Local Loop : Transfer 2'),(184,6,30,46,'2014-02-14 15:42:42',NULL,'Local Loop : Transfer 2'),(185,5,23,47,'2014-02-18 18:10:19',NULL,'Local Loop : Create 1'),(186,5,24,47,'2014-02-18 18:13:52',NULL,'Local Loop : Create 1'),(187,5,25,47,'2014-02-18 18:15:47',NULL,'Local Loop : Create 1'),(188,5,26,47,'2014-02-18 18:16:13',NULL,'Local Loop : Create 1'),(189,5,27,47,'2014-02-18 18:16:13',NULL,'Local Loop : Create 1'),(190,6,29,47,'2014-02-18 18:21:42',NULL,'Local Loop : Transfer 2'),(191,6,30,47,'2014-02-18 18:22:44',NULL,'Local Loop : Transfer 2'),(192,6,31,47,'2014-02-18 18:23:15',NULL,'Local Loop : Transfer 2'),(193,6,32,47,'2014-02-18 18:23:48',NULL,'Local Loop : Transfer 2'),(194,6,33,47,'2014-02-18 18:23:48',NULL,'Local Loop : Transfer 2'),(195,6,29,47,'2014-02-18 18:26:10',NULL,'Local Loop : Transfer 3'),(196,6,30,47,'2014-02-18 18:27:22',NULL,'Local Loop : Transfer 3'),(197,6,31,47,'2014-02-18 18:28:19',NULL,'Local Loop : Transfer 3'),(198,6,32,47,'2014-02-18 18:29:10',NULL,'Local Loop : Transfer 3'),(199,6,33,47,'2014-02-18 18:29:10',NULL,'Local Loop : Transfer 3'),(200,7,35,47,'2014-02-18 18:30:00',NULL,'Local Loop : Up/Downgrade 4'),(201,7,36,47,'2014-02-18 18:30:18',NULL,'Local Loop : Up/Downgrade 4'),(202,7,37,47,'2014-02-18 18:30:35',NULL,'Local Loop : Up/Downgrade 4'),(203,7,38,47,'2014-02-18 18:35:37',NULL,'Local Loop : Up/Downgrade 4'),(204,7,39,47,'2014-02-18 18:35:37',NULL,'Local Loop : Up/Downgrade 4'),(205,8,41,47,'2014-02-18 18:38:00',NULL,'Local Loop : Terminate 5'),(206,8,42,47,'2014-02-18 18:39:22',NULL,'Local Loop : Terminate 5'),(207,5,22,48,'2014-02-19 15:05:56',NULL,'Local Loop : Create 1'),(208,5,23,48,'2014-02-19 15:07:58',NULL,'Local Loop : Create 1'),(209,5,24,48,'2014-02-19 15:08:47',NULL,'Local Loop : Create 1'),(210,5,22,49,'2014-02-19 16:40:36',NULL,'Local Loop : Create 1'),(211,5,23,49,'2014-02-19 16:44:29',NULL,'Local Loop : Create 1'),(212,5,25,48,'2014-02-19 16:45:37',NULL,'Local Loop : Create 1'),(213,5,26,48,'2014-02-19 17:09:06',NULL,'Local Loop : Create 1'),(214,5,27,48,'2014-02-19 17:09:06',NULL,'Local Loop : Create 1'),(215,5,22,50,'2014-02-19 17:10:38',NULL,'Local Loop : Create 1'),(216,5,23,50,'2014-02-19 17:11:47',NULL,'Local Loop : Create 1'),(217,5,24,50,'2014-02-19 17:32:29',NULL,'Local Loop : Create 1'),(218,5,25,50,'2014-02-19 17:33:06',NULL,'Local Loop : Create 1'),(219,5,26,50,'2014-02-19 17:35:20',NULL,'Local Loop : Create 1'),(220,5,27,50,'2014-02-19 17:35:20',NULL,'Local Loop : Create 1'),(221,6,29,50,'2014-02-19 17:38:24',NULL,'Local Loop : Transfer 2'),(222,6,30,50,'2014-02-19 17:39:10',NULL,'Local Loop : Transfer 2'),(223,6,31,50,'2014-02-19 17:39:58',NULL,'Local Loop : Transfer 2'),(224,6,32,50,'2014-02-19 17:42:11',NULL,'Local Loop : Transfer 2'),(225,6,33,50,'2014-02-19 17:42:11',NULL,'Local Loop : Transfer 2'),(226,7,35,50,'2014-02-19 18:10:19',NULL,'Local Loop : Up/Downgrade 3'),(227,7,36,50,'2014-02-19 18:10:39',NULL,'Local Loop : Up/Downgrade 3'),(228,7,37,50,'2014-02-19 18:11:13',NULL,'Local Loop : Up/Downgrade 3'),(229,7,38,50,'2014-02-19 18:20:02',NULL,'Local Loop : Up/Downgrade 3'),(230,7,39,50,'2014-02-19 18:20:02',NULL,'Local Loop : Up/Downgrade 3'),(231,6,29,50,'2014-02-19 18:47:36',NULL,'Local Loop : Transfer 4'),(232,6,30,50,'2014-02-19 18:49:54',NULL,'Local Loop : Transfer 4'),(233,6,31,50,'2014-02-19 18:56:53',NULL,'Local Loop : Transfer 4'),(234,6,32,50,'2014-02-19 19:00:23',NULL,'Local Loop : Transfer 4'),(235,6,33,50,'2014-02-19 19:00:23',NULL,'Local Loop : Transfer 4'),(236,8,41,50,'2014-02-19 19:05:04',NULL,'Local Loop : Terminate 5'),(237,8,42,50,'2014-02-19 19:08:20',NULL,'Local Loop : Terminate 5'),(238,6,29,37,'2014-02-19 23:19:32',NULL,'Local Loop : Transfer 3'),(239,6,30,37,'2014-02-19 23:22:00',NULL,'Local Loop : Transfer 3'),(240,6,31,37,'2014-02-19 23:23:00',NULL,'Local Loop : Transfer 3'),(241,6,32,37,'2014-02-19 23:24:34',NULL,'Local Loop : Transfer 3'),(242,6,33,37,'2014-02-19 23:24:34',NULL,'Local Loop : Transfer 3'),(243,7,35,37,'2014-02-19 23:25:45',NULL,'Local Loop : Up/Downgrade 4'),(244,7,36,37,'2014-02-19 23:26:08',NULL,'Local Loop : Up/Downgrade 4'),(245,7,37,37,'2014-02-19 23:26:24',NULL,'Local Loop : Up/Downgrade 4'),(246,6,31,46,'2014-02-20 00:11:09',NULL,'Local Loop : Transfer 2'),(247,6,32,46,'2014-02-20 00:16:36',NULL,'Local Loop : Transfer 2'),(248,6,33,46,'2014-02-20 00:16:36',NULL,'Local Loop : Transfer 2'),(249,5,22,51,'2014-02-20 15:36:50',NULL,'Local Loop : Create 1'),(250,6,29,47,'2014-02-25 14:59:24',NULL,'Local Loop : Transfer 6'),(251,6,30,47,'2014-02-25 15:00:15',NULL,'Local Loop : Transfer 6'),(252,6,31,47,'2014-02-25 15:00:57',NULL,'Local Loop : Transfer 6'),(253,6,32,47,'2014-02-25 15:01:27',NULL,'Local Loop : Transfer 6'),(254,6,33,47,'2014-02-25 15:01:27',NULL,'Local Loop : Transfer 6'),(255,5,22,52,'2014-02-26 11:18:49',NULL,'Local Loop : Create 1'),(256,8,42,50,'2014-02-26 13:30:38',NULL,'Local Loop : Terminate 5'),(257,5,24,49,'2014-02-28 21:52:04',NULL,'Local Loop : Create 1');

--
-- Table structure for table `PreferenceColonne`
--

CREATE TABLE `PreferenceColonne` (
  `id` int(11) NOT NULL AUTO_INCREMENT,
  `id_user` int(11) DEFAULT NULL,
  `entite` varchar(255) COLLATE utf8_unicode_ci NOT NULL,
  `colonne` varchar(255) COLLATE utf8_unicode_ci NOT NULL,
  `visible` tinyint(1) NOT NULL,
  `position` int(11) NOT NULL,
  PRIMARY KEY (`id`),
  KEY `IDX_2154553E6B3CA4B` (`id_user`),
  CONSTRAINT `FK_2154553E6B3CA4B` FOREIGN KEY (`id_user`) REFERENCES `myuser` (`id`)
) ENGINE=InnoDB AUTO_INCREMENT=7412 DEFAULT CHARSET=utf8 COLLATE=utf8_unicode_ci;

--
-- Dumping data for table `PreferenceColonne`
--

INSERT INTO `PreferenceColonne` VALUES (1237,2,'Cabinet','idCabinet',1,1),(1238,2,'Cabinet','cdCabinet',1,2),(1239,2,'Cabinet','lbCabinet',1,3),(1240,2,'Cabinet','idCabinetType',1,4),(1241,2,'Cabinet','idProvider',1,5),(1242,2,'Cabinet','idContact',1,6),(1243,2,'Cabinet','cdSerialNumber',1,7),(1244,2,'Cabinet','nbPosition',1,8),(1245,2,'Cabinet','nbUnits',1,9),(1246,2,'Cabinet','idCabinetSize',1,10),(1247,2,'Cabinet','idProviderAddress',1,11),(1248,2,'Cabinet','blFrontback',1,12),(1249,2,'Cabinet','blDeactivated',1,13),(1250,2,'Cabinet','dtDeactivated',1,14),(1251,2,'Cabinet','dtCreate',1,15),(1252,2,'Cabinet','dtUpdate',1,16),(1253,2,'Cabinet','col-actions',1,17),(1418,2,'Address','idAddress',1,1),(1419,2,'Address','idAddressType',1,2),(1420,2,'Address','lbAddress',1,3),(1421,2,'Address','cdZipCode',1,4),(1422,2,'Address','idCity',1,5),(1423,2,'Address','idCountry',1,6),(1424,2,'Address','blOnNetVoice',1,7),(1425,2,'Address','blOnNetData',1,8),(1426,2,'Address','blStatus',1,9),(1427,2,'Address','dtCreate',1,10),(1428,2,'Address','dtUpdate',1,11),(1429,2,'CompanyType','idCompanyType',1,1),(1430,2,'CompanyType','cdCompanyType',1,2),(1431,2,'CompanyType','lbCompanyType',1,3),(1432,2,'CompanyType','blDeactivated',1,4),(1433,2,'CompanyType','dtCreate',1,5),(1434,2,'CompanyType','dtUpdate',1,6),(1699,2,'Branch','idBranch',1,1),(1700,2,'Branch','cdBranch',1,2),(1701,2,'Branch','lbBranch',1,3),(1702,2,'Branch','nbGmt',0,4),(1703,2,'Branch','nbDayInService',0,5),(1704,2,'Branch','idAddress',1,6),(1705,2,'Branch','idBranchCluster',1,7),(1706,2,'Branch','blDeactivated',1,8),(1707,2,'Branch','dtCreate',0,9),(1708,2,'Branch','dtUpdate',0,10),(1709,2,'Branch','dtEnd',0,11),(1710,2,'Branch','col-actions',1,12),(1720,2,'Capacity','idCapacity',1,1),(1721,2,'Capacity','blDeactivated',1,2),(1722,2,'Capacity','cdCapacity',1,3),(1723,2,'Capacity','lbCapacity',1,4),(1724,2,'Capacity','maxCapacity',1,5),(1725,2,'Capacity','dtCreate',1,6),(1726,2,'Capacity','dtUpdate',1,7),(1727,2,'Capacity','col-actions',1,8),(1744,2,'Contact','idContact',1,1),(1745,2,'Contact','idCivility',1,2),(1746,2,'Contact','lbFirstname',1,3),(1747,2,'Contact','lbLastname',1,4),(1748,2,'Contact','lbTitle',1,5),(1749,2,'Contact','lbEmail',1,6),(1750,2,'Contact','lbPhone',1,7),(1751,2,'Contact','lbMobile',1,8),(1752,2,'Contact','lbFax',1,9),(1753,2,'Contact','blDefault',1,10),(1754,2,'Contact','idContactType',1,11),(1755,2,'Contact','idAddress',1,12),(1756,2,'Contact','blDeactivated',1,13),(1757,2,'Contact','dtCreate',1,14),(1758,2,'Contact','dtUpdate',1,15),(1759,2,'Contact','dtDeactived',1,16),(1760,2,'CabinetType','idCabinetType',1,1),(1761,2,'CabinetType','cdCabinetType',1,2),(1762,2,'CabinetType','lbCabinetType',1,3),(1763,2,'CabinetType','nbWidth',1,4),(1764,2,'CabinetType','nbHeight',1,5),(1765,2,'CabinetType','blDeactivated',1,6),(1766,2,'CabinetType','dtStart',1,7),(1767,2,'CabinetType','dtEnd',1,8),(1801,2,'ComplexModel','idComplexModel',1,1),(1802,2,'ComplexModel','cdComplexModel',1,2),(1803,2,'ComplexModel','lbComplexModel',1,3),(1804,2,'ComplexModel','urlImage',1,4),(1805,2,'ComplexModel','oneOffCost',1,5),(1806,2,'ComplexModel','recOffCost',1,6),(1807,2,'ComplexModel','blDeactivated',1,7),(1808,2,'ComplexModel','dtCreate',1,8),(1809,2,'ComplexModel','dtUpdate',1,9),(1810,2,'ComplexModel','dtDeactivated',1,10),(1811,2,'ComplexModel','col-actions',1,11),(3227,2,'AddressType','idAddressType',1,1),(3228,2,'AddressType','cdAddressType',1,2),(3229,2,'AddressType','lbAddressType',1,3),(3230,2,'AddressType','blDeactivated',1,4),(3231,2,'AddressType','dtCreate',1,5),(3232,2,'AddressType','col-actions',1,6),(3233,2,'AddressType','dtUpdate',1,7),(5593,2,'Provider','idProvider',1,1),(5594,2,'Provider','cdProvider',1,2),(5595,2,'Provider','lbProvider',1,3),(5596,2,'Provider','nbContractualPeriod',1,4),(5597,2,'Provider','cdProviderAccount',1,5),(5598,2,'Provider','nbNPeriod',1,6),(5599,2,'Provider','carrierName',1,7),(5600,2,'Provider','idCountryProviderGroup',1,8),(5601,2,'Provider','idCompanyType',1,9),(5602,2,'Provider','idBillingFrequency',1,10),(5603,2,'Provider','idCurrency',1,11),(5604,2,'Provider','blDeactivated',1,12),(5605,2,'Provider','dtCreate',1,13),(5606,2,'Provider','dtUpdate',1,14),(5709,2,'Product','idProduct',1,1),(5710,2,'Product','cdProduct',1,2),(5711,2,'Product','lbProduct',1,3),(5712,2,'Product','idProductType',1,4),(5713,2,'Product','blDeactivated',1,5),(5714,2,'Product','idBandwidthAssignee',1,6),(5715,2,'Product','dtDeactivated',1,7),(5716,2,'Product','col-actions',1,8),(5717,2,'Interfaces','idInterface',1,1),(5718,2,'Interfaces','cdInterface',1,2),(5719,2,'Interfaces','lbInterface',1,3),(5720,2,'Interfaces','blDeactivated',1,4),(5721,2,'Interfaces','dtCreate',1,5),(5722,2,'Interfaces','dtUpdate',1,6),(5723,2,'Interfaces','col-actions',1,7),(6068,2,'BackboneLink','idBackboneLink',1,1),(6069,2,'BackboneLink','col-actions',1,2),(6070,2,'BackboneLink','cdBackboneLink',1,3),(6071,2,'BackboneLink','lbBackboneLink',1,4),(6072,2,'BackboneLink','cdTechnicalRef',1,5),(6073,2,'BackboneLink','dtCreate',1,6),(6074,2,'BackboneLink','idTransactionStatus',1,7),(6075,2,'BackboneLink','blDeactivated',1,8),(6085,2,'CountryProviderGroup','idCountryProviderGroup',1,1),(6086,2,'CountryProviderGroup','lbCountryGroup',1,2),(6087,2,'CountryProviderGroup','idCluster',1,3),(6088,2,'CountryProviderGroup','idCountry',1,4),(6089,2,'CountryProviderGroup','blDeactivated',1,5),(6090,2,'CountryProviderGroup','dtDeactivated',1,6),(6091,2,'CountryProviderGroup','dtCreate',1,7),(6092,2,'CountryProviderGroup','dtUpdate',1,8),(6093,2,'CountryProviderGroup','col-actions',1,9),(6373,2,'City','idCity',1,1),(6374,2,'City','cdCity',1,2),(6375,2,'City','lbCity',1,3),(6376,2,'City','idCountry',1,4),(6377,2,'City','blDeactivated',1,5),(6378,2,'City','dtCreate',1,6),(6379,2,'City','dtUpdate',1,7),(6380,2,'City','nbGmt',1,8),(6381,2,'City','col-actions',1,9),(6382,2,'ContactProvider','idContactProvider',1,1),(6383,2,'ContactProvider','idCivility',1,2),(6384,2,'ContactProvider','lbFirstname',1,3),(6385,2,'ContactProvider','lbLastname',1,4),(6386,2,'ContactProvider','lbTitle',1,5),(6387,2,'ContactProvider','lbEmail',1,6),(6388,2,'ContactProvider','lbPhone',1,7),(6389,2,'ContactProvider','lbMobile',1,8),(6390,2,'ContactProvider','lbFax',1,9),(6391,2,'ContactProvider','blDefault',1,10),(6392,2,'ContactProvider','idContactType',1,11),(6393,2,'ContactProvider','idAddressProvider',1,12),(6394,2,'ContactProvider','blDeactivated',1,13),(6395,2,'ContactProvider','dtCreate',1,14),(6396,2,'ContactProvider','dtUpdate',1,15),(6397,2,'ContactProvider','dtDeactived',1,16),(6457,2,'Country','idCountry',1,1),(6458,2,'Country','cdCountry',1,2),(6459,2,'Country','lbCountry',1,3),(6460,2,'Country','blDeactivated',1,4),(6461,2,'Country','dtCreate',1,5),(6462,2,'Country','dtDeactivated',1,6),(6463,2,'Country','dtUpdate',1,7),(6464,2,'Country','col-actions',1,8),(6465,2,'BandwidthAssignee','idBandwidthAssignee',1,1),(6466,2,'BandwidthAssignee','blDeactivated',1,2),(6467,2,'BandwidthAssignee','cdBandwidthAssignee',1,3),(6468,2,'BandwidthAssignee','lbBandwidthAssignee',1,4),(6469,2,'BandwidthAssignee','blProduct',1,5),(6470,2,'BandwidthAssignee','idProduct',1,6),(6471,2,'BandwidthAssignee','blBackboneLink',1,7),(6472,2,'BandwidthAssignee','blLocalLoop',1,8),(6473,2,'BandwidthAssignee','blTimeslot',1,9),(6642,2,'LocalLoop','idLocalLoop',1,1),(6643,2,'LocalLoop','cdLocalLoop',1,2),(6644,2,'LocalLoop','idTransactionStatus',1,3),(6645,2,'LocalLoop','cdTechnicalRef',1,4),(6646,2,'LocalLoop','dtCreate',1,5),(6647,2,'LocalLoop','blDeactivated',1,6),(6648,2,'LocalLoop','col-actions',1,7),(7357,2,'Service','idService',1,1),(7358,2,'Service','idTransactionStatus',1,2),(7359,2,'Service','cdService',1,3),(7360,2,'Service','dtCreate',1,4),(7361,2,'Service','blDeactivated',1,5),(7362,2,'Service','col-actions',1,6),(7399,2,'ProductType','cdProductType',1,1),(7400,2,'ProductType','nbExtremities',1,2),(7401,2,'ProductType','lbProductType',1,3),(7402,2,'ProductType','blProvisioning',1,4),(7403,2,'ProductType','blDeactivated',1,5),(7404,2,'ProductType','blBillable',1,6),(7405,2,'ProductType','blConnected',1,7),(7406,2,'ProductType','lbDependenceTypes',1,8),(7407,2,'ProductType','idProductCategory',1,9),(7408,2,'ProductType','col-actions',1,10),(7409,2,'ProductType','idProductCaracs',1,11),(7410,2,'ProductType','idProductDependence',1,12),(7411,2,'ProductType','idTransactionType',1,13);

--
-- Table structure for table `ServiceTransactions`
--

CREATE TABLE `ServiceTransactions` (
  `id_service_transactions` int(11) NOT NULL AUTO_INCREMENT,
  `id_transaction_type` int(11) DEFAULT NULL,
  `id_transaction_status` int(11) DEFAULT NULL,
  `id_service` int(11) DEFAULT NULL,
  `dt_create` datetime DEFAULT NULL,
  `cd_extremity_ref` varchar(45) COLLATE utf8_unicode_ci DEFAULT NULL,
  `lb_operation` varchar(45) COLLATE utf8_unicode_ci DEFAULT NULL,
  PRIMARY KEY (`id_service_transactions`),
  KEY `IDX_463A23F28D173C59` (`id_transaction_type`),
  KEY `IDX_463A23F28E5FA5F3` (`id_transaction_status`),
  KEY `IDX_463A23F23F0033A2` (`id_service`),
  CONSTRAINT `FK_463A23F23F0033A2` FOREIGN KEY (`id_service`) REFERENCES `service` (`id_service`),
  CONSTRAINT `FK_463A23F28D173C59` FOREIGN KEY (`id_transaction_type`) REFERENCES `TransactionType` (`id_transaction_type`),
  CONSTRAINT `FK_463A23F28E5FA5F3` FOREIGN KEY (`id_transaction_status`) REFERENCES `TransactionStatus` (`id_transaction_status`)
) ENGINE=InnoDB AUTO_INCREMENT=15 DEFAULT CHARSET=utf8 COLLATE=utf8_unicode_ci;

--
-- Dumping data for table `ServiceTransactions`
--

INSERT INTO `ServiceTransactions` VALUES (1,9,45,11,'2014-02-10 23:58:17',NULL,'Service : Create '),(2,9,46,11,'2014-02-11 00:35:59',NULL,'Service : Create '),(3,9,45,19,'2014-02-23 10:52:37',NULL,'Service : Create 1'),(4,9,46,19,'2014-02-24 00:55:17',NULL,'Service : Create 1'),(5,9,47,19,'2014-02-24 01:55:53',NULL,'Service : Create 1'),(6,9,48,19,'2014-02-25 00:16:07',NULL,'Service : Create 1'),(7,9,49,19,'2014-02-25 00:16:07',NULL,'Service : Create 1'),(8,9,45,23,'2014-02-25 16:21:56',NULL,'Service : Create 1'),(9,9,46,23,'2014-02-25 16:22:32',NULL,'Service : Create 1'),(10,9,47,23,'2014-02-25 16:23:16',NULL,'Service : Create 1'),(11,9,48,23,'2014-02-25 16:24:54',NULL,'Service : Create 1'),(12,9,48,19,'2014-02-28 12:01:58',NULL,'Service : Create 1'),(13,9,48,19,'2014-02-28 12:06:07',NULL,'Service : Create 1'),(14,9,49,19,'2014-02-28 21:52:03',NULL,'Service : Create 1');

--
-- Table structure for table `TransactionStatus`
--

CREATE TABLE `TransactionStatus` (
  `id_transaction_status` int(11) NOT NULL AUTO_INCREMENT,
  `lb_transaction_status` varchar(45) COLLATE utf8_unicode_ci DEFAULT NULL,
  PRIMARY KEY (`id_transaction_status`)
) ENGINE=InnoDB AUTO_INCREMENT=109 DEFAULT CHARSET=utf8 COLLATE=utf8_unicode_ci;

--
-- Dumping data for table `TransactionStatus`
--

INSERT INTO `TransactionStatus` VALUES (0,'BB start'),(1,'Inititated order'),(2,'Carrier confirmation'),(3,'BB delivered'),(4,'BB tested'),(5,'In service'),(6,'BB transfer start'),(7,'In Service/Transfer Initiated '),(8,'In Service/Transfer Carrier conf'),(9,'In Service/ Transfer BB Delivered'),(10,'In Service/ Transfer BB Tested'),(11,'In Service'),(12,'BB start up/downgrade'),(13,'In Service/ Up/Downgrade Initiated '),(14,'In Service/ Up/Downgrade Carrier conf'),(15,'In Service/ Up/Down BB Delivered'),(16,'In Service/ Up/Downgrade BB Tested'),(17,'In Service'),(18,'Start termination'),(19,'In Service/Termination in progress'),(20,'Terminated'),(21,'In process'),(22,'LL start'),(23,'Initiated order'),(24,'Carrier confirmation'),(25,'Local loop delivered'),(26,'Local loop tested'),(27,'In Service'),(28,'LL transfer start'),(29,'In Service/Transfer Initiated '),(30,'In Service/Transfer Carrier conf'),(31,'In Service/ Transfer LL Delivered'),(32,'In Service/ Transfer LL Tested'),(33,'In Service'),(34,'LL start up/downgrade'),(35,'In Service/ Up/Downgrade Initiated '),(36,'In Service/ Up/Downgrade Carrier conf'),(37,'In Service/ Up/Down LL Delivered'),(38,'In Service/ Up/Downgrade LL Tested'),(39,'In Service'),(40,'Start termination'),(41,'In Service/Termination in progress'),(42,'Terminated'),(43,'In process'),(44,'Start Create'),(45,'Initiated order'),(46,'Acceptance sent'),(47,'Acceptance received'),(48,'Validated order'),(49,'Order in progress'),(50,'Backbone programmed'),(51,'Local loops tested'),(52,'Frame-to-frame'),(53,'End-to-end'),(54,'In-service'),(55,'Transfer extremity start'),(56,'In Service/Initiated transfer'),(57,'In Service/Transfer acceptance sent'),(58,'In Service/Transfer acceptance received'),(59,'In Service/Validated transfer'),(60,'In Service/Transfer in progress'),(61,'In Service/Transfer backbone programmed'),(62,'In Service/Transfer local loops tested'),(63,'In Service/Transfer frame-to-frame'),(64,'In Service/Transfer end-to-end'),(65,'In Service'),(66,'Service up/downgrade start '),(67,'In-service / Initiated service up/downgrade'),(68,'In-service / Service up/downgrade acceptance '),(69,'In-service / Service up/downgrade acceptance '),(70,'In-service / Validated service upgrade/downgr'),(71,'In-service / Service up/downgrade in progress'),(72,'In-service / Service up/down backbone program'),(73,'In-service / Service up/downgrade local loops'),(74,'In-service / Service up/down end-to-end'),(75,'In Service'),(76,'Extremity up/downgrade start'),(77,'In Service/Initiated extremity up/downgrade'),(78,'In Service/Extremity up/downgrade acceptance '),(79,'In Service/Extremity up/downgrade acceptance '),(80,'In Service/Validated extremity up/downgrade'),(81,'In Service/Extremity up/downgrade in progress'),(82,'In Service/Extremity up/downgrade backbone \n '),(83,'In Service/Extremity up/downgrade local loop '),(84,'In Service/Extremity up/downgrade end-to-end'),(85,'In Service'),(86,'Extremity Order start'),(87,'In Service/Extremity order'),(88,'In Service/Extr. acceptance sent'),(89,'In Service/Extr. acceptance received'),(90,'In Service/Validated extr. order'),(91,'In Service/Extr. order in progress'),(92,'In Service/Extr. backbone programmed'),(93,'In Service/Extr. local loop tested'),(94,'In Service/Extr. frame-to-frame'),(95,'In Service/Extr. end-to-end'),(96,'In Service'),(97,'Extremity termination start'),(98,'In-service / Extremity termination'),(99,'In Service'),(100,'Device modification start'),(101,'In-service / Device modification '),(102,'In Service'),(103,'Device termination start'),(104,'In-service / Device termination'),(105,'In Service'),(106,'Start termination'),(107,'In Service/Termination in progress'),(108,'Terminated');

--
-- Table structure for table `TransactionType`
--

CREATE TABLE `TransactionType` (
  `id_transaction_type` int(11) NOT NULL AUTO_INCREMENT,
  `lb_transaction_type` varchar(45) COLLATE utf8_unicode_ci DEFAULT NULL,
  PRIMARY KEY (`id_transaction_type`)
) ENGINE=InnoDB AUTO_INCREMENT=18 DEFAULT CHARSET=utf8 COLLATE=utf8_unicode_ci;

--
-- Dumping data for table `TransactionType`
--

INSERT INTO `TransactionType` VALUES (1,'Backbone Link : Create'),(2,'Backbone Link : Transfer'),(3,'Backbone Link : Up/Downgrade'),(4,'Backbone Link : Terminate'),(5,'Local Loop : Create'),(6,'Local Loop : Transfer'),(7,'Local Loop : Up/Downgrade'),(8,'Local Loop : Terminate'),(9,'Service : Create'),(10,'Service : Extremity transfer'),(11,'Service : Up/Downgrade'),(12,'Service : Extremity Up/Downgrade'),(13,'Service : Add extremity'),(14,'Service : Add devices'),(15,'Service : Terminate devices'),(16,'Service : Terminate extremity'),(17,'Service : Terminate');

--
-- Table structure for table `access`
--

CREATE TABLE `access` (
  `id_access` int(11) NOT NULL AUTO_INCREMENT,
  `cd_access` varchar(100) DEFAULT NULL,
  `lb_access` varchar(255) DEFAULT NULL,
  `id_branch` int(11) DEFAULT NULL,
  `bl_deactivated` tinyint(1) DEFAULT NULL,
  `id_address` int(11) DEFAULT NULL,
  `cm_comment` text,
  `dt_deactivated` datetime DEFAULT NULL,
  `dt_create` datetime DEFAULT NULL,
  `dt_update` datetime DEFAULT NULL,
  PRIMARY KEY (`id_access`),
  KEY `id_branch` (`id_branch`),
  KEY `id_address` (`id_address`),
  CONSTRAINT `access_ibfk_2` FOREIGN KEY (`id_address`) REFERENCES `address` (`id_address`) ON DELETE NO ACTION ON UPDATE NO ACTION,
  CONSTRAINT `FK_6692B549DB1AEF2` FOREIGN KEY (`id_branch`) REFERENCES `branch` (`id_branch`)
) ENGINE=InnoDB AUTO_INCREMENT=2 DEFAULT CHARSET=utf8;

--
-- Dumping data for table `access`
--

INSERT INTO `access` VALUES (1,'ghfh','fhfh',1,1,13,NULL,NULL,'2013-07-08 00:00:00','2013-07-08 00:00:00');

--
-- Table structure for table `access_address`
--

CREATE TABLE `access_address` (
  `id_access_address` int(11) NOT NULL AUTO_INCREMENT,
  `id_address` int(11) DEFAULT NULL,
  `id_access` int(11) DEFAULT NULL,
  `bl_deactivated` tinyint(1) DEFAULT NULL,
  PRIMARY KEY (`id_access_address`),
  KEY `id_address` (`id_address`),
  KEY `id_access` (`id_access`),
  CONSTRAINT `FK_C56BB594205E9EB9` FOREIGN KEY (`id_access`) REFERENCES `access` (`id_access`),
  CONSTRAINT `FK_C56BB594D3D3C6F1` FOREIGN KEY (`id_address`) REFERENCES `address` (`id_address`)
) ENGINE=InnoDB DEFAULT CHARSET=utf8;

--
-- Dumping data for table `access_address`
--


--
-- Table structure for table `access_customer`
--

CREATE TABLE `access_customer` (
  `id_access_customer` int(11) NOT NULL AUTO_INCREMENT,
  `id_customer` int(11) DEFAULT NULL,
  `id_access` int(11) DEFAULT NULL,
  `bl_deactivated` tinyint(1) DEFAULT NULL,
  PRIMARY KEY (`id_access_customer`),
  KEY `idx_access` (`id_access`),
  KEY `idx_customer` (`id_customer`),
  CONSTRAINT `FK_EC2C4F38205E9EB9` FOREIGN KEY (`id_access`) REFERENCES `access` (`id_access`),
  CONSTRAINT `FK_EC2C4F38D1E2629C` FOREIGN KEY (`id_customer`) REFERENCES `customer` (`id_customer`)
) ENGINE=InnoDB DEFAULT CHARSET=utf8;

--
-- Dumping data for table `access_customer`
--


--
-- Table structure for table `access_pop`
--

CREATE TABLE `access_pop` (
  `id_access_pop` int(11) NOT NULL AUTO_INCREMENT,
  `id_access` int(11) DEFAULT NULL,
  `id_pop` int(11) DEFAULT NULL,
  `bl_deactivated` tinyint(1) DEFAULT NULL,
  PRIMARY KEY (`id_access_pop`),
  KEY `idx_access` (`id_access`),
  KEY `idx_pop` (`id_pop`),
  CONSTRAINT `kidx_access` FOREIGN KEY (`id_access`) REFERENCES `access` (`id_access`) ON DELETE NO ACTION ON UPDATE NO ACTION,
  CONSTRAINT `kidx_poip` FOREIGN KEY (`id_pop`) REFERENCES `pop` (`id_pop`) ON DELETE NO ACTION ON UPDATE NO ACTION
) ENGINE=InnoDB DEFAULT CHARSET=utf8;

--
-- Dumping data for table `access_pop`
--


--
-- Table structure for table `access_service`
--

CREATE TABLE `access_service` (
  `id_access_service` int(11) NOT NULL AUTO_INCREMENT,
  `id_access` int(11) DEFAULT NULL,
  `id_service` int(11) DEFAULT NULL,
  `bl_deactivated` tinyint(1) DEFAULT NULL,
  PRIMARY KEY (`id_access_service`),
  KEY `id_access` (`id_access`),
  KEY `id_service` (`id_service`),
  CONSTRAINT `FK_29B840C7205E9EB9` FOREIGN KEY (`id_access`) REFERENCES `access` (`id_access`),
  CONSTRAINT `FK_29B840C73F0033A2` FOREIGN KEY (`id_service`) REFERENCES `service` (`id_service`)
) ENGINE=InnoDB DEFAULT CHARSET=utf8;

--
-- Dumping data for table `access_service`
--


--
-- Table structure for table `activity`
--

CREATE TABLE `activity` (
  `id_activity` int(11) NOT NULL AUTO_INCREMENT,
  `cd_activity` varchar(15) NOT NULL,
  `lb_activity` varchar(100) DEFAULT NULL,
  `bl_deactivated` tinyint(1) DEFAULT NULL,
  `dt_create` datetime DEFAULT NULL,
  `dt_update` datetime DEFAULT NULL,
  `id_user_create_by` int(11) DEFAULT NULL,
  `id_user_update_by` int(11) DEFAULT NULL,
  PRIMARY KEY (`id_activity`),
  KEY `id_user_create_by` (`id_user_create_by`),
  KEY `id_user_update_by` (`id_user_update_by`),
  CONSTRAINT `FK_AC74095A536A5873` FOREIGN KEY (`id_user_create_by`) REFERENCES `myuser` (`id`),
  CONSTRAINT `FK_AC74095A68E26F41` FOREIGN KEY (`id_user_update_by`) REFERENCES `myuser` (`id`)
) ENGINE=InnoDB AUTO_INCREMENT=4 DEFAULT CHARSET=utf8;

--
-- Dumping data for table `activity`
--

INSERT INTO `activity` VALUES (1,'wi','wireless',1,'2013-05-27 18:09:18','2013-05-27 18:09:18',2,2),(2,'ethWAN','Ethernet WAN',1,'2013-06-25 09:27:29','2013-06-25 09:27:29',2,2),(3,'WebS','Web Services',1,'2013-07-02 09:54:20','2013-07-02 09:54:20',2,2);

--
-- Table structure for table `address`
--

CREATE TABLE `address` (
  `id_address` int(11) NOT NULL AUTO_INCREMENT,
  `id_user_update_by` int(11) DEFAULT NULL,
  `dt_update` datetime DEFAULT NULL,
  `id_user_create_by` int(11) DEFAULT NULL,
  `dt_create` datetime DEFAULT NULL,
  `lb_address` varchar(255) NOT NULL,
  `cd_zip_code` varchar(15) DEFAULT NULL,
  `id_city` int(11) DEFAULT NULL,
  `id_country` int(11) DEFAULT NULL,
  `lb_phone` varchar(20) DEFAULT NULL,
  `lb_fax` varchar(20) DEFAULT NULL,
  `lb_email` varchar(100) DEFAULT NULL,
  `bl_status` tinyint(1) DEFAULT NULL,
  `comment` text,
  `bl_french_local_loop` tinyint(1) DEFAULT NULL,
  `cd_magellan` varchar(15) DEFAULT NULL,
  `bl_on_net_voice` tinyint(1) DEFAULT NULL,
  `bl_on_net_data` tinyint(1) DEFAULT NULL,
  `lb_siret` varchar(20) DEFAULT NULL,
  `lb_ls_account` varchar(20) DEFAULT NULL,
  `lb_private_installer` varchar(100) DEFAULT NULL,
  `lb_ptt_head` varchar(100) DEFAULT NULL,
  `bl_maintenance` tinyint(1) DEFAULT NULL,
  `room` varchar(255) DEFAULT NULL,
  `floor` varchar(255) DEFAULT NULL,
  `lb_pi_address` varchar(255) DEFAULT NULL,
  `lb_pi_phone` varchar(20) DEFAULT NULL,
  `lb_pi_fax` varchar(20) DEFAULT NULL,
  `lb_pi_corres` varchar(255) DEFAULT NULL,
  `lb_entretien` varchar(255) DEFAULT NULL,
  `id_address_type` int(11) DEFAULT NULL,
  `cd_account_magellan` varchar(15) DEFAULT NULL,
  `id_customer` int(11) DEFAULT NULL,
  PRIMARY KEY (`id_address`),
  KEY `id_user_update_by` (`id_user_update_by`),
  KEY `id_user_create_by` (`id_user_create_by`),
  KEY `id_city` (`id_city`),
  KEY `id_country` (`id_country`),
  KEY `id_address_type` (`id_address_type`),
  KEY `IDX_D4E6F81D1E2629C` (`id_customer`),
  CONSTRAINT `FK_D4E6F81536A5873` FOREIGN KEY (`id_user_create_by`) REFERENCES `myuser` (`id`),
  CONSTRAINT `FK_D4E6F8168E26F41` FOREIGN KEY (`id_user_update_by`) REFERENCES `myuser` (`id`),
  CONSTRAINT `FK_D4E6F818DEE6016` FOREIGN KEY (`id_country`) REFERENCES `country` (`id_country`),
  CONSTRAINT `FK_D4E6F81A67B1E36` FOREIGN KEY (`id_city`) REFERENCES `city` (`id_city`),
  CONSTRAINT `FK_D4E6F81D1E2629C` FOREIGN KEY (`id_customer`) REFERENCES `customer` (`id_customer`),
  CONSTRAINT `FK_D4E6F81D253F2B0` FOREIGN KEY (`id_address_type`) REFERENCES `address_type` (`id_address_type`)
) ENGINE=InnoDB AUTO_INCREMENT=49 DEFAULT CHARSET=utf8;

--
-- Dumping data for table `address`
--

INSERT INTO `address` VALUES (1,2,'2013-05-27 16:30:03',2,'2013-05-27 16:30:03','6 impasse des lys','91180',498,2,'1255',NULL,'jconan@protego.net',1,NULL,0,NULL,0,0,NULL,NULL,NULL,NULL,0,NULL,NULL,NULL,NULL,NULL,NULL,NULL,1,NULL,NULL),(2,2,'2013-06-17 16:54:08',2,'2013-06-17 16:54:08','12','91180',502,4,'12656565665',NULL,'jconan@protego.net',1,NULL,0,NULL,0,0,NULL,NULL,NULL,NULL,0,NULL,NULL,NULL,NULL,NULL,NULL,NULL,1,NULL,NULL),(4,2,'2013-06-17 17:13:25',2,'2013-06-17 17:13:25','6 impasse des LYS','91180',499,4,NULL,NULL,NULL,0,NULL,0,NULL,0,0,NULL,NULL,NULL,NULL,0,NULL,NULL,NULL,NULL,NULL,NULL,NULL,1,NULL,NULL),(5,2,'2013-09-12 11:59:41',2,'2013-06-18 11:33:17','121','75005',507,5,'03323535','03323212','rob@dsdsdqsdsd.com',1,NULL,0,'22',0,0,'231313131','121','1212','1212',0,NULL,NULL,'1212','sdd','sdsd','sds','sds',2,'22',NULL),(6,2,'2013-06-25 09:41:59',2,'2013-06-25 09:41:59','qqsd','32323',508,19,'1212','2121','sds@sdd.com',0,NULL,0,'1212',1,0,'2121','1212','2121','2121',0,NULL,NULL,'2121','2121','2121','2121','2121',2,'2121',NULL),(7,2,'2013-06-25 09:52:46',2,'2013-06-25 09:52:46','12252 China Street','12252',508,19,'12121','2121','2121@hk.com',1,NULL,0,'21',0,0,'2121','2121','2121','212',0,NULL,NULL,'221','2121','212','21','21',2,'2121',2),(8,2,'2013-06-26 18:10:17',2,'2013-06-26 18:10:17','125 rue du pair','75005',507,4,'0607080901','0102030405','the@obPM.com',1,NULL,1,'2',1,1,'121 2121 2121','12','1','32M',1,NULL,NULL,'125 rue du pari','0607080901','010203040506','c','123',3,'3',NULL),(9,2,'2013-06-26 19:09:15',2,'2013-06-26 19:09:15','65 Rue de Grande Bretagne','05987',500,2,'02050604','0203040805','dsd@sd.com',1,NULL,1,'1',1,1,'654 987','65','65','65',1,NULL,NULL,'65','65','65','65','65',3,'1',NULL),(10,2,'2013-10-08 19:24:57',2,'2013-07-02 10:00:07','35 ru François premier','83562',510,4,'33 1 42356865','33 1 48759625','dc_blois@orange.com',1,NULL,0,'526',1,1,'3265987452','45','54','52',1,NULL,NULL,'52','0607080901','33 1 04658659','qsdd','sdqsd',2,'526',3),(11,2,'2013-10-10 09:52:58',2,'2013-07-02 10:00:07','qqsdqsd','qsdqsdqsd',502,6,'656565','6565656','pia.ritter@wahnsinn.de',0,NULL,1,'65656',1,1,'656565','656565','656565','656565',0,NULL,NULL,'656565','656565','656565','656565','65656',2,'656565',3),(13,2,'2013-09-10 12:55:59',2,'2013-07-08 09:26:32','5343','91180',504,9,'5646','46','toto@hotmail.com',0,NULL,0,'46',1,0,'456','46','46','46',0,NULL,NULL,'46','46','46','46','46',1,'456',NULL),(16,2,'2013-10-04 00:21:31',2,'2013-10-04 00:21:31','66545','91180',498,2,NULL,NULL,NULL,1,NULL,0,NULL,0,0,NULL,NULL,NULL,NULL,0,NULL,NULL,NULL,NULL,NULL,NULL,NULL,1,NULL,NULL),(18,2,'2013-11-20 00:00:00',2,'2013-10-08 00:00:00','21 rue du maineland country west','92160',498,2,NULL,NULL,NULL,1,NULL,0,NULL,0,0,NULL,NULL,NULL,NULL,0,NULL,NULL,NULL,NULL,NULL,NULL,NULL,3,NULL,1),(19,2,'2013-10-08 00:00:00',2,'2013-10-08 00:00:00','Hampstead circle no 123 bis','30659',498,2,'+44 207 44509872','+44 207 445098888','agatha.christie@gmx.com',1,NULL,0,'This field is v',0,0,NULL,NULL,NULL,NULL,0,NULL,NULL,NULL,NULL,NULL,NULL,NULL,1,NULL,9),(20,2,'2013-10-08 15:43:54',2,'2013-10-08 15:43:54','Kurt-Schumacher- Str. 18','387633',510,4,NULL,NULL,NULL,0,NULL,0,NULL,0,0,NULL,NULL,NULL,NULL,0,NULL,NULL,NULL,NULL,NULL,NULL,NULL,1,NULL,NULL),(21,2,'2013-11-20 17:31:51',2,'2013-10-08 18:01:39','21212 main street away','92160',498,2,NULL,NULL,NULL,1,NULL,0,NULL,0,0,NULL,NULL,NULL,NULL,0,NULL,NULL,NULL,NULL,NULL,NULL,NULL,1,NULL,1),(22,2,'2013-10-08 19:10:25',2,'2013-10-08 19:09:37','Himmelspforte 12','65432',502,4,NULL,NULL,NULL,1,NULL,0,'4321',0,0,NULL,NULL,NULL,NULL,0,NULL,NULL,NULL,NULL,NULL,NULL,NULL,1,NULL,3),(24,2,'2013-10-09 11:33:43',2,'2013-10-09 11:33:43','Hell Drive Circle 98764','345',498,2,NULL,NULL,'Koenig@lufthansa.com',0,NULL,0,'4873',0,0,NULL,NULL,NULL,NULL,0,'8765','15',NULL,NULL,NULL,NULL,NULL,1,NULL,13),(25,2,'2013-11-02 01:35:30',2,'2013-11-02 01:35:30','','',NULL,NULL,NULL,NULL,NULL,1,NULL,NULL,NULL,NULL,NULL,NULL,NULL,NULL,NULL,NULL,NULL,NULL,NULL,NULL,NULL,NULL,NULL,1,NULL,15),(26,2,'2013-11-15 00:00:00',2,'2013-11-15 00:00:00','fjzaoptnb','65265',510,4,NULL,NULL,NULL,0,NULL,0,NULL,0,0,NULL,NULL,NULL,NULL,0,NULL,NULL,NULL,NULL,NULL,NULL,NULL,1,NULL,16),(27,2,'2013-11-15 00:00:00',2,'2013-11-15 00:00:00','Main stree 234','23541',503,6,'+3465412387',NULL,'emily.miller@rolandgarros.com',1,'Roland Garros Marketing company belongs to a large Marketing holding named VRTC Worldwide Promotion',0,'76543',0,0,NULL,NULL,NULL,NULL,0,'123','345',NULL,NULL,NULL,NULL,NULL,1,NULL,16),(28,2,'2014-01-20 13:53:02',2,'2014-01-20 13:53:02','12 rue des mimosas','91180',498,5,NULL,NULL,NULL,1,NULL,0,NULL,0,0,NULL,NULL,NULL,NULL,0,NULL,NULL,NULL,NULL,NULL,NULL,NULL,2,NULL,16),(29,2,'2014-01-20 17:27:17',2,'2014-01-20 17:27:17','','',NULL,NULL,NULL,NULL,NULL,1,NULL,NULL,NULL,NULL,NULL,NULL,NULL,NULL,NULL,NULL,NULL,NULL,NULL,NULL,NULL,NULL,NULL,1,NULL,17),(30,2,'2014-01-20 00:00:00',2,'2014-01-20 00:00:00','FINSGRACHT 21','62541',510,4,'+3301044055066098','+3301044055066098','info@bose.com',1,NULL,0,'3289',0,0,NULL,NULL,NULL,NULL,0,'21','15',NULL,NULL,NULL,NULL,NULL,1,NULL,18),(31,2,'2014-01-20 17:57:24',2,'2014-01-20 17:57:24','Hell driver road 5214','1432',502,4,NULL,NULL,NULL,1,NULL,0,NULL,0,0,NULL,NULL,NULL,NULL,0,NULL,NULL,NULL,NULL,NULL,NULL,NULL,2,NULL,18),(32,2,'2014-01-20 17:58:09',2,'2014-01-20 17:58:09','Sous le pont neuf 142','21987',507,4,NULL,NULL,NULL,1,NULL,0,'8512',0,0,NULL,NULL,NULL,NULL,0,NULL,NULL,NULL,NULL,NULL,NULL,NULL,3,NULL,18),(33,2,'2014-01-24 00:00:00',2,'2014-01-24 00:00:00','Head Office Address 472','9214',519,27,NULL,NULL,NULL,1,NULL,0,NULL,0,0,NULL,NULL,NULL,NULL,0,NULL,NULL,NULL,NULL,NULL,NULL,NULL,1,NULL,19),(34,2,'2014-01-24 00:00:00',2,'2014-01-24 00:00:00','Italian Customer Address','9614',518,27,NULL,NULL,NULL,1,NULL,0,NULL,1,1,NULL,NULL,NULL,NULL,0,NULL,NULL,NULL,NULL,NULL,NULL,NULL,2,NULL,19),(35,2,'2014-01-24 14:34:44',2,'2014-01-24 14:34:44','Italian Customer Adress 59','95397',518,27,NULL,NULL,NULL,1,NULL,0,NULL,0,0,NULL,NULL,NULL,NULL,0,NULL,NULL,NULL,NULL,NULL,NULL,NULL,3,NULL,19),(36,2,'2014-01-24 00:00:00',2,'2014-01-24 00:00:00','spanish cust head quarters','5920',511,21,NULL,NULL,NULL,1,NULL,0,NULL,0,0,NULL,NULL,NULL,NULL,0,NULL,NULL,NULL,NULL,NULL,NULL,NULL,1,NULL,20),(37,2,'2014-01-24 00:00:00',2,'2014-01-24 00:00:00','Spanish Customer','98324',511,21,NULL,NULL,NULL,1,NULL,0,'59321',1,1,NULL,NULL,NULL,NULL,0,NULL,NULL,NULL,NULL,NULL,NULL,NULL,2,NULL,20),(38,2,'2014-01-24 00:00:00',2,'2014-01-24 00:00:00','spanish Customer Billing Address','98214',513,21,NULL,NULL,NULL,1,NULL,0,'9514',0,0,NULL,NULL,NULL,NULL,0,NULL,NULL,NULL,NULL,NULL,NULL,NULL,3,NULL,20),(39,2,'2014-01-27 00:00:00',2,'2014-01-27 00:00:00','Hofbraeu 94','621',519,27,NULL,NULL,NULL,1,NULL,0,NULL,1,0,NULL,NULL,NULL,NULL,0,NULL,NULL,NULL,NULL,NULL,NULL,NULL,2,NULL,19),(40,2,'2014-02-11 11:19:24',2,'2014-02-11 11:19:24','','',NULL,NULL,NULL,NULL,NULL,1,NULL,NULL,NULL,NULL,NULL,NULL,NULL,NULL,NULL,NULL,NULL,NULL,NULL,NULL,NULL,NULL,NULL,1,NULL,21),(41,2,'2014-02-11 11:57:42',2,'2014-02-11 11:57:42','Avenida Infanta Carlota','98453',511,32,NULL,NULL,NULL,1,NULL,0,NULL,0,0,NULL,NULL,NULL,NULL,0,NULL,NULL,NULL,NULL,NULL,NULL,NULL,2,NULL,20),(42,2,'2014-02-11 18:18:34',2,'2014-02-11 18:18:34','del address','4555',527,33,NULL,NULL,NULL,1,NULL,0,NULL,0,0,NULL,NULL,NULL,NULL,0,NULL,NULL,NULL,NULL,NULL,NULL,NULL,2,NULL,21),(43,2,'2014-02-11 18:21:22',2,'2014-02-11 18:21:22','bill address','8888',527,33,NULL,NULL,NULL,1,NULL,0,NULL,0,0,NULL,NULL,NULL,NULL,0,NULL,NULL,NULL,NULL,NULL,NULL,NULL,3,NULL,21),(44,2,'2014-02-14 15:20:32',2,'2014-02-14 15:20:32','','',NULL,NULL,NULL,NULL,NULL,1,NULL,NULL,NULL,NULL,NULL,NULL,NULL,NULL,NULL,NULL,NULL,NULL,NULL,NULL,NULL,NULL,NULL,1,NULL,22),(45,2,'2014-02-14 15:29:30',2,'2014-02-14 15:29:30','12221','91180',510,4,NULL,NULL,NULL,1,NULL,0,NULL,0,0,NULL,NULL,NULL,NULL,0,NULL,NULL,NULL,NULL,NULL,NULL,NULL,2,NULL,19),(46,2,'2014-02-17 00:00:00',2,'2014-02-17 00:00:00','Head office street for Customer A','60333',527,33,'+49 69 50 60 74 0','+49 69 50 60 74 401','customerinfo@customer.com',1,NULL,0,NULL,0,0,NULL,NULL,NULL,NULL,0,'403','6',NULL,NULL,NULL,NULL,NULL,1,NULL,23),(47,2,'2014-02-17 00:00:00',2,'2014-02-17 00:00:00','Delivery Address of German customer A','60333',527,33,NULL,NULL,NULL,1,NULL,0,NULL,0,0,NULL,NULL,NULL,NULL,0,NULL,NULL,NULL,NULL,NULL,NULL,NULL,2,NULL,23),(48,2,'2014-02-17 00:00:00',2,'2014-02-17 00:00:00','Billing Address of German Customer A','70564',524,33,NULL,NULL,NULL,1,NULL,0,'12345',0,0,NULL,NULL,NULL,NULL,0,NULL,NULL,NULL,NULL,NULL,NULL,NULL,3,NULL,23);

--
-- Table structure for table `address_contact`
--

CREATE TABLE `address_contact` (
  `id_address_contact` int(11) NOT NULL AUTO_INCREMENT,
  `id_city` int(11) DEFAULT NULL,
  `id_country` int(11) DEFAULT NULL,
  `id_user_update_by` int(11) DEFAULT NULL,
  `id_user_create_by` int(11) DEFAULT NULL,
  `dt_update` datetime DEFAULT NULL,
  `dt_create` datetime DEFAULT NULL,
  `lb_address` varchar(255) COLLATE utf8_unicode_ci NOT NULL,
  `cd_zip_code` varchar(15) COLLATE utf8_unicode_ci DEFAULT NULL,
  `lb_phone` varchar(20) COLLATE utf8_unicode_ci DEFAULT NULL,
  PRIMARY KEY (`id_address_contact`),
  KEY `IDX_178711A0A67B1E36` (`id_city`),
  KEY `IDX_178711A08DEE6016` (`id_country`),
  KEY `IDX_178711A068E26F41` (`id_user_update_by`),
  KEY `IDX_178711A0536A5873` (`id_user_create_by`),
  CONSTRAINT `FK_178711A0536A5873` FOREIGN KEY (`id_user_create_by`) REFERENCES `myuser` (`id`),
  CONSTRAINT `FK_178711A068E26F41` FOREIGN KEY (`id_user_update_by`) REFERENCES `myuser` (`id`),
  CONSTRAINT `FK_178711A08DEE6016` FOREIGN KEY (`id_country`) REFERENCES `country` (`id_country`),
  CONSTRAINT `FK_178711A0A67B1E36` FOREIGN KEY (`id_city`) REFERENCES `city` (`id_city`)
) ENGINE=InnoDB AUTO_INCREMENT=4 DEFAULT CHARSET=utf8 COLLATE=utf8_unicode_ci;

--
-- Dumping data for table `address_contact`
--

INSERT INTO `address_contact` VALUES (1,498,2,2,2,'2013-10-08 12:37:44','2013-10-08 12:37:44','2 rue de la paix','92160',NULL),(2,518,27,2,2,'2014-01-24 14:38:32','2014-01-24 14:38:32','Why do we have this address fields??????','3297','+32095103650789'),(3,522,33,2,2,'2014-02-17 17:16:23','2014-02-17 17:16:23','Unter den Linden 876','20000',NULL);

--
-- Table structure for table `address_magellan`
--

CREATE TABLE `address_magellan` (
  `id_address_magellan` int(11) NOT NULL AUTO_INCREMENT,
  `id_address_gina` int(11) DEFAULT NULL,
  `id_branch` int(11) DEFAULT NULL,
  `cd_account_magellan` varchar(15) DEFAULT NULL,
  `id_customer_gina` int(11) DEFAULT NULL,
  `id_type_address` int(11) DEFAULT NULL,
  PRIMARY KEY (`id_address_magellan`),
  KEY `id_branch` (`id_branch`),
  KEY `id_customer_gina` (`id_customer_gina`),
  KEY `id_type_address` (`id_type_address`),
  CONSTRAINT `FK_5F70784A6AE7506` FOREIGN KEY (`id_type_address`) REFERENCES `address_type` (`id_address_type`),
  CONSTRAINT `FK_5F70784A9DB1AEF2` FOREIGN KEY (`id_branch`) REFERENCES `branch` (`id_branch`),
  CONSTRAINT `FK_5F70784AEBC182FC` FOREIGN KEY (`id_customer_gina`) REFERENCES `customer` (`id_customer`)
) ENGINE=InnoDB DEFAULT CHARSET=utf8;

--
-- Dumping data for table `address_magellan`
--


--
-- Table structure for table `address_pop`
--

CREATE TABLE `address_pop` (
  `id_address_pop` int(11) NOT NULL AUTO_INCREMENT,
  `id_city` int(11) DEFAULT NULL,
  `id_country` int(11) DEFAULT NULL,
  `id_user_update_by` int(11) DEFAULT NULL,
  `id_user_create_by` int(11) DEFAULT NULL,
  `id_pop` int(11) DEFAULT NULL,
  `dt_update` datetime DEFAULT NULL,
  `dt_create` datetime DEFAULT NULL,
  `lb_address` varchar(255) COLLATE utf8_unicode_ci NOT NULL,
  `cd_zip_code` varchar(15) COLLATE utf8_unicode_ci DEFAULT NULL,
  `lb_phone` varchar(20) COLLATE utf8_unicode_ci DEFAULT NULL,
  `lb_localisation` varchar(255) COLLATE utf8_unicode_ci DEFAULT NULL,
  `lb_building` varchar(100) COLLATE utf8_unicode_ci DEFAULT NULL,
  `id_address_type` int(11) DEFAULT NULL,
  `bl_status` tinyint(1) DEFAULT NULL,
  PRIMARY KEY (`id_address_pop`),
  KEY `IDX_529EED99A67B1E36` (`id_city`),
  KEY `IDX_529EED998DEE6016` (`id_country`),
  KEY `IDX_529EED9968E26F41` (`id_user_update_by`),
  KEY `IDX_529EED99536A5873` (`id_user_create_by`),
  KEY `IDX_529EED9987745F4C` (`id_pop`),
  KEY `IDX_529EED99D253F2B0` (`id_address_type`),
  CONSTRAINT `FK_529EED99536A5873` FOREIGN KEY (`id_user_create_by`) REFERENCES `myuser` (`id`),
  CONSTRAINT `FK_529EED9968E26F41` FOREIGN KEY (`id_user_update_by`) REFERENCES `myuser` (`id`),
  CONSTRAINT `FK_529EED9987745F4C` FOREIGN KEY (`id_pop`) REFERENCES `pop` (`id_pop`),
  CONSTRAINT `FK_529EED998DEE6016` FOREIGN KEY (`id_country`) REFERENCES `country` (`id_country`),
  CONSTRAINT `FK_529EED99A67B1E36` FOREIGN KEY (`id_city`) REFERENCES `city` (`id_city`),
  CONSTRAINT `FK_529EED99D253F2B0` FOREIGN KEY (`id_address_type`) REFERENCES `address_type` (`id_address_type`)
) ENGINE=InnoDB AUTO_INCREMENT=16 DEFAULT CHARSET=utf8 COLLATE=utf8_unicode_ci;

--
-- Dumping data for table `address_pop`
--

INSERT INTO `address_pop` VALUES (1,498,5,2,2,9,'2014-01-19 00:00:00','2014-01-19 00:00:00','gdgdg','91180',NULL,NULL,NULL,2,1),(2,502,4,2,2,10,'2014-01-22 16:25:17','2014-01-22 16:25:17','Stiftstr. 125','75412',NULL,NULL,NULL,2,1),(3,515,5,2,2,10,'2014-01-22 16:26:13','2014-01-22 16:26:13','Friedberger Landstrasse 587','8147',NULL,NULL,NULL,2,1),(4,514,5,2,2,9,'2014-01-22 17:31:55','2014-01-22 17:31:55','cchv','1245',NULL,NULL,NULL,2,1),(5,525,33,2,2,11,'2014-02-18 13:04:11','2014-02-18 13:04:11','Muenchener Strasse 87-','8000',NULL,'3.étage, Room 764','AA1',2,1),(6,528,4,2,2,13,'2014-02-18 17:13:04','2014-02-18 17:13:04','Main Delivery Street for Aubervillier POP','78543',NULL,NULL,NULL,2,1),(7,528,4,2,2,14,'2014-02-18 17:17:11','2014-02-18 17:17:11','Cabling delivery port no 987','9836',NULL,NULL,NULL,2,1),(8,528,4,2,2,14,'2014-02-18 17:18:00','2014-02-18 17:18:00','Tuyaux canaux 811','333',NULL,NULL,NULL,2,1),(9,516,5,2,2,13,'2014-03-10 17:24:25','2014-03-10 17:24:25','dfgdfgdgdg','45455',NULL,NULL,'dfsf',2,1),(10,514,12,2,2,13,'2014-03-10 00:00:00','2014-03-10 00:00:00','54545','5454',NULL,NULL,NULL,2,1),(11,514,5,2,2,13,'2014-03-10 17:47:03','2014-03-10 17:47:03','54545','5454',NULL,NULL,NULL,2,1),(12,516,5,2,2,13,'2014-03-10 18:13:42','2014-03-10 18:13:42','545454','565656',NULL,NULL,NULL,2,1),(13,514,5,2,2,13,'2014-03-10 18:14:54','2014-03-10 18:14:54','54545','4545',NULL,NULL,NULL,2,1),(14,514,5,2,2,13,'2014-03-10 18:16:15','2014-03-10 18:16:15','54545','4545',NULL,NULL,NULL,2,1),(15,514,5,2,2,13,'2014-03-10 18:18:29','2014-03-10 18:18:29','gfgfdhdfh','855',NULL,NULL,NULL,2,1);

--
-- Table structure for table `address_provider`
--

CREATE TABLE `address_provider` (
  `id_address_provider` int(11) NOT NULL AUTO_INCREMENT,
  `id_city` int(11) DEFAULT NULL,
  `id_country` int(11) DEFAULT NULL,
  `id_user_update_by` int(11) DEFAULT NULL,
  `id_user_create_by` int(11) DEFAULT NULL,
  `id_provider` int(11) DEFAULT NULL,
  `dt_update` datetime DEFAULT NULL,
  `dt_create` datetime DEFAULT NULL,
  `lb_address` varchar(255) COLLATE utf8_unicode_ci NOT NULL,
  `cd_zip_code` varchar(15) COLLATE utf8_unicode_ci DEFAULT NULL,
  `lb_phone` varchar(20) COLLATE utf8_unicode_ci DEFAULT NULL,
  `lb_fax` varchar(20) COLLATE utf8_unicode_ci DEFAULT NULL,
  `lb_email` varchar(100) COLLATE utf8_unicode_ci DEFAULT NULL,
  `bl_status` tinyint(1) DEFAULT NULL,
  `comment` longtext COLLATE utf8_unicode_ci,
  `room` varchar(255) COLLATE utf8_unicode_ci DEFAULT NULL,
  `floor` varchar(255) COLLATE utf8_unicode_ci DEFAULT NULL,
  `id_address_type` int(11) DEFAULT NULL,
  PRIMARY KEY (`id_address_provider`),
  KEY `IDX_6C4B8D1DA67B1E36` (`id_city`),
  KEY `IDX_6C4B8D1D8DEE6016` (`id_country`),
  KEY `IDX_6C4B8D1D68E26F41` (`id_user_update_by`),
  KEY `IDX_6C4B8D1D536A5873` (`id_user_create_by`),
  KEY `IDX_6C4B8D1DC21F9F09` (`id_provider`),
  KEY `IDX_6C4B8D1DD253F2B0` (`id_address_type`),
  CONSTRAINT `FK_6C4B8D1D536A5873` FOREIGN KEY (`id_user_create_by`) REFERENCES `myuser` (`id`),
  CONSTRAINT `FK_6C4B8D1D68E26F41` FOREIGN KEY (`id_user_update_by`) REFERENCES `myuser` (`id`),
  CONSTRAINT `FK_6C4B8D1D8DEE6016` FOREIGN KEY (`id_country`) REFERENCES `country` (`id_country`),
  CONSTRAINT `FK_6C4B8D1DA67B1E36` FOREIGN KEY (`id_city`) REFERENCES `city` (`id_city`),
  CONSTRAINT `FK_6C4B8D1DC21F9F09` FOREIGN KEY (`id_provider`) REFERENCES `provider` (`id_provider`),
  CONSTRAINT `FK_6C4B8D1DD253F2B0` FOREIGN KEY (`id_address_type`) REFERENCES `address_type` (`id_address_type`)
) ENGINE=InnoDB AUTO_INCREMENT=23 DEFAULT CHARSET=utf8 COLLATE=utf8_unicode_ci;

--
-- Dumping data for table `address_provider`
--

INSERT INTO `address_provider` VALUES (1,498,2,2,2,1,'2013-09-25 00:00:00','2013-09-25 00:00:00','lkhjhgf','99595',NULL,NULL,NULL,1,NULL,NULL,NULL,1),(2,511,21,2,2,10,'2014-01-17 16:26:46','2014-01-17 16:26:46','Carretera del destino 412257','52147','+3402568715','+34023698751','info@colt.com',1,NULL,'521','8',1),(3,513,21,2,2,10,'2014-01-17 16:29:46','2014-01-17 16:29:46','Avenida de los Angeles 5147','2141457',NULL,NULL,NULL,1,NULL,'781','B',1),(4,513,21,2,2,9,'2014-01-17 17:45:27','2014-01-17 17:45:27','Ojala 4512','1542',NULL,NULL,NULL,1,NULL,NULL,NULL,1),(5,511,21,2,2,9,'2014-01-17 17:46:33','2014-01-17 17:46:33','Nichtrichtig Allee 56874','625874',NULL,NULL,NULL,1,NULL,NULL,NULL,1),(6,NULL,NULL,2,2,13,'2014-01-18 17:11:15','2014-01-18 17:11:15','','',NULL,NULL,NULL,1,NULL,NULL,NULL,1),(7,498,5,2,2,10,'2014-01-20 00:00:00','2014-01-20 00:00:00','rue de la paix','92160',NULL,NULL,NULL,1,NULL,NULL,NULL,2),(8,498,5,2,2,14,'2014-01-20 00:00:00','2014-01-20 00:00:00','Picadelly Circle 124','652687','59+78+4654+8764',NULL,'info@natterbox.com',1,NULL,'1496A','Entre-niveau',1),(9,510,4,2,2,14,'2014-01-20 15:01:17','2014-01-20 15:01:17','winkelberg 126','658741','+3301058024063024','+33010990326598','info@natterbox.com',1,NULL,NULL,'2V',2),(10,503,6,2,2,14,'2014-01-20 15:05:56','2014-01-20 15:05:56','Auf dem Flohmarkt 5214','625874',NULL,NULL,NULL,1,NULL,NULL,NULL,2),(11,513,21,2,2,14,'2014-01-20 15:07:37','2014-01-20 15:07:37','Accountant Street 26514','62587',NULL,NULL,NULL,1,NULL,NULL,NULL,3),(12,521,32,2,2,9,'2014-01-27 00:00:00','2014-01-27 00:00:00','Schneewalzermarkt 954','9429',NULL,NULL,NULL,1,NULL,NULL,NULL,3),(13,518,27,2,2,10,'2014-01-29 00:00:00','2014-01-29 00:00:00','Colt Italy Billing address','95421',NULL,NULL,NULL,1,NULL,NULL,NULL,3),(14,521,32,2,2,15,'2014-01-31 00:00:00','2014-01-31 00:00:00','Frankfurt Colt Head Office street','65387',NULL,NULL,NULL,1,NULL,NULL,NULL,1),(15,525,33,2,2,15,'2014-01-31 14:34:13','2014-01-31 14:34:13','Financial District 46 B 45th','80432',NULL,NULL,NULL,1,NULL,NULL,NULL,3),(16,523,33,2,2,15,'2014-01-31 14:35:00','2014-01-31 14:35:00','Cave No. 98','2000',NULL,NULL,NULL,1,NULL,NULL,NULL,2),(17,525,33,2,2,16,'2014-02-03 00:00:00','2014-02-03 00:00:00','Stiftstr 54','60356',NULL,NULL,NULL,1,NULL,NULL,NULL,1),(18,523,33,2,2,16,'2014-02-03 18:04:44','2014-02-03 18:04:44','Stiftstr Delivery','9654',NULL,NULL,NULL,1,NULL,NULL,NULL,2),(19,524,33,2,2,16,'2014-02-03 00:00:00','2014-02-03 00:00:00','Banking Area432','321876',NULL,NULL,NULL,1,NULL,NULL,NULL,3),(20,526,5,2,2,17,'2014-02-11 00:00:00','2014-02-11 00:00:00','Plaza Tower, A-321','98HJT54',NULL,NULL,NULL,1,NULL,NULL,NULL,1),(21,526,5,2,2,17,'2014-02-11 10:59:08','2014-02-11 10:59:08','Cellar Level 765\'','OK987FR',NULL,NULL,NULL,1,NULL,NULL,NULL,2),(22,526,5,2,2,17,'2014-02-11 11:30:15','2014-02-11 11:30:15','Covent Garden','9JHZ432',NULL,NULL,NULL,1,NULL,NULL,NULL,2);

--
-- Table structure for table `address_simple`
--

CREATE TABLE `address_simple` (
  `id_address_simple` int(11) NOT NULL AUTO_INCREMENT,
  `id_city` int(11) DEFAULT NULL,
  `id_country` int(11) DEFAULT NULL,
  `id_user_update_by` int(11) DEFAULT NULL,
  `id_user_create_by` int(11) DEFAULT NULL,
  `dt_update` datetime DEFAULT NULL,
  `dt_create` datetime DEFAULT NULL,
  `lb_address` varchar(255) COLLATE utf8_unicode_ci NOT NULL,
  `cd_zip_code` varchar(15) COLLATE utf8_unicode_ci DEFAULT NULL,
  `lb_phone` varchar(20) COLLATE utf8_unicode_ci DEFAULT NULL,
  PRIMARY KEY (`id_address_simple`),
  KEY `IDX_FA22B8BDA67B1E36` (`id_city`),
  KEY `IDX_FA22B8BD8DEE6016` (`id_country`),
  KEY `IDX_FA22B8BD68E26F41` (`id_user_update_by`),
  KEY `IDX_FA22B8BD536A5873` (`id_user_create_by`),
  CONSTRAINT `FK_FA22B8BD536A5873` FOREIGN KEY (`id_user_create_by`) REFERENCES `myuser` (`id`),
  CONSTRAINT `FK_FA22B8BD68E26F41` FOREIGN KEY (`id_user_update_by`) REFERENCES `myuser` (`id`),
  CONSTRAINT `FK_FA22B8BD8DEE6016` FOREIGN KEY (`id_country`) REFERENCES `country` (`id_country`),
  CONSTRAINT `FK_FA22B8BDA67B1E36` FOREIGN KEY (`id_city`) REFERENCES `city` (`id_city`)
) ENGINE=InnoDB AUTO_INCREMENT=21 DEFAULT CHARSET=utf8 COLLATE=utf8_unicode_ci;

--
-- Dumping data for table `address_simple`
--

INSERT INTO `address_simple` VALUES (1,498,2,2,2,'2013-10-01 15:34:12','2013-10-01 15:34:12','454','5','4'),(2,498,2,2,2,'2013-10-01 15:49:50','2013-10-01 15:49:50','45 rue du maine','454',NULL),(3,500,5,2,2,'2013-10-07 17:26:12','2013-10-07 17:26:12','35 rue du brésil','92160','2145454'),(4,500,5,2,2,'2013-10-08 18:06:49','2013-10-08 18:06:49','Elisabethenstr.','jfji42578142h',NULL),(5,513,21,2,2,'2014-01-17 16:07:17','2014-01-17 16:07:17','Avenida de los Infantes 6514','65791',NULL),(6,498,5,2,2,'2014-01-19 22:40:43','2014-01-19 22:40:43','test 1','92160',NULL),(7,511,21,2,2,'2014-01-24 11:45:10','2014-01-24 11:45:10','Plaza Mayor 297','6147','+34 25 69 57 64'),(8,518,27,2,2,'2014-01-24 11:50:41','2014-01-24 11:50:41','Santa Barbara 9832','5179','+87012096054082'),(9,525,33,2,2,'2014-01-31 14:27:32','2014-01-31 14:27:32','Vilbeler Strasse 29','65317',NULL),(10,517,30,2,2,'2014-01-31 14:29:02','2014-01-31 14:29:02','Trafalgar Square 54','98432',NULL),(11,507,4,2,2,'2014-02-18 16:35:19','2014-02-18 16:35:19','Place de la Concorde','75001',NULL),(12,528,4,2,2,'2014-02-20 11:55:16','2014-02-20 11:55:16','33 rue du zippo','99222',NULL),(13,528,4,2,2,'2014-02-20 11:55:36','2014-02-20 11:55:36','33 rue du zippo','99222',NULL),(14,528,4,2,2,'2014-02-20 13:37:47','2014-02-20 13:37:47','3 rue de zippo','98888',NULL),(15,528,4,2,2,'2014-02-20 13:38:40','2014-02-20 13:38:40','3 rue de zippo','98888',NULL),(16,514,5,2,2,'2014-02-20 15:08:59','2014-02-20 15:08:59','23 hell road','4555',NULL),(17,514,5,2,2,'2014-02-20 15:13:20','2014-02-20 15:13:20','56 rue de l\'enfer','56565',NULL),(18,510,4,2,2,'2014-02-20 15:50:33','2014-02-20 15:50:33','2 rue del apaix','11111',NULL),(19,510,4,2,2,'2014-02-20 15:55:59','2014-02-20 15:55:59','23 hell road','4555',NULL),(20,510,4,2,2,'2014-02-20 16:20:35','2014-02-20 16:20:35','12 rue de la paix','12255',NULL);

--
-- Table structure for table `address_type`
--

CREATE TABLE `address_type` (
  `id_address_type` int(11) NOT NULL AUTO_INCREMENT,
  `lb_address_type` varchar(100) DEFAULT NULL,
  `cd_address_type` varchar(15) DEFAULT NULL,
  `bl_deactivated` tinyint(1) DEFAULT NULL,
  `dt_create` datetime DEFAULT NULL,
  `dt_update` datetime DEFAULT NULL,
  `id_user_create_by` int(11) DEFAULT NULL,
  `id_user_update_by` int(11) DEFAULT NULL,
  PRIMARY KEY (`id_address_type`),
  KEY `id_user_create_by` (`id_user_create_by`),
  KEY `id_user_update_by` (`id_user_update_by`),
  CONSTRAINT `FK_F19287C2536A5873` FOREIGN KEY (`id_user_create_by`) REFERENCES `myuser` (`id`),
  CONSTRAINT `FK_F19287C268E26F41` FOREIGN KEY (`id_user_update_by`) REFERENCES `myuser` (`id`)
) ENGINE=InnoDB AUTO_INCREMENT=4 DEFAULT CHARSET=utf8;

--
-- Dumping data for table `address_type`
--

INSERT INTO `address_type` VALUES (1,'Head office','Head office',1,'2013-05-27 00:00:00','2013-05-27 00:00:00',2,2),(2,'Delivery','Delivery',1,'2013-06-25 09:38:58','2013-06-26 14:09:40',2,2),(3,'Billing','Billing',1,'2013-06-26 18:07:12','2013-06-26 18:07:12',2,2);

--
-- Table structure for table `application_type`
--

CREATE TABLE `application_type` (
  `id_application_type` int(11) NOT NULL AUTO_INCREMENT,
  `lb_application_type` varchar(45) NOT NULL,
  PRIMARY KEY (`id_application_type`)
) ENGINE=InnoDB AUTO_INCREMENT=4 DEFAULT CHARSET=utf8;

--
-- Dumping data for table `application_type`
--

INSERT INTO `application_type` VALUES (1,'Backbone link'),(2,'Local loop'),(3,'Service');

--
-- Table structure for table `backbone_link`
--

CREATE TABLE `backbone_link` (
  `id_backbone_link` int(11) NOT NULL AUTO_INCREMENT,
  `cd_backbone_link` varchar(15) DEFAULT NULL,
  `lb_backbone_link` varchar(100) DEFAULT NULL,
  `cd_administrative_ref` varchar(15) DEFAULT NULL,
  `cd_technical_ref` varchar(30) DEFAULT NULL,
  `id_provider_of_carrier` int(11) DEFAULT NULL,
  `id_bandwidth` int(11) DEFAULT NULL,
  `dt_create` datetime DEFAULT NULL,
  `dt_order` datetime DEFAULT NULL,
  `dt_delivery_requested` datetime DEFAULT NULL,
  `dt_delivery` datetime DEFAULT NULL,
  `id_branch` int(11) DEFAULT NULL,
  `cm_backbone_link` varchar(255) DEFAULT NULL,
  `bl_deactivated` tinyint(1) DEFAULT NULL,
  `cd_rtd` varchar(45) DEFAULT NULL,
  `id_interface` int(11) DEFAULT NULL,
  `id_link_function` int(11) DEFAULT NULL,
  `cd_technical_ref2` varchar(255) DEFAULT NULL,
  `id_protocol` int(11) DEFAULT NULL,
  `nb_sla_percent` float DEFAULT NULL,
  `cd_routing` varchar(45) DEFAULT NULL,
  `cd_etrali_order_ref` varchar(30) DEFAULT NULL,
  `dt_init_terminate` datetime DEFAULT NULL,
  `dt_init_updown` datetime DEFAULT NULL,
  `dt_requested_updown` datetime DEFAULT NULL,
  `dt_scheduled_delivery` datetime DEFAULT NULL,
  `dt_real_terminate` datetime DEFAULT NULL,
  `dt_real_updown` datetime DEFAULT NULL,
  `id_old_bandwidth` int(11) DEFAULT NULL,
  `id_transaction_status` int(11) DEFAULT NULL,
  `dt_requested_terminate` datetime DEFAULT NULL,
  `id_transaction_type` int(11) DEFAULT NULL,
  `nb_operation` int(11) DEFAULT NULL,
  `id_transfer_extremity` int(11) DEFAULT NULL,
  `dt_scheduled_updown_delivery` datetime DEFAULT NULL,
  PRIMARY KEY (`id_backbone_link`),
  KEY `id_provider_of_carrier` (`id_provider_of_carrier`),
  KEY `id_branch` (`id_branch`),
  KEY `id_interface` (`id_interface`),
  KEY `id_link_function` (`id_link_function`),
  KEY `id_protocol` (`id_protocol`),
  KEY `IDX_6758AADD719540BB` (`id_old_bandwidth`),
  KEY `IDX_6758AADD8E5FA5F3` (`id_transaction_status`),
  KEY `IDX_6758AADD8D173C59` (`id_transaction_type`),
  KEY `IDX_6758AADD4233DB70` (`id_transfer_extremity`),
  KEY `IDX_6758AADDA3C6948` (`id_bandwidth`),
  CONSTRAINT `backbone_link_ibfk_33` FOREIGN KEY (`id_protocol`) REFERENCES `protocol` (`id_protocol`) ON DELETE NO ACTION ON UPDATE NO ACTION,
  CONSTRAINT `FK_6758AADD4233DB70` FOREIGN KEY (`id_transfer_extremity`) REFERENCES `backbone_link_extremity` (`id_backbone_link_extremity`),
  CONSTRAINT `FK_6758AADD719540BB` FOREIGN KEY (`id_old_bandwidth`) REFERENCES `bandwidth_assignee` (`id_bandwidth_assignee`),
  CONSTRAINT `FK_6758AADD8D173C59` FOREIGN KEY (`id_transaction_type`) REFERENCES `TransactionType` (`id_transaction_type`),
  CONSTRAINT `FK_6758AADD8E5FA5F3` FOREIGN KEY (`id_transaction_status`) REFERENCES `TransactionStatus` (`id_transaction_status`),
  CONSTRAINT `FK_6758AADD9DB1AEF2` FOREIGN KEY (`id_branch`) REFERENCES `branch` (`id_branch`),
  CONSTRAINT `FK_6758AADDA3C6948` FOREIGN KEY (`id_bandwidth`) REFERENCES `bandwidth_assignee` (`id_bandwidth_assignee`),
  CONSTRAINT `FK_6758AADDB4C150FA` FOREIGN KEY (`id_interface`) REFERENCES `interfaces` (`id_interface`),
  CONSTRAINT `FK_6758AADDB92CA791` FOREIGN KEY (`id_link_function`) REFERENCES `link_function` (`id_link_function`),
  CONSTRAINT `FK_6758AADDD910D0DE` FOREIGN KEY (`id_provider_of_carrier`) REFERENCES `provider` (`id_provider`)
) ENGINE=InnoDB AUTO_INCREMENT=46 DEFAULT CHARSET=utf8;

--
-- Dumping data for table `backbone_link`
--

INSERT INTO `backbone_link` VALUES (1,NULL,NULL,NULL,NULL,NULL,NULL,'2013-10-30 15:22:54',NULL,NULL,NULL,NULL,NULL,1,NULL,NULL,NULL,NULL,NULL,NULL,NULL,NULL,NULL,NULL,NULL,NULL,NULL,NULL,NULL,NULL,NULL,NULL,NULL,NULL,NULL),(2,NULL,NULL,NULL,NULL,NULL,NULL,'2013-10-30 15:24:18',NULL,NULL,NULL,NULL,NULL,1,NULL,NULL,NULL,NULL,NULL,NULL,NULL,NULL,NULL,NULL,NULL,NULL,NULL,NULL,NULL,NULL,NULL,NULL,NULL,NULL,NULL),(3,NULL,NULL,NULL,NULL,NULL,NULL,'2013-10-30 15:28:19',NULL,NULL,NULL,NULL,NULL,1,NULL,NULL,NULL,NULL,NULL,NULL,NULL,NULL,NULL,NULL,NULL,NULL,NULL,NULL,NULL,NULL,NULL,NULL,NULL,NULL,NULL),(4,NULL,NULL,NULL,NULL,NULL,NULL,'2013-10-30 15:29:08',NULL,NULL,NULL,NULL,NULL,1,NULL,NULL,NULL,NULL,NULL,NULL,NULL,NULL,NULL,NULL,NULL,NULL,NULL,NULL,NULL,NULL,NULL,NULL,NULL,NULL,NULL),(5,'BB',NULL,NULL,NULL,1,1,'2013-10-30 00:00:00','2013-10-26 00:00:00','2013-10-27 00:00:00',NULL,1,NULL,1,NULL,NULL,1,NULL,NULL,NULL,NULL,NULL,NULL,NULL,NULL,NULL,NULL,NULL,NULL,1,NULL,1,NULL,NULL,NULL),(6,'BB',NULL,NULL,NULL,1,1,'2013-10-30 18:50:38','2013-10-26 00:00:00','2013-10-27 00:00:00',NULL,1,NULL,1,NULL,NULL,1,NULL,NULL,NULL,NULL,NULL,NULL,NULL,NULL,NULL,NULL,NULL,NULL,1,NULL,1,NULL,NULL,NULL),(7,'BB',NULL,NULL,NULL,1,1,'2013-10-30 18:51:27','2013-10-26 00:00:00','2013-10-27 00:00:00',NULL,1,NULL,1,NULL,NULL,1,NULL,NULL,NULL,NULL,NULL,NULL,NULL,NULL,NULL,NULL,NULL,NULL,1,NULL,1,NULL,NULL,NULL),(8,'BB',NULL,NULL,NULL,1,1,'2013-10-30 18:53:17','2013-10-26 00:00:00','2013-10-27 00:00:00',NULL,1,NULL,1,NULL,NULL,1,NULL,NULL,NULL,NULL,NULL,NULL,NULL,NULL,NULL,NULL,NULL,NULL,1,NULL,1,NULL,NULL,NULL),(9,'BB',NULL,NULL,'4455',1,1,'2013-10-30 00:00:00','2013-10-26 00:00:00','2013-10-27 00:00:00','2013-11-22 00:00:00',1,NULL,1,NULL,NULL,1,NULL,NULL,NULL,NULL,NULL,'2013-11-22 00:00:00','2013-11-15 00:00:00','2013-11-29 00:00:00','2013-11-14 00:00:00','2013-11-13 00:00:00',NULL,1,12,'2013-11-22 00:00:00',3,NULL,NULL,NULL),(10,'BB',NULL,NULL,'455',1,1,'2013-11-02 00:00:00','2013-11-15 00:00:00','2013-11-14 00:00:00','2013-12-27 00:00:00',1,NULL,1,NULL,NULL,1,NULL,NULL,NULL,NULL,NULL,NULL,NULL,NULL,'2013-12-21 00:00:00',NULL,NULL,NULL,18,NULL,4,NULL,NULL,NULL),(11,'BB',NULL,NULL,'77855',1,1,'2013-11-02 00:00:00','2013-11-30 00:00:00','2013-11-21 00:00:00','2013-11-14 00:00:00',1,NULL,1,NULL,NULL,1,NULL,NULL,NULL,NULL,NULL,NULL,NULL,NULL,'2013-11-15 00:00:00',NULL,NULL,NULL,11,NULL,2,NULL,NULL,NULL),(12,'BB',NULL,NULL,NULL,1,1,'2013-11-12 00:00:00','2013-11-29 00:00:00','2013-11-23 00:00:00',NULL,1,NULL,1,NULL,NULL,1,NULL,NULL,NULL,NULL,NULL,NULL,NULL,NULL,'2013-11-22 00:00:00',NULL,NULL,NULL,2,NULL,1,NULL,NULL,NULL),(13,'BB',NULL,NULL,NULL,1,1,'2013-11-12 00:00:00','2013-11-21 00:00:00','2013-11-30 00:00:00',NULL,1,NULL,1,NULL,NULL,1,NULL,NULL,NULL,NULL,NULL,NULL,NULL,NULL,'2013-12-19 00:00:00',NULL,NULL,NULL,2,NULL,1,NULL,NULL,NULL),(14,'BB',NULL,NULL,NULL,1,1,'2013-11-12 00:00:00','2013-11-13 00:00:00','2013-11-21 00:00:00',NULL,1,NULL,1,NULL,NULL,1,NULL,NULL,NULL,NULL,NULL,NULL,NULL,NULL,'2013-11-21 00:00:00',NULL,NULL,NULL,2,NULL,1,NULL,NULL,NULL),(15,'BB',NULL,NULL,NULL,1,1,'2013-12-07 17:51:04','2013-12-28 00:00:00','2013-12-27 00:00:00',NULL,1,NULL,1,NULL,NULL,1,NULL,NULL,NULL,NULL,NULL,NULL,NULL,NULL,NULL,NULL,NULL,NULL,0,NULL,1,NULL,NULL,NULL),(16,'BB',NULL,NULL,NULL,1,1,'2013-12-07 17:52:15','2013-12-28 00:00:00','2013-12-27 00:00:00',NULL,1,NULL,1,NULL,NULL,1,NULL,NULL,NULL,NULL,NULL,NULL,NULL,NULL,NULL,NULL,NULL,NULL,0,NULL,1,NULL,NULL,NULL),(17,'BB',NULL,NULL,NULL,1,1,'2013-12-10 11:15:33','2013-12-10 00:00:00','2013-12-26 00:00:00',NULL,2,NULL,1,NULL,NULL,1,NULL,NULL,NULL,NULL,NULL,NULL,NULL,NULL,NULL,NULL,NULL,NULL,0,NULL,1,NULL,NULL,NULL),(18,'BB',NULL,NULL,'test',1,3,'2013-12-10 11:22:44','2013-12-10 00:00:00','2013-12-12 00:00:00','2014-01-06 00:00:00',2,NULL,1,NULL,NULL,1,NULL,NULL,NULL,NULL,NULL,NULL,'2014-01-02 00:00:00','2014-01-01 00:00:00','2014-01-05 00:00:00',NULL,NULL,1,15,NULL,3,NULL,NULL,NULL),(19,'BB',NULL,NULL,'EZA',1,NULL,'2013-12-17 13:10:50','2013-12-18 00:00:00','2013-12-31 00:00:00','2013-12-31 00:00:00',2,NULL,1,NULL,8,1,NULL,3,NULL,NULL,NULL,NULL,NULL,NULL,'2013-12-31 00:00:00',NULL,NULL,4,12,NULL,3,1,NULL,NULL),(20,'BB',NULL,NULL,NULL,1,4,'2013-12-17 13:12:28',NULL,'2013-12-31 00:00:00',NULL,2,NULL,1,NULL,NULL,1,NULL,NULL,NULL,NULL,NULL,NULL,NULL,NULL,NULL,NULL,NULL,NULL,0,NULL,1,NULL,NULL,NULL),(21,'BB',NULL,NULL,NULL,1,4,'2013-12-17 13:12:50',NULL,NULL,NULL,2,NULL,1,NULL,NULL,1,NULL,NULL,NULL,NULL,NULL,NULL,NULL,NULL,NULL,NULL,NULL,NULL,0,NULL,1,NULL,NULL,NULL),(22,'BB',NULL,NULL,NULL,1,4,'2013-12-17 13:14:42','2013-12-17 00:00:00','2013-12-31 00:00:00',NULL,3,NULL,1,NULL,NULL,1,NULL,NULL,NULL,NULL,NULL,NULL,NULL,NULL,NULL,NULL,NULL,NULL,0,NULL,1,NULL,NULL,NULL),(23,'BB',NULL,NULL,NULL,NULL,NULL,'2013-12-17 13:59:03',NULL,NULL,NULL,NULL,NULL,1,NULL,NULL,NULL,NULL,NULL,NULL,NULL,NULL,NULL,NULL,NULL,NULL,NULL,NULL,NULL,0,NULL,1,NULL,NULL,NULL),(24,'BB',NULL,NULL,NULL,NULL,NULL,'2013-12-17 14:01:23',NULL,NULL,NULL,NULL,NULL,1,NULL,NULL,NULL,NULL,NULL,NULL,NULL,NULL,NULL,NULL,NULL,NULL,NULL,NULL,NULL,0,NULL,1,NULL,NULL,NULL),(25,'BB',NULL,NULL,NULL,NULL,NULL,'2013-12-17 14:01:29',NULL,NULL,NULL,NULL,NULL,1,NULL,NULL,NULL,NULL,NULL,NULL,NULL,NULL,NULL,NULL,NULL,NULL,NULL,NULL,NULL,0,NULL,1,NULL,NULL,NULL),(26,'BB',NULL,NULL,NULL,NULL,NULL,'2013-12-17 14:03:19',NULL,NULL,NULL,NULL,NULL,1,NULL,NULL,NULL,NULL,NULL,NULL,NULL,NULL,NULL,NULL,NULL,NULL,NULL,NULL,NULL,0,NULL,1,NULL,NULL,NULL),(27,'BB',NULL,NULL,NULL,1,3,'2013-12-17 14:05:36','2013-12-18 00:00:00','2013-12-18 00:00:00',NULL,1,NULL,1,NULL,NULL,1,NULL,NULL,NULL,NULL,NULL,NULL,NULL,NULL,'2013-12-18 00:00:00',NULL,NULL,NULL,2,NULL,1,NULL,NULL,NULL),(28,'BB',NULL,NULL,'dddd',1,3,'2013-12-17 14:07:49','2013-12-17 00:00:00','2013-12-19 00:00:00','2013-12-20 00:00:00',3,NULL,1,NULL,NULL,1,NULL,NULL,NULL,NULL,NULL,NULL,NULL,NULL,'2013-12-20 00:00:00',NULL,NULL,NULL,7,NULL,2,1,NULL,NULL),(29,'BB',NULL,NULL,NULL,1,2,'2013-12-17 14:11:25','2013-12-17 00:00:00','2013-12-31 00:00:00',NULL,3,NULL,1,NULL,NULL,1,NULL,NULL,NULL,NULL,NULL,NULL,NULL,NULL,'2013-12-31 00:00:00',NULL,NULL,NULL,2,NULL,1,NULL,NULL,NULL),(30,'BB',NULL,NULL,'ref01',1,2,'2013-12-17 15:01:55','2013-12-17 00:00:00','2013-12-31 00:00:00','2014-01-03 00:00:00',3,NULL,0,NULL,NULL,1,NULL,NULL,NULL,NULL,NULL,'2013-12-30 00:00:00','2014-01-01 00:00:00','2014-01-01 00:00:00','2014-01-05 00:00:00','2014-01-01 00:00:00','2013-12-30 00:00:00',3,20,'2013-11-25 00:00:00',4,NULL,NULL,NULL),(31,'BB',NULL,NULL,'ml',1,3,'2013-12-19 11:54:21','2013-12-24 00:00:00','2013-12-24 00:00:00','2014-01-10 00:00:00',2,NULL,1,NULL,NULL,1,NULL,NULL,NULL,NULL,NULL,NULL,'2013-12-31 00:00:00','2013-12-31 00:00:00','2014-01-02 00:00:00',NULL,'2013-12-30 00:00:00',4,8,NULL,2,1,59,NULL),(32,'BB',NULL,NULL,NULL,11,4,'2014-01-17 17:29:08','2014-01-17 00:00:00','2014-02-28 00:00:00',NULL,5,NULL,1,NULL,NULL,1,NULL,NULL,NULL,NULL,NULL,NULL,NULL,NULL,NULL,NULL,NULL,NULL,1,NULL,1,NULL,NULL,NULL),(33,'BB',NULL,NULL,NULL,10,3,'2014-01-21 16:19:41','2014-01-17 00:00:00','2014-01-24 00:00:00',NULL,1,NULL,1,NULL,NULL,1,NULL,NULL,NULL,NULL,NULL,NULL,NULL,NULL,NULL,NULL,NULL,NULL,0,NULL,1,1,NULL,NULL),(34,'BB',NULL,NULL,NULL,9,4,'2014-01-21 16:22:50','2014-01-16 00:00:00','2014-01-24 00:00:00',NULL,4,NULL,1,NULL,NULL,1,NULL,NULL,NULL,NULL,NULL,NULL,NULL,NULL,NULL,NULL,NULL,NULL,1,NULL,1,1,NULL,NULL),(35,'BB',NULL,NULL,NULL,11,4,'2014-01-21 16:26:13','2014-01-21 00:00:00','2014-01-31 00:00:00',NULL,5,NULL,1,NULL,NULL,1,NULL,NULL,NULL,NULL,NULL,NULL,NULL,NULL,NULL,NULL,NULL,NULL,0,NULL,1,1,NULL,NULL),(36,'BB36',NULL,NULL,NULL,9,4,'2014-01-22 11:07:11','2014-01-22 00:00:00','2014-02-28 00:00:00',NULL,2,NULL,1,NULL,NULL,1,NULL,NULL,NULL,NULL,NULL,NULL,NULL,NULL,NULL,NULL,NULL,NULL,0,NULL,1,1,NULL,NULL),(37,'BB37',NULL,NULL,'5545',10,3,'2014-01-22 14:29:28','2014-01-24 00:00:00','2014-01-24 00:00:00','2014-01-24 00:00:00',3,NULL,0,NULL,NULL,1,NULL,NULL,NULL,NULL,NULL,'2014-02-12 00:00:00',NULL,NULL,'2014-01-24 00:00:00','2014-02-21 00:00:00',NULL,NULL,20,'2014-02-19 00:00:00',4,3,64,NULL),(38,'BB38',NULL,NULL,NULL,11,3,'2014-01-26 23:54:28','2014-01-02 00:00:00','2014-01-24 00:00:00',NULL,6,NULL,1,NULL,NULL,1,NULL,NULL,NULL,NULL,NULL,NULL,NULL,NULL,NULL,NULL,NULL,NULL,0,NULL,1,1,NULL,NULL),(39,'BB39',NULL,NULL,NULL,9,6,'2014-01-27 14:57:39','2014-01-27 00:00:00','2014-01-31 00:00:00',NULL,6,NULL,1,NULL,NULL,1,NULL,NULL,NULL,NULL,NULL,NULL,NULL,NULL,NULL,NULL,NULL,NULL,0,NULL,1,1,NULL,NULL),(40,'<automatic allo',NULL,NULL,NULL,10,5,'2014-01-28 11:55:33','2014-01-28 00:00:00','2014-02-28 00:00:00',NULL,6,NULL,1,NULL,NULL,1,NULL,NULL,NULL,NULL,NULL,NULL,NULL,NULL,NULL,NULL,NULL,NULL,0,NULL,NULL,1,NULL,NULL),(41,'BB41',NULL,NULL,'74',15,8,'2014-02-03 22:20:22','2014-02-05 00:00:00','2014-02-14 00:00:00','2014-02-12 00:00:00',6,NULL,1,NULL,NULL,1,NULL,NULL,NULL,NULL,NULL,NULL,NULL,NULL,'2014-02-07 00:00:00',NULL,NULL,NULL,12,NULL,3,3,NULL,NULL),(42,'BB42',NULL,NULL,'BB98765',10,4,'2014-02-04 19:06:30','2014-02-06 00:00:00','2014-02-28 00:00:00','2014-03-28 00:00:00',6,NULL,1,NULL,NULL,1,NULL,7,NULL,NULL,NULL,NULL,NULL,NULL,'2014-02-28 00:00:00',NULL,NULL,NULL,7,NULL,1,1,NULL,NULL),(43,'BB43',NULL,NULL,'BackB43COLT FFM',15,NULL,'2014-02-17 17:24:16','2014-02-17 00:00:00','2014-03-31 00:00:00','2014-03-28 00:00:00',8,NULL,1,NULL,NULL,1,NULL,NULL,NULL,'SEA-MEA-WEA 4',NULL,NULL,'2014-02-17 00:00:00','2014-03-20 00:00:00','2014-03-20 00:00:00',NULL,'2014-02-17 18:34:23',8,12,NULL,3,6,77,'2014-03-29 00:00:00'),(44,'BB44',NULL,NULL,'5566',15,NULL,'2014-02-18 22:12:22','2014-02-21 00:00:00','2014-02-22 00:00:00','2014-02-20 00:00:00',7,NULL,1,NULL,NULL,1,NULL,NULL,NULL,NULL,NULL,NULL,'2014-02-14 00:00:00','2014-02-14 00:00:00','2014-02-19 00:00:00',NULL,'2014-02-19 23:10:45',7,12,NULL,3,4,80,'2014-02-20 00:00:00'),(45,'BB45',NULL,NULL,'JHGYTFDE',15,8,'2014-02-28 16:41:48','2014-02-28 00:00:00','2014-03-19 00:00:00','2014-04-30 00:00:00',8,NULL,1,NULL,NULL,1,NULL,NULL,NULL,NULL,NULL,NULL,NULL,NULL,'2014-03-29 00:00:00',NULL,NULL,NULL,3,NULL,1,1,NULL,NULL);

--
-- Table structure for table `backbone_link_extremity`
--

CREATE TABLE `backbone_link_extremity` (
  `id_backbone_link_extremity` int(11) NOT NULL AUTO_INCREMENT,
  `id_pop` int(11) DEFAULT NULL,
  `cm_comment` text,
  `dt_init_transfer` datetime DEFAULT NULL,
  `dt_request_transfer` datetime DEFAULT NULL,
  `dt_schedule_delivery` datetime DEFAULT NULL,
  `dt_transfer_real_delivery` datetime DEFAULT NULL,
  `dt_transfer_complete` datetime DEFAULT NULL,
  `dt_old_terminate` datetime DEFAULT NULL,
  `cd_backbone_link_extremity_ref` varchar(45) DEFAULT NULL,
  `id_backbone_link` int(11) DEFAULT NULL,
  `id_old_extremity` int(11) DEFAULT NULL,
  `bl_old` tinyint(1) DEFAULT NULL,
  `id_admin_contact` int(11) DEFAULT NULL,
  `id_delivery_address` int(11) DEFAULT NULL,
  `bl_transferred` tinyint(1) DEFAULT NULL,
  PRIMARY KEY (`id_backbone_link_extremity`),
  UNIQUE KEY `UNIQ_32BC673A970BC560` (`id_old_extremity`),
  KEY `idx2` (`id_pop`),
  KEY `IDX_32BC673AD9707BB8` (`id_backbone_link`),
  KEY `IDX_32BC673A3676B5D4` (`id_admin_contact`),
  KEY `IDX_32BC673AE4DA858E` (`id_delivery_address`),
  CONSTRAINT `FK_32BC673A3676B5D4` FOREIGN KEY (`id_admin_contact`) REFERENCES `contact_pop` (`id_contact_pop`),
  CONSTRAINT `FK_32BC673A970BC560` FOREIGN KEY (`id_old_extremity`) REFERENCES `backbone_link_extremity` (`id_backbone_link_extremity`),
  CONSTRAINT `FK_32BC673AD9707BB8` FOREIGN KEY (`id_backbone_link`) REFERENCES `backbone_link` (`id_backbone_link`),
  CONSTRAINT `FK_32BC673AE4DA858E` FOREIGN KEY (`id_delivery_address`) REFERENCES `address_pop` (`id_address_pop`),
  CONSTRAINT `key_idx2` FOREIGN KEY (`id_pop`) REFERENCES `pop` (`id_pop`) ON DELETE NO ACTION ON UPDATE NO ACTION
) ENGINE=InnoDB AUTO_INCREMENT=83 DEFAULT CHARSET=utf8;

--
-- Dumping data for table `backbone_link_extremity`
--

INSERT INTO `backbone_link_extremity` VALUES (24,1,NULL,'2013-11-14 00:00:00','2013-11-14 00:00:00',NULL,NULL,NULL,NULL,'ghjhgj',11,NULL,1,NULL,NULL,NULL),(25,1,NULL,NULL,NULL,'2013-11-27 00:00:00','2013-11-22 00:00:00',NULL,NULL,'ghjhgjT',11,24,0,NULL,NULL,NULL),(26,6,NULL,NULL,NULL,NULL,NULL,NULL,NULL,'4556',9,NULL,0,NULL,NULL,NULL),(27,NULL,NULL,NULL,NULL,NULL,NULL,NULL,NULL,'A1',12,NULL,0,NULL,NULL,NULL),(28,NULL,NULL,NULL,NULL,NULL,NULL,NULL,NULL,'B2',12,NULL,0,NULL,NULL,NULL),(29,1,NULL,NULL,NULL,NULL,NULL,NULL,NULL,'A1',13,NULL,0,NULL,NULL,NULL),(30,1,NULL,NULL,NULL,NULL,NULL,NULL,NULL,'B2',13,NULL,0,NULL,NULL,NULL),(31,1,NULL,NULL,NULL,NULL,NULL,NULL,NULL,'A1',14,NULL,0,NULL,NULL,NULL),(32,1,NULL,NULL,NULL,NULL,NULL,NULL,NULL,'B2',14,NULL,0,NULL,NULL,NULL),(33,NULL,NULL,NULL,NULL,NULL,NULL,NULL,NULL,'A1',16,NULL,0,NULL,NULL,NULL),(34,NULL,NULL,NULL,NULL,NULL,NULL,NULL,NULL,'B2',16,NULL,0,NULL,NULL,NULL),(35,NULL,NULL,NULL,NULL,NULL,NULL,NULL,NULL,'A1',17,NULL,0,NULL,NULL,NULL),(36,NULL,NULL,NULL,NULL,NULL,NULL,NULL,NULL,'B2',17,NULL,0,NULL,NULL,NULL),(37,8,NULL,NULL,NULL,NULL,NULL,NULL,NULL,'A1',18,NULL,0,NULL,NULL,NULL),(38,1,NULL,NULL,NULL,NULL,NULL,NULL,NULL,'B2',18,NULL,0,NULL,NULL,NULL),(39,NULL,NULL,NULL,NULL,NULL,NULL,NULL,NULL,'A1',22,NULL,0,NULL,NULL,NULL),(40,NULL,NULL,NULL,NULL,NULL,NULL,NULL,NULL,'B2',22,NULL,0,NULL,NULL,NULL),(41,3,NULL,'2014-01-17 00:00:00','2014-01-24 00:00:00',NULL,NULL,NULL,NULL,'A1',28,NULL,1,NULL,NULL,NULL),(42,7,NULL,NULL,NULL,NULL,NULL,NULL,NULL,'B2',28,NULL,0,NULL,NULL,NULL),(43,1,NULL,NULL,NULL,NULL,NULL,NULL,NULL,'A1',29,NULL,0,NULL,NULL,NULL),(44,5,NULL,NULL,NULL,NULL,NULL,NULL,NULL,'B2',29,NULL,0,NULL,NULL,NULL),(45,1,NULL,'2014-01-05 00:00:00','2014-02-09 00:00:00',NULL,'2014-02-09 00:00:00',NULL,NULL,'A1',30,NULL,1,NULL,NULL,NULL),(46,4,NULL,NULL,NULL,'2014-01-05 00:00:00','2014-02-09 00:00:00',NULL,NULL,'B2',30,NULL,0,NULL,NULL,NULL),(47,1,NULL,NULL,NULL,NULL,NULL,NULL,NULL,'A1',31,NULL,0,NULL,NULL,NULL),(48,6,NULL,'2014-01-22 00:00:00','2014-01-23 00:00:00',NULL,NULL,NULL,NULL,'B2',31,NULL,1,NULL,NULL,NULL),(49,8,NULL,NULL,NULL,'2014-02-02 00:00:00','2014-02-09 00:00:00',NULL,NULL,'A1T',30,45,0,NULL,NULL,NULL),(50,8,NULL,NULL,NULL,NULL,NULL,NULL,NULL,'A1',32,NULL,0,NULL,NULL,NULL),(51,9,NULL,NULL,NULL,NULL,NULL,NULL,NULL,'B2',32,NULL,0,1,NULL,NULL),(52,9,NULL,NULL,NULL,NULL,NULL,NULL,NULL,'A1',33,NULL,0,1,NULL,NULL),(53,9,NULL,NULL,NULL,NULL,NULL,NULL,NULL,'B2',33,NULL,0,1,NULL,NULL),(54,9,NULL,NULL,NULL,NULL,NULL,NULL,NULL,'A1',34,NULL,0,NULL,NULL,NULL),(55,9,NULL,NULL,NULL,NULL,NULL,NULL,NULL,'B2',34,NULL,0,NULL,NULL,NULL),(56,NULL,NULL,NULL,NULL,NULL,NULL,NULL,NULL,'A1',35,NULL,0,NULL,NULL,NULL),(57,NULL,NULL,NULL,NULL,NULL,NULL,NULL,NULL,'B2',35,NULL,0,NULL,NULL,NULL),(58,9,NULL,NULL,NULL,'2014-01-23 00:00:00',NULL,NULL,NULL,'A1New',28,41,0,1,NULL,NULL),(59,9,NULL,NULL,NULL,'2014-01-24 00:00:00',NULL,NULL,NULL,'B2New',31,48,0,1,NULL,NULL),(60,9,NULL,NULL,NULL,NULL,NULL,NULL,NULL,'A1',36,NULL,0,1,1,NULL),(61,9,NULL,NULL,NULL,NULL,NULL,NULL,NULL,'B2',36,NULL,0,1,1,NULL),(62,9,NULL,NULL,NULL,NULL,NULL,NULL,NULL,'A1',37,NULL,0,1,1,NULL),(63,9,NULL,'2014-01-14 00:00:00','2014-01-24 00:00:00',NULL,NULL,NULL,NULL,'B2Old',37,NULL,1,1,1,NULL),(64,9,NULL,NULL,NULL,'2014-01-24 00:00:00','2014-01-24 00:00:00','2014-01-24 00:00:00',NULL,'B2',37,63,0,1,1,NULL),(65,NULL,NULL,NULL,NULL,NULL,NULL,NULL,NULL,'A1',38,NULL,0,NULL,NULL,NULL),(66,NULL,NULL,NULL,NULL,NULL,NULL,NULL,NULL,'B2',38,NULL,0,NULL,NULL,NULL),(67,NULL,NULL,NULL,NULL,NULL,NULL,NULL,NULL,'A1',39,NULL,0,NULL,NULL,NULL),(68,NULL,NULL,NULL,NULL,NULL,NULL,NULL,NULL,'B2',39,NULL,0,NULL,NULL,NULL),(69,9,NULL,NULL,NULL,NULL,NULL,NULL,NULL,'A1',41,NULL,0,1,1,NULL),(70,9,NULL,NULL,NULL,NULL,NULL,NULL,NULL,'B2',41,NULL,0,1,1,NULL),(71,9,NULL,NULL,NULL,NULL,NULL,NULL,NULL,'A1',42,NULL,0,1,1,NULL),(72,9,NULL,NULL,NULL,NULL,NULL,NULL,NULL,'B2',42,NULL,0,1,1,NULL),(73,10,NULL,'2014-02-18 00:00:00','2014-03-20 00:00:00',NULL,NULL,NULL,NULL,'A1Old',43,NULL,1,5,2,1),(74,9,NULL,'2014-02-18 00:00:00','2014-07-01 00:00:00',NULL,NULL,NULL,NULL,'B2Old',43,NULL,1,1,1,1),(75,10,NULL,'2014-02-18 00:00:00','2014-02-27 00:00:00','2014-02-27 00:00:00','2014-04-01 00:00:00',NULL,NULL,'A1Old',43,73,1,5,2,1),(76,11,NULL,NULL,NULL,'2014-02-28 00:00:00','2014-03-04 00:00:00',NULL,NULL,'A1',43,75,0,8,5,NULL),(77,9,NULL,NULL,NULL,'2014-03-13 00:00:00','2014-03-13 00:00:00','2014-03-13 00:00:00','2014-03-12 00:00:00','B2',43,74,0,1,1,NULL),(78,9,NULL,'2014-02-12 00:00:00','2014-02-14 00:00:00',NULL,NULL,NULL,NULL,'A1Old',44,NULL,1,1,1,1),(79,9,NULL,NULL,NULL,NULL,NULL,NULL,NULL,'B2',44,NULL,0,1,1,NULL),(80,9,NULL,NULL,NULL,'2014-02-20 00:00:00','2014-02-20 00:00:00',NULL,NULL,'A1',44,78,0,1,1,NULL),(81,14,NULL,NULL,NULL,NULL,NULL,NULL,NULL,'A1',45,NULL,0,12,7,NULL),(82,13,NULL,NULL,NULL,NULL,NULL,NULL,NULL,'B2',45,NULL,0,10,6,NULL);

--
-- Table structure for table `backbone_link_extremity_tech`
--

CREATE TABLE `backbone_link_extremity_tech` (
  `id_backbone_link_extremity_tech` int(11) NOT NULL AUTO_INCREMENT,
  `id_ts` int(11) DEFAULT NULL,
  `id_port` int(11) DEFAULT NULL,
  `id_backbone_link` int(11) DEFAULT NULL,
  `id_backbone_link_extremity` int(11) DEFAULT NULL,
  `dt_bb_tested` datetime DEFAULT NULL,
  `cm_comment_technical` longtext COLLATE utf8_unicode_ci,
  `id_technical_contact` int(11) DEFAULT NULL,
  `id_pop` int(11) DEFAULT NULL,
  `dt_old_bb_tested` datetime DEFAULT NULL,
  `bl_old` tinyint(1) DEFAULT NULL,
  `bl_transferred` tinyint(1) DEFAULT NULL,
  PRIMARY KEY (`id_backbone_link_extremity_tech`),
  UNIQUE KEY `UNIQ_B7CD7C915CD7B06A` (`id_backbone_link_extremity`),
  KEY `IDX_B7CD7C913FB778C` (`id_ts`),
  KEY `IDX_B7CD7C91C8B141CE` (`id_port`),
  KEY `IDX_B7CD7C91D9707BB8` (`id_backbone_link`),
  KEY `IDX_B7CD7C91D1192B9E` (`id_technical_contact`),
  KEY `IDX_B7CD7C9187745F4C` (`id_pop`),
  CONSTRAINT `FK_B7CD7C913FB778C` FOREIGN KEY (`id_ts`) REFERENCES `ts` (`id_ts`),
  CONSTRAINT `FK_B7CD7C915CD7B06A` FOREIGN KEY (`id_backbone_link_extremity`) REFERENCES `backbone_link_extremity` (`id_backbone_link_extremity`),
  CONSTRAINT `FK_B7CD7C9187745F4C` FOREIGN KEY (`id_pop`) REFERENCES `pop` (`id_pop`),
  CONSTRAINT `FK_B7CD7C91C8B141CE` FOREIGN KEY (`id_port`) REFERENCES `port` (`id_port`),
  CONSTRAINT `FK_B7CD7C91D1192B9E` FOREIGN KEY (`id_technical_contact`) REFERENCES `contact_pop` (`id_contact_pop`),
  CONSTRAINT `FK_B7CD7C91D9707BB8` FOREIGN KEY (`id_backbone_link`) REFERENCES `backbone_link` (`id_backbone_link`)
) ENGINE=InnoDB AUTO_INCREMENT=75 DEFAULT CHARSET=utf8 COLLATE=utf8_unicode_ci;

--
-- Dumping data for table `backbone_link_extremity_tech`
--

INSERT INTO `backbone_link_extremity_tech` VALUES (16,NULL,NULL,11,24,NULL,NULL,NULL,NULL,NULL,NULL,NULL),(17,NULL,NULL,11,25,'2013-11-21 00:00:00',NULL,2,NULL,NULL,NULL,NULL),(18,NULL,NULL,9,26,'2013-11-14 00:00:00',NULL,NULL,NULL,NULL,NULL,NULL),(19,NULL,NULL,12,27,NULL,NULL,NULL,NULL,NULL,NULL,NULL),(20,NULL,NULL,12,28,NULL,NULL,NULL,NULL,NULL,NULL,NULL),(21,NULL,NULL,13,29,NULL,NULL,NULL,NULL,NULL,NULL,NULL),(22,NULL,NULL,13,30,NULL,NULL,NULL,NULL,NULL,NULL,NULL),(23,NULL,NULL,14,31,NULL,NULL,NULL,NULL,NULL,NULL,NULL),(24,NULL,NULL,14,32,NULL,NULL,NULL,NULL,NULL,NULL,NULL),(25,NULL,NULL,16,33,NULL,NULL,NULL,NULL,NULL,NULL,NULL),(26,NULL,NULL,16,34,NULL,NULL,NULL,NULL,NULL,NULL,NULL),(27,NULL,NULL,17,35,NULL,NULL,NULL,NULL,NULL,NULL,NULL),(28,NULL,NULL,17,36,NULL,NULL,NULL,NULL,NULL,NULL,NULL),(29,NULL,NULL,18,37,'2014-01-30 00:00:00',NULL,2,NULL,NULL,NULL,NULL),(30,NULL,NULL,18,38,'2014-01-03 00:00:00',NULL,8,NULL,NULL,NULL,NULL),(31,NULL,NULL,22,39,NULL,NULL,NULL,NULL,NULL,NULL,NULL),(32,NULL,NULL,22,40,NULL,NULL,NULL,NULL,NULL,NULL,NULL),(33,NULL,NULL,28,41,'2013-12-24 00:00:00',NULL,2,3,NULL,NULL,NULL),(34,NULL,NULL,28,42,'2013-12-31 00:00:00',NULL,2,NULL,NULL,NULL,NULL),(35,NULL,NULL,29,43,NULL,NULL,NULL,NULL,NULL,NULL,NULL),(36,NULL,NULL,29,44,NULL,NULL,NULL,NULL,NULL,NULL,NULL),(37,NULL,NULL,30,45,'2014-01-05 00:00:00',NULL,6,NULL,NULL,NULL,NULL),(38,NULL,NULL,30,46,'2014-01-05 00:00:00',NULL,9,NULL,NULL,NULL,NULL),(39,NULL,NULL,31,47,'2014-01-11 00:00:00',NULL,5,NULL,NULL,NULL,NULL),(40,NULL,NULL,31,48,'2014-02-07 00:00:00',NULL,5,6,NULL,NULL,NULL),(41,NULL,NULL,30,49,'2014-02-08 00:00:00',NULL,6,NULL,NULL,NULL,NULL),(42,NULL,NULL,32,50,NULL,NULL,NULL,8,NULL,NULL,NULL),(43,NULL,NULL,32,51,NULL,NULL,NULL,9,NULL,NULL,NULL),(44,NULL,NULL,33,52,NULL,NULL,NULL,9,NULL,NULL,NULL),(45,NULL,NULL,33,53,NULL,NULL,NULL,NULL,NULL,NULL,NULL),(46,NULL,NULL,34,54,NULL,NULL,NULL,NULL,NULL,NULL,NULL),(47,NULL,NULL,34,55,NULL,NULL,NULL,NULL,NULL,NULL,NULL),(48,NULL,NULL,35,56,NULL,NULL,NULL,NULL,NULL,NULL,NULL),(49,NULL,NULL,35,57,NULL,NULL,NULL,NULL,NULL,NULL,NULL),(50,NULL,NULL,28,58,NULL,NULL,NULL,9,NULL,NULL,NULL),(51,NULL,NULL,31,59,NULL,NULL,NULL,9,NULL,NULL,NULL),(52,NULL,NULL,36,60,NULL,NULL,NULL,9,NULL,NULL,NULL),(53,NULL,NULL,36,61,NULL,NULL,NULL,9,NULL,NULL,NULL),(54,NULL,NULL,37,62,'2014-01-31 00:00:00',NULL,12,9,NULL,NULL,NULL),(55,NULL,NULL,37,63,'2014-01-18 00:00:00',NULL,12,9,NULL,NULL,NULL),(56,NULL,NULL,37,64,'2014-01-25 00:00:00',NULL,12,9,NULL,NULL,NULL),(57,NULL,NULL,38,65,NULL,NULL,NULL,NULL,NULL,NULL,NULL),(58,NULL,NULL,38,66,NULL,NULL,NULL,NULL,NULL,NULL,NULL),(59,NULL,NULL,39,67,NULL,NULL,NULL,NULL,NULL,NULL,NULL),(60,NULL,NULL,39,68,NULL,NULL,NULL,NULL,NULL,NULL,NULL),(61,NULL,NULL,41,69,NULL,NULL,7,9,NULL,0,NULL),(62,NULL,NULL,41,70,NULL,NULL,7,9,NULL,0,NULL),(63,NULL,NULL,42,71,'2014-03-22 00:00:00',NULL,7,9,NULL,0,NULL),(64,NULL,NULL,42,72,'2014-02-21 00:00:00',NULL,7,9,NULL,0,NULL),(65,NULL,NULL,43,73,NULL,NULL,4,10,'2014-02-27 00:00:00',1,NULL),(66,NULL,NULL,43,74,NULL,NULL,7,9,'2014-02-27 00:00:00',1,1),(67,NULL,NULL,43,75,NULL,NULL,4,10,'2014-04-02 00:00:00',1,NULL),(68,NULL,NULL,43,76,NULL,NULL,9,11,'2014-03-07 00:00:00',0,NULL),(69,NULL,NULL,43,77,NULL,NULL,7,9,'2014-03-13 00:00:00',0,NULL),(70,NULL,NULL,44,78,NULL,NULL,7,9,'2014-02-20 00:00:00',1,1),(71,NULL,NULL,44,79,NULL,NULL,7,9,'2014-02-20 00:00:00',0,NULL),(72,NULL,NULL,44,80,NULL,NULL,7,9,'2014-02-20 00:00:00',0,NULL),(73,NULL,NULL,45,81,NULL,NULL,NULL,14,NULL,0,0),(74,NULL,NULL,45,82,NULL,NULL,NULL,13,NULL,0,0);

--
-- Table structure for table `backbone_link_extremity_tech_outport`
--

CREATE TABLE `backbone_link_extremity_tech_outport` (
  `id_backbone_link_extremity_tech` int(11) NOT NULL,
  `id_out_port` int(11) NOT NULL,
  PRIMARY KEY (`id_backbone_link_extremity_tech`,`id_out_port`),
  KEY `IDX_66C18DFC8BA15092` (`id_backbone_link_extremity_tech`),
  KEY `IDX_66C18DFCCA47EB7A` (`id_out_port`),
  CONSTRAINT `FK_66C18DFC8BA15092` FOREIGN KEY (`id_backbone_link_extremity_tech`) REFERENCES `backbone_link_extremity_tech` (`id_backbone_link_extremity_tech`),
  CONSTRAINT `FK_66C18DFCCA47EB7A` FOREIGN KEY (`id_out_port`) REFERENCES `port` (`id_port`)
) ENGINE=InnoDB DEFAULT CHARSET=utf8 COLLATE=utf8_unicode_ci;

--
-- Dumping data for table `backbone_link_extremity_tech_outport`
--


--
-- Table structure for table `backbone_link_extremity_tech_ts`
--

CREATE TABLE `backbone_link_extremity_tech_ts` (
  `id_backbone_link_extremity_tech` int(11) NOT NULL,
  `id_out_ts` int(11) NOT NULL,
  PRIMARY KEY (`id_backbone_link_extremity_tech`,`id_out_ts`),
  KEY `IDX_8070766C8BA15092` (`id_backbone_link_extremity_tech`),
  KEY `IDX_8070766C5E87044C` (`id_out_ts`),
  CONSTRAINT `FK_8070766C5E87044C` FOREIGN KEY (`id_out_ts`) REFERENCES `ts` (`id_ts`),
  CONSTRAINT `FK_8070766C8BA15092` FOREIGN KEY (`id_backbone_link_extremity_tech`) REFERENCES `backbone_link_extremity_tech` (`id_backbone_link_extremity_tech`)
) ENGINE=InnoDB DEFAULT CHARSET=utf8 COLLATE=utf8_unicode_ci;

--
-- Dumping data for table `backbone_link_extremity_tech_ts`
--


--
-- Table structure for table `backbone_link_interface_settings`
--

CREATE TABLE `backbone_link_interface_settings` (
  `id_backbone_link_interface_settings` int(11) NOT NULL AUTO_INCREMENT,
  `id_transaction_type` int(11) DEFAULT NULL,
  `id_transaction_status` int(11) DEFAULT NULL,
  `bl_hide` tinyint(1) NOT NULL,
  `bl_mandatory` tinyint(1) NOT NULL,
  `lbField` varchar(45) COLLATE utf8_unicode_ci DEFAULT NULL,
  `lbEntity` varchar(45) COLLATE utf8_unicode_ci DEFAULT NULL,
  `bl_editable` tinyint(1) NOT NULL,
  `bl_old_extremity` tinyint(1) NOT NULL,
  PRIMARY KEY (`id_backbone_link_interface_settings`),
  KEY `IDX_2FC9ADCC8D173C59` (`id_transaction_type`),
  KEY `IDX_2FC9ADCC8E5FA5F3` (`id_transaction_status`),
  CONSTRAINT `FK_2FC9ADCC8D173C59` FOREIGN KEY (`id_transaction_type`) REFERENCES `TransactionType` (`id_transaction_type`),
  CONSTRAINT `FK_2FC9ADCC8E5FA5F3` FOREIGN KEY (`id_transaction_status`) REFERENCES `TransactionStatus` (`id_transaction_status`)
) ENGINE=InnoDB AUTO_INCREMENT=728 DEFAULT CHARSET=utf8 COLLATE=utf8_unicode_ci;

--
-- Dumping data for table `backbone_link_interface_settings`
--

INSERT INTO `backbone_link_interface_settings` VALUES (1,1,1,0,1,'idBranch','BackboneLink',1,0),(2,1,1,0,1,'idProviderOfCarrier','BackboneLink',1,0),(3,1,1,0,1,'idBandwidth','BackboneLink',1,0),(4,1,1,0,1,'idLinkFunction','BackboneLink',1,0),(5,1,1,0,1,'dtOrder','BackboneLink',1,0),(6,1,1,0,1,'dtDeliveryRequested','BackboneLink',1,0),(7,1,1,0,1,'idPop','BackboneLinkExtremity',1,0),(10,1,2,0,1,'dtScheduledDelivery','BackboneLink',1,0),(11,1,3,0,1,'cdTechnicalRef','BackboneLink',1,0),(12,1,3,0,1,'dtDelivery','BackboneLink',1,0),(13,1,4,0,1,'idTechnicalContact','BackboneLinkExtremityTech',1,0),(14,1,4,0,1,'dtBbTested','BackboneLinkExtremityTech',1,0),(15,2,7,0,1,'idPop','BackboneLinkExtremity',1,0),(19,2,9,0,1,'dtTransferRealDelivery','BackboneLinkExtremity',1,0),(20,2,10,0,1,'idTechnicalContact','BackboneLinkExtremityTech',1,0),(21,2,10,0,1,'dtBbTested','BackboneLinkExtremityTech',1,0),(28,4,19,0,1,'dtInitTerminate','BackboneLink',1,0),(29,4,19,0,1,'dtRequestedTerminate','BackboneLink',1,0),(30,4,19,0,1,'dtRealTerminate','BackboneLink',1,0),(32,1,NULL,1,0,'dtRealTerminate','BackboneLink',0,0),(33,1,NULL,1,0,'dtRealUpdown','BackboneLink',0,0),(35,1,NULL,1,0,'dtRequestedUpdown','BackboneLink',0,0),(36,1,NULL,0,0,'dtScheduledDelivery','BackboneLink',0,0),(39,1,NULL,1,0,'dtInitTerminate','BackboneLink',0,0),(40,1,NULL,1,0,'dtInitUpdown','BackboneLink',0,0),(41,2,NULL,1,0,'dtOrder','BackboneLink',0,0),(42,2,NULL,1,0,'dtRealTerminate','BackboneLink',0,0),(43,2,NULL,1,0,'dtRealUpdown','BackboneLink',0,0),(45,2,NULL,1,0,'dtRequestedUpdown','BackboneLink',0,0),(46,2,NULL,1,0,'dtScheduledDelivery','BackboneLink',0,0),(47,2,NULL,1,0,'dtDelivery','BackboneLink',0,0),(48,2,NULL,1,0,'dtDeliveryRequested','BackboneLink',0,0),(49,2,NULL,1,0,'dtInitTerminate','BackboneLink',0,0),(50,2,NULL,1,0,'dtInitUpdown','BackboneLink',0,0),(72,1,NULL,1,0,'dtRequestedTerminate','BackboneLink',0,0),(73,2,NULL,1,0,'dtRequestedTerminate','BackboneLink',0,0),(74,3,NULL,0,0,'dtRequestedTerminate','BackboneLink',0,0),(75,2,7,0,1,'dtInitTransfer','BackboneLinkExtremity',1,1),(76,2,7,0,1,'dtRequestTransfer','BackboneLinkExtremity',1,1),(77,2,7,0,0,'dtOldTerminate','BackboneLinkExtremity',0,0),(78,2,7,0,0,'dtScheduleDelivery','BackboneLinkExtremity',0,0),(80,2,NULL,0,0,'dtTransferComplete','BackboneLinkExtremity',0,0),(81,2,7,0,0,'dtTransferRealDelivery','BackboneLinkExtremity',0,0),(82,2,8,0,0,'dtInitTransfer','BackboneLinkExtremity',0,0),(83,2,8,0,0,'dtRequestTransfer','BackboneLinkExtremity',0,0),(84,2,8,0,0,'dtOldTerminate','BackboneLinkExtremity',0,0),(85,2,8,0,1,'dtScheduleDelivery','BackboneLinkExtremity',1,0),(87,2,8,0,0,'dtTransferRealDelivery','BackboneLinkExtremity',0,0),(88,2,9,0,0,'dtInitTransfer','BackboneLinkExtremity',0,0),(89,2,9,0,0,'dtRequestTransfer','BackboneLinkExtremity',0,0),(90,2,9,0,0,'dtOldTerminate','BackboneLinkExtremity',0,0),(91,2,9,0,0,'dtScheduleDelivery','BackboneLinkExtremity',0,0),(94,2,10,0,0,'dtInitTransfer','BackboneLinkExtremity',0,0),(95,2,10,0,0,'dtRequestTransfer','BackboneLinkExtremity',0,0),(96,2,10,0,0,'dtOldTerminate','BackboneLinkExtremity',0,0),(97,2,10,0,0,'dtScheduleDelivery','BackboneLinkExtremity',0,0),(99,2,10,0,0,'dtTransferRealDelivery','BackboneLinkExtremity',0,0),(100,1,NULL,0,0,'dtDelivery','BackboneLink',0,0),(101,1,NULL,0,0,'dtOrder','BackboneLink',0,0),(102,1,NULL,0,0,'dtDeliveryRequested','BackboneLink',0,0),(103,2,NULL,0,0,'dtInitTransfer','BackboneLinkExtremity',0,0),(104,2,NULL,0,0,'dtRequestTransfer','BackboneLinkExtremity',0,0),(105,2,NULL,0,0,'dtOldTerminate','BackboneLinkExtremity',0,0),(106,2,NULL,0,0,'dtScheduleDelivery','BackboneLinkExtremity',0,0),(107,2,NULL,0,0,'dtTransferComplete','BackboneLinkExtremity',0,0),(108,2,NULL,0,0,'dtTransferRealDelivery','BackboneLinkExtremity',0,0),(111,2,NULL,0,0,'dtInitTransfer','BackboneLinkExtremity',0,1),(112,2,NULL,0,0,'dtRequestTransfer','BackboneLinkExtremity',0,1),(113,2,NULL,0,0,'dtOldTerminate','BackboneLinkExtremity',0,1),(114,2,NULL,0,0,'dtScheduleDelivery','BackboneLinkExtremity',0,1),(115,2,NULL,0,0,'dtTransferComplete','BackboneLinkExtremity',0,1),(116,2,NULL,0,0,'dtTransferRealDelivery','BackboneLinkExtremity',0,1),(117,2,NULL,0,0,'dtBbTested','BackboneLinkExtremityTech',0,1),(118,3,NULL,0,0,'dtOrder','BackboneLink',0,0),(119,3,NULL,0,0,'dtRealTerminate','BackboneLink',0,0),(120,3,NULL,0,0,'dtRealUpdown','BackboneLink',0,0),(121,3,NULL,0,0,'dtRequestedUpdown','BackboneLink',0,0),(122,3,NULL,0,0,'dtScheduledDelivery','BackboneLink',0,0),(123,3,NULL,0,0,'dtDelivery','BackboneLink',0,0),(124,3,NULL,0,0,'dtDeliveryRequested','BackboneLink',0,0),(125,3,NULL,0,0,'dtInitTerminate','BackboneLink',0,0),(126,3,NULL,0,0,'dtInitUpdown','BackboneLink',0,0),(127,3,13,0,1,'idBandwidth','BackboneLink',1,0),(128,3,13,0,1,'dtInitUpdown','BackboneLink',1,0),(129,3,13,0,1,'dtRequestedUpdown','BackboneLink',1,0),(131,3,14,0,1,'dtScheduledUpdownDelivery','BackboneLink',1,0),(132,3,15,0,1,'dtRealUpdown','BackboneLink',1,0),(133,3,16,0,1,'dtBbTested','BackboneLinkExtremityTech',1,0),(134,4,NULL,0,0,'dtOrder','BackboneLink',0,0),(135,4,NULL,0,0,'dtRealTerminate','BackboneLink',0,0),(136,4,NULL,0,0,'dtRealUpdown','BackboneLink',0,0),(137,4,NULL,0,0,'dtRequestedUpdown','BackboneLink',0,0),(138,4,NULL,0,0,'dtScheduledDelivery','BackboneLink',0,0),(139,4,NULL,0,0,'dtDelivery','BackboneLink',0,0),(140,4,NULL,0,0,'dtDeliveryRequested','BackboneLink',0,0),(141,4,NULL,0,0,'dtInitTerminate','BackboneLink',0,0),(142,4,NULL,0,0,'dtInitUpdown','BackboneLink',0,0),(520,5,23,0,1,'idBranch','LocalLoop',1,0),(521,5,23,0,1,'idProviderOfCarrier','LocalLoop',1,0),(522,5,23,0,1,'idBandwidth','LocalLoop',1,0),(523,5,23,0,1,'idLinkFunction','LocalLoop',1,0),(524,5,23,0,1,'dtOrder','LocalLoop',1,0),(525,5,23,0,1,'dtDeliveryRequested','LocalLoop',1,0),(527,5,24,0,1,'dtScheduledDelivery','LocalLoop',1,0),(528,5,25,0,1,'cdTechnicalRef','LocalLoop',1,0),(529,5,25,0,1,'dtDelivery','LocalLoop',1,0),(531,5,26,0,1,'dtLlTested','LocalLoopExtremityTech',1,0),(533,6,31,0,1,'dtTransferRealDelivery','LocalLoopExtremity',1,0),(535,6,32,0,1,'dtLlTested','LocalLoopExtremityTech',1,0),(536,8,41,0,1,'dtInitTerminate','LocalLoop',1,0),(537,8,41,0,1,'dtRequestTerminate','LocalLoop',1,0),(538,8,41,0,1,'dtRealTerminate','LocalLoop',1,0),(539,5,NULL,1,0,'dtRealTerminate','LocalLoop',0,0),(540,5,NULL,1,0,'dtRealUpdown','LocalLoop',0,0),(541,5,NULL,1,0,'dtRequestedUpdown','LocalLoop',0,0),(542,5,NULL,0,0,'dtScheduledDelivery','LocalLoop',0,0),(543,5,NULL,1,0,'dtInitTerminate','LocalLoop',0,0),(544,5,NULL,1,0,'dtInitUpdown','LocalLoop',0,0),(545,6,NULL,1,0,'dtOrder','LocalLoop',0,0),(546,6,NULL,1,0,'dtRealTerminate','LocalLoop',0,0),(547,6,NULL,1,0,'dtRealUpdown','LocalLoop',0,0),(548,6,NULL,1,0,'dtRequestedUpdown','LocalLoop',0,0),(549,6,NULL,1,0,'dtScheduledDelivery','LocalLoop',0,0),(550,6,NULL,1,0,'dtDelivery','LocalLoop',0,0),(551,6,NULL,1,0,'dtDeliveryRequested','LocalLoop',0,0),(552,6,NULL,1,0,'dtInitTerminate','LocalLoop',0,0),(553,6,NULL,1,0,'dtInitUpdown','LocalLoop',0,0),(554,5,NULL,1,0,'dtRequestTerminate','LocalLoop',0,0),(555,6,NULL,1,0,'dtRequestTerminate','LocalLoop',0,0),(556,7,NULL,0,0,'dtRequestTerminate','LocalLoop',0,0),(557,6,29,0,1,'dtInitTransfer','LocalLoopExtremity',1,1),(558,6,29,0,1,'dtRequestTransfer','LocalLoopExtremity',1,1),(559,6,29,0,0,'dtOldTerminate','LocalLoopExtremity',0,0),(560,6,29,0,0,'dtScheduleDelivery','LocalLoopExtremity',0,0),(562,6,29,0,0,'dtTransferRealDelivery','LocalLoopExtremity',0,0),(563,6,30,0,0,'dtInitTransfer','LocalLoopExtremity',0,0),(564,6,30,0,0,'dtRequestTransfer','LocalLoopExtremity',0,0),(565,6,30,0,0,'dtOldTerminate','LocalLoopExtremity',0,0),(566,6,30,0,1,'dtScheduleDelivery','LocalLoopExtremity',1,0),(568,6,30,0,0,'dtTransferRealDelivery','LocalLoopExtremity',0,0),(569,6,31,0,0,'dtInitTransfer','LocalLoopExtremity',0,0),(570,6,31,0,0,'dtRequestTransfer','LocalLoopExtremity',0,0),(571,6,31,0,0,'dtOldTerminate','LocalLoopExtremity',0,0),(572,6,31,0,0,'dtScheduleDelivery','LocalLoopExtremity',0,0),(575,6,32,0,0,'dtInitTransfer','LocalLoopExtremity',0,0),(576,6,32,0,0,'dtRequestTransfer','LocalLoopExtremity',0,0),(577,6,32,0,0,'dtOldTerminate','LocalLoopExtremity',0,0),(578,6,32,0,0,'dtScheduleDelivery','LocalLoopExtremity',0,0),(580,6,32,0,0,'dtTransferRealDelivery','LocalLoopExtremity',0,0),(581,5,NULL,0,0,'dtDelivery','LocalLoop',0,0),(582,5,NULL,0,0,'dtOrder','LocalLoop',0,0),(583,5,NULL,0,0,'dtDeliveryRequested','LocalLoop',0,0),(584,6,NULL,0,0,'dtInitTransfer','LocalLoopExtremity',0,0),(585,6,NULL,0,0,'dtRequestTransfer','LocalLoopExtremity',0,0),(586,6,NULL,0,0,'dtOldTerminate','LocalLoopExtremity',0,0),(587,6,NULL,0,0,'dtScheduleDelivery','LocalLoopExtremity',0,0),(588,6,NULL,0,0,'dtTransferComplete','LocalLoopExtremity',0,0),(589,6,NULL,0,0,'dtTransferRealDelivery','LocalLoopExtremity',0,0),(590,6,NULL,0,0,'dtInitTransfer','LocalLoopExtremity',0,1),(591,6,NULL,0,0,'dtRequestTransfer','LocalLoopExtremity',0,1),(592,6,NULL,0,0,'dtOldTerminate','LocalLoopExtremity',0,1),(593,6,NULL,0,0,'dtScheduleDelivery','LocalLoopExtremity',0,1),(594,6,NULL,0,0,'dtTransferComplete','LocalLoopExtremity',0,1),(595,6,NULL,0,0,'dtTransferRealDelivery','LocalLoopExtremity',0,1),(596,6,NULL,0,0,'dtLlTested','LocalLoopExtremityTech',0,1),(597,7,NULL,0,0,'dtOrder','LocalLoop',0,0),(598,7,NULL,0,0,'dtRealTerminate','LocalLoop',0,0),(599,7,NULL,0,0,'dtRealUpdown','LocalLoop',0,0),(600,7,NULL,0,0,'dtRequestedUpdown','LocalLoop',0,0),(601,7,NULL,0,0,'dtScheduledDelivery','LocalLoop',0,0),(602,7,NULL,0,0,'dtDelivery','LocalLoop',0,0),(603,7,NULL,0,0,'dtDeliveryRequested','LocalLoop',0,0),(604,7,NULL,0,0,'dtInitTerminate','LocalLoop',0,0),(605,7,NULL,0,0,'dtInitUpdown','LocalLoop',0,0),(606,7,35,0,1,'idBandwidth','LocalLoop',1,0),(607,7,35,0,1,'dtInitUpdown','LocalLoop',1,0),(608,7,35,0,1,'dtRequestedUpdown','LocalLoop',1,0),(609,7,36,0,1,'dtScheduledUpdownDelivery','LocalLoop',1,0),(610,7,37,0,1,'dtRealUpdown','LocalLoop',1,0),(611,7,38,0,1,'dtLlTested','LocalLoopExtremityTech',1,0),(612,8,NULL,0,0,'dtOrder','LocalLoop',0,0),(613,8,NULL,0,0,'dtRealTerminate','LocalLoop',0,0),(614,8,NULL,0,0,'dtRealUpdown','LocalLoop',0,0),(615,8,NULL,0,0,'dtRequestedUpdown','LocalLoop',0,0),(616,8,NULL,0,0,'dtScheduledDelivery','LocalLoop',0,0),(617,8,NULL,0,0,'dtDelivery','LocalLoop',0,0),(618,8,NULL,0,0,'dtDeliveryRequested','LocalLoop',0,0),(619,8,NULL,0,0,'dtInitTerminate','LocalLoop',0,0),(620,8,NULL,0,0,'dtInitUpdown','LocalLoop',0,0),(621,1,NULL,0,0,'dtInitTransfer','BackboneLinkExtremity',0,0),(622,1,NULL,0,0,'dtRequestTransfer','BackboneLinkExtremity',0,0),(623,1,NULL,0,0,'dtOldTerminate','BackboneLinkExtremity',0,0),(624,1,NULL,0,0,'dtScheduleDelivery','BackboneLinkExtremity',0,0),(625,1,NULL,0,0,'dtTransferComplete','BackboneLinkExtremity',0,0),(626,1,NULL,0,0,'dtTransferRealDelivery','BackboneLinkExtremity',0,0),(627,1,NULL,0,0,'dtInitTransfer','BackboneLinkExtremity',0,1),(628,1,NULL,0,0,'dtRequestTransfer','BackboneLinkExtremity',0,1),(629,1,NULL,0,0,'dtOldTerminate','BackboneLinkExtremity',0,1),(630,1,NULL,0,0,'dtScheduleDelivery','BackboneLinkExtremity',0,1),(631,1,NULL,0,0,'dtTransferComplete','BackboneLinkExtremity',0,1),(632,1,NULL,0,0,'dtTransferRealDelivery','BackboneLinkExtremity',0,1),(633,3,NULL,0,0,'dtInitTransfer','BackboneLinkExtremity',0,0),(634,3,NULL,0,0,'dtRequestTransfer','BackboneLinkExtremity',0,0),(635,3,NULL,0,0,'dtOldTerminate','BackboneLinkExtremity',0,0),(636,3,NULL,0,0,'dtScheduleDelivery','BackboneLinkExtremity',0,0),(637,3,NULL,0,0,'dtTransferComplete','BackboneLinkExtremity',0,0),(638,3,NULL,0,0,'dtTransferRealDelivery','BackboneLinkExtremity',0,0),(639,3,NULL,0,0,'dtInitTransfer','BackboneLinkExtremity',0,1),(640,3,NULL,0,0,'dtRequestTransfer','BackboneLinkExtremity',0,1),(641,3,NULL,0,0,'dtOldTerminate','BackboneLinkExtremity',0,1),(642,3,NULL,0,0,'dtScheduleDelivery','BackboneLinkExtremity',0,1),(643,3,NULL,0,0,'dtTransferComplete','BackboneLinkExtremity',0,1),(644,3,NULL,0,0,'dtTransferRealDelivery','BackboneLinkExtremity',0,1),(645,4,NULL,0,0,'dtInitTransfer','BackboneLinkExtremity',0,0),(646,4,NULL,0,0,'dtRequestTransfer','BackboneLinkExtremity',0,0),(647,4,NULL,0,0,'dtOldTerminate','BackboneLinkExtremity',0,0),(648,4,NULL,0,0,'dtScheduleDelivery','BackboneLinkExtremity',0,0),(649,4,NULL,0,0,'dtTransferComplete','BackboneLinkExtremity',0,0),(650,4,NULL,0,0,'dtTransferRealDelivery','BackboneLinkExtremity',0,0),(651,4,NULL,0,0,'dtInitTransfer','BackboneLinkExtremity',0,1),(652,4,NULL,0,0,'dtRequestTransfer','BackboneLinkExtremity',0,1),(653,4,NULL,0,0,'dtOldTerminate','BackboneLinkExtremity',0,1),(654,4,NULL,0,0,'dtScheduleDelivery','BackboneLinkExtremity',0,1),(655,4,NULL,0,0,'dtTransferComplete','BackboneLinkExtremity',0,1),(656,4,NULL,0,0,'dtTransferRealDelivery','BackboneLinkExtremity',0,1),(657,5,NULL,0,0,'dtInitTransfer','LocalLoopExtremity',0,0),(658,5,NULL,0,0,'dtRequestTransfer','LocalLoopExtremity',0,0),(659,5,NULL,0,0,'dtOldTerminate','LocalLoopExtremity',0,0),(660,5,NULL,0,0,'dtScheduleDelivery','LocalLoopExtremity',0,0),(661,5,NULL,0,0,'dtTransferComplete','LocalLoopExtremity',0,0),(662,5,NULL,0,0,'dtTransferRealDelivery','LocalLoopExtremity',0,0),(663,5,NULL,0,0,'dtInitTransfer','LocalLoopExtremity',0,1),(664,5,NULL,0,0,'dtRequestTransfer','LocalLoopExtremity',0,1),(665,5,NULL,0,0,'dtOldTerminate','LocalLoopExtremity',0,1),(666,5,NULL,0,0,'dtScheduleDelivery','LocalLoopExtremity',0,1),(667,5,NULL,0,0,'dtTransferComplete','LocalLoopExtremity',0,1),(668,5,NULL,0,0,'dtTransferRealDelivery','LocalLoopExtremity',0,1),(669,8,NULL,0,0,'dtInitTransfer','LocalLoopExtremity',0,0),(670,8,NULL,0,0,'dtRequestTransfer','LocalLoopExtremity',0,0),(671,8,NULL,0,0,'dtOldTerminate','LocalLoopExtremity',0,0),(672,8,NULL,0,0,'dtScheduleDelivery','LocalLoopExtremity',0,0),(673,8,NULL,0,0,'dtTransferComplete','LocalLoopExtremity',0,0),(674,8,NULL,0,0,'dtTransferRealDelivery','LocalLoopExtremity',0,0),(675,8,NULL,0,0,'dtInitTransfer','LocalLoopExtremity',0,1),(676,8,NULL,0,0,'dtRequestTransfer','LocalLoopExtremity',0,1),(677,8,NULL,0,0,'dtOldTerminate','LocalLoopExtremity',0,1),(678,8,NULL,0,0,'dtScheduleDelivery','LocalLoopExtremity',0,1),(679,8,NULL,0,0,'dtTransferComplete','LocalLoopExtremity',0,1),(680,8,NULL,0,0,'dtTransferRealDelivery','LocalLoopExtremity',0,1),(681,7,NULL,0,0,'dtInitTransfer','LocalLoopExtremity',0,0),(682,7,NULL,0,0,'dtRequestTransfer','LocalLoopExtremity',0,0),(683,7,NULL,0,0,'dtOldTerminate','LocalLoopExtremity',0,0),(684,7,NULL,0,0,'dtScheduleDelivery','LocalLoopExtremity',0,0),(685,7,NULL,0,0,'dtTransferComplete','LocalLoopExtremity',0,0),(686,7,NULL,0,0,'dtTransferRealDelivery','LocalLoopExtremity',0,0),(687,7,NULL,0,0,'dtInitTransfer','LocalLoopExtremity',0,1),(688,7,NULL,0,0,'dtRequestTransfer','LocalLoopExtremity',0,1),(689,7,NULL,0,0,'dtOldTerminate','LocalLoopExtremity',0,1),(690,7,NULL,0,0,'dtScheduleDelivery','LocalLoopExtremity',0,1),(691,7,NULL,0,0,'dtTransferComplete','LocalLoopExtremity',0,1),(692,7,NULL,0,0,'dtTransferRealDelivery','LocalLoopExtremity',0,1),(693,5,23,0,1,'idCapacity','LocalLoop',1,0),(696,1,1,0,1,'idAdminContact','BackboneLinkExtremity',1,0),(697,1,1,0,1,'idDeliveryAddress','BackboneLinkExtremity',1,0),(698,2,7,0,1,'idAdminContact','BackboneLinkExtremity',1,0),(699,2,7,0,1,'idDeliveryAddress','BackboneLinkExtremity',1,0),(700,1,NULL,1,0,'idOldBandwidth','BackboneLink',0,0),(701,2,NULL,1,0,'idOldBandwidth','BackboneLink',0,0),(702,4,NULL,1,0,'idOldBandwidth','BackboneLink',0,0),(703,5,NULL,1,0,'idOldBandwidth','LocalLoop',0,0),(704,6,NULL,1,0,'idOldBandwidth','LocalLoop',0,0),(705,8,NULL,1,0,'idOldBandwidth','LocalLoop',0,0),(706,1,NULL,1,0,'dtOldBbTested','BackboneLinkExtremityTech',0,0),(707,2,NULL,1,0,'dtOldBbTested','BackboneLinkExtremityTech',0,0),(708,4,NULL,1,0,'dtOldBbTested','BackboneLinkExtremityTech',0,0),(709,5,NULL,1,0,'dtOldLlTested','LocalLoopExtremityTech',0,0),(710,6,NULL,1,0,'dtOldLlTested','LocalLoopExtremityTech',0,0),(711,8,NULL,1,0,'dtOldLlTested','LocalLoopExtremityTech',0,0),(712,1,NULL,0,0,'dtScheduledUpdownDelivery','BackboneLink',0,0),(713,2,NULL,1,0,'dtScheduledUpdownDelivery','BackboneLink',0,0),(714,3,NULL,0,0,'dtScheduledUpdownDelivery','BackboneLink',0,0),(715,4,NULL,0,0,'dtScheduledUpdownDelivery','BackboneLink',0,0),(716,5,NULL,0,0,'dtScheduledUpdownDelivery','LocalLoop',0,0),(717,6,NULL,1,0,'dtScheduledUpdownDelivery','LocalLoop',0,0),(718,7,NULL,0,0,'dtScheduledUpdownDelivery','LocalLoop',0,0),(719,8,NULL,0,0,'dtScheduledUpdownDelivery','LocalLoop',0,0),(726,3,NULL,0,0,'dtBbTested','BackboneLinkExtremityTech',0,0),(727,7,NULL,0,0,'dtLlTested','LocalLoopExtremityTech',0,0);

--
-- Table structure for table `backbone_link_option`
--

CREATE TABLE `backbone_link_option` (
  `id_backbone_link_option` int(11) NOT NULL AUTO_INCREMENT,
  `id_option_type` int(11) DEFAULT NULL,
  `nb_quantity` int(11) DEFAULT NULL,
  `dt_create` datetime DEFAULT NULL,
  `dt_update` datetime DEFAULT NULL,
  `bl_deactivated` tinyint(1) NOT NULL,
  `id_backbone_link` int(11) DEFAULT NULL,
  `cd_option` varchar(255) DEFAULT NULL,
  `lb_option` varchar(255) DEFAULT NULL,
  PRIMARY KEY (`id_backbone_link_option`),
  KEY `id_option_type` (`id_option_type`),
  KEY `id_backbone_link` (`id_backbone_link`),
  CONSTRAINT `key_backbone_link` FOREIGN KEY (`id_backbone_link`) REFERENCES `backbone_link` (`id_backbone_link`) ON DELETE NO ACTION ON UPDATE NO ACTION,
  CONSTRAINT `key_option_type` FOREIGN KEY (`id_option_type`) REFERENCES `option_type` (`id_option_type`) ON DELETE NO ACTION ON UPDATE NO ACTION
) ENGINE=InnoDB AUTO_INCREMENT=20 DEFAULT CHARSET=utf8;

--
-- Dumping data for table `backbone_link_option`
--

INSERT INTO `backbone_link_option` VALUES (1,NULL,NULL,'2013-11-03 22:33:11','2013-11-03 22:33:11',1,11,'12566',NULL),(2,NULL,2,'2013-11-03 22:40:08','2013-11-03 22:40:08',1,11,'TVRUSH',NULL),(3,NULL,NULL,'2013-11-03 22:51:00','2013-11-03 22:51:00',1,11,'toto',NULL),(4,NULL,NULL,'2013-11-03 23:25:29','2013-11-03 23:25:29',1,11,'99898',NULL),(5,1,NULL,'2013-11-12 17:11:52','2013-11-12 17:11:52',1,14,'opt02',NULL),(6,NULL,NULL,'2013-11-21 15:37:14','2013-11-21 15:37:14',1,8,'12556',NULL),(7,NULL,NULL,'2013-11-21 15:40:28','2013-11-21 15:40:28',1,8,'12556',NULL),(8,NULL,NULL,'2013-11-21 15:41:15','2013-11-21 15:41:15',1,8,'12556',NULL),(9,1,NULL,'2013-12-06 15:17:47','2013-12-06 15:17:47',1,9,'1212',NULL),(10,4,NULL,'2013-12-06 15:18:08','2013-12-06 15:18:08',1,9,'122112',NULL),(11,4,NULL,'2013-12-15 12:13:53','2013-12-15 12:13:53',1,18,'Version Originale 1',NULL),(12,2,NULL,'2013-12-17 00:00:00','2013-12-17 00:00:00',1,19,'Version Française 1',NULL),(13,2,20,'2014-01-16 17:14:00','2014-01-16 17:14:00',1,31,'Version Française 1',NULL),(14,1,NULL,'2014-01-21 16:29:53','2014-01-21 16:29:53',1,35,'Option d\'Option','GTR 2 hours'),(15,1,2,'2014-01-21 16:45:38','2014-01-21 16:45:38',1,34,'Option d\'Option',NULL),(16,1,NULL,'2014-01-22 11:31:12','2014-01-22 11:31:12',1,10,'Option d\'Option',NULL),(17,4,NULL,'2014-01-22 14:45:31','2014-01-22 14:45:31',1,37,'Version Originale 1',NULL),(18,2,NULL,'2014-02-17 18:15:57','2014-02-17 18:15:57',1,43,'Version Française 1',NULL),(19,2,NULL,'2014-02-28 17:09:28','2014-02-28 17:09:28',1,45,'Version Française 1',NULL);

--
-- Table structure for table `backup`
--

CREATE TABLE `backup` (
  `id_backup` int(11) NOT NULL AUTO_INCREMENT,
  `lb_backup` varchar(255) DEFAULT NULL,
  `bl_deactivated` tinyint(1) DEFAULT NULL,
  PRIMARY KEY (`id_backup`)
) ENGINE=InnoDB DEFAULT CHARSET=utf8;

--
-- Dumping data for table `backup`
--


--
-- Table structure for table `bandwidth`
--

CREATE TABLE `bandwidth` (
  `id_bandwidth` int(11) NOT NULL AUTO_INCREMENT,
  `cd_bandwidth` varchar(15) DEFAULT NULL,
  `lb_bandwidth` varchar(100) NOT NULL,
  `nb_bandwidth` decimal(10,0) DEFAULT NULL,
  `bl_deactivated` tinyint(1) DEFAULT NULL,
  `dt_create` datetime DEFAULT NULL,
  `dt_update` datetime DEFAULT NULL,
  `dt_deactivated` datetime DEFAULT NULL,
  `dt_reactivated` datetime DEFAULT NULL,
  PRIMARY KEY (`id_bandwidth`)
) ENGINE=InnoDB AUTO_INCREMENT=7 DEFAULT CHARSET=utf8;

--
-- Dumping data for table `bandwidth`
--

INSERT INTO `bandwidth` VALUES (1,'1024PROD','1024 tous produits.',1024,1,'2013-05-07 15:32:16','2013-07-02 11:28:20',NULL,NULL),(2,'154','15',512,1,'2013-06-27 18:00:24','2013-06-27 18:00:24',NULL,NULL),(3,'BW SUper','c\'est superman qui deplace les paquets !',9999999999,1,'2013-07-02 11:40:20','2013-07-02 11:40:20',NULL,NULL),(4,'5454','5454',1024,1,'2013-09-25 14:35:23','2013-09-25 14:35:23',NULL,NULL),(5,'2048 K','2048 kbit/s',2048,1,'2014-01-24 12:14:03','2014-01-24 12:14:03',NULL,NULL),(6,'1.536','T1',1536,1,'2014-01-24 12:16:09','2014-01-24 12:16:09',NULL,NULL);

--
-- Table structure for table `bandwidth_assignee`
--

CREATE TABLE `bandwidth_assignee` (
  `id_bandwidth_assignee` int(11) NOT NULL AUTO_INCREMENT,
  `lb_bandwidth_assignee` varchar(100) COLLATE utf8_unicode_ci NOT NULL,
  `bl_product` tinyint(1) DEFAULT NULL,
  `bl_local_loop` tinyint(1) DEFAULT NULL,
  `bl_backbone_link` tinyint(1) DEFAULT NULL,
  `bl_timeslot` tinyint(1) DEFAULT NULL,
  `cd_bandwidth_assignee` varchar(15) COLLATE utf8_unicode_ci DEFAULT NULL,
  `nb_bandwidth` decimal(10,0) DEFAULT NULL,
  `bl_deactivated` tinyint(1) DEFAULT NULL,
  `dt_create` datetime DEFAULT NULL,
  `dt_update` datetime DEFAULT NULL,
  `dt_deactivated` datetime DEFAULT NULL,
  PRIMARY KEY (`id_bandwidth_assignee`)
) ENGINE=InnoDB AUTO_INCREMENT=11 DEFAULT CHARSET=utf8 COLLATE=utf8_unicode_ci;

--
-- Dumping data for table `bandwidth_assignee`
--

INSERT INTO `bandwidth_assignee` VALUES (1,'PROD1024',1,0,0,0,'cdtmem1',NULL,1,NULL,'2014-02-03 12:55:31',NULL),(2,'test',1,0,0,0,'cdtmem2',NULL,1,NULL,'2014-02-03 12:55:49',NULL),(3,'test 2',1,0,0,0,'cdtmem3',NULL,1,NULL,'2014-02-03 12:56:04',NULL),(4,'Flash',0,0,1,0,'cdflash',NULL,1,NULL,'2014-02-03 12:55:02',NULL),(5,'2048 k',1,0,0,0,'cd2k',NULL,1,NULL,'2014-02-03 00:00:00',NULL),(6,'T1',0,1,0,0,'cdT1',NULL,1,NULL,'2014-02-03 12:57:33',NULL),(7,'100 Mbit/s*',0,1,1,0,'100 Mbit/s',NULL,1,'2014-02-05 00:00:00','2014-02-05 00:00:00',NULL),(8,'1 Giga*',0,1,1,0,'1 Giga',NULL,1,'2014-02-05 18:14:23','2014-02-05 18:14:23',NULL),(9,'155 Mbit/s',0,1,0,0,'155 Mbit/s',NULL,1,'2014-02-05 00:00:00','2014-02-05 00:00:00',NULL),(10,'300.000 kbit/s',0,1,1,0,'300 Mbit/s',NULL,1,'2014-02-21 00:00:00','2014-02-21 00:00:00',NULL);

--
-- Table structure for table `bandwidth_assignee_bandwidth`
--

CREATE TABLE `bandwidth_assignee_bandwidth` (
  `id_bandwidth_assignee` int(11) NOT NULL,
  `id_bandwidth` int(11) NOT NULL,
  PRIMARY KEY (`id_bandwidth_assignee`,`id_bandwidth`),
  KEY `IDX_ADB48C2A36EB4FA3` (`id_bandwidth_assignee`),
  KEY `IDX_ADB48C2AA3C6948` (`id_bandwidth`),
  CONSTRAINT `FK_ADB48C2A36EB4FA3` FOREIGN KEY (`id_bandwidth_assignee`) REFERENCES `bandwidth_assignee` (`id_bandwidth_assignee`),
  CONSTRAINT `FK_ADB48C2AA3C6948` FOREIGN KEY (`id_bandwidth`) REFERENCES `bandwidth` (`id_bandwidth`)
) ENGINE=InnoDB DEFAULT CHARSET=utf8 COLLATE=utf8_unicode_ci;

--
-- Dumping data for table `bandwidth_assignee_bandwidth`
--

INSERT INTO `bandwidth_assignee_bandwidth` VALUES (1,1),(2,1);

--
-- Table structure for table `bandwidth_assignee_product_type`
--

CREATE TABLE `bandwidth_assignee_product_type` (
  `id_bandwidth_assignee` int(11) NOT NULL,
  `id_product_type` int(11) NOT NULL,
  PRIMARY KEY (`id_bandwidth_assignee`,`id_product_type`),
  KEY `IDX_A9CE13A836EB4FA3` (`id_bandwidth_assignee`),
  KEY `IDX_A9CE13A822F700FA` (`id_product_type`),
  CONSTRAINT `FK_A9CE13A822F700FA` FOREIGN KEY (`id_product_type`) REFERENCES `product_type` (`id_product_type`),
  CONSTRAINT `FK_A9CE13A836EB4FA3` FOREIGN KEY (`id_bandwidth_assignee`) REFERENCES `bandwidth_assignee` (`id_bandwidth_assignee`)
) ENGINE=InnoDB DEFAULT CHARSET=utf8 COLLATE=utf8_unicode_ci;

--
-- Dumping data for table `bandwidth_assignee_product_type`
--


--
-- Table structure for table `bandwidth_by_product`
--

CREATE TABLE `bandwidth_by_product` (
  `id_bandwidth_by_product` int(11) NOT NULL AUTO_INCREMENT,
  `id_product` int(11) DEFAULT NULL,
  `id_bandwidth` int(11) DEFAULT NULL,
  `bl_deactivated` tinyint(1) DEFAULT NULL,
  `dt_create` datetime DEFAULT NULL,
  `dt_update` datetime DEFAULT NULL,
  `id_user_create_by` int(11) DEFAULT NULL,
  `id_user_update_by` int(11) DEFAULT NULL,
  PRIMARY KEY (`id_bandwidth_by_product`),
  KEY `id_user_create_by` (`id_user_create_by`),
  KEY `id_user_update_by` (`id_user_update_by`),
  KEY `id_product` (`id_product`),
  KEY `id_bandwidth` (`id_bandwidth`),
  CONSTRAINT `FK_DFBF0ACE536A5873` FOREIGN KEY (`id_user_create_by`) REFERENCES `myuser` (`id`),
  CONSTRAINT `FK_DFBF0ACE68E26F41` FOREIGN KEY (`id_user_update_by`) REFERENCES `myuser` (`id`),
  CONSTRAINT `FK_DFBF0ACEA3C6948` FOREIGN KEY (`id_bandwidth`) REFERENCES `bandwidth` (`id_bandwidth`),
  CONSTRAINT `FK_DFBF0ACEDD7ADDD` FOREIGN KEY (`id_product`) REFERENCES `product` (`id_product`)
) ENGINE=InnoDB DEFAULT CHARSET=utf8;

--
-- Dumping data for table `bandwidth_by_product`
--


--
-- Table structure for table `billing_frequency`
--

CREATE TABLE `billing_frequency` (
  `id_billing_frequency` int(11) NOT NULL AUTO_INCREMENT,
  `cd_frequency` varchar(15) DEFAULT NULL,
  `lb_frequency` varchar(255) DEFAULT NULL,
  `interval` int(11) NOT NULL,
  PRIMARY KEY (`id_billing_frequency`)
) ENGINE=InnoDB AUTO_INCREMENT=7 DEFAULT CHARSET=utf8;

--
-- Dumping data for table `billing_frequency`
--

INSERT INTO `billing_frequency` VALUES (1,'M','Monthly',1),(2,'B','Bimonthly',2),(3,'Q','Quarterly',3),(4,'4M','4 months',4),(5,'SA','Semi-Annual',6),(6,'Y','Yearly',12);

--
-- Table structure for table `billing_group`
--

CREATE TABLE `billing_group` (
  `id_billing_group` int(11) NOT NULL AUTO_INCREMENT,
  `id_address` int(11) DEFAULT NULL,
  `lb_group` varchar(255) COLLATE utf8_unicode_ci DEFAULT NULL,
  PRIMARY KEY (`id_billing_group`),
  KEY `IDX_68BF61E8D3D3C6F1` (`id_address`),
  CONSTRAINT `FK_68BF61E8D3D3C6F1` FOREIGN KEY (`id_address`) REFERENCES `address` (`id_address`)
) ENGINE=InnoDB AUTO_INCREMENT=17 DEFAULT CHARSET=utf8 COLLATE=utf8_unicode_ci;

--
-- Dumping data for table `billing_group`
--

INSERT INTO `billing_group` VALUES (1,NULL,'131'),(2,NULL,'dfgd'),(3,21,'256556'),(5,NULL,'1214556'),(6,18,'5454'),(7,NULL,'15556'),(8,38,'test 2'),(9,38,'test 1'),(10,NULL,'test'),(11,NULL,'test'),(12,38,'tt'),(13,38,'tyy'),(14,48,'98217654'),(15,48,'32165'),(16,48,'65438765');

--
-- Table structure for table `billing_one_shot`
--

CREATE TABLE `billing_one_shot` (
  `id_billing_one_shot` int(11) NOT NULL AUTO_INCREMENT,
  `id_currency` int(11) DEFAULT NULL,
  `id_service` int(11) DEFAULT NULL,
  `id_service_extremity` int(11) DEFAULT NULL,
  `id_service_extremity_option` int(11) DEFAULT NULL,
  `mt_nrc` decimal(10,0) DEFAULT NULL,
  `mt_nrc_euro` int(11) DEFAULT NULL,
  PRIMARY KEY (`id_billing_one_shot`),
  KEY `IDX_C785A26E398D64AA` (`id_currency`),
  KEY `IDX_C785A26E3F0033A2` (`id_service`),
  KEY `IDX_C785A26EC53102E9` (`id_service_extremity`),
  KEY `IDX_C785A26EA5972AFE` (`id_service_extremity_option`),
  CONSTRAINT `FK_C785A26E398D64AA` FOREIGN KEY (`id_currency`) REFERENCES `currency` (`id_currency`),
  CONSTRAINT `FK_C785A26E3F0033A2` FOREIGN KEY (`id_service`) REFERENCES `service` (`id_service`),
  CONSTRAINT `FK_C785A26EA5972AFE` FOREIGN KEY (`id_service_extremity_option`) REFERENCES `service_extremity_option` (`id_service_extremity_option`),
  CONSTRAINT `FK_C785A26EC53102E9` FOREIGN KEY (`id_service_extremity`) REFERENCES `service_extremity` (`id_service_extremity`)
) ENGINE=InnoDB DEFAULT CHARSET=utf8 COLLATE=utf8_unicode_ci;

--
-- Dumping data for table `billing_one_shot`
--


--
-- Table structure for table `billing_period`
--

CREATE TABLE `billing_period` (
  `id_billing_period` int(11) NOT NULL AUTO_INCREMENT,
  `dt_billing_end` datetime NOT NULL,
  `id_branch` int(11) DEFAULT NULL,
  `id_billing_period_ref` int(11) DEFAULT NULL,
  `id_billing_frequency` int(11) DEFAULT NULL,
  `dt_ref_end` datetime NOT NULL,
  `dt_ref_start` datetime NOT NULL,
  `dt_billing_start` datetime NOT NULL,
  `lb_billing_period` varchar(100) DEFAULT NULL,
  PRIMARY KEY (`id_billing_period`),
  KEY `IDX_80623D9E9DB1AEF2` (`id_branch`),
  KEY `IDX_80623D9E1179FFA7` (`id_billing_period_ref`),
  KEY `IDX_80623D9E635BB25A` (`id_billing_frequency`),
  CONSTRAINT `FK_80623D9E1179FFA7` FOREIGN KEY (`id_billing_period_ref`) REFERENCES `billing_period_ref` (`id_billing_period_ref`) ON DELETE CASCADE,
  CONSTRAINT `FK_80623D9E635BB25A` FOREIGN KEY (`id_billing_frequency`) REFERENCES `billing_frequency` (`id_billing_frequency`),
  CONSTRAINT `FK_80623D9E9DB1AEF2` FOREIGN KEY (`id_branch`) REFERENCES `branch` (`id_branch`) ON DELETE CASCADE
) ENGINE=InnoDB AUTO_INCREMENT=840 DEFAULT CHARSET=utf8;

--
-- Dumping data for table `billing_period`
--

INSERT INTO `billing_period` VALUES (1,'2014-01-31 13:38:40',10,25,1,'2013-12-31 13:38:40','2013-12-01 13:38:40','2014-01-01 13:38:40',NULL),(812,'2014-01-31 00:00:00',19,66,1,'2013-12-31 00:00:00','2013-12-01 00:00:00','2014-01-01 00:00:00','2014-01'),(813,'2014-02-28 00:00:00',19,66,1,'2014-01-31 00:00:00','2014-01-01 00:00:00','2014-02-01 00:00:00','2014-02'),(814,'2014-03-31 00:00:00',19,66,1,'2014-02-28 00:00:00','2014-02-01 00:00:00','2014-03-01 00:00:00','2014-03'),(815,'2014-04-30 00:00:00',19,66,1,'2014-03-31 00:00:00','2014-03-01 00:00:00','2014-04-01 00:00:00','2014-04'),(816,'2014-05-31 00:00:00',19,66,1,'2014-04-30 00:00:00','2014-04-01 00:00:00','2014-05-01 00:00:00','2014-05'),(817,'2014-06-30 00:00:00',19,66,1,'2014-05-31 00:00:00','2014-05-01 00:00:00','2014-06-01 00:00:00','2014-06'),(818,'2014-07-31 00:00:00',19,66,1,'2014-06-30 00:00:00','2014-06-01 00:00:00','2014-07-01 00:00:00','2014-07'),(819,'2014-08-31 00:00:00',19,66,1,'2014-07-31 00:00:00','2014-07-01 00:00:00','2014-08-01 00:00:00','2014-08'),(820,'2014-09-30 00:00:00',19,66,1,'2014-08-31 00:00:00','2014-08-01 00:00:00','2014-09-01 00:00:00','2014-09'),(821,'2014-10-31 00:00:00',19,66,1,'2014-09-30 00:00:00','2014-09-01 00:00:00','2014-10-01 00:00:00','2014-10'),(822,'2014-11-30 00:00:00',19,66,1,'2014-10-31 00:00:00','2014-10-01 00:00:00','2014-11-01 00:00:00','2014-11'),(823,'2014-12-31 00:00:00',19,66,1,'2014-11-30 00:00:00','2014-11-01 00:00:00','2014-12-01 00:00:00','2014-12'),(824,'2014-02-28 00:00:00',19,66,2,'2013-12-31 00:00:00','2013-11-01 00:00:00','2014-01-01 00:00:00','2014-01'),(825,'2014-04-30 00:00:00',19,66,2,'2014-02-28 00:00:00','2014-01-01 00:00:00','2014-03-01 00:00:00','2014-03'),(826,'2014-06-30 00:00:00',19,66,2,'2014-04-30 00:00:00','2014-03-01 00:00:00','2014-05-01 00:00:00','2014-05'),(827,'2014-08-31 00:00:00',19,66,2,'2014-06-30 00:00:00','2014-05-01 00:00:00','2014-07-01 00:00:00','2014-07'),(828,'2014-10-31 00:00:00',19,66,2,'2014-08-31 00:00:00','2014-07-01 00:00:00','2014-09-01 00:00:00','2014-09'),(829,'2014-12-31 00:00:00',19,66,2,'2014-10-31 00:00:00','2014-09-01 00:00:00','2014-11-01 00:00:00','2014-11'),(830,'2014-03-31 00:00:00',19,66,3,'2013-12-31 00:00:00','2013-10-01 00:00:00','2014-01-01 00:00:00','2014-01'),(831,'2014-06-30 00:00:00',19,66,3,'2014-03-31 00:00:00','2014-01-01 00:00:00','2014-04-01 00:00:00','2014-04'),(832,'2014-09-30 00:00:00',19,66,3,'2014-06-30 00:00:00','2014-04-01 00:00:00','2014-07-01 00:00:00','2014-07'),(833,'2014-12-31 00:00:00',19,66,3,'2014-09-30 00:00:00','2014-07-01 00:00:00','2014-10-01 00:00:00','2014-10'),(834,'2014-04-30 00:00:00',19,66,4,'2013-12-31 00:00:00','2013-09-01 00:00:00','2014-01-01 00:00:00','2014-01'),(835,'2014-08-31 00:00:00',19,66,4,'2014-04-30 00:00:00','2014-01-01 00:00:00','2014-05-01 00:00:00','2014-05'),(836,'2014-12-31 00:00:00',19,66,4,'2014-08-31 00:00:00','2014-05-01 00:00:00','2014-09-01 00:00:00','2014-09'),(837,'2014-06-30 00:00:00',19,66,5,'2013-12-31 00:00:00','2013-07-01 00:00:00','2014-01-01 00:00:00','2014-01'),(838,'2014-12-31 00:00:00',19,66,5,'2014-06-30 00:00:00','2014-01-01 00:00:00','2014-07-01 00:00:00','2014-07'),(839,'2014-12-31 00:00:00',19,66,6,'2013-12-31 00:00:00','2013-01-01 00:00:00','2014-01-01 00:00:00','2014-01');

--
-- Table structure for table `billing_period_billing_frequency`
--

CREATE TABLE `billing_period_billing_frequency` (
  `id_billing_period_ref` int(11) NOT NULL,
  `id_billing_frequency` int(11) NOT NULL,
  PRIMARY KEY (`id_billing_period_ref`,`id_billing_frequency`),
  KEY `IDX_1C069477635BB25A` (`id_billing_frequency`),
  KEY `IDX_1C0694771179FFA7` (`id_billing_period_ref`),
  CONSTRAINT `FK_1C0694771179FFA7` FOREIGN KEY (`id_billing_period_ref`) REFERENCES `billing_period_ref` (`id_billing_period_ref`) ON DELETE CASCADE,
  CONSTRAINT `FK_1C069477635BB25A` FOREIGN KEY (`id_billing_frequency`) REFERENCES `billing_frequency` (`id_billing_frequency`)
) ENGINE=InnoDB DEFAULT CHARSET=utf8 COLLATE=utf8_unicode_ci;

--
-- Dumping data for table `billing_period_billing_frequency`
--

INSERT INTO `billing_period_billing_frequency` VALUES (66,1),(66,2),(66,3),(66,4),(66,5),(66,6);

--
-- Table structure for table `billing_period_ref`
--

CREATE TABLE `billing_period_ref` (
  `id_billing_period_ref` int(11) NOT NULL AUTO_INCREMENT,
  `id_branch` int(11) DEFAULT NULL,
  `cd_billing_period` varchar(15) COLLATE utf8_unicode_ci NOT NULL,
  `lb_billing_period` varchar(100) COLLATE utf8_unicode_ci DEFAULT NULL,
  `dt_billing_start` datetime NOT NULL,
  `bl_deactivated` tinyint(1) DEFAULT NULL,
  PRIMARY KEY (`id_billing_period_ref`),
  KEY `IDX_925B4D089DB1AEF2` (`id_branch`),
  CONSTRAINT `FK_925B4D089DB1AEF2` FOREIGN KEY (`id_branch`) REFERENCES `branch` (`id_branch`) ON DELETE CASCADE
) ENGINE=InnoDB AUTO_INCREMENT=76 DEFAULT CHARSET=utf8 COLLATE=utf8_unicode_ci;

--
-- Dumping data for table `billing_period_ref`
--

INSERT INTO `billing_period_ref` VALUES (25,10,'2014-01','Billing 2014-01','2014-01-01 13:38:40',1),(56,18,'2014-01','Billing 2014-01','2014-01-01 00:00:00',1),(57,18,'2015-01','Billing 2015-01','2015-01-01 00:00:00',1),(58,18,'2016-01','Billing 2016-01','2016-01-01 00:00:00',1),(59,18,'2017-01','Billing 2017-01','2017-01-01 00:00:00',1),(60,18,'2018-01','Billing 2018-01','2018-01-01 00:00:00',1),(61,18,'2019-01','Billing 2019-01','2019-01-01 00:00:00',1),(62,18,'2020-01','Billing 2020-01','2020-01-01 00:00:00',1),(63,18,'2021-01','Billing 2021-01','2021-01-01 00:00:00',1),(64,18,'2022-01','Billing 2022-01','2022-01-01 00:00:00',1),(65,18,'2023-01','Billing 2023-01','2023-01-01 00:00:00',1),(66,19,'2014-01','Billing 2014-0888','2014-01-01 00:00:00',1),(67,19,'2015-01','Billing 2015-01','2015-01-01 00:00:00',1),(68,19,'2016-01','Billing 2016-01','2016-01-01 00:00:00',1),(69,19,'2017-01','Billing 2017-01','2017-01-01 00:00:00',1),(70,19,'2018-01','Billing 2018-01','2018-01-01 00:00:00',1),(71,19,'2019-01','Billing 2019-01','2019-01-01 00:00:00',1),(72,19,'2020-01','Billing 2020-01','2020-01-01 00:00:00',1),(73,19,'2021-01','Billing 2021-01','2021-01-01 00:00:00',1),(74,19,'2022-01','Billing 2022-01','2022-01-01 00:00:00',1),(75,19,'2023-01','Billing 2023-01','2023-01-01 00:00:00',1);

--
-- Table structure for table `billing_service`
--

CREATE TABLE `billing_service` (
  `id_billing_service` int(11) NOT NULL AUTO_INCREMENT,
  `id_customer` int(11) DEFAULT NULL,
  `id_address` int(11) DEFAULT NULL,
  `id_contact` int(11) DEFAULT NULL,
  `id_branch` int(11) DEFAULT NULL,
  `id_customer_manager` int(11) DEFAULT NULL,
  `id_service` int(11) DEFAULT NULL,
  `cd_contract` varchar(15) DEFAULT NULL,
  `cd_account` varchar(15) DEFAULT NULL,
  `cm_billing` varchar(255) DEFAULT NULL,
  `dt_create` datetime DEFAULT NULL,
  `bl_deactivated` tinyint(1) DEFAULT NULL,
  `id_billing_frequency` int(11) DEFAULT NULL,
  `nb_n_period` int(11) DEFAULT NULL,
  `id_billing_group` int(11) DEFAULT NULL,
  PRIMARY KEY (`id_billing_service`),
  KEY `id_customer` (`id_customer`),
  KEY `id_address` (`id_address`),
  KEY `id_contact` (`id_contact`),
  KEY `id_branch` (`id_branch`),
  KEY `id_service` (`id_service`),
  KEY `id_billing_frequency` (`id_billing_frequency`),
  KEY `IDX_8AB31105573D4D6` (`id_customer_manager`),
  KEY `IDX_8AB31105D697B08D` (`id_billing_group`),
  CONSTRAINT `billing_servce_ibfk_11` FOREIGN KEY (`id_billing_frequency`) REFERENCES `billing_frequency` (`id_billing_frequency`) ON DELETE NO ACTION ON UPDATE NO ACTION,
  CONSTRAINT `FK_8AB311053F0033A2` FOREIGN KEY (`id_service`) REFERENCES `service` (`id_service`),
  CONSTRAINT `FK_8AB31105573D4D6` FOREIGN KEY (`id_customer_manager`) REFERENCES `myuser` (`id`),
  CONSTRAINT `FK_8AB3110592FF4F48` FOREIGN KEY (`id_contact`) REFERENCES `contact` (`id_contact`),
  CONSTRAINT `FK_8AB311059DB1AEF2` FOREIGN KEY (`id_branch`) REFERENCES `branch` (`id_branch`),
  CONSTRAINT `FK_8AB31105D1E2629C` FOREIGN KEY (`id_customer`) REFERENCES `customer` (`id_customer`),
  CONSTRAINT `FK_8AB31105D3D3C6F1` FOREIGN KEY (`id_address`) REFERENCES `address` (`id_address`),
  CONSTRAINT `FK_8AB31105D697B08D` FOREIGN KEY (`id_billing_group`) REFERENCES `billing_group` (`id_billing_group`)
) ENGINE=InnoDB AUTO_INCREMENT=10 DEFAULT CHARSET=utf8;

--
-- Dumping data for table `billing_service`
--

INSERT INTO `billing_service` VALUES (1,20,38,18,9,2,11,NULL,NULL,NULL,'2014-01-15 00:00:00',1,6,555,NULL),(2,NULL,NULL,NULL,NULL,NULL,12,NULL,NULL,NULL,'2014-01-15 21:55:21',1,NULL,NULL,NULL),(3,NULL,NULL,NULL,NULL,NULL,13,NULL,NULL,NULL,'2014-01-15 21:59:15',1,NULL,NULL,NULL),(4,NULL,NULL,NULL,NULL,NULL,14,NULL,NULL,NULL,'2014-01-16 18:12:42',1,NULL,NULL,NULL),(5,NULL,NULL,NULL,NULL,NULL,11,NULL,NULL,NULL,'2014-02-17 16:49:01',1,NULL,NULL,NULL),(6,23,48,22,9,2,19,NULL,NULL,NULL,'2014-02-23 00:00:00',1,5,45,NULL),(7,23,48,22,18,2,23,NULL,NULL,NULL,'2014-02-25 00:00:00',1,5,55454,NULL),(8,NULL,NULL,NULL,NULL,NULL,24,NULL,NULL,NULL,'2014-03-06 17:39:41',1,NULL,NULL,NULL),(9,NULL,NULL,NULL,NULL,NULL,25,NULL,NULL,NULL,'2014-03-06 17:44:39',1,NULL,NULL,NULL);

--
-- Table structure for table `billing_service_line`
--

CREATE TABLE `billing_service_line` (
  `id_billing_service_line` int(11) NOT NULL AUTO_INCREMENT,
  `id_currency` int(11) DEFAULT NULL,
  `id_service` int(11) DEFAULT NULL,
  `id_service_extremity` int(11) DEFAULT NULL,
  `id_service_extremity_option` int(11) DEFAULT NULL,
  `id_billing_service` int(11) DEFAULT NULL,
  `cd_customer_service` varchar(45) COLLATE utf8_unicode_ci DEFAULT NULL,
  `dt_start` datetime DEFAULT NULL,
  `dt_end` datetime DEFAULT NULL,
  `nb_contract_duration` int(11) DEFAULT NULL,
  `nb_percent` decimal(10,0) DEFAULT NULL,
  `mt_nrc` decimal(10,0) DEFAULT NULL,
  `mt_mrc` decimal(10,0) DEFAULT NULL,
  `mt_nrc_euro` int(11) DEFAULT NULL,
  `mt_mrc_euro` decimal(10,0) DEFAULT NULL,
  `dt_start_mrc` datetime DEFAULT NULL,
  `dt_end_mrc` datetime DEFAULT NULL,
  PRIMARY KEY (`id_billing_service_line`),
  KEY `IDX_AA004BEF398D64AA` (`id_currency`),
  KEY `IDX_AA004BEF3F0033A2` (`id_service`),
  KEY `IDX_AA004BEFC53102E9` (`id_service_extremity`),
  KEY `IDX_AA004BEFA5972AFE` (`id_service_extremity_option`),
  KEY `IDX_AA004BEF63EDD28D` (`id_billing_service`),
  CONSTRAINT `FK_AA004BEF398D64AA` FOREIGN KEY (`id_currency`) REFERENCES `currency` (`id_currency`),
  CONSTRAINT `FK_AA004BEF3F0033A2` FOREIGN KEY (`id_service`) REFERENCES `service` (`id_service`),
  CONSTRAINT `FK_AA004BEF63EDD28D` FOREIGN KEY (`id_billing_service`) REFERENCES `billing_service` (`id_billing_service`),
  CONSTRAINT `FK_AA004BEFA5972AFE` FOREIGN KEY (`id_service_extremity_option`) REFERENCES `service_extremity_option` (`id_service_extremity_option`),
  CONSTRAINT `FK_AA004BEFC53102E9` FOREIGN KEY (`id_service_extremity`) REFERENCES `service_extremity` (`id_service_extremity`)
) ENGINE=InnoDB AUTO_INCREMENT=13 DEFAULT CHARSET=utf8 COLLATE=utf8_unicode_ci;

--
-- Dumping data for table `billing_service_line`
--

INSERT INTO `billing_service_line` VALUES (2,NULL,12,2,NULL,2,NULL,NULL,NULL,NULL,NULL,NULL,NULL,NULL,NULL,NULL,NULL),(3,NULL,13,3,NULL,3,NULL,NULL,NULL,NULL,NULL,NULL,NULL,NULL,NULL,NULL,NULL),(4,NULL,14,4,NULL,4,NULL,NULL,NULL,NULL,NULL,NULL,NULL,NULL,NULL,NULL,NULL),(5,20,NULL,NULL,NULL,NULL,NULL,'2014-02-13 00:00:00',NULL,NULL,NULL,NULL,NULL,NULL,NULL,NULL,NULL),(6,20,NULL,NULL,NULL,1,NULL,'2014-02-14 00:00:00',NULL,NULL,NULL,NULL,NULL,NULL,NULL,NULL,NULL),(7,20,NULL,NULL,NULL,1,NULL,'2014-02-07 00:00:00',NULL,NULL,NULL,NULL,NULL,NULL,NULL,NULL,NULL),(8,20,NULL,NULL,NULL,5,NULL,'2014-02-13 00:00:00',NULL,NULL,NULL,NULL,NULL,NULL,NULL,NULL,'2014-02-15 00:00:00'),(9,20,19,10,NULL,6,NULL,'2014-02-20 00:00:00',NULL,NULL,NULL,NULL,NULL,NULL,NULL,NULL,NULL),(10,20,23,15,NULL,7,NULL,'2014-02-13 00:00:00',NULL,NULL,NULL,NULL,NULL,NULL,NULL,NULL,NULL),(11,NULL,24,17,NULL,8,NULL,NULL,NULL,NULL,NULL,NULL,NULL,NULL,NULL,NULL,NULL),(12,NULL,25,18,NULL,9,NULL,NULL,NULL,NULL,NULL,NULL,NULL,NULL,NULL,NULL,NULL);

--
-- Table structure for table `branch`
--

CREATE TABLE `branch` (
  `id_branch` int(11) NOT NULL AUTO_INCREMENT,
  `cd_branch` varchar(15) NOT NULL,
  `lb_branch` varchar(100) NOT NULL,
  `nb_gmt` varchar(15) DEFAULT NULL,
  `nb_day_in_service` decimal(10,0) DEFAULT NULL,
  `bl_deactivated` tinyint(1) DEFAULT NULL,
  `dt_create` datetime DEFAULT NULL,
  `dt_update` datetime DEFAULT NULL,
  `id_user_create_by` int(11) DEFAULT NULL,
  `id_user_update_by` int(11) DEFAULT NULL,
  `dt_end` datetime DEFAULT NULL,
  `id_branch_cluster` int(11) DEFAULT NULL,
  `id_address_simple` int(11) DEFAULT NULL,
  PRIMARY KEY (`id_branch`),
  KEY `id_user_create_by` (`id_user_create_by`),
  KEY `id_user_update_by` (`id_user_update_by`),
  KEY `IDX_BB861B1FC357109C` (`id_branch_cluster`),
  KEY `IDX_BB861B1FC74405BB` (`id_address_simple`),
  CONSTRAINT `FK_BB861B1F536A5873` FOREIGN KEY (`id_user_create_by`) REFERENCES `myuser` (`id`),
  CONSTRAINT `FK_BB861B1F68E26F41` FOREIGN KEY (`id_user_update_by`) REFERENCES `myuser` (`id`),
  CONSTRAINT `FK_BB861B1FC357109C` FOREIGN KEY (`id_branch_cluster`) REFERENCES `branch_cluster` (`id_branch_cluster`),
  CONSTRAINT `FK_BB861B1FC74405BB` FOREIGN KEY (`id_address_simple`) REFERENCES `address_simple` (`id_address_simple`)
) ENGINE=InnoDB AUTO_INCREMENT=20 DEFAULT CHARSET=utf8;

--
-- Dumping data for table `branch`
--

INSERT INTO `branch` VALUES (1,'JP','2454','12',21,1,'2013-05-28 13:48:01','2013-10-01 15:49:50',2,2,NULL,1,2),(2,'HK 12-25','HonKong','7',2,1,'2013-06-25 09:43:24','2013-10-08 18:07:05',2,2,NULL,2,4),(3,'BR-br','BresilianBranch','3',12,1,'2013-06-26 00:00:00','2013-10-07 00:00:00',2,2,'2014-09-07 00:00:00',1,3),(4,'6565','54545',NULL,NULL,1,'2013-10-01 15:34:12','2013-10-01 15:34:12',2,2,NULL,NULL,1),(5,'E-Càceres','Etrali Càceres','0',NULL,1,'2014-01-17 16:07:17','2014-01-17 16:07:17',2,2,NULL,4,5),(6,'ETR-SPAIN','ETRALI SPAIN','0',NULL,1,'2014-01-24 11:45:10','2014-01-24 11:45:10',2,2,NULL,4,7),(7,'ETR-MILANO','ETRALI MILANO','0',1,1,'2014-01-24 11:50:41','2014-01-24 11:50:41',2,2,NULL,4,8),(8,'ETR-FRANKF','ETRALI FRANKFURT',NULL,NULL,1,'2014-01-31 00:00:00','2014-01-31 00:00:00',2,2,NULL,NULL,9),(9,'ETR-LONDON','ETRALI LONDON',NULL,NULL,1,'2014-01-31 14:29:02','2014-01-31 14:29:02',2,2,NULL,NULL,10),(10,'ETR_FRANCE','Etrali France *',NULL,NULL,1,'2014-02-18 00:00:00','2014-02-18 00:00:00',2,2,NULL,3,11),(18,'ETR_LAST','Last one',NULL,NULL,1,'2014-02-20 00:00:00','2014-02-20 00:00:00',2,2,NULL,NULL,19),(19,'ETR_LAST2','last 2',NULL,NULL,1,'2014-02-20 00:00:00','2014-02-20 00:00:00',2,2,NULL,NULL,20);

--
-- Table structure for table `branch_cluster`
--

CREATE TABLE `branch_cluster` (
  `id_branch_cluster` int(11) NOT NULL AUTO_INCREMENT,
  `id_user_create_by` int(11) DEFAULT NULL,
  `id_user_update_by` int(11) DEFAULT NULL,
  `cd_cluster` varchar(15) COLLATE utf8_unicode_ci NOT NULL,
  `lb_cluster` varchar(100) COLLATE utf8_unicode_ci NOT NULL,
  `bl_deactivated` tinyint(1) DEFAULT NULL,
  `dt_create` datetime DEFAULT NULL,
  `dt_update` datetime DEFAULT NULL,
  `comment` longtext COLLATE utf8_unicode_ci,
  PRIMARY KEY (`id_branch_cluster`),
  KEY `IDX_FE31AD9A536A5873` (`id_user_create_by`),
  KEY `IDX_FE31AD9A68E26F41` (`id_user_update_by`),
  CONSTRAINT `FK_FE31AD9A536A5873` FOREIGN KEY (`id_user_create_by`) REFERENCES `myuser` (`id`),
  CONSTRAINT `FK_FE31AD9A68E26F41` FOREIGN KEY (`id_user_update_by`) REFERENCES `myuser` (`id`)
) ENGINE=InnoDB AUTO_INCREMENT=7 DEFAULT CHARSET=utf8 COLLATE=utf8_unicode_ci;

--
-- Dumping data for table `branch_cluster`
--

INSERT INTO `branch_cluster` VALUES (1,2,2,'tokyo','Tokyo Cluster',1,'2013-05-28 00:00:00','2013-09-25 00:00:00','t'),(2,2,2,'CHI-ch','Chine',1,'2013-06-25 09:42:54','2013-07-02 10:26:03','test'),(3,2,2,'Typ','type 01',1,'2013-07-02 16:33:40','2013-07-02 16:33:40','zs'),(4,2,2,'SEE','SEE***',1,'2014-01-17 15:16:48','2014-01-17 15:16:48',NULL),(5,2,2,'NEE','NEE***',0,'2014-01-17 15:17:15','2014-01-17 15:17:15',NULL),(6,2,2,'USA','USA Cluster',1,'2014-01-17 16:07:52','2014-01-17 16:07:52',NULL);

--
-- Table structure for table `business_conference_group`
--

CREATE TABLE `business_conference_group` (
  `id_business_conference_group` int(11) NOT NULL AUTO_INCREMENT,
  `id_service` int(11) DEFAULT NULL,
  `bl_deactivated` tinyint(1) DEFAULT NULL,
  `dt_create` datetime DEFAULT NULL,
  `dt_update` datetime DEFAULT NULL,
  `lb_business_conference_group` varchar(255) COLLATE utf8_unicode_ci DEFAULT NULL,
  `cd_business_conference_group` varchar(255) COLLATE utf8_unicode_ci DEFAULT NULL,
  `dt_deactivated` datetime DEFAULT NULL,
  PRIMARY KEY (`id_business_conference_group`),
  KEY `IDX_EA0E09FB3F0033A2` (`id_service`),
  CONSTRAINT `FK_EA0E09FB3F0033A2` FOREIGN KEY (`id_service`) REFERENCES `service` (`id_service`)
) ENGINE=InnoDB DEFAULT CHARSET=utf8 COLLATE=utf8_unicode_ci;

--
-- Dumping data for table `business_conference_group`
--


--
-- Table structure for table `cabinet`
--

CREATE TABLE `cabinet` (
  `id_cabinet` int(11) NOT NULL AUTO_INCREMENT,
  `id_cabinet_type` int(11) DEFAULT NULL,
  `cd_cabinet` varchar(15) NOT NULL,
  `lb_cabinet` varchar(100) NOT NULL,
  `cm_cabinet` varchar(255) DEFAULT NULL,
  `bl_deactivated` tinyint(1) DEFAULT NULL,
  `dt_create` datetime DEFAULT NULL,
  `dt_update` datetime DEFAULT NULL,
  `id_user_create_by` int(11) DEFAULT NULL,
  `id_user_update_by` int(11) DEFAULT NULL,
  `url_image` varchar(100) DEFAULT NULL,
  `dt_deactivated` datetime DEFAULT NULL,
  `bl_frontback` tinyint(1) DEFAULT NULL,
  `bl_model` tinyint(1) DEFAULT NULL,
  `id_provider_address` int(11) DEFAULT NULL,
  `id_contact` int(11) DEFAULT NULL,
  `id_cabinet_size` int(11) DEFAULT NULL,
  `id_provider` int(11) DEFAULT NULL,
  `nb_units` int(11) DEFAULT NULL,
  `id_complex_model` int(11) DEFAULT NULL,
  PRIMARY KEY (`id_cabinet`),
  KEY `IDX_4CED05B01E9C98F7` (`id_provider_address`),
  KEY `IDX_4CED05B092FF4F48` (`id_contact`),
  KEY `IDX_4CED05B053CB9ADF` (`id_cabinet_size`),
  KEY `IDX_4CED05B028D5E99C` (`id_cabinet_type`),
  KEY `IDX_4CED05B0C21F9F09` (`id_provider`),
  KEY `IDX_4CED05B0241EF16C` (`id_complex_model`),
  CONSTRAINT `FK_4CED05B01E9C98F7` FOREIGN KEY (`id_provider_address`) REFERENCES `address_provider` (`id_address_provider`),
  CONSTRAINT `FK_4CED05B0241EF16C` FOREIGN KEY (`id_complex_model`) REFERENCES `complex_model` (`id_complex_model`),
  CONSTRAINT `FK_4CED05B028D5E99C` FOREIGN KEY (`id_cabinet_type`) REFERENCES `cabinet_type` (`id_cabinet_type`),
  CONSTRAINT `FK_4CED05B053CB9ADF` FOREIGN KEY (`id_cabinet_size`) REFERENCES `cabinet_size` (`id_cabinet_size`),
  CONSTRAINT `FK_4CED05B092FF4F48` FOREIGN KEY (`id_contact`) REFERENCES `contact_provider` (`id_contact_provider`),
  CONSTRAINT `FK_4CED05B0C21F9F09` FOREIGN KEY (`id_provider`) REFERENCES `provider` (`id_provider`)
) ENGINE=InnoDB AUTO_INCREMENT=35 DEFAULT CHARSET=utf8;

--
-- Dumping data for table `cabinet`
--

INSERT INTO `cabinet` VALUES (2,1,'12','12',NULL,1,'2013-06-06 11:16:25','2013-06-06 11:16:25',NULL,NULL,NULL,NULL,1,1,1,1,1,1,5,NULL),(3,1,'12','12',NULL,1,'2013-06-06 11:18:32','2013-06-06 11:18:32',NULL,NULL,NULL,NULL,1,1,1,1,1,1,5,NULL),(4,1,'12','12',NULL,1,'2013-06-06 11:19:20','2013-06-06 11:19:20',NULL,NULL,NULL,NULL,1,1,1,1,1,1,5,NULL),(5,1,'12','12',NULL,1,'2013-06-06 11:22:39','2013-06-06 11:22:39',NULL,NULL,NULL,NULL,1,1,1,1,1,1,5,NULL),(6,1,'55','55',NULL,1,'2013-06-06 13:06:49','2013-06-06 13:06:49',NULL,NULL,NULL,NULL,0,1,1,1,1,1,51,NULL),(7,1,'555','555',NULL,1,'2013-06-13 13:38:58','2013-06-13 13:38:58',NULL,NULL,NULL,NULL,0,1,1,1,1,1,5,NULL),(8,1,'5','5',NULL,1,'2013-06-13 13:54:33','2013-06-13 13:54:33',NULL,NULL,NULL,NULL,0,1,1,1,1,1,5,NULL),(9,1,'newcab','6545',NULL,1,'2013-06-18 11:35:31','2013-06-18 11:35:31',NULL,NULL,NULL,NULL,0,1,1,1,1,1,NULL,5),(10,3,'CB01','Cainet 01',NULL,1,'2013-06-26 19:00:20','2013-06-26 19:00:20',NULL,NULL,NULL,NULL,1,1,1,1,2,1,2,NULL),(11,3,'CB03','Cabinet 03','mlml',1,'2013-06-26 19:11:01','2013-06-26 19:11:01',NULL,NULL,NULL,NULL,1,1,1,1,3,1,1,NULL),(12,1,'1212','1212',NULL,0,'2013-07-08 11:55:27','2013-07-08 11:55:27',NULL,NULL,NULL,NULL,0,1,1,1,2,1,NULL,8),(13,1,'lkj','lll',NULL,1,'2013-07-08 15:53:45','2013-07-08 15:53:45',NULL,NULL,NULL,NULL,1,1,1,1,1,1,45,9),(14,2,'jhg','hgjfa',NULL,0,'2013-07-08 15:54:29','2013-07-08 15:54:29',NULL,NULL,NULL,NULL,0,1,1,1,1,1,NULL,10),(15,1,'iii','ii',NULL,1,'2013-07-08 15:56:49','2013-07-08 15:56:49',NULL,NULL,NULL,NULL,1,1,1,1,1,1,1,11),(16,1,'fff','gggg',NULL,0,'2013-07-08 15:57:49','2013-07-08 15:57:49',NULL,NULL,NULL,NULL,0,1,1,1,1,1,2,10),(18,1,'gdg','dgdg',NULL,1,'2013-07-08 16:05:05','2013-07-08 16:05:05',NULL,NULL,NULL,NULL,1,1,1,1,1,1,NULL,12),(19,1,'gdg','dgdg',NULL,1,'2013-07-08 16:21:42','2013-07-08 16:21:42',NULL,NULL,NULL,NULL,1,1,1,1,1,1,NULL,12),(20,1,'zze','help!',NULL,1,'2013-07-10 13:58:53','2013-07-11 10:55:24',NULL,NULL,NULL,NULL,0,1,1,1,1,1,1,14),(24,1,'zze','aze',NULL,1,'2013-07-10 13:58:53','2013-07-10 17:35:20',NULL,NULL,NULL,NULL,0,1,1,1,1,1,1,15),(25,1,'zze','aze',NULL,1,'2013-07-10 13:58:53','2013-07-10 13:58:53',NULL,NULL,NULL,NULL,0,1,1,1,1,1,1,15),(26,1,'zze','aze',NULL,1,'2013-07-10 13:58:53','2013-07-10 13:58:53',NULL,NULL,NULL,NULL,0,1,1,1,1,1,1,15),(27,1,'zze','aze',NULL,1,'2013-07-10 13:58:53','2013-07-10 13:58:53',NULL,NULL,NULL,NULL,0,1,1,1,1,1,1,15),(28,1,'Superman','Superman!',NULL,1,'2013-07-10 13:58:53','2013-07-10 18:24:00',NULL,NULL,NULL,NULL,0,1,1,1,1,1,1,16),(29,1,'CAB-U','CABINET union 2','ss',1,'2013-07-11 10:58:26','2013-07-11 10:58:26',NULL,NULL,NULL,NULL,0,1,1,1,1,1,1,14),(30,1,'CABINET001','CABINET001','1',1,'2013-07-11 00:00:00','2013-09-10 00:00:00',NULL,NULL,NULL,NULL,1,1,1,1,1,1,1,22),(31,4,'cab1','erre','erer',1,'2013-09-12 10:21:33','2013-09-12 10:21:33',NULL,NULL,NULL,NULL,1,1,1,1,1,1,5,24),(32,1,'4646','45646',NULL,1,'2013-09-12 10:38:33','2013-09-12 10:38:33',NULL,NULL,NULL,NULL,0,1,1,1,1,1,5,24),(33,1,'cd2','ddd',NULL,1,'2013-11-11 11:02:54','2013-11-11 11:02:54',NULL,NULL,NULL,NULL,0,1,1,1,1,1,NULL,22),(34,9,'CabinetXXL','Cabinet XXL Desc',NULL,1,'2014-01-22 18:20:03','2014-01-22 18:20:03',NULL,NULL,NULL,NULL,0,1,5,4,1,9,48,26);

--
-- Table structure for table `cabinet_instance`
--

CREATE TABLE `cabinet_instance` (
  `id_cabinet_instance` int(11) NOT NULL AUTO_INCREMENT,
  `id_pop` int(11) DEFAULT NULL,
  `cd_cabinet_instance` varchar(15) COLLATE utf8_unicode_ci NOT NULL,
  `lb_cabinet_instance` varchar(100) COLLATE utf8_unicode_ci NOT NULL,
  `cd_serial_number` varchar(50) COLLATE utf8_unicode_ci DEFAULT NULL,
  `cm_cabinet_instance` varchar(255) COLLATE utf8_unicode_ci DEFAULT NULL,
  `bl_deactivated` tinyint(1) DEFAULT NULL,
  `dt_create` datetime DEFAULT NULL,
  `dt_update` datetime DEFAULT NULL,
  `id_user_create_by` int(11) DEFAULT NULL,
  `id_user_update_by` int(11) DEFAULT NULL,
  `dt_deactivated` datetime DEFAULT NULL,
  `id_cabinet` int(11) DEFAULT NULL,
  `id_complex_model` int(11) DEFAULT NULL,
  `id_provider` int(11) DEFAULT NULL,
  `id_provider_address` int(11) DEFAULT NULL,
  `id_contact` int(11) DEFAULT NULL,
  `cd_provider_account` varchar(45) COLLATE utf8_unicode_ci DEFAULT NULL,
  PRIMARY KEY (`id_cabinet_instance`),
  KEY `IDX_7699378787745F4C` (`id_pop`),
  KEY `IDX_769937879270ACC0` (`id_cabinet`),
  KEY `IDX_76993787241EF16C` (`id_complex_model`),
  KEY `IDX_76993787C21F9F09` (`id_provider`),
  KEY `IDX_769937871E9C98F7` (`id_provider_address`),
  KEY `IDX_7699378792FF4F48` (`id_contact`),
  CONSTRAINT `FK_769937871E9C98F7` FOREIGN KEY (`id_provider_address`) REFERENCES `address_provider` (`id_address_provider`),
  CONSTRAINT `FK_76993787241EF16C` FOREIGN KEY (`id_complex_model`) REFERENCES `complex_model` (`id_complex_model`),
  CONSTRAINT `FK_7699378787745F4C` FOREIGN KEY (`id_pop`) REFERENCES `pop` (`id_pop`),
  CONSTRAINT `FK_769937879270ACC0` FOREIGN KEY (`id_cabinet`) REFERENCES `cabinet` (`id_cabinet`),
  CONSTRAINT `FK_7699378792FF4F48` FOREIGN KEY (`id_contact`) REFERENCES `contact_provider` (`id_contact_provider`),
  CONSTRAINT `FK_76993787C21F9F09` FOREIGN KEY (`id_provider`) REFERENCES `provider` (`id_provider`)
) ENGINE=InnoDB AUTO_INCREMENT=23 DEFAULT CHARSET=utf8 COLLATE=utf8_unicode_ci;

--
-- Dumping data for table `cabinet_instance`
--

INSERT INTO `cabinet_instance` VALUES (1,1,'test','dudu','545',NULL,1,'2013-07-02 16:21:32','2013-07-11 00:01:06',NULL,NULL,NULL,9,NULL,NULL,NULL,NULL,NULL),(2,1,'test','4544','545',NULL,1,'2013-07-02 16:22:07','2013-07-02 16:22:07',NULL,NULL,NULL,9,NULL,NULL,NULL,NULL,NULL),(3,NULL,'fgdfg','dfg','454','dfgdfg',1,'2013-07-05 15:37:41','2013-07-05 15:37:41',NULL,NULL,NULL,9,NULL,NULL,NULL,NULL,NULL),(4,1,'zer','rtest','z','fez',1,'2013-07-05 16:17:32','2013-07-05 16:17:32',NULL,NULL,NULL,9,NULL,NULL,NULL,NULL,NULL),(5,2,'test','test',NULL,'4554',1,'2013-07-05 16:29:17','2013-07-05 16:29:17',NULL,NULL,NULL,9,NULL,NULL,NULL,NULL,NULL),(6,3,'RETE','ERTET','ETERT','ERTERT',1,'2013-07-06 16:57:37','2013-07-06 16:57:37',NULL,NULL,NULL,9,5,NULL,NULL,NULL,NULL),(8,6,'Test','test 2566','122','2',1,'2013-07-10 00:00:00','2013-07-13 00:00:00',NULL,NULL,NULL,20,14,NULL,NULL,NULL,NULL),(9,8,'CAB001','CAB001','1','1',1,'2013-07-11 12:12:23','2013-07-11 12:12:23',NULL,NULL,NULL,30,22,NULL,NULL,NULL,NULL),(11,6,'ncab','ncab',NULL,NULL,1,'2013-11-11 11:34:50','2013-11-11 11:34:50',NULL,NULL,NULL,30,22,NULL,NULL,NULL,NULL),(12,6,'ncab','ncab',NULL,NULL,1,'2013-11-11 11:34:50','2013-11-11 11:34:50',NULL,NULL,NULL,33,22,NULL,NULL,NULL,NULL),(13,6,'tezt','test',NULL,NULL,1,'2013-11-11 11:48:41','2013-11-11 11:48:41',NULL,NULL,NULL,30,22,NULL,NULL,NULL,NULL),(14,6,'tezt','test',NULL,NULL,1,'2013-11-11 11:48:41','2013-11-11 11:48:41',NULL,NULL,NULL,33,22,NULL,NULL,NULL,NULL),(15,6,'ttt','ttt',NULL,NULL,1,'2013-11-11 12:09:58','2013-11-11 12:09:58',NULL,NULL,NULL,30,22,NULL,NULL,NULL,NULL),(16,6,'ttt','ttt',NULL,NULL,1,'2013-11-11 12:09:58','2013-11-11 12:09:58',NULL,NULL,NULL,33,22,NULL,NULL,NULL,NULL),(17,10,'FRA 1','Frankfurt Cabinet 1','648971',NULL,1,'2014-01-24 00:00:00','2014-01-24 00:00:00',NULL,NULL,NULL,30,22,10,13,7,NULL),(18,10,'FRA 1','Frankfurt Cabinet 1','648971',NULL,1,'2014-01-24 14:19:30','2014-01-24 14:19:30',NULL,NULL,NULL,33,22,NULL,NULL,NULL,NULL),(19,11,'GE_MUNCab1','CAB 1 COLT connections','987643298754',NULL,1,'2014-02-18 12:27:06','2014-02-18 12:27:06',NULL,NULL,NULL,30,22,9,12,10,NULL),(20,11,'GE_MUNCab1','CAB 1 COLT connections','987643298754',NULL,1,'2014-02-18 12:27:06','2014-02-18 12:27:06',NULL,NULL,NULL,33,22,9,12,10,NULL),(21,13,'5666','test',NULL,NULL,1,'2014-03-10 15:50:40','2014-03-10 15:50:40',NULL,NULL,NULL,30,22,1,1,1,NULL),(22,13,'5666','test',NULL,NULL,1,'2014-03-10 15:50:40','2014-03-10 15:50:40',NULL,NULL,NULL,33,22,1,1,1,NULL);

--
-- Table structure for table `cabinet_size`
--

CREATE TABLE `cabinet_size` (
  `id_cabinet_size` int(11) NOT NULL AUTO_INCREMENT,
  `id_user_create_by` int(11) DEFAULT NULL,
  `id_user_update_by` int(11) DEFAULT NULL,
  `cd_cabinet_size` varchar(15) COLLATE utf8_unicode_ci NOT NULL,
  `lb_cabinet_size` varchar(100) COLLATE utf8_unicode_ci NOT NULL,
  `bl_deactivated` tinyint(1) DEFAULT NULL,
  `dt_deactivated` datetime DEFAULT NULL,
  PRIMARY KEY (`id_cabinet_size`),
  KEY `IDX_700AEFAD536A5873` (`id_user_create_by`),
  KEY `IDX_700AEFAD68E26F41` (`id_user_update_by`),
  CONSTRAINT `FK_700AEFAD536A5873` FOREIGN KEY (`id_user_create_by`) REFERENCES `myuser` (`id`),
  CONSTRAINT `FK_700AEFAD68E26F41` FOREIGN KEY (`id_user_update_by`) REFERENCES `myuser` (`id`)
) ENGINE=InnoDB AUTO_INCREMENT=4 DEFAULT CHARSET=utf8 COLLATE=utf8_unicode_ci;

--
-- Dumping data for table `cabinet_size`
--

INSERT INTO `cabinet_size` VALUES (1,2,2,'CABGROS','Gros Cabinet pour troll',1,NULL),(2,2,2,'32','33',1,NULL),(3,2,2,'78','78',1,NULL);

--
-- Table structure for table `cabinet_slot`
--

CREATE TABLE `cabinet_slot` (
  `id_cabinet_slot` int(11) NOT NULL AUTO_INCREMENT,
  `id_user_create_by` int(11) DEFAULT NULL,
  `id_user_update_by` int(11) DEFAULT NULL,
  `id_equipment` int(11) DEFAULT NULL,
  `id_complex_model` int(11) DEFAULT NULL,
  `id_cabinet` int(11) DEFAULT NULL,
  `cd_cabinet_slot` varchar(15) COLLATE utf8_unicode_ci DEFAULT NULL,
  `lb_cabinet_slot` varchar(100) COLLATE utf8_unicode_ci DEFAULT NULL,
  `url_image` varchar(100) COLLATE utf8_unicode_ci DEFAULT NULL,
  `bl_deactivated` tinyint(1) DEFAULT NULL,
  `dt_deactivated` datetime DEFAULT NULL,
  `bl_slot_for_ref` tinyint(1) DEFAULT NULL,
  `nb_number` int(11) DEFAULT NULL,
  `bl_card_horizontal` tinyint(1) DEFAULT NULL,
  `nb_cards` int(11) DEFAULT NULL,
  `bl_model` tinyint(1) DEFAULT NULL,
  PRIMARY KEY (`id_cabinet_slot`),
  KEY `IDX_2BC4EBA0536A5873` (`id_user_create_by`),
  KEY `IDX_2BC4EBA068E26F41` (`id_user_update_by`),
  KEY `IDX_2BC4EBA0530D69A4` (`id_equipment`),
  KEY `IDX_2BC4EBA0241EF16C` (`id_complex_model`),
  KEY `IDX_2BC4EBA09270ACC0` (`id_cabinet`),
  CONSTRAINT `FK_2BC4EBA0241EF16C` FOREIGN KEY (`id_complex_model`) REFERENCES `complex_model` (`id_complex_model`),
  CONSTRAINT `FK_2BC4EBA0530D69A4` FOREIGN KEY (`id_equipment`) REFERENCES `equipment` (`id_equipment`),
  CONSTRAINT `FK_2BC4EBA0536A5873` FOREIGN KEY (`id_user_create_by`) REFERENCES `myuser` (`id`),
  CONSTRAINT `FK_2BC4EBA068E26F41` FOREIGN KEY (`id_user_update_by`) REFERENCES `myuser` (`id`),
  CONSTRAINT `FK_2BC4EBA09270ACC0` FOREIGN KEY (`id_cabinet`) REFERENCES `cabinet` (`id_cabinet`)
) ENGINE=InnoDB DEFAULT CHARSET=utf8 COLLATE=utf8_unicode_ci;

--
-- Dumping data for table `cabinet_slot`
--


--
-- Table structure for table `cabinet_template`
--

CREATE TABLE `cabinet_template` (
  `id_cabinet` int(11) NOT NULL AUTO_INCREMENT,
  `id_cabinet_type` int(11) NOT NULL,
  `id_pop` int(11) NOT NULL,
  `id_row` int(11) DEFAULT NULL,
  `cd_cabinet` varchar(15) NOT NULL,
  `lb_cabinet` varchar(100) NOT NULL,
  `nb_cabinet` decimal(10,0) DEFAULT NULL,
  `cd_serial_number` varchar(15) DEFAULT NULL,
  `cm_cabinet` varchar(255) DEFAULT NULL,
  `dt_start` datetime DEFAULT NULL,
  `dt_end` datetime DEFAULT NULL,
  `bl_deactivated` tinyint(1) DEFAULT NULL,
  `nb_position` int(11) DEFAULT NULL,
  `dt_create` datetime DEFAULT NULL,
  `dt_update` datetime DEFAULT NULL,
  `id_user_create_by` int(11) DEFAULT NULL,
  `id_user_update_by` int(11) DEFAULT NULL,
  PRIMARY KEY (`id_cabinet`),
  KEY `id_cabinet` (`id_cabinet`)
) ENGINE=InnoDB DEFAULT CHARSET=utf8;

--
-- Dumping data for table `cabinet_template`
--


--
-- Table structure for table `cabinet_type`
--

CREATE TABLE `cabinet_type` (
  `id_cabinet_type` int(11) NOT NULL AUTO_INCREMENT,
  `cd_cabinet_type` varchar(15) DEFAULT NULL,
  `lb_cabinet_type` varchar(100) DEFAULT NULL,
  `nb_height` decimal(10,0) DEFAULT NULL,
  `nb_width` decimal(10,0) DEFAULT NULL,
  `url_image` varchar(100) DEFAULT NULL,
  `url_document` varchar(100) DEFAULT NULL,
  `dt_start` datetime DEFAULT NULL,
  `dt_end` datetime DEFAULT NULL,
  `bl_deactivated` tinyint(1) DEFAULT NULL,
  `dt_deactivated` datetime DEFAULT NULL,
  PRIMARY KEY (`id_cabinet_type`)
) ENGINE=InnoDB AUTO_INCREMENT=33 DEFAULT CHARSET=utf8;

--
-- Dumping data for table `cabinet_type`
--

INSERT INTO `cabinet_type` VALUES (1,'CAB01','le premier Cabinet',12,12,'2121','2121','2013-03-09 11:48:15','2015-09-06 11:48:15',1,NULL),(2,'CAB02','le deuxième cabinet',555,555,'555','555','2013-05-13 11:48:15','2013-10-17 11:48:15',1,NULL),(3,'CRT','Centre regulateur de Teleportation',200,100,'1212','3232','2012-10-31 11:48:15','2014-07-23 11:48:15',1,NULL),(4,'CAB01','le premier Cabinet',12,12,'2121','2121','2013-03-09 11:48:15','2015-09-06 11:48:15',1,NULL),(5,'CAB02','2ème Cabinet',120,120,'0','0','2014-03-09 11:48:15','2016-09-06 11:48:15',1,NULL),(6,'CAB03','3ème Cabinet',140,140,'1','1','2015-03-09 11:48:15','2017-09-06 11:48:15',1,NULL),(7,'CAB04','4ème Cabinet',160,160,'2','2','2016-03-09 11:48:15','2018-09-06 11:48:15',1,NULL),(8,'CAB05','5ème Cabinet',180,180,'3','3','2017-03-09 11:48:15','2019-09-06 11:48:15',1,NULL),(9,'CAB06','6ème Cabinet',200,200,'4','4','2018-03-09 11:48:15','2020-09-06 11:48:15',1,NULL),(10,'CAB07','7ème Cabinet',220,220,'5','5','2019-03-09 11:48:15','2021-09-06 11:48:15',1,NULL),(11,'CAB08','8ème Cabinet',240,240,'6','6','2020-03-09 11:48:15','2022-09-06 11:48:15',1,NULL),(12,'CAB09','9ème Cabinet',260,260,'7','7','2021-03-09 11:48:15','2023-09-06 11:48:15',1,NULL),(13,'CAB10','10ème Cabinet',280,280,'8','8','2022-03-09 11:48:15','2024-09-06 11:48:15',1,NULL),(14,'CAB11','11ème Cabinet',300,300,'9','9','2023-03-09 11:48:15','2025-09-06 11:48:15',1,NULL),(15,'CAB12','12ème Cabinet',320,320,'10','10','2024-03-09 11:48:15','2026-09-06 11:48:15',1,NULL),(16,'CAB13','13ème Cabinet',340,340,'11','11','2025-03-09 11:48:15','2027-09-06 11:48:15',1,NULL),(17,'CAB14','14ème Cabinet',360,360,'12','12','2026-03-09 11:48:15','2028-09-06 11:48:15',1,NULL),(18,'CAB15','15ème Cabinet',380,380,'13','13','2027-03-09 11:48:15','2029-09-06 11:48:15',1,NULL),(19,'CAB16','16ème Cabinet',400,400,'14','14','2028-03-09 11:48:15','2030-09-06 11:48:15',1,NULL),(20,'CAB17','17ème Cabinet',420,420,'15','15','2029-03-09 11:48:15','2031-09-06 11:48:15',1,NULL),(21,'CAB18','18ème Cabinet',440,440,'16','16','2030-03-09 11:48:15','2032-09-06 11:48:15',1,NULL),(22,'CAB19','19ème Cabinet',460,460,'17','17','2031-03-09 11:48:15','2033-09-06 11:48:15',1,NULL),(23,'CAB20','20ème Cabinet',480,480,'18','18','2032-03-09 11:48:15','2034-09-06 11:48:15',1,NULL),(24,'CAB21','21er Cabinet',500,500,'19','19','2033-03-09 11:48:15','2035-09-06 11:48:15',1,NULL),(25,'CAB22','22ème Cabinet',520,520,'20','20','2034-03-09 11:48:15','2036-09-06 11:48:15',1,NULL),(26,'CAB23','23ème Cabinet',540,540,'21','21','2035-03-09 11:48:15','2037-09-06 11:48:15',1,NULL),(27,'CAB24','24ème Cabinet',560,560,'22','22','2036-03-09 11:48:15','2038-09-06 11:48:15',1,NULL),(28,'CAB25','25ème Cabinet',580,580,'23','23','2037-03-09 11:48:15','2039-09-06 11:48:15',1,NULL),(29,'CAB26','26ème Cabinet',600,600,'24','24','2038-03-09 11:48:15','2040-09-06 11:48:15',1,NULL),(30,'CAB27','27ème Cabinet',620,620,'25','25','2039-03-09 11:48:15','2041-09-06 11:48:15',1,NULL),(31,'CAB28','28ème Cabinet',640,640,'26','26','2040-03-09 11:48:15','2042-09-06 11:48:15',1,NULL),(32,'CAB29','29ème Cabinet',660,660,'27','27','2041-03-09 11:48:15','2043-09-06 11:48:15',1,NULL);

--
-- Table structure for table `cable`
--

CREATE TABLE `cable` (
  `id_cable` int(11) NOT NULL AUTO_INCREMENT,
  `cd_cable` varchar(100) DEFAULT NULL,
  `lb_cable` varchar(255) DEFAULT NULL,
  `id_cable_type` int(11) DEFAULT NULL,
  `id_provider` int(11) DEFAULT NULL,
  `nb_capacity` int(11) DEFAULT NULL,
  `bl_deactivated` tinyint(1) DEFAULT NULL,
  `id_provider_address` int(11) DEFAULT NULL,
  `id_contact` int(11) DEFAULT NULL,
  `cm_cable` varchar(255) DEFAULT NULL,
  `dt_create` datetime DEFAULT NULL,
  `dt_update` datetime DEFAULT NULL,
  `id_user_create_by` int(11) DEFAULT NULL,
  `id_user_update_by` int(11) DEFAULT NULL,
  PRIMARY KEY (`id_cable`),
  KEY `IDX_24E9C4D41E9C98F7` (`id_provider_address`),
  KEY `IDX_24E9C4D492FF4F48` (`id_contact`),
  KEY `IDX_24E9C4D4A6F00DA4` (`id_cable_type`),
  CONSTRAINT `FK_24E9C4D41E9C98F7` FOREIGN KEY (`id_provider_address`) REFERENCES `address_provider` (`id_address_provider`),
  CONSTRAINT `FK_24E9C4D492FF4F48` FOREIGN KEY (`id_contact`) REFERENCES `contact_provider` (`id_contact_provider`),
  CONSTRAINT `FK_24E9C4D4A6F00DA4` FOREIGN KEY (`id_cable_type`) REFERENCES `cable_type` (`id_cable_type`)
) ENGINE=InnoDB DEFAULT CHARSET=utf8;

--
-- Dumping data for table `cable`
--


--
-- Table structure for table `cable_template`
--

CREATE TABLE `cable_template` (
  `id_cable` int(11) NOT NULL AUTO_INCREMENT,
  `cd_cable` varchar(100) DEFAULT NULL,
  `lb_cable` varchar(255) DEFAULT NULL,
  `id_cable_type` int(11) DEFAULT NULL,
  `id_branch` int(11) DEFAULT NULL,
  `id_provider` int(11) DEFAULT NULL,
  `id_port_1` int(11) DEFAULT NULL,
  `id_port_2` int(11) DEFAULT NULL,
  `nb_capacity` int(11) DEFAULT NULL,
  `bl_deactivated` tinyint(1) DEFAULT NULL,
  PRIMARY KEY (`id_cable`),
  KEY `id_cable` (`id_cable`)
) ENGINE=InnoDB DEFAULT CHARSET=utf8;

--
-- Dumping data for table `cable_template`
--


--
-- Table structure for table `cable_type`
--

CREATE TABLE `cable_type` (
  `id_cable_type` int(11) NOT NULL AUTO_INCREMENT,
  `cd_cable_type` varchar(100) DEFAULT NULL,
  `lb_cable_type` varchar(250) DEFAULT NULL,
  `bl_deactivated` tinyint(1) DEFAULT NULL,
  `id_user_create_by` int(11) DEFAULT NULL,
  `id_user_update_by` int(11) DEFAULT NULL,
  `dt_create` datetime DEFAULT NULL,
  `dt_update` datetime DEFAULT NULL,
  `dt_deactivated` datetime DEFAULT NULL,
  PRIMARY KEY (`id_cable_type`),
  KEY `IDX_37A8D73536A5873` (`id_user_create_by`),
  KEY `IDX_37A8D7368E26F41` (`id_user_update_by`),
  CONSTRAINT `FK_37A8D73536A5873` FOREIGN KEY (`id_user_create_by`) REFERENCES `myuser` (`id`),
  CONSTRAINT `FK_37A8D7368E26F41` FOREIGN KEY (`id_user_update_by`) REFERENCES `myuser` (`id`)
) ENGINE=InnoDB AUTO_INCREMENT=42 DEFAULT CHARSET=utf8;

--
-- Dumping data for table `cable_type`
--

INSERT INTO `cable_type` VALUES (1,'Cble01','Cable 12 / 12',1,2,2,'2013-06-26 11:54:00','2013-07-02 11:54:00',NULL),(2,'Cble02','Cable 13 / 13',1,2,2,'2013-06-26 11:54:00','2013-07-02 11:54:00',NULL),(3,'Cble03','Cable 12 / 13',1,2,2,'2013-06-26 11:54:00','2013-07-02 11:54:00',NULL),(4,'Cble04','Cable 13 / 14',1,2,2,'2013-06-26 11:54:00','2013-07-02 11:54:00',NULL),(5,'Cble05','Cable 12 / 14',1,2,2,'2013-06-26 11:54:00','2013-07-02 11:54:00',NULL),(6,'Cble06','Cable 13 / 15',1,2,2,'2013-06-26 11:54:00','2013-07-02 11:54:00',NULL),(7,'Cble07','Cable 12 / 15',1,2,2,'2013-06-26 11:54:00','2013-07-02 11:54:00',NULL),(8,'Cble08','Cable 13 / 16',1,2,2,'2013-06-26 11:54:00','2013-07-02 11:54:00',NULL),(9,'Cble09','Cable 12 / 16',1,2,2,'2013-06-26 11:54:00','2013-07-02 11:54:00',NULL),(10,'Cble10','Cable 13 / 17',1,2,2,'2013-06-26 11:54:00','2013-07-02 11:54:00',NULL),(11,'Cble11','Cable 12 / 17',1,2,2,'2013-06-26 11:54:00','2013-07-02 11:54:00',NULL),(12,'Cble12','Cable 13 / 18',1,2,2,'2013-06-26 11:54:00','2013-07-02 11:54:00',NULL),(13,'Cble13','Cable 12 / 18',1,2,2,'2013-06-26 11:54:00','2013-07-02 11:54:00',NULL),(14,'Cble14','Cable 13 / 19',1,2,2,'2013-06-26 11:54:00','2013-07-02 11:54:00',NULL),(15,'Cble15','Cable 12 / 19',1,2,2,'2013-06-26 11:54:00','2013-07-02 11:54:00',NULL),(16,'Cble16','Cable 13 / 20',1,2,2,'2013-06-26 11:54:00','2013-07-02 11:54:00',NULL),(17,'Cble17','Cable 12 / 20',1,2,2,'2013-06-26 11:54:00','2013-07-02 11:54:00',NULL),(18,'Cble18','Cable 13 / 21',1,2,2,'2013-06-26 11:54:00','2013-07-02 11:54:00',NULL),(19,'Cble19','Cable 12 / 21',1,2,2,'2013-06-26 11:54:00','2013-07-02 11:54:00',NULL),(20,'Cble20','Cable 13 / 22',1,2,2,'2013-06-26 11:54:00','2013-07-02 11:54:00',NULL),(21,'Cble21','Cable 12 / 22',1,2,2,'2013-06-26 11:54:00','2013-07-02 11:54:00',NULL),(22,'Cble22','Cable 13 / 23',1,2,2,'2013-06-26 11:54:00','2013-07-02 11:54:00',NULL),(23,'Cble23','Cable 12 / 23',1,2,2,'2013-06-26 11:54:00','2013-07-02 11:54:00',NULL),(24,'Cble24','Cable 13 / 24',1,2,2,'2013-06-26 11:54:00','2013-07-02 11:54:00',NULL),(25,'Cble25','Cable 12 / 24',1,2,2,'2013-06-26 11:54:00','2013-07-02 11:54:00',NULL),(26,'Cble26','Cable 13 / 25',1,2,2,'2013-06-26 11:54:00','2013-07-02 11:54:00',NULL),(27,'Cble27','Cable 12 / 25',1,2,2,'2013-06-26 11:54:00','2013-07-02 11:54:00',NULL),(28,'Cble28','Cable 13 / 26',1,2,2,'2013-06-26 11:54:00','2013-07-02 11:54:00',NULL),(29,'Cble29','Cable 12 / 26',1,2,2,'2013-06-26 11:54:00','2013-07-02 11:54:00',NULL),(30,'Cble30','Cable 13 / 27',1,2,2,'2013-06-26 11:54:00','2013-07-02 11:54:00',NULL),(31,'Cble31','Cable 12 / 27',1,2,2,'2013-06-26 11:54:00','2013-07-02 11:54:00',NULL),(32,'Cble32','Cable 13 / 28',1,2,2,'2013-06-26 11:54:00','2013-07-02 11:54:00',NULL),(33,'Cble33','Cable 12 / 28',1,2,2,'2013-06-26 11:54:00','2013-07-02 11:54:00',NULL),(34,'Cble34','Cable 13 / 29',1,2,2,'2013-06-26 11:54:00','2013-07-02 11:54:00',NULL),(35,'Cble35','Cable 12 / 29',1,2,2,'2013-06-26 11:54:00','2013-07-02 11:54:00',NULL),(36,'Cble36','Cable 13 / 30',1,2,2,'2013-06-26 11:54:00','2013-07-02 11:54:00',NULL),(37,'Cble37','Cable 12 / 30',1,2,2,'2013-06-26 11:54:00','2013-07-02 11:54:00',NULL),(38,'Cble38','Cable 13 / 31',1,2,2,'2013-06-26 11:54:00','2013-07-02 11:54:00',NULL),(39,'Cble39','Cable 12 / 31',1,2,2,'2013-06-26 11:54:00','2013-07-02 11:54:00',NULL),(40,'Cble40','Cable 13 / 32',1,2,2,'2013-06-26 11:54:00','2013-07-02 11:54:00',NULL),(41,'Cble41','Cable 12 / 32',1,2,2,'2013-06-26 11:54:00','2013-07-02 11:54:00',NULL);

--
-- Table structure for table `calendar`
--

CREATE TABLE `calendar` (
  `id_calendar` int(11) NOT NULL AUTO_INCREMENT,
  `cd_calendar` varchar(15) DEFAULT NULL,
  `lb_calendar` varchar(100) DEFAULT NULL,
  `id_branch` int(11) DEFAULT NULL,
  `dt_day_name` datetime DEFAULT NULL,
  `dt_calendar_date` datetime DEFAULT NULL,
  `dt_begin_hour` datetime DEFAULT NULL,
  `dt_end_hour` datetime DEFAULT NULL,
  `bl_deactivated` tinyint(1) DEFAULT NULL,
  PRIMARY KEY (`id_calendar`)
) ENGINE=InnoDB DEFAULT CHARSET=utf8;

--
-- Dumping data for table `calendar`
--


--
-- Table structure for table `capacity`
--

CREATE TABLE `capacity` (
  `id_capacity` int(11) NOT NULL AUTO_INCREMENT,
  `cd_capacity` varchar(15) DEFAULT NULL,
  `lb_capacity` varchar(255) DEFAULT NULL,
  `max_capacity` int(11) DEFAULT NULL,
  `bl_deactivated` tinyint(1) DEFAULT NULL,
  `dt_create` datetime DEFAULT NULL,
  `dt_update` datetime DEFAULT NULL,
  `dt_deactivated` datetime DEFAULT NULL,
  PRIMARY KEY (`id_capacity`)
) ENGINE=InnoDB AUTO_INCREMENT=369 DEFAULT CHARSET=utf8;

--
-- Dumping data for table `capacity`
--

INSERT INTO `capacity` VALUES (1,'CAP01','Capacity 01',10,0,'2014-06-26 13:59:50','2013-09-25 17:27:35','2013-07-18 00:00:00'),(2,'CAP02','Capacité 02',20,1,'2013-07-02 13:59:50','2013-07-02 13:59:50','2014-07-02 13:59:50'),(3,'CAP03','Capacity 03',30,1,'2015-06-26 13:59:50','2013-07-02 13:59:50','2015-07-02 13:59:50'),(4,'CAP04','Capacité 04',40,1,'2013-07-02 13:59:50','2013-07-02 13:59:50','2016-07-02 13:59:50'),(5,'CAP05','Capacity 02',50,1,'2016-06-26 13:59:50','2013-07-02 13:59:50','2017-07-02 13:59:50'),(6,'CAP06','Capacité 03',60,1,'2013-07-02 13:59:50','2013-07-02 13:59:50','2018-07-02 13:59:50'),(7,'CAP07','Capacity 04',70,1,'2017-06-26 13:59:50','2013-07-02 13:59:50','2019-07-02 13:59:50'),(8,'CAP08','Capacité 05',80,1,'2013-07-02 13:59:50','2013-07-02 13:59:50','2020-07-02 13:59:50'),(9,'CAP09','Capacity 03',90,1,'2018-06-26 13:59:50','2013-07-02 13:59:50','2021-07-02 13:59:50'),(10,'CAP10','Capacité 04',100,1,'2013-07-02 00:00:00','2013-07-02 00:00:00','2022-07-02 13:59:50'),(11,'CAP11','Capacity 05',110,1,'2019-06-26 13:59:50','2013-07-02 13:59:50','2023-07-02 13:59:50'),(12,'CAP12','Capacité 06',120,1,'2013-07-02 13:59:50','2013-07-02 13:59:50','2024-07-02 13:59:50'),(13,'CAP13','Capacity 04',130,1,'2020-06-26 13:59:50','2013-07-02 13:59:50','2025-07-02 13:59:50'),(14,'CAP14','Capacité 05',140,1,'2013-07-02 13:59:50','2013-07-02 13:59:50','2026-07-02 13:59:50'),(15,'CAP15','Capacity 06',150,1,'2021-06-26 13:59:50','2013-07-02 13:59:50','2027-07-02 13:59:50'),(16,'CAP16','Capacité 07',160,1,'2013-07-02 13:59:50','2013-07-02 13:59:50','2028-07-02 13:59:50'),(17,'CAP17','Capacity 05',170,1,'2022-06-26 13:59:50','2013-07-02 13:59:50','2029-07-02 13:59:50'),(18,'CAP18','Capacité 06',180,1,'2013-07-02 13:59:50','2013-07-02 13:59:50','2030-07-02 13:59:50'),(19,'CAP19','Capacity 07',190,1,'2023-06-26 13:59:50','2013-07-02 13:59:50','2031-07-02 13:59:50'),(20,'CAP20','Capacité 08',200,1,'2013-07-02 13:59:50','2013-07-02 13:59:50','2032-07-02 13:59:50'),(21,'CAP21','Capacity 06',210,1,'2024-06-26 13:59:50','2013-07-02 13:59:50','2033-07-02 13:59:50'),(22,'CAP22','Capacité 07',220,1,'2013-07-02 13:59:50','2013-07-02 13:59:50','2034-07-02 13:59:50'),(23,'CAP23','Capacity 08',230,1,'2025-06-26 13:59:50','2013-07-02 13:59:50','2035-07-02 13:59:50'),(24,'CAP24','Capacité 09',240,1,'2013-07-02 13:59:50','2013-07-02 13:59:50','2036-07-02 13:59:50'),(25,'CAP25','Capacity 07',250,1,'2026-06-26 13:59:50','2013-07-02 13:59:50','2037-07-02 13:59:50'),(26,'CAP26','Capacité 08',260,1,'2013-07-02 13:59:50','2013-07-02 13:59:50','2038-07-02 13:59:50'),(27,'CAP27','Capacity 09',270,1,'2027-06-26 13:59:50','2013-07-02 13:59:50','2039-07-02 13:59:50'),(28,'CAP28','Capacité 10',280,1,'2013-07-02 13:59:50','2013-07-02 13:59:50','2040-07-02 13:59:50'),(29,'CAP29','Capacity 08',290,1,'2028-06-26 13:59:50','2013-07-02 13:59:50','2041-07-02 13:59:50'),(30,'CAP30','Capacité 09',300,1,'2013-07-02 13:59:50','2013-07-02 13:59:50','2042-07-02 13:59:50'),(31,'CAP31','Capacity 10',310,1,'2029-06-26 13:59:50','2013-07-02 13:59:50','2043-07-02 13:59:50'),(32,'CAP32','Capacité 11',320,1,'2013-07-02 13:59:50','2013-07-02 13:59:50','2044-07-02 13:59:50'),(33,'CAP33','Capacity 09',330,1,'2030-06-26 13:59:50','2013-07-02 13:59:50','2045-07-02 13:59:50'),(34,'CAP34','Capacité 10',340,1,'2013-07-02 13:59:50','2013-07-02 13:59:50','2046-07-02 13:59:50'),(35,'CAP35','Capacity 11',350,1,'2031-06-26 13:59:50','2013-07-02 13:59:50','2047-07-02 13:59:50'),(36,'CAP36','Capacité 12',360,1,'2013-07-02 13:59:50','2013-07-02 13:59:50','2048-07-02 13:59:50'),(37,'CAP37','Capacity 10',370,1,'2032-06-26 13:59:50','2013-07-02 13:59:50','2049-07-02 13:59:50'),(38,'CAP38','Capacité 11',380,1,'2013-07-02 13:59:50','2013-07-02 13:59:50','2050-07-02 13:59:50'),(39,'CAP39','Capacity 12',390,1,'2033-06-26 13:59:50','2013-07-02 13:59:50','2051-07-02 13:59:50'),(40,'CAP40','Capacité 13',400,1,'2013-07-02 13:59:50','2013-07-02 13:59:50','2052-07-02 13:59:50'),(41,'CAP41','Capacity 11',410,1,'2034-06-26 13:59:50','2013-07-02 13:59:50','2053-07-02 13:59:50'),(42,'CAP42','Capacité 12',420,1,'2013-07-02 13:59:50','2013-07-02 13:59:50','2054-07-02 13:59:50'),(43,'CAP43','Capacity 13',430,1,'2035-06-26 13:59:50','2013-07-02 13:59:50','2055-07-02 13:59:50'),(44,'CAP44','Capacité 14',440,1,'2013-07-02 13:59:50','2013-07-02 13:59:50','2056-07-02 13:59:50'),(45,'CAP45','Capacity 12',450,1,'2036-06-26 13:59:50','2013-07-02 13:59:50','2057-07-02 13:59:50'),(46,'CAP46','Capacité 13',460,1,'2013-07-02 13:59:50','2013-07-02 13:59:50','2058-07-02 13:59:50'),(47,'CAP47','Capacity 14',470,1,'2037-06-26 13:59:50','2013-07-02 13:59:50','2059-07-02 13:59:50'),(48,'CAP48','Capacité 15',480,1,'2013-07-02 13:59:50','2013-07-02 13:59:50','2060-07-02 13:59:50'),(49,'CAP49','Capacity 13',490,1,'2038-06-26 13:59:50','2013-07-02 13:59:50','2061-07-02 13:59:50'),(50,'CAP50','Capacité 14',500,1,'2013-07-02 13:59:50','2013-07-02 13:59:50','2062-07-02 13:59:50'),(51,'CAP51','Capacity 15',510,1,'2039-06-26 13:59:50','2013-07-02 13:59:50','2063-07-02 13:59:50'),(52,'CAP52','Capacité 16',520,1,'2013-07-02 13:59:50','2013-07-02 13:59:50','2064-07-02 13:59:50'),(53,'CAP53','Capacity 14',530,1,'2040-06-26 13:59:50','2013-07-02 13:59:50','2065-07-02 13:59:50'),(54,'CAP54','Capacité 15',540,1,'2013-07-02 13:59:50','2013-07-02 13:59:50','2066-07-02 13:59:50'),(55,'CAP55','Capacity 16',550,1,'2041-06-26 13:59:50','2013-07-02 13:59:50','2067-07-02 13:59:50'),(56,'CAP56','Capacité 17',560,1,'2013-07-02 13:59:50','2013-07-02 13:59:50','2068-07-02 13:59:50'),(57,'CAP57','Capacity 15',570,1,'2042-06-26 13:59:50','2013-07-02 13:59:50','2069-07-02 13:59:50'),(58,'CAP58','Capacité 16',580,1,'2013-07-02 13:59:50','2013-07-02 13:59:50','2070-07-02 13:59:50'),(59,'CAP59','Capacity 17',590,1,'2043-06-26 13:59:50','2013-07-02 13:59:50','2071-07-02 13:59:50'),(60,'CAP60','Capacité 18',600,1,'2013-07-02 13:59:50','2013-07-02 13:59:50','2072-07-02 13:59:50'),(61,'CAP61','Capacity 16',610,1,'2044-06-26 13:59:50','2013-07-02 13:59:50','2073-07-02 13:59:50'),(62,'CAP62','Capacité 17',620,1,'2013-07-02 13:59:50','2013-07-02 13:59:50','2074-07-02 13:59:50'),(63,'CAP63','Capacity 18',630,1,'2045-06-26 13:59:50','2013-07-02 13:59:50','2075-07-02 13:59:50'),(64,'CAP64','Capacité 19',640,1,'2013-07-02 13:59:50','2013-07-02 13:59:50','2076-07-02 13:59:50'),(65,'CAP65','Capacity 17',650,1,'2046-06-26 13:59:50','2013-07-02 13:59:50','2077-07-02 13:59:50'),(66,'CAP66','Capacité 18',660,1,'2013-07-02 13:59:50','2013-07-02 13:59:50','2078-07-02 13:59:50'),(67,'CAP67','Capacity 19',670,1,'2047-06-26 13:59:50','2013-07-02 13:59:50','2079-07-02 13:59:50'),(68,'CAP68','Capacité 20',680,1,'2013-07-02 13:59:50','2013-07-02 13:59:50','2080-07-02 13:59:50'),(69,'CAP69','Capacity 18',690,1,'2048-06-26 13:59:50','2013-07-02 13:59:50','2081-07-02 13:59:50'),(70,'CAP70','Capacité 19',700,1,'2013-07-02 13:59:50','2013-07-02 13:59:50','2082-07-02 13:59:50'),(71,'CAP71','Capacity 20',710,1,'2049-06-26 13:59:50','2013-07-02 13:59:50','2083-07-02 13:59:50'),(72,'CAP72','Capacité 21',720,1,'2013-07-02 13:59:50','2013-07-02 13:59:50','2084-07-02 13:59:50'),(73,'CAP73','Capacity 19',730,1,'2050-06-26 13:59:50','2013-07-02 13:59:50','2085-07-02 13:59:50'),(74,'CAP74','Capacité 20',740,1,'2013-07-02 13:59:50','2013-07-02 13:59:50','2086-07-02 13:59:50'),(75,'CAP75','Capacity 21',750,1,'2051-06-26 13:59:50','2013-07-02 13:59:50','2087-07-02 13:59:50'),(76,'CAP76','Capacité 22',760,1,'2013-07-02 13:59:50','2013-07-02 13:59:50','2088-07-02 13:59:50'),(77,'CAP77','Capacity 20',770,1,'2052-06-26 13:59:50','2013-07-02 13:59:50','2089-07-02 13:59:50'),(78,'CAP78','Capacité 21',780,1,'2013-07-02 13:59:50','2013-07-02 13:59:50','2090-07-02 13:59:50'),(79,'CAP79','Capacity 22',790,1,'2053-06-26 13:59:50','2013-07-02 13:59:50','2091-07-02 13:59:50'),(80,'CAP80','Capacité 23',800,1,'2013-07-02 13:59:50','2013-07-02 13:59:50','2092-07-02 13:59:50'),(81,'CAP81','Capacity 21',810,1,'2054-06-26 13:59:50','2013-07-02 13:59:50','2093-07-02 13:59:50'),(82,'CAP82','Capacité 22',820,1,'2013-07-02 13:59:50','2013-07-02 13:59:50','2094-07-02 13:59:50'),(83,'CAP83','Capacity 23',830,1,'2055-06-26 13:59:50','2013-07-02 13:59:50','2095-07-02 13:59:50'),(84,'CAP84','Capacité 24',840,1,'2013-07-02 13:59:50','2013-07-02 13:59:50','2096-07-02 13:59:50'),(85,'CAP85','Capacity 22',850,1,'2056-06-26 13:59:50','2013-07-02 13:59:50','2097-07-02 13:59:50'),(86,'CAP86','Capacité 23',860,1,'2013-07-02 13:59:50','2013-07-02 13:59:50','2098-07-02 13:59:50'),(87,'CAP87','Capacity 24',870,1,'2057-06-26 13:59:50','2013-07-02 13:59:50','2099-07-02 13:59:50'),(88,'CAP88','Capacité 25',880,1,'2013-07-02 13:59:50','2013-07-02 13:59:50','2100-07-02 13:59:50'),(89,'CAP89','Capacity 23',890,1,'2058-06-26 13:59:50','2013-07-02 13:59:50','2101-07-02 13:59:50'),(90,'CAP90','Capacité 24',900,1,'2013-07-02 13:59:50','2013-07-02 13:59:50','2102-07-02 13:59:50'),(91,'CAP91','Capacity 25',910,1,'2059-06-26 13:59:50','2013-07-02 13:59:50','2103-07-02 13:59:50'),(92,'CAP92','Capacité 26',920,1,'2013-07-02 13:59:50','2013-07-02 13:59:50','2104-07-02 13:59:50'),(93,'CAP93','Capacity 24',930,1,'2060-06-26 13:59:50','2013-07-02 13:59:50','2105-07-02 13:59:50'),(94,'CAP94','Capacité 25',940,1,'2013-07-02 13:59:50','2013-07-02 13:59:50','2106-07-02 13:59:50'),(95,'CAP95','Capacity 26',950,1,'2061-06-26 13:59:50','2013-07-02 13:59:50','2107-07-02 13:59:50'),(96,'CAP96','Capacité 27',960,1,'2013-07-02 13:59:50','2013-07-02 13:59:50','2108-07-02 13:59:50'),(97,'CAP97','Capacity 25',970,1,'2062-06-26 13:59:50','2013-07-02 13:59:50','2109-07-02 13:59:50'),(98,'CAP98','Capacité 26',980,1,'2013-07-02 13:59:50','2013-07-02 13:59:50','2110-07-02 13:59:50'),(99,'CAP99','Capacity 27',990,1,'2063-06-26 13:59:50','2013-07-02 13:59:50','2111-07-02 13:59:50'),(100,'CAP100','Capacité 28',1000,1,'2013-07-02 13:59:50','2013-07-02 13:59:50','2112-07-02 13:59:50'),(101,'CAP101','Capacity 26',1010,1,'2064-06-26 13:59:50','2013-07-02 13:59:50','2113-07-02 13:59:50'),(102,'CAP102','Capacité 27',1020,1,'2013-07-02 13:59:50','2013-07-02 13:59:50','2114-07-02 13:59:50'),(103,'CAP103','Capacity 28',1030,1,'2065-06-26 13:59:50','2013-07-02 13:59:50','2115-07-02 13:59:50'),(104,'CAP104','Capacité 29',1040,1,'2013-07-02 13:59:50','2013-07-02 13:59:50','2116-07-02 13:59:50'),(105,'CAP105','Capacity 27',1050,1,'2066-06-26 13:59:50','2013-07-02 13:59:50','2117-07-02 13:59:50'),(106,'CAP106','Capacité 28',1060,1,'2013-07-02 13:59:50','2013-07-02 13:59:50','2118-07-02 13:59:50'),(107,'CAP107','Capacity 29',1070,1,'2067-06-26 13:59:50','2013-07-02 13:59:50','2119-07-02 13:59:50'),(108,'CAP108','Capacité 30',1080,1,'2013-07-02 13:59:50','2013-07-02 13:59:50','2120-07-02 13:59:50'),(109,'CAP109','Capacity 28',1090,1,'2068-06-26 13:59:50','2013-07-02 13:59:50','2121-07-02 13:59:50'),(110,'CAP110','Capacité 29',1100,1,'2013-07-02 13:59:50','2013-07-02 13:59:50','2122-07-02 13:59:50'),(111,'CAP111','Capacity 30',1110,1,'2069-06-26 13:59:50','2013-07-02 13:59:50','2123-07-02 13:59:50'),(112,'CAP112','Capacité 31',1120,1,'2013-07-02 13:59:50','2013-07-02 13:59:50','2124-07-02 13:59:50'),(113,'CAP113','Capacity 29',1130,1,'2070-06-26 13:59:50','2013-07-02 13:59:50','2125-07-02 13:59:50'),(114,'CAP114','Capacité 30',1140,1,'2013-07-02 13:59:50','2013-07-02 13:59:50','2126-07-02 13:59:50'),(115,'CAP115','Capacity 31',1150,1,'2071-06-26 13:59:50','2013-07-02 13:59:50','2127-07-02 13:59:50'),(116,'CAP116','Capacité 32',1160,1,'2013-07-02 13:59:50','2013-07-02 13:59:50','2128-07-02 13:59:50'),(117,'CAP117','Capacity 30',1170,1,'2072-06-26 13:59:50','2013-07-02 13:59:50','2129-07-02 13:59:50'),(118,'CAP118','Capacité 31',1180,1,'2013-07-02 13:59:50','2013-07-02 13:59:50','2130-07-02 13:59:50'),(119,'CAP119','Capacity 32',1190,1,'2073-06-26 13:59:50','2013-07-02 13:59:50','2131-07-02 13:59:50'),(120,'CAP120','Capacité 33',1200,1,'2013-07-02 13:59:50','2013-07-02 13:59:50','2132-07-02 13:59:50'),(121,'CAP121','Capacity 31',1210,1,'2074-06-26 13:59:50','2013-07-02 13:59:50','2133-07-02 13:59:50'),(122,'CAP122','Capacité 32',1220,1,'2013-07-02 13:59:50','2013-07-02 13:59:50','2134-07-02 13:59:50'),(123,'CAP123','Capacity 33',1230,1,'2075-06-26 13:59:50','2013-07-02 13:59:50','2135-07-02 13:59:50'),(124,'CAP124','Capacité 34',1240,1,'2013-07-02 13:59:50','2013-07-02 13:59:50','2136-07-02 13:59:50'),(125,'CAP125','Capacity 32',1250,1,'2076-06-26 13:59:50','2013-07-02 13:59:50','2137-07-02 13:59:50'),(126,'CAP126','Capacité 33',1260,1,'2013-07-02 13:59:50','2013-07-02 13:59:50','2138-07-02 13:59:50'),(127,'CAP127','Capacity 34',1270,1,'2077-06-26 13:59:50','2013-07-02 13:59:50','2139-07-02 13:59:50'),(128,'CAP128','Capacité 35',1280,1,'2013-07-02 13:59:50','2013-07-02 13:59:50','2140-07-02 13:59:50'),(129,'CAP129','Capacity 33',1290,1,'2078-06-26 13:59:50','2013-07-02 13:59:50','2141-07-02 13:59:50'),(130,'CAP130','Capacité 34',1300,1,'2013-07-02 13:59:50','2013-07-02 13:59:50','2142-07-02 13:59:50'),(131,'CAP131','Capacity 35',1310,1,'2079-06-26 13:59:50','2013-07-02 13:59:50','2143-07-02 13:59:50'),(132,'CAP132','Capacité 36',1320,1,'2013-07-02 13:59:50','2013-07-02 13:59:50','2144-07-02 13:59:50'),(133,'CAP133','Capacity 34',1330,1,'2080-06-26 13:59:50','2013-07-02 13:59:50','2145-07-02 13:59:50'),(134,'CAP134','Capacité 35',1340,1,'2013-07-02 13:59:50','2013-07-02 13:59:50','2146-07-02 13:59:50'),(135,'CAP135','Capacity 36',1350,1,'2081-06-26 13:59:50','2013-07-02 13:59:50','2147-07-02 13:59:50'),(136,'CAP136','Capacité 37',1360,1,'2013-07-02 13:59:50','2013-07-02 13:59:50','2148-07-02 13:59:50'),(137,'CAP137','Capacity 35',1370,1,'2082-06-26 13:59:50','2013-07-02 13:59:50','2149-07-02 13:59:50'),(138,'CAP138','Capacité 36',1380,1,'2013-07-02 13:59:50','2013-07-02 13:59:50','2150-07-02 13:59:50'),(139,'CAP139','Capacity 37',1390,1,'2083-06-26 13:59:50','2013-07-02 13:59:50','2151-07-02 13:59:50'),(140,'CAP140','Capacité 38',1400,1,'2013-07-02 13:59:50','2013-07-02 13:59:50','2152-07-02 13:59:50'),(141,'CAP141','Capacity 36',1410,1,'2084-06-26 13:59:50','2013-07-02 13:59:50','2153-07-02 13:59:50'),(142,'CAP142','Capacité 37',1420,1,'2013-07-02 13:59:50','2013-07-02 13:59:50','2154-07-02 13:59:50'),(143,'CAP143','Capacity 38',1430,1,'2085-06-26 13:59:50','2013-07-02 13:59:50','2155-07-02 13:59:50'),(144,'CAP144','Capacité 39',1440,1,'2013-07-02 13:59:50','2013-07-02 13:59:50','2156-07-02 13:59:50'),(145,'CAP145','Capacity 37',1450,1,'2086-06-26 13:59:50','2013-07-02 13:59:50','2157-07-02 13:59:50'),(146,'CAP146','Capacité 38',1460,1,'2013-07-02 13:59:50','2013-07-02 13:59:50','2158-07-02 13:59:50'),(147,'CAP147','Capacity 39',1470,1,'2087-06-26 13:59:50','2013-07-02 13:59:50','2159-07-02 13:59:50'),(148,'CAP148','Capacité 40',1480,1,'2013-07-02 13:59:50','2013-07-02 13:59:50','2160-07-02 13:59:50'),(149,'CAP149','Capacity 38',1490,1,'2088-06-26 13:59:50','2013-07-02 13:59:50','2161-07-02 13:59:50'),(150,'CAP150','Capacité 39',1500,1,'2013-07-02 13:59:50','2013-07-02 13:59:50','2162-07-02 13:59:50'),(151,'CAP151','Capacity 40',1510,1,'2089-06-26 13:59:50','2013-07-02 13:59:50','2163-07-02 13:59:50'),(152,'CAP152','Capacité 41',1520,1,'2013-07-02 13:59:50','2013-07-02 13:59:50','2164-07-02 13:59:50'),(153,'CAP153','Capacity 39',1530,1,'2090-06-26 13:59:50','2013-07-02 13:59:50','2165-07-02 13:59:50'),(154,'CAP154','Capacité 40',1540,1,'2013-07-02 13:59:50','2013-07-02 13:59:50','2166-07-02 13:59:50'),(155,'CAP155','Capacity 41',1550,1,'2091-06-26 13:59:50','2013-07-02 13:59:50','2167-07-02 13:59:50'),(156,'CAP156','Capacité 42',1560,1,'2013-07-02 13:59:50','2013-07-02 13:59:50','2168-07-02 13:59:50'),(157,'CAP157','Capacity 40',1570,1,'2092-06-26 13:59:50','2013-07-02 13:59:50','2169-07-02 13:59:50'),(158,'CAP158','Capacité 41',1580,1,'2013-07-02 13:59:50','2013-07-02 13:59:50','2170-07-02 13:59:50'),(159,'CAP159','Capacity 42',1590,1,'2093-06-26 13:59:50','2013-07-02 13:59:50','2171-07-02 13:59:50'),(160,'CAP160','Capacité 43',1600,1,'2013-07-02 13:59:50','2013-07-02 13:59:50','2172-07-02 13:59:50'),(161,'CAP161','Capacity 41',1610,1,'2094-06-26 13:59:50','2013-07-02 13:59:50','2173-07-02 13:59:50'),(162,'CAP162','Capacité 42',1620,1,'2013-07-02 13:59:50','2013-07-02 13:59:50','2174-07-02 13:59:50'),(163,'CAP163','Capacity 43',1630,1,'2095-06-26 13:59:50','2013-07-02 13:59:50','2175-07-02 13:59:50'),(164,'CAP164','Capacité 44',1640,1,'2013-07-02 13:59:50','2013-07-02 13:59:50','2176-07-02 13:59:50'),(165,'CAP165','Capacity 42',1650,1,'2096-06-26 13:59:50','2013-07-02 13:59:50','2177-07-02 13:59:50'),(166,'CAP166','Capacité 43',1660,1,'2013-07-02 13:59:50','2013-07-02 13:59:50','2178-07-02 13:59:50'),(167,'CAP167','Capacity 44',1670,1,'2097-06-26 13:59:50','2013-07-02 13:59:50','2179-07-02 13:59:50'),(168,'CAP168','Capacité 45',1680,1,'2013-07-02 13:59:50','2013-07-02 13:59:50','2180-07-02 13:59:50'),(169,'CAP169','Capacity 43',1690,1,'2098-06-26 13:59:50','2013-07-02 13:59:50','2181-07-02 13:59:50'),(170,'CAP170','Capacité 44',1700,1,'2013-07-02 13:59:50','2013-07-02 13:59:50','2182-07-02 13:59:50'),(171,'CAP171','Capacity 45',1710,1,'2099-06-26 13:59:50','2013-07-02 13:59:50','2183-07-02 13:59:50'),(172,'CAP172','Capacité 46',1720,1,'2013-07-02 13:59:50','2013-07-02 13:59:50','2184-07-02 13:59:50'),(173,'CAP173','Capacity 44',1730,1,'2100-06-26 13:59:50','2013-07-02 13:59:50','2185-07-02 13:59:50'),(174,'CAP174','Capacité 45',1740,1,'2013-07-02 13:59:50','2013-07-02 13:59:50','2186-07-02 13:59:50'),(175,'CAP175','Capacity 46',1750,1,'2101-06-26 13:59:50','2013-07-02 13:59:50','2187-07-02 13:59:50'),(176,'CAP176','Capacité 47',1760,1,'2013-07-02 13:59:50','2013-07-02 13:59:50','2188-07-02 13:59:50'),(177,'CAP177','Capacity 45',1770,1,'2102-06-26 13:59:50','2013-07-02 13:59:50','2189-07-02 13:59:50'),(178,'CAP178','Capacité 46',1780,1,'2013-07-02 13:59:50','2013-07-02 13:59:50','2190-07-02 13:59:50'),(179,'CAP179','Capacity 47',1790,1,'2103-06-26 13:59:50','2013-07-02 13:59:50','2191-07-02 13:59:50'),(180,'CAP180','Capacité 48',1800,1,'2013-07-02 13:59:50','2013-07-02 13:59:50','2192-07-02 13:59:50'),(181,'CAP181','Capacity 46',1810,1,'2104-06-26 13:59:50','2013-07-02 13:59:50','2193-07-02 13:59:50'),(182,'CAP182','Capacité 47',1820,1,'2013-07-02 13:59:50','2013-07-02 13:59:50','2194-07-02 13:59:50'),(183,'CAP183','Capacity 48',1830,1,'2105-06-26 13:59:50','2013-07-02 13:59:50','2195-07-02 13:59:50'),(184,'CAP184','Capacité 49',1840,1,'2013-07-02 13:59:50','2013-07-02 13:59:50','2196-07-02 13:59:50'),(185,'CAP185','Capacity 47',1850,1,'2106-06-26 13:59:50','2013-07-02 13:59:50','2197-07-02 13:59:50'),(186,'CAP186','Capacité 48',1860,1,'2013-07-02 13:59:50','2013-07-02 13:59:50','2198-07-02 13:59:50'),(187,'CAP187','Capacity 49',1870,1,'2107-06-26 13:59:50','2013-07-02 13:59:50','2199-07-02 13:59:50'),(188,'CAP188','Capacité 50',1880,1,'2013-07-02 13:59:50','2013-07-02 13:59:50','2200-07-02 13:59:50'),(189,'CAP189','Capacity 48',1890,1,'2108-06-26 13:59:50','2013-07-02 13:59:50','2201-07-02 13:59:50'),(190,'CAP190','Capacité 49',1900,1,'2013-07-02 13:59:50','2013-07-02 13:59:50','2202-07-02 13:59:50'),(191,'CAP191','Capacity 50',1910,1,'2109-06-26 13:59:50','2013-07-02 13:59:50','2203-07-02 13:59:50'),(192,'CAP192','Capacité 51',1920,1,'2013-07-02 13:59:50','2013-07-02 13:59:50','2204-07-02 13:59:50'),(193,'CAP193','Capacity 49',1930,1,'2110-06-26 13:59:50','2013-07-02 13:59:50','2205-07-02 13:59:50'),(194,'CAP194','Capacité 50',1940,1,'2013-07-02 13:59:50','2013-07-02 13:59:50','2206-07-02 13:59:50'),(195,'CAP195','Capacity 51',1950,1,'2111-06-26 13:59:50','2013-07-02 13:59:50','2207-07-02 13:59:50'),(196,'CAP196','Capacité 52',1960,1,'2013-07-02 13:59:50','2013-07-02 13:59:50','2208-07-02 13:59:50'),(197,'CAP197','Capacity 50',1970,1,'2112-06-26 13:59:50','2013-07-02 13:59:50','2209-07-02 13:59:50'),(198,'CAP198','Capacité 51',1980,1,'2013-07-02 13:59:50','2013-07-02 13:59:50','2210-07-02 13:59:50'),(199,'CAP199','Capacity 52',1990,1,'2113-06-26 13:59:50','2013-07-02 13:59:50','2211-07-02 13:59:50'),(200,'CAP200','Capacité 53',2000,1,'2013-07-02 13:59:50','2013-07-02 13:59:50','2212-07-02 13:59:50'),(201,'CAP201','Capacity 51',2010,1,'2114-06-26 13:59:50','2013-07-02 13:59:50','2213-07-02 13:59:50'),(202,'CAP202','Capacité 52',2020,1,'2013-07-02 13:59:50','2013-07-02 13:59:50','2214-07-02 13:59:50'),(203,'CAP203','Capacity 53',2030,1,'2115-06-26 13:59:50','2013-07-02 13:59:50','2215-07-02 13:59:50'),(204,'CAP204','Capacité 54',2040,1,'2013-07-02 13:59:50','2013-07-02 13:59:50','2216-07-02 13:59:50'),(205,'CAP205','Capacity 52',2050,1,'2116-06-26 13:59:50','2013-07-02 13:59:50','2217-07-02 13:59:50'),(206,'CAP206','Capacité 53',2060,1,'2013-07-02 13:59:50','2013-07-02 13:59:50','2218-07-02 13:59:50'),(207,'CAP207','Capacity 54',2070,1,'2117-06-26 13:59:50','2013-07-02 13:59:50','2219-07-02 13:59:50'),(208,'CAP208','Capacité 55',2080,1,'2013-07-02 13:59:50','2013-07-02 13:59:50','2220-07-02 13:59:50'),(209,'CAP209','Capacity 53',2090,1,'2118-06-26 13:59:50','2013-07-02 13:59:50','2221-07-02 13:59:50'),(210,'CAP210','Capacité 54',2100,1,'2013-07-02 13:59:50','2013-07-02 13:59:50','2222-07-02 13:59:50'),(211,'CAP211','Capacity 55',2110,1,'2119-06-26 13:59:50','2013-07-02 13:59:50','2223-07-02 13:59:50'),(212,'CAP212','Capacité 56',2120,1,'2013-07-02 13:59:50','2013-07-02 13:59:50','2224-07-02 13:59:50'),(213,'CAP213','Capacity 54',2130,1,'2120-06-26 13:59:50','2013-07-02 13:59:50','2225-07-02 13:59:50'),(214,'CAP214','Capacité 55',2140,1,'2013-07-02 13:59:50','2013-07-02 13:59:50','2226-07-02 13:59:50'),(215,'CAP215','Capacity 56',2150,1,'2121-06-26 13:59:50','2013-07-02 13:59:50','2227-07-02 13:59:50'),(216,'CAP216','Capacité 57',2160,1,'2013-07-02 13:59:50','2013-07-02 13:59:50','2228-07-02 13:59:50'),(217,'CAP217','Capacity 55',2170,1,'2122-06-26 13:59:50','2013-07-02 13:59:50','2229-07-02 13:59:50'),(218,'CAP218','Capacité 56',2180,1,'2013-07-02 13:59:50','2013-07-02 13:59:50','2230-07-02 13:59:50'),(219,'CAP219','Capacity 57',2190,1,'2123-06-26 13:59:50','2013-07-02 13:59:50','2231-07-02 13:59:50'),(220,'CAP220','Capacité 58',2200,1,'2013-07-02 13:59:50','2013-07-02 13:59:50','2232-07-02 13:59:50'),(221,'CAP221','Capacity 56',2210,1,'2124-06-26 13:59:50','2013-07-02 13:59:50','2233-07-02 13:59:50'),(222,'CAP222','Capacité 57',2220,1,'2013-07-02 13:59:50','2013-07-02 13:59:50','2234-07-02 13:59:50'),(223,'CAP223','Capacity 58',2230,1,'2125-06-26 13:59:50','2013-07-02 13:59:50','2235-07-02 13:59:50'),(224,'CAP224','Capacité 59',2240,1,'2013-07-02 13:59:50','2013-07-02 13:59:50','2236-07-02 13:59:50'),(225,'CAP225','Capacity 57',2250,1,'2126-06-26 13:59:50','2013-07-02 13:59:50','2237-07-02 13:59:50'),(226,'CAP226','Capacité 58',2260,1,'2013-07-02 13:59:50','2013-07-02 13:59:50','2238-07-02 13:59:50'),(227,'CAP227','Capacity 59',2270,1,'2127-06-26 13:59:50','2013-07-02 13:59:50','2239-07-02 13:59:50'),(228,'CAP228','Capacité 60',2280,1,'2013-07-02 13:59:50','2013-07-02 13:59:50','2240-07-02 13:59:50'),(229,'CAP229','Capacity 58',2290,1,'2128-06-26 13:59:50','2013-07-02 13:59:50','2241-07-02 13:59:50'),(230,'CAP230','Capacité 59',2300,1,'2013-07-02 13:59:50','2013-07-02 13:59:50','2242-07-02 13:59:50'),(231,'CAP231','Capacity 60',2310,1,'2129-06-26 13:59:50','2013-07-02 13:59:50','2243-07-02 13:59:50'),(232,'CAP232','Capacité 61',2320,1,'2013-07-02 13:59:50','2013-07-02 13:59:50','2244-07-02 13:59:50'),(233,'CAP233','Capacity 59',2330,1,'2130-06-26 13:59:50','2013-07-02 13:59:50','2245-07-02 13:59:50'),(234,'CAP234','Capacité 60',2340,1,'2013-07-02 13:59:50','2013-07-02 13:59:50','2246-07-02 13:59:50'),(235,'CAP235','Capacity 61',2350,1,'2131-06-26 13:59:50','2013-07-02 13:59:50','2247-07-02 13:59:50'),(236,'CAP236','Capacité 62',2360,1,'2013-07-02 13:59:50','2013-07-02 13:59:50','2248-07-02 13:59:50'),(237,'CAP237','Capacity 60',2370,1,'2132-06-26 13:59:50','2013-07-02 13:59:50','2249-07-02 13:59:50'),(238,'CAP238','Capacité 61',2380,1,'2013-07-02 13:59:50','2013-07-02 13:59:50','2250-07-02 13:59:50'),(239,'CAP239','Capacity 62',2390,1,'2133-06-26 13:59:50','2013-07-02 13:59:50','2251-07-02 13:59:50'),(240,'CAP240','Capacité 63',2400,1,'2013-07-02 13:59:50','2013-07-02 13:59:50','2252-07-02 13:59:50'),(241,'CAP241','Capacity 61',2410,1,'2134-06-26 13:59:50','2013-07-02 13:59:50','2253-07-02 13:59:50'),(242,'CAP242','Capacité 62',2420,1,'2013-07-02 13:59:50','2013-07-02 13:59:50','2254-07-02 13:59:50'),(243,'CAP243','Capacity 63',2430,1,'2135-06-26 13:59:50','2013-07-02 13:59:50','2255-07-02 13:59:50'),(244,'CAP244','Capacité 64',2440,1,'2013-07-02 13:59:50','2013-07-02 13:59:50','2256-07-02 13:59:50'),(245,'CAP245','Capacity 62',2450,1,'2136-06-26 13:59:50','2013-07-02 13:59:50','2257-07-02 13:59:50'),(246,'CAP246','Capacité 63',2460,1,'2013-07-02 13:59:50','2013-07-02 13:59:50','2258-07-02 13:59:50'),(247,'CAP247','Capacity 64',2470,1,'2137-06-26 13:59:50','2013-07-02 13:59:50','2259-07-02 13:59:50'),(248,'CAP248','Capacité 65',2480,1,'2013-07-02 13:59:50','2013-07-02 13:59:50','2260-07-02 13:59:50'),(249,'CAP249','Capacity 63',2490,1,'2138-06-26 13:59:50','2013-07-02 13:59:50','2261-07-02 13:59:50'),(250,'CAP250','Capacité 64',2500,1,'2013-07-02 13:59:50','2013-07-02 13:59:50','2262-07-02 13:59:50'),(251,'CAP251','Capacity 65',2510,1,'2139-06-26 13:59:50','2013-07-02 13:59:50','2263-07-02 13:59:50'),(252,'CAP252','Capacité 66',2520,1,'2013-07-02 13:59:50','2013-07-02 13:59:50','2264-07-02 13:59:50'),(253,'CAP253','Capacity 64',2530,1,'2140-06-26 13:59:50','2013-07-02 13:59:50','2265-07-02 13:59:50'),(254,'CAP254','Capacité 65',2540,1,'2013-07-02 13:59:50','2013-07-02 13:59:50','2266-07-02 13:59:50'),(255,'CAP255','Capacity 66',2550,1,'2141-06-26 13:59:50','2013-07-02 13:59:50','2267-07-02 13:59:50'),(256,'CAP256','Capacité 67',2560,1,'2013-07-02 13:59:50','2013-07-02 13:59:50','2268-07-02 13:59:50'),(257,'CAP257','Capacity 65',2570,1,'2142-06-26 13:59:50','2013-07-02 13:59:50','2269-07-02 13:59:50'),(258,'CAP258','Capacité 66',2580,1,'2013-07-02 13:59:50','2013-07-02 13:59:50','2270-07-02 13:59:50'),(259,'CAP259','Capacity 67',2590,1,'2143-06-26 13:59:50','2013-07-02 13:59:50','2271-07-02 13:59:50'),(260,'CAP260','Capacité 68',2600,1,'2013-07-02 13:59:50','2013-07-02 13:59:50','2272-07-02 13:59:50'),(261,'CAP261','Capacity 66',2610,1,'2144-06-26 13:59:50','2013-07-02 13:59:50','2273-07-02 13:59:50'),(262,'CAP262','Capacité 67',2620,1,'2013-07-02 13:59:50','2013-07-02 13:59:50','2274-07-02 13:59:50'),(263,'CAP263','Capacity 68',2630,1,'2145-06-26 13:59:50','2013-07-02 13:59:50','2275-07-02 13:59:50'),(264,'CAP264','Capacité 69',2640,1,'2013-07-02 13:59:50','2013-07-02 13:59:50','2276-07-02 13:59:50'),(265,'CAP265','Capacity 67',2650,1,'2146-06-26 13:59:50','2013-07-02 13:59:50','2277-07-02 13:59:50'),(266,'CAP266','Capacité 68',2660,1,'2013-07-02 13:59:50','2013-07-02 13:59:50','2278-07-02 13:59:50'),(267,'CAP267','Capacity 69',2670,1,'2147-06-26 13:59:50','2013-07-02 13:59:50','2279-07-02 13:59:50'),(268,'CAP268','Capacité 70',2680,1,'2013-07-02 13:59:50','2013-07-02 13:59:50','2280-07-02 13:59:50'),(269,'CAP269','Capacity 68',2690,1,'2148-06-26 13:59:50','2013-07-02 13:59:50','2281-07-02 13:59:50'),(270,'CAP270','Capacité 69',2700,1,'2013-07-02 13:59:50','2013-07-02 13:59:50','2282-07-02 13:59:50'),(271,'CAP271','Capacity 70',2710,1,'2149-06-26 13:59:50','2013-07-02 13:59:50','2283-07-02 13:59:50'),(272,'CAP272','Capacité 71',2720,1,'2013-07-02 13:59:50','2013-07-02 13:59:50','2284-07-02 13:59:50'),(273,'CAP273','Capacity 69',2730,1,'2150-06-26 13:59:50','2013-07-02 13:59:50','2285-07-02 13:59:50'),(274,'CAP274','Capacité 70',2740,1,'2013-07-02 13:59:50','2013-07-02 13:59:50','2286-07-02 13:59:50'),(275,'CAP275','Capacity 71',2750,1,'2151-06-26 13:59:50','2013-07-02 13:59:50','2287-07-02 13:59:50'),(276,'CAP276','Capacité 72',2760,1,'2013-07-02 13:59:50','2013-07-02 13:59:50','2288-07-02 13:59:50'),(277,'CAP277','Capacity 70',2770,1,'2152-06-26 13:59:50','2013-07-02 13:59:50','2289-07-02 13:59:50'),(278,'CAP278','Capacité 71',2780,1,'2013-07-02 13:59:50','2013-07-02 13:59:50','2290-07-02 13:59:50'),(279,'CAP279','Capacity 72',2790,1,'2153-06-26 13:59:50','2013-07-02 13:59:50','2291-07-02 13:59:50'),(280,'CAP280','Capacité 73',2800,1,'2013-07-02 13:59:50','2013-07-02 13:59:50','2292-07-02 13:59:50'),(281,'CAP281','Capacity 71',2810,1,'2154-06-26 13:59:50','2013-07-02 13:59:50','2293-07-02 13:59:50'),(282,'CAP282','Capacité 72',2820,1,'2013-07-02 13:59:50','2013-07-02 13:59:50','2294-07-02 13:59:50'),(283,'CAP283','Capacity 73',2830,1,'2155-06-26 13:59:50','2013-07-02 13:59:50','2295-07-02 13:59:50'),(284,'CAP284','Capacité 74',2840,1,'2013-07-02 13:59:50','2013-07-02 13:59:50','2296-07-02 13:59:50'),(285,'CAP285','Capacity 72',2850,1,'2156-06-26 13:59:50','2013-07-02 13:59:50','2297-07-02 13:59:50'),(286,'CAP286','Capacité 73',2860,1,'2013-07-02 13:59:50','2013-07-02 13:59:50','2298-07-02 13:59:50'),(287,'CAP287','Capacity 74',2870,1,'2157-06-26 13:59:50','2013-07-02 13:59:50','2299-07-02 13:59:50'),(288,'CAP288','Capacité 75',2880,1,'2013-07-02 13:59:50','2013-07-02 13:59:50','2300-07-02 13:59:50'),(289,'CAP289','Capacity 73',2890,1,'2158-06-26 13:59:50','2013-07-02 13:59:50','2301-07-02 13:59:50'),(290,'CAP290','Capacité 74',2900,1,'2013-07-02 13:59:50','2013-07-02 13:59:50','2302-07-02 13:59:50'),(291,'CAP291','Capacity 75',2910,1,'2159-06-26 13:59:50','2013-07-02 13:59:50','2303-07-02 13:59:50'),(292,'CAP292','Capacité 76',2920,1,'2013-07-02 13:59:50','2013-07-02 13:59:50','2304-07-02 13:59:50'),(293,'CAP293','Capacity 74',2930,1,'2160-06-26 13:59:50','2013-07-02 13:59:50','2305-07-02 13:59:50'),(294,'CAP294','Capacité 75',2940,1,'2013-07-02 13:59:50','2013-07-02 13:59:50','2306-07-02 13:59:50'),(295,'CAP295','Capacity 76',2950,1,'2161-06-26 13:59:50','2013-07-02 13:59:50','2307-07-02 13:59:50'),(296,'CAP296','Capacité 77',2960,1,'2013-07-02 13:59:50','2013-07-02 13:59:50','2308-07-02 13:59:50'),(297,'CAP297','Capacity 75',2970,1,'2162-06-26 13:59:50','2013-07-02 13:59:50','2309-07-02 13:59:50'),(298,'CAP298','Capacité 76',2980,1,'2013-07-02 13:59:50','2013-07-02 13:59:50','2310-07-02 13:59:50'),(299,'CAP299','Capacity 77',2990,1,'2163-06-26 13:59:50','2013-07-02 13:59:50','2311-07-02 13:59:50'),(300,'CAP300','Capacité 78',3000,1,'2013-07-02 13:59:50','2013-07-02 13:59:50','2312-07-02 13:59:50'),(301,'CAP301','Capacity 76',3010,1,'2164-06-26 13:59:50','2013-07-02 13:59:50','2313-07-02 13:59:50'),(302,'CAP302','Capacité 77',3020,1,'2013-07-02 13:59:50','2013-07-02 13:59:50','2314-07-02 13:59:50'),(303,'CAP303','Capacity 78',3030,1,'2165-06-26 13:59:50','2013-07-02 13:59:50','2315-07-02 13:59:50'),(304,'CAP304','Capacité 79',3040,1,'2013-07-02 13:59:50','2013-07-02 13:59:50','2316-07-02 13:59:50'),(305,'CAP305','Capacity 77',3050,1,'2166-06-26 13:59:50','2013-07-02 13:59:50','2317-07-02 13:59:50'),(306,'CAP306','Capacité 78',3060,1,'2013-07-02 13:59:50','2013-07-02 13:59:50','2318-07-02 13:59:50'),(307,'CAP307','Capacity 79',3070,1,'2167-06-26 13:59:50','2013-07-02 13:59:50','2319-07-02 13:59:50'),(308,'CAP308','Capacité 80',3080,1,'2013-07-02 13:59:50','2013-07-02 13:59:50','2320-07-02 13:59:50'),(309,'CAP309','Capacity 78',3090,1,'2168-06-26 13:59:50','2013-07-02 13:59:50','2321-07-02 13:59:50'),(310,'CAP310','Capacité 79',3100,1,'2013-07-02 13:59:50','2013-07-02 13:59:50','2322-07-02 13:59:50'),(311,'CAP311','Capacity 80',3110,1,'2169-06-26 13:59:50','2013-07-02 13:59:50','2323-07-02 13:59:50'),(312,'CAP312','Capacité 81',3120,1,'2013-07-02 13:59:50','2013-07-02 13:59:50','2324-07-02 13:59:50'),(313,'CAP313','Capacity 79',3130,1,'2170-06-26 13:59:50','2013-07-02 13:59:50','2325-07-02 13:59:50'),(314,'CAP314','Capacité 80',3140,1,'2013-07-02 13:59:50','2013-07-02 13:59:50','2326-07-02 13:59:50'),(315,'CAP315','Capacity 81',3150,1,'2171-06-26 13:59:50','2013-07-02 13:59:50','2327-07-02 13:59:50'),(316,'CAP316','Capacité 82',3160,1,'2013-07-02 13:59:50','2013-07-02 13:59:50','2328-07-02 13:59:50'),(317,'CAP317','Capacity 80',3170,1,'2172-06-26 13:59:50','2013-07-02 13:59:50','2329-07-02 13:59:50'),(318,'CAP318','Capacité 81',3180,1,'2013-07-02 13:59:50','2013-07-02 13:59:50','2330-07-02 13:59:50'),(319,'CAP319','Capacity 82',3190,1,'2173-06-26 13:59:50','2013-07-02 13:59:50','2331-07-02 13:59:50'),(320,'CAP320','Capacité 83',3200,1,'2013-07-02 13:59:50','2013-07-02 13:59:50','2332-07-02 13:59:50'),(321,'CAP321','Capacity 81',3210,1,'2174-06-26 13:59:50','2013-07-02 13:59:50','2333-07-02 13:59:50'),(322,'CAP322','Capacité 82',3220,1,'2013-07-02 13:59:50','2013-07-02 13:59:50','2334-07-02 13:59:50'),(323,'CAP323','Capacity 83',3230,1,'2175-06-26 13:59:50','2013-07-02 13:59:50','2335-07-02 13:59:50'),(324,'CAP324','Capacité 84',3240,1,'2013-07-02 13:59:50','2013-07-02 13:59:50','2336-07-02 13:59:50'),(325,'CAP325','Capacity 82',3250,1,'2176-06-26 13:59:50','2013-07-02 13:59:50','2337-07-02 13:59:50'),(326,'CAP326','Capacité 83',3260,1,'2013-07-02 13:59:50','2013-07-02 13:59:50','2338-07-02 13:59:50'),(327,'CAP327','Capacity 84',3270,1,'2177-06-26 13:59:50','2013-07-02 13:59:50','2339-07-02 13:59:50'),(328,'CAP328','Capacité 85',3280,1,'2013-07-02 13:59:50','2013-07-02 13:59:50','2340-07-02 13:59:50'),(329,'CAP329','Capacity 83',3290,1,'2178-06-26 13:59:50','2013-07-02 13:59:50','2341-07-02 13:59:50'),(330,'CAP330','Capacité 84',3300,1,'2013-07-02 13:59:50','2013-07-02 13:59:50','2342-07-02 13:59:50'),(331,'CAP331','Capacity 85',3310,1,'2179-06-26 13:59:50','2013-07-02 13:59:50','2343-07-02 13:59:50'),(332,'CAP332','Capacité 86',3320,1,'2013-07-02 13:59:50','2013-07-02 13:59:50','2344-07-02 13:59:50'),(333,'CAP333','Capacity 84',3330,1,'2180-06-26 13:59:50','2013-07-02 13:59:50','2345-07-02 13:59:50'),(334,'CAP334','Capacité 85',3340,1,'2013-07-02 13:59:50','2013-07-02 13:59:50','2346-07-02 13:59:50'),(335,'CAP335','Capacity 86',3350,1,'2181-06-26 13:59:50','2013-07-02 13:59:50','2347-07-02 13:59:50'),(336,'CAP336','Capacité 87',3360,1,'2013-07-02 13:59:50','2013-07-02 13:59:50','2348-07-02 13:59:50'),(337,'CAP337','Capacity 85',3370,1,'2182-06-26 13:59:50','2013-07-02 13:59:50','2349-07-02 13:59:50'),(338,'CAP338','Capacité 86',3380,1,'2013-07-02 13:59:50','2013-07-02 13:59:50','2350-07-02 13:59:50'),(339,'CAP339','Capacity 87',3390,1,'2183-06-26 13:59:50','2013-07-02 13:59:50','2351-07-02 13:59:50'),(340,'CAP340','Capacité 88',3400,1,'2013-07-02 13:59:50','2013-07-02 13:59:50','2352-07-02 13:59:50'),(341,'CAP341','Capacity 86',3410,1,'2184-06-26 13:59:50','2013-07-02 13:59:50','2353-07-02 13:59:50'),(342,'CAP342','Capacité 87',3420,1,'2013-07-02 13:59:50','2013-07-02 13:59:50','2354-07-02 13:59:50'),(343,'CAP343','Capacity 88',3430,1,'2185-06-26 13:59:50','2013-07-02 13:59:50','2355-07-02 13:59:50'),(344,'CAP344','Capacité 89',3440,1,'2013-07-02 13:59:50','2013-07-02 13:59:50','2356-07-02 13:59:50'),(345,'CAP345','Capacity 87',3450,1,'2186-06-26 13:59:50','2013-07-02 13:59:50','2357-07-02 13:59:50'),(346,'CAP346','Capacité 88',3460,1,'2013-07-02 13:59:50','2013-07-02 13:59:50','2358-07-02 13:59:50'),(347,'CAP347','Capacity 89',3470,1,'2187-06-26 13:59:50','2013-07-02 13:59:50','2359-07-02 13:59:50'),(348,'CAP348','Capacité 90',3480,1,'2013-07-02 13:59:50','2013-07-02 13:59:50','2360-07-02 13:59:50'),(349,'CAP349','Capacity 88',3490,1,'2188-06-26 13:59:50','2013-07-02 13:59:50','2361-07-02 13:59:50'),(350,'CAP350','Capacité 89',3500,1,'2013-07-02 13:59:50','2013-07-02 13:59:50','2362-07-02 13:59:50'),(351,'CAP351','Capacity 90',3510,1,'2189-06-26 13:59:50','2013-07-02 13:59:50','2363-07-02 13:59:50'),(352,'CAP352','Capacité 91',3520,1,'2013-07-02 13:59:50','2013-07-02 13:59:50','2364-07-02 13:59:50'),(353,'CAP353','Capacity 89',3530,1,'2190-06-26 13:59:50','2013-07-02 13:59:50','2365-07-02 13:59:50'),(354,'CAP354','Capacité 90',3540,1,'2013-07-02 13:59:50','2013-07-02 13:59:50','2366-07-02 13:59:50'),(355,'CAP355','Capacity 91',3550,1,'2191-06-26 13:59:50','2013-07-02 13:59:50','2367-07-02 13:59:50'),(356,'CAP356','Capacité 92',3560,1,'2013-07-02 13:59:50','2013-07-02 13:59:50','2368-07-02 13:59:50'),(357,'CAP357','Capacity 90',3570,1,'2192-06-26 13:59:50','2013-07-02 13:59:50','2369-07-02 13:59:50'),(358,'CAP358','Capacité 91',3580,1,'2013-07-02 13:59:50','2013-07-02 13:59:50','2370-07-02 13:59:50'),(359,'CAP359','Capacity 92',3590,1,'2193-06-26 13:59:50','2013-07-02 13:59:50','2371-07-02 13:59:50'),(360,'CAP360','Capacité 93',3600,1,'2013-07-02 13:59:50','2013-07-02 13:59:50','2372-07-02 13:59:50'),(361,'CAP361','Capacity 91',3610,1,'2194-06-26 13:59:50','2013-07-02 13:59:50','2373-07-02 13:59:50'),(362,'CAP362','Capacité 92',3620,1,'2013-07-02 13:59:50','2013-07-02 13:59:50','2374-07-02 13:59:50'),(363,'CAP363','Capacity 93',3630,1,'2195-06-26 13:59:50','2013-07-02 13:59:50','2375-07-02 13:59:50'),(364,'CAP364','Capacité 94',3640,1,'2013-07-02 13:59:50','2013-07-02 13:59:50','2376-07-02 13:59:50'),(365,'CAP365','Capacity 92',3650,1,'2196-06-26 13:59:50','2013-07-02 13:59:50','2377-07-02 13:59:50'),(366,'CAP366','Capacité 93',3660,1,'2013-07-02 13:59:50','2013-07-02 13:59:50','2378-07-02 13:59:50'),(367,'E1-2048','E1-2048 kbit/s',NULL,1,'2014-01-17 16:13:09','2014-01-17 16:13:09',NULL),(368,'E1-2048','E1-2048 kbit/s',NULL,1,'2014-01-17 16:13:10','2014-01-17 16:13:10',NULL);

--
-- Table structure for table `card`
--

CREATE TABLE `card` (
  `id_card` int(11) NOT NULL AUTO_INCREMENT,
  `nb_rows` int(11) DEFAULT NULL,
  `cd_card` varchar(15) NOT NULL,
  `lb_card` varchar(100) NOT NULL,
  `bl_deactivated` tinyint(1) DEFAULT NULL,
  `dt_create` datetime DEFAULT NULL,
  `dt_update` datetime DEFAULT NULL,
  `id_user_create_by` int(11) DEFAULT NULL,
  `id_user_update_by` int(11) DEFAULT NULL,
  `dt_deactivated` datetime DEFAULT NULL,
  `url_image` varchar(100) DEFAULT NULL,
  `bl_daughter` tinyint(1) DEFAULT NULL,
  `bl_virtual` tinyint(1) DEFAULT NULL,
  `bl_card_for_ref` tinyint(1) DEFAULT NULL,
  `bl_model` tinyint(1) DEFAULT NULL,
  `id_provider_address` int(11) DEFAULT NULL,
  `id_contact` int(11) DEFAULT NULL,
  `id_provider` int(11) DEFAULT NULL,
  `nbNumber` int(11) DEFAULT NULL,
  `nb_ports` int(11) DEFAULT NULL,
  `id_complex_model` int(11) DEFAULT NULL,
  `id_slot` int(11) DEFAULT NULL,
  `id_equipment` int(11) DEFAULT NULL,
  `id_mother_card` int(11) DEFAULT NULL,
  PRIMARY KEY (`id_card`),
  KEY `FK_161498D3536A5873` (`id_user_create_by`),
  KEY `FK_161498D368E26F41` (`id_user_update_by`),
  KEY `IDX_161498D31E9C98F7` (`id_provider_address`),
  KEY `IDX_161498D392FF4F48` (`id_contact`),
  KEY `IDX_161498D3C21F9F09` (`id_provider`),
  KEY `IDX_161498D3241EF16C` (`id_complex_model`),
  KEY `IDX_161498D3272E3C65` (`id_slot`),
  KEY `IDX_161498D3530D69A4` (`id_equipment`),
  KEY `IDX_161498D3740F0153` (`id_mother_card`),
  CONSTRAINT `FK_161498D31E9C98F7` FOREIGN KEY (`id_provider_address`) REFERENCES `address_provider` (`id_address_provider`),
  CONSTRAINT `FK_161498D3241EF16C` FOREIGN KEY (`id_complex_model`) REFERENCES `complex_model` (`id_complex_model`),
  CONSTRAINT `FK_161498D3272E3C65` FOREIGN KEY (`id_slot`) REFERENCES `slot` (`id_slot`),
  CONSTRAINT `FK_161498D3530D69A4` FOREIGN KEY (`id_equipment`) REFERENCES `equipment` (`id_equipment`),
  CONSTRAINT `FK_161498D3536A5873` FOREIGN KEY (`id_user_create_by`) REFERENCES `myuser` (`id`),
  CONSTRAINT `FK_161498D368E26F41` FOREIGN KEY (`id_user_update_by`) REFERENCES `myuser` (`id`),
  CONSTRAINT `FK_161498D3740F0153` FOREIGN KEY (`id_mother_card`) REFERENCES `card` (`id_card`),
  CONSTRAINT `FK_161498D392FF4F48` FOREIGN KEY (`id_contact`) REFERENCES `contact_provider` (`id_contact_provider`),
  CONSTRAINT `FK_161498D3C21F9F09` FOREIGN KEY (`id_provider`) REFERENCES `provider` (`id_provider`)
) ENGINE=InnoDB AUTO_INCREMENT=154 DEFAULT CHARSET=utf8;

--
-- Dumping data for table `card`
--

INSERT INTO `card` VALUES (1,12,'12','12',1,NULL,NULL,2,2,NULL,NULL,NULL,1,1,1,1,1,1,1000000,12,NULL,NULL,NULL,NULL),(2,12,'12','12',1,NULL,NULL,2,2,NULL,NULL,NULL,1,1,1,1,1,1,1000000,12,NULL,NULL,NULL,NULL),(3,2,'12','12',1,NULL,NULL,2,2,NULL,NULL,NULL,1,1,1,1,1,1,1,12,NULL,9,NULL,NULL),(5,2,'666','666',1,NULL,NULL,2,2,NULL,NULL,NULL,1,1,1,1,1,1,1000000,12,NULL,NULL,NULL,NULL),(6,12,'12','12',1,NULL,NULL,2,2,NULL,NULL,NULL,1,1,1,1,1,1,1000000,120,NULL,NULL,NULL,NULL),(8,12,'12','12',1,NULL,NULL,2,2,NULL,NULL,NULL,1,1,1,1,1,1,1,12,NULL,46,NULL,NULL),(9,2,'55','55',1,NULL,NULL,2,2,NULL,NULL,NULL,1,1,1,1,1,1,1000000,40,NULL,46,NULL,NULL),(10,12,'12','12',1,NULL,NULL,2,2,NULL,NULL,NULL,1,1,1,1,1,1,1,12,NULL,48,NULL,NULL),(11,2,'55','55',1,NULL,NULL,2,2,NULL,NULL,NULL,1,1,1,1,1,1,2,40,NULL,48,NULL,NULL),(12,12,'12','12',1,NULL,NULL,2,2,NULL,NULL,NULL,1,1,1,1,1,1,1,12,NULL,50,NULL,NULL),(13,2,'55','55',1,NULL,NULL,2,2,NULL,NULL,NULL,1,1,1,1,1,1,1000000,40,NULL,50,NULL,NULL),(14,8,'88','88',1,NULL,NULL,2,2,NULL,NULL,NULL,0,0,1,1,1,1,3,8,NULL,48,NULL,NULL),(15,8,'88','88',1,NULL,NULL,2,2,NULL,NULL,NULL,0,0,1,1,1,1,4,8,NULL,48,NULL,NULL),(16,8,'888','88',0,NULL,NULL,2,2,NULL,NULL,NULL,0,0,1,1,1,1,5,8,NULL,48,NULL,NULL),(17,1,'d','d',0,NULL,NULL,2,2,NULL,NULL,NULL,0,0,1,1,1,1,1,8,NULL,47,NULL,NULL),(18,4,'54','55',1,NULL,NULL,2,2,NULL,NULL,1,0,1,1,1,1,1,1000000,12,NULL,NULL,NULL,3),(20,1,'Xbnh','qsd',0,NULL,NULL,2,2,'2013-06-14 00:00:00',NULL,1,0,0,1,1,1,1,1000000,4,NULL,NULL,NULL,17),(21,3,'qsdqsd','qsdsd',0,NULL,NULL,2,2,NULL,NULL,1,0,0,1,1,1,1,1000000,2,NULL,NULL,NULL,17),(22,2,'45','45',1,NULL,NULL,2,2,NULL,NULL,NULL,1,0,1,1,1,1,1000000,48,NULL,NULL,NULL,NULL),(23,4,'45','45',1,NULL,NULL,2,2,NULL,NULL,NULL,1,1,1,1,1,1,1,16,NULL,NULL,50,NULL),(24,1,'56','56',1,NULL,NULL,2,2,NULL,NULL,NULL,1,1,1,1,1,1,1000000,8,NULL,NULL,NULL,NULL),(25,1,'55','55',1,NULL,NULL,2,2,NULL,NULL,NULL,1,1,1,1,1,1,2,8,NULL,NULL,50,NULL),(26,8,'88','88',1,NULL,NULL,2,2,NULL,NULL,NULL,1,1,1,1,1,6,1000000,8,NULL,NULL,NULL,NULL),(27,1,'AK12','Generic Eth',1,NULL,NULL,2,2,NULL,NULL,NULL,1,1,1,1,1,7,1000000,3,NULL,NULL,NULL,NULL),(28,1,'DC12','DC de niveau 12',1,NULL,NULL,2,2,NULL,NULL,NULL,1,1,1,1,1,7,1000000,7,NULL,NULL,NULL,NULL),(29,1,'12','12',0,NULL,NULL,2,2,NULL,NULL,1,0,0,1,1,1,1,1000000,4,NULL,NULL,NULL,8),(31,1,'qd','qsd',0,NULL,NULL,2,2,NULL,NULL,1,0,0,1,1,1,1,1000000,4,NULL,NULL,NULL,8),(32,2,'PasMas','Carte 01 PM',1,'2013-07-01 14:06:43','2013-07-01 14:06:43',2,2,NULL,NULL,1,0,0,1,1,1,1,1000000,16,NULL,NULL,NULL,8),(33,2,'12','12',1,'2013-07-01 19:59:30','2013-07-01 19:59:30',2,2,NULL,NULL,NULL,1,1,1,1,1,1,1,12,NULL,65,NULL,NULL),(34,4,'54','55',1,'2013-07-01 19:59:30','2013-07-01 19:59:30',2,2,NULL,NULL,1,0,1,1,1,1,1,1000000,12,NULL,NULL,NULL,33),(35,8,'56','56',1,'2013-07-01 19:59:30','2013-07-01 19:59:30',2,2,NULL,NULL,1,1,1,1,1,1,1,1000000,32,NULL,NULL,NULL,33),(36,2,'55','55',1,'2013-07-01 19:59:30','2013-07-01 19:59:30',2,2,NULL,NULL,NULL,1,1,1,1,1,1,2,40,NULL,65,NULL,NULL),(37,4,'45','45',1,'2013-07-01 19:59:30','2013-07-01 19:59:30',2,2,NULL,NULL,NULL,1,1,1,1,1,1,1,16,NULL,NULL,446,NULL),(38,1,'55','55',1,'2013-07-01 19:59:30','2013-07-01 19:59:30',2,2,NULL,NULL,NULL,1,1,1,1,1,1,2,8,NULL,NULL,446,NULL),(39,12,'12','12',1,'2013-07-01 20:00:17','2013-07-01 20:00:17',2,2,NULL,NULL,NULL,1,1,1,1,1,1,1,12,NULL,67,NULL,NULL),(40,1,'12','12',0,'2013-07-01 20:00:17','2013-07-01 20:00:17',2,2,NULL,NULL,1,0,0,1,1,1,1,1000000,4,NULL,NULL,NULL,39),(41,1,'qd','qsd',0,'2013-07-01 20:00:17','2013-07-01 20:00:17',2,2,NULL,NULL,1,0,0,1,1,1,1,1000000,4,NULL,NULL,NULL,39),(42,2,'PasMas','Carte 01 PM',1,'2013-07-01 14:06:43','2013-07-01 14:06:43',2,2,NULL,NULL,1,0,0,1,1,1,1,1000000,16,NULL,NULL,NULL,39),(43,2,'55','55',1,'2013-07-01 20:00:17','2013-07-01 20:00:17',2,2,NULL,NULL,NULL,1,1,1,1,1,1,1000000,40,NULL,67,NULL,NULL),(44,3,'card 12','card 12',1,'2013-07-06 13:50:53','2013-07-06 13:50:53',2,2,NULL,NULL,NULL,0,1,1,1,1,1,1000000,12,6,NULL,NULL,NULL),(45,2,'ddd','ddd',1,'2013-07-06 16:51:08','2013-07-06 16:51:08',2,2,NULL,NULL,NULL,0,0,1,1,1,1,1000000,12,7,NULL,NULL,NULL),(46,1,'ze','az',0,'2013-07-08 13:28:28','2013-07-08 13:28:28',2,2,NULL,NULL,NULL,0,0,1,1,1,1,1,1,NULL,NULL,451,NULL),(47,1,'tttt','tttt',1,'2013-07-08 15:51:36','2013-07-08 15:51:36',2,2,NULL,NULL,NULL,0,0,1,1,1,1,2,5,NULL,NULL,451,NULL),(48,1,'32','lulu',1,'2013-07-10 14:19:23','2013-07-10 23:47:09',2,2,NULL,NULL,NULL,1,1,1,1,1,1,1,3,NULL,68,NULL,NULL),(51,1,'45454','5454gghjghjg',1,'2013-07-10 14:39:46','2013-07-11 01:24:38',2,2,NULL,NULL,NULL,1,1,1,1,1,1,1,4,NULL,60,NULL,NULL),(52,1,'45454','5454',1,'2013-07-10 14:40:42','2013-07-11 01:24:38',2,2,NULL,NULL,NULL,1,1,1,1,1,1,2,4,NULL,60,NULL,NULL),(55,1,'12','gigi',1,'2013-07-10 15:06:53','2013-07-10 23:47:23',2,2,NULL,NULL,1,0,1,1,1,1,1,1000000,3,NULL,NULL,NULL,48),(122,1,'32','32',1,'2013-07-10 14:19:23','2013-07-10 14:19:23',2,2,NULL,NULL,NULL,1,1,1,1,1,1,1,3,NULL,96,NULL,NULL),(123,1,'12','ttrtr',1,'2013-07-10 15:06:53','2013-07-10 15:06:53',2,2,NULL,NULL,1,0,1,1,1,1,1,1000000,3,NULL,NULL,NULL,122),(124,1,'fff','dd',1,'2013-07-10 15:53:43','2013-07-10 15:53:43',2,2,NULL,NULL,1,1,1,1,1,1,1,1000000,5,NULL,NULL,NULL,122),(125,1,'45454','5454',1,'2013-07-10 14:39:10','2013-07-10 14:39:11',2,2,NULL,NULL,NULL,1,1,1,1,1,1,1,4,NULL,97,NULL,NULL),(126,1,'45454','5454',1,'2013-07-10 14:39:46','2013-07-10 14:39:46',2,2,NULL,NULL,NULL,1,1,1,1,1,1,2,4,NULL,97,NULL,NULL),(127,1,'45454','5454',1,'2013-07-10 14:40:42','2013-07-10 14:40:42',2,2,NULL,NULL,NULL,1,1,1,1,1,1,3,4,NULL,97,NULL,NULL),(128,2,'12','12',1,'2013-07-10 17:35:20','2013-07-10 17:35:20',2,2,NULL,NULL,NULL,1,1,1,1,1,1,1,12,NULL,99,NULL,NULL),(129,4,'54','55',1,'2013-07-10 17:35:20','2013-07-10 17:35:20',2,2,NULL,NULL,1,0,1,1,1,1,1,1000000,12,NULL,NULL,NULL,128),(130,4,'45','45',1,'2013-07-10 17:35:20','2013-07-10 17:35:20',2,2,NULL,NULL,NULL,1,1,1,1,1,1,1,16,NULL,NULL,484,NULL),(131,1,'55','55',1,'2013-07-10 17:35:20','2013-07-10 17:35:20',2,2,NULL,NULL,NULL,1,1,1,1,1,1,2,8,NULL,NULL,484,NULL),(132,1,'32','32',1,'2013-07-10 14:19:23','2013-07-10 14:19:23',2,2,NULL,NULL,NULL,1,1,1,1,1,1,1,3,NULL,100,NULL,NULL),(133,1,'12','ttrtr',1,'2013-07-10 15:06:53','2013-07-10 15:06:53',2,2,NULL,NULL,1,0,1,1,1,1,1,1000000,3,NULL,NULL,NULL,132),(134,1,'fff','dd',1,'2013-07-10 15:53:43','2013-07-10 15:53:43',2,2,NULL,NULL,1,1,1,1,1,1,1,1000000,5,NULL,NULL,NULL,132),(135,1,'32','32',1,'2013-07-10 14:19:23','2013-07-10 14:19:23',2,2,NULL,NULL,NULL,1,1,1,1,1,1,1,3,NULL,101,NULL,NULL),(136,1,'12','ttrtr',1,'2013-07-10 15:06:53','2013-07-10 15:06:53',2,2,NULL,NULL,1,0,1,1,1,1,1,1000000,3,NULL,NULL,NULL,135),(137,1,'fff','dd',1,'2013-07-10 15:53:43','2013-07-10 15:53:43',2,2,NULL,NULL,1,1,1,1,1,1,1,1000000,5,NULL,NULL,NULL,135),(138,1,'32','32',1,'2013-07-10 14:19:23','2013-07-10 14:19:23',2,2,NULL,NULL,NULL,1,1,1,1,1,1,1,3,NULL,102,NULL,NULL),(139,1,'12','ttrtr',1,'2013-07-10 15:06:53','2013-07-10 15:06:53',2,2,NULL,NULL,1,0,1,1,1,1,1,1000000,3,NULL,NULL,NULL,138),(140,1,'fff','dd',1,'2013-07-10 15:53:43','2013-07-10 15:53:43',2,2,NULL,NULL,1,1,1,1,1,1,1,1000000,5,NULL,NULL,NULL,138),(141,1,'32','32',1,'2013-07-10 14:19:23','2013-07-10 14:19:23',2,2,NULL,NULL,NULL,1,1,1,1,1,1,1,3,NULL,103,NULL,NULL),(142,1,'12','ttrtr',1,'2013-07-10 15:06:53','2013-07-10 15:06:53',2,2,NULL,NULL,1,0,1,1,1,1,1,1000000,3,NULL,NULL,NULL,141),(143,1,'MC001','MC001',1,'2013-07-11 11:56:35','2013-07-11 11:56:35',2,2,NULL,NULL,NULL,1,1,1,1,1,1,1000000,1,20,NULL,NULL,NULL),(144,1,'DC001','DC001',1,'2013-07-11 11:57:41','2013-07-11 11:57:41',2,2,NULL,NULL,NULL,1,1,1,1,1,1,1000000,2,21,NULL,NULL,NULL),(145,2,'455555','5555',1,'2013-07-12 14:24:25','2013-07-12 14:24:38',2,2,NULL,NULL,1,0,0,1,1,1,1,1000000,6,NULL,NULL,NULL,52),(146,2,'ddd','ddd',1,'2013-07-06 16:51:08','2013-07-06 16:51:08',2,2,NULL,NULL,NULL,0,0,1,1,1,1,1000000,12,23,NULL,NULL,NULL),(147,2,'454','25',1,'2013-09-12 10:41:12','2013-09-12 10:41:12',2,2,NULL,NULL,NULL,0,0,1,1,1,1,1,5,NULL,NULL,496,NULL),(148,2,'545','545',1,'2013-09-12 10:42:25','2013-09-12 10:42:25',2,2,NULL,NULL,NULL,0,0,1,1,1,1,2,5,NULL,NULL,496,NULL),(149,5,'464','46456',1,'2013-09-12 10:53:24','2013-09-12 10:53:24',2,2,NULL,NULL,NULL,0,0,1,1,1,1,1,5,NULL,NULL,492,NULL),(150,2,'6566565','65',1,'2013-09-12 11:00:07','2013-09-12 11:00:07',2,2,NULL,NULL,NULL,0,0,1,1,1,1,2,5,NULL,NULL,492,NULL),(151,3,'card 12','card 12',1,'2013-07-06 13:50:53','2013-07-06 13:50:53',2,2,NULL,NULL,NULL,0,1,1,1,1,1,1000000,12,4,NULL,NULL,NULL),(152,NULL,'ftsdgd','dfgdf',1,'2013-10-21 11:48:40','2013-10-21 11:48:40',2,2,NULL,NULL,1,0,0,1,1,1,1,1000000,NULL,NULL,NULL,NULL,51),(153,2,'fdghfghfgh','fghfgh',1,'2013-10-21 11:51:58','2013-10-21 11:51:58',2,2,NULL,NULL,1,0,0,1,1,1,1,1000000,10,NULL,NULL,NULL,51);

--
-- Table structure for table `card_instance`
--

CREATE TABLE `card_instance` (
  `id_card_instance` int(11) NOT NULL AUTO_INCREMENT,
  `id_user_create_by` int(11) DEFAULT NULL,
  `id_user_update_by` int(11) DEFAULT NULL,
  `id_slot_instance` int(11) DEFAULT NULL,
  `id_equipment_instance` int(11) DEFAULT NULL,
  `id_mother_card` int(11) DEFAULT NULL,
  `cd_card_instance` varchar(15) COLLATE utf8_unicode_ci NOT NULL,
  `lb_card_instance` varchar(100) COLLATE utf8_unicode_ci NOT NULL,
  `cd_serial_number` varchar(15) COLLATE utf8_unicode_ci NOT NULL,
  `bl_deactivated` tinyint(1) DEFAULT NULL,
  `dt_create` datetime DEFAULT NULL,
  `dt_update` datetime DEFAULT NULL,
  `dt_deactivated` datetime DEFAULT NULL,
  `id_card` int(11) DEFAULT NULL,
  `nbNumber` int(11) DEFAULT NULL,
  `id_complex_model` int(11) DEFAULT NULL,
  `id_provider` int(11) DEFAULT NULL,
  `id_provider_address` int(11) DEFAULT NULL,
  `id_contact` int(11) DEFAULT NULL,
  `cd_provider_account` varchar(45) COLLATE utf8_unicode_ci DEFAULT NULL,
  PRIMARY KEY (`id_card_instance`),
  KEY `IDX_FB017F5D536A5873` (`id_user_create_by`),
  KEY `IDX_FB017F5D68E26F41` (`id_user_update_by`),
  KEY `IDX_FB017F5D2D4D0128` (`id_slot_instance`),
  KEY `IDX_FB017F5DF1D18757` (`id_equipment_instance`),
  KEY `IDX_FB017F5D740F0153` (`id_mother_card`),
  KEY `IDX_FB017F5D9D3484D1` (`id_card`),
  KEY `IDX_FB017F5D241EF16C` (`id_complex_model`),
  KEY `IDX_FB017F5DC21F9F09` (`id_provider`),
  KEY `IDX_FB017F5D1E9C98F7` (`id_provider_address`),
  KEY `IDX_FB017F5D92FF4F48` (`id_contact`),
  CONSTRAINT `FK_FB017F5D1E9C98F7` FOREIGN KEY (`id_provider_address`) REFERENCES `address_provider` (`id_address_provider`),
  CONSTRAINT `FK_FB017F5D241EF16C` FOREIGN KEY (`id_complex_model`) REFERENCES `complex_model` (`id_complex_model`),
  CONSTRAINT `FK_FB017F5D2D4D0128` FOREIGN KEY (`id_slot_instance`) REFERENCES `slot_instance` (`id_slot_instance`),
  CONSTRAINT `FK_FB017F5D536A5873` FOREIGN KEY (`id_user_create_by`) REFERENCES `myuser` (`id`),
  CONSTRAINT `FK_FB017F5D68E26F41` FOREIGN KEY (`id_user_update_by`) REFERENCES `myuser` (`id`),
  CONSTRAINT `FK_FB017F5D740F0153` FOREIGN KEY (`id_mother_card`) REFERENCES `card_instance` (`id_card_instance`),
  CONSTRAINT `FK_FB017F5D92FF4F48` FOREIGN KEY (`id_contact`) REFERENCES `contact_provider` (`id_contact_provider`),
  CONSTRAINT `FK_FB017F5D9D3484D1` FOREIGN KEY (`id_card`) REFERENCES `card` (`id_card`),
  CONSTRAINT `FK_FB017F5DC21F9F09` FOREIGN KEY (`id_provider`) REFERENCES `provider` (`id_provider`),
  CONSTRAINT `FK_FB017F5DF1D18757` FOREIGN KEY (`id_equipment_instance`) REFERENCES `equipment_instance` (`id_equipment_instance`)
) ENGINE=InnoDB AUTO_INCREMENT=47 DEFAULT CHARSET=utf8 COLLATE=utf8_unicode_ci;

--
-- Dumping data for table `card_instance`
--

INSERT INTO `card_instance` VALUES (1,2,2,14,NULL,NULL,'12','12','12',1,'2013-07-05 17:16:05','2013-07-05 17:16:05',NULL,8,1000000,NULL,NULL,NULL,NULL,NULL),(4,2,2,NULL,NULL,1,'PasMas','Carte 01 PM','PM-PasMas-01',1,'2013-07-05 17:16:05','2013-07-05 17:16:05',NULL,32,1000000,NULL,NULL,NULL,NULL,NULL),(6,2,2,16,NULL,NULL,'12','12','12',1,'2013-07-05 17:19:23','2013-07-05 17:19:23',NULL,8,1000000,NULL,NULL,NULL,NULL,NULL),(7,2,2,NULL,NULL,6,'12','12','12',1,'2013-07-05 17:19:23','2013-07-05 17:19:23',NULL,29,1000000,NULL,NULL,NULL,NULL,NULL),(8,2,2,NULL,NULL,6,'qd','qsd','qsd',1,'2013-07-05 17:19:23','2013-07-05 17:19:23',NULL,31,1000000,NULL,NULL,NULL,NULL,NULL),(9,2,2,NULL,NULL,6,'PasMas','Carte 01 PM','PM-PasMas-01',1,'2013-07-05 17:19:23','2013-07-05 17:19:23',NULL,32,1000000,NULL,NULL,NULL,NULL,NULL),(10,2,2,16,NULL,NULL,'55','55','55',1,'2013-07-05 17:19:23','2013-07-05 17:19:23',NULL,9,1000000,NULL,NULL,NULL,NULL,NULL),(11,2,2,NULL,NULL,1,'dsdf','sdfsdf','4564646',1,'2013-07-06 14:19:17','2013-07-06 14:19:17',NULL,44,1000000,6,NULL,NULL,NULL,NULL),(12,2,2,13,NULL,NULL,'test','ttttt','46545',1,'2013-07-06 16:04:48','2013-07-06 16:04:48',NULL,44,1000000,6,NULL,NULL,NULL,NULL),(13,2,2,18,NULL,NULL,'12','gffghfhfh','12',1,'2013-07-06 16:26:47','2013-07-11 00:17:33',NULL,8,1000000,NULL,NULL,NULL,NULL,NULL),(14,2,2,NULL,NULL,13,'12','hhhhhhh','12',1,'2013-07-06 16:26:47','2013-07-11 00:21:21',NULL,29,1000000,NULL,NULL,NULL,NULL,NULL),(15,2,2,NULL,NULL,13,'qd','qsd','qsd',1,'2013-07-06 16:26:47','2013-07-06 16:26:47',NULL,31,1000000,NULL,NULL,NULL,NULL,NULL),(16,2,2,NULL,NULL,13,'PasMas','Carte 01 PM','PM-PasMas-01',1,'2013-07-06 16:26:47','2013-07-06 16:26:47',NULL,32,1000000,NULL,NULL,NULL,NULL,NULL),(17,2,2,18,NULL,NULL,'55','55','55',1,'2013-07-06 16:26:47','2013-07-06 16:26:47',NULL,9,1000000,NULL,NULL,NULL,NULL,NULL),(18,2,2,19,NULL,NULL,'d','d','d',1,'2013-07-06 16:57:57','2013-07-06 16:57:57',NULL,17,1000000,NULL,NULL,NULL,NULL,NULL),(19,2,2,NULL,NULL,18,'Xbnh','qsd','qsd',1,'2013-07-06 16:57:57','2013-07-06 16:57:57',NULL,20,1000000,NULL,NULL,NULL,NULL,NULL),(20,2,2,NULL,NULL,18,'qsdqsd','qsdsd','qdsd',1,'2013-07-06 16:57:57','2013-07-06 16:57:57',NULL,21,1000000,NULL,NULL,NULL,NULL,NULL),(21,2,2,29,NULL,NULL,'12','12','12',1,'2013-07-06 16:57:57','2013-07-06 16:57:57',NULL,10,1000000,NULL,NULL,NULL,NULL,NULL),(22,2,2,29,NULL,NULL,'55','55','55',1,'2013-07-06 16:57:57','2013-07-06 16:57:57',NULL,11,1000000,NULL,NULL,NULL,NULL,NULL),(23,2,2,29,NULL,NULL,'88','88','88',1,'2013-07-06 16:57:57','2013-07-06 16:57:57',NULL,14,1000000,NULL,NULL,NULL,NULL,NULL),(24,2,2,29,NULL,NULL,'88','88','88',1,'2013-07-06 16:57:57','2013-07-06 16:57:57',NULL,15,1000000,NULL,NULL,NULL,NULL,NULL),(25,2,2,29,NULL,NULL,'888','88','88',1,'2013-07-06 16:57:57','2013-07-06 16:57:57',NULL,16,1000000,NULL,NULL,NULL,NULL,NULL),(26,2,2,31,NULL,NULL,'12','12','12',1,'2013-07-06 16:57:57','2013-07-06 16:57:57',NULL,12,1000000,NULL,NULL,NULL,NULL,NULL),(27,2,2,31,NULL,NULL,'55','55','55',1,'2013-07-06 16:57:57','2013-07-06 16:57:57',NULL,13,1000000,NULL,NULL,NULL,NULL,NULL),(28,2,2,NULL,39,NULL,'45','45','45',1,'2013-07-06 16:57:57','2013-07-06 16:57:57',NULL,37,1000000,NULL,NULL,NULL,NULL,NULL),(29,2,2,NULL,39,NULL,'55','55','55',1,'2013-07-06 16:57:57','2013-07-06 16:57:57',NULL,38,1000000,NULL,NULL,NULL,NULL,NULL),(30,2,2,34,NULL,NULL,'12','12','12',1,'2013-07-06 16:57:57','2013-07-06 16:57:57',NULL,33,1000000,NULL,NULL,NULL,NULL,NULL),(31,2,2,NULL,NULL,30,'54','55','54',1,'2013-07-06 16:57:57','2013-07-06 16:57:57',NULL,34,1000000,NULL,NULL,NULL,NULL,NULL),(32,2,2,NULL,NULL,30,'56','56','56',1,'2013-07-06 16:57:57','2013-07-06 16:57:57',NULL,35,1000000,NULL,NULL,NULL,NULL,NULL),(33,2,2,34,NULL,NULL,'55','55','55',1,'2013-07-06 16:57:57','2013-07-06 16:57:57',NULL,36,1000000,NULL,NULL,NULL,NULL,NULL),(34,2,2,36,NULL,NULL,'12','12','12',1,'2013-07-06 16:57:57','2013-07-06 16:57:57',NULL,39,1000000,NULL,NULL,NULL,NULL,NULL),(35,2,2,NULL,NULL,34,'12','12','12',1,'2013-07-06 16:57:57','2013-07-06 16:57:57',NULL,40,1000000,NULL,NULL,NULL,NULL,NULL),(36,2,2,NULL,NULL,34,'qd','qsd','qsd',1,'2013-07-06 16:57:57','2013-07-06 16:57:57',NULL,41,1000000,NULL,NULL,NULL,NULL,NULL),(37,2,2,NULL,NULL,34,'PasMas','Carte 01 PM','PM-PasMas-01',1,'2013-07-06 16:57:57','2013-07-06 16:57:57',NULL,42,1000000,NULL,NULL,NULL,NULL,NULL),(38,2,2,36,NULL,NULL,'55','55','55',1,'2013-07-06 16:57:57','2013-07-06 16:57:57',NULL,43,1000000,NULL,NULL,NULL,NULL,NULL),(39,2,2,NULL,NULL,18,'DDDDDFFF','DDDDFFF','56',1,'2013-07-06 16:58:29','2013-07-06 16:58:29',NULL,45,1000000,7,NULL,NULL,NULL,NULL),(41,2,2,NULL,NULL,1,'hfgh','fhfhfh','fhf',1,'2013-07-07 17:42:53','2013-07-07 17:42:53',NULL,45,1000000,7,NULL,NULL,NULL,NULL),(42,2,2,37,NULL,NULL,'32','32','32',1,'2013-07-10 19:48:30','2013-07-10 19:48:30',NULL,48,1000000,NULL,NULL,NULL,NULL,NULL),(43,2,2,NULL,NULL,42,'12','ttrtr','trrtrtr',1,'2013-07-10 19:48:30','2013-07-10 19:48:30',NULL,55,1000000,NULL,NULL,NULL,NULL,NULL),(44,2,2,38,NULL,NULL,'MC001','MC001','1',1,'2013-07-11 12:30:08','2013-07-11 12:30:08',NULL,143,1000000,20,NULL,NULL,NULL,NULL),(45,2,2,NULL,51,NULL,'5454','5454','55454',1,'2014-01-29 22:43:43','2014-01-29 22:43:43',NULL,144,1000000,21,9,4,5,NULL),(46,2,2,NULL,51,NULL,'1211','121','112',1,'2014-01-29 22:48:27','2014-01-29 22:48:27',NULL,146,1000000,23,9,12,6,NULL);

--
-- Table structure for table `card_template`
--

CREATE TABLE `card_template` (
  `id_card` int(11) NOT NULL AUTO_INCREMENT,
  `id_card_type` int(11) NOT NULL,
  `id_equipment` int(11) NOT NULL,
  `id_iom` int(11) DEFAULT NULL,
  `cd_card` varchar(15) DEFAULT NULL,
  `lb_card` varchar(100) DEFAULT NULL,
  `cm_card` varchar(255) DEFAULT NULL,
  `cd_serial_number` varchar(15) DEFAULT NULL,
  `nb_bp_used` decimal(10,0) DEFAULT NULL,
  `nb_position` decimal(10,0) DEFAULT NULL,
  `dt_start` datetime DEFAULT NULL,
  `dt_end` datetime DEFAULT NULL,
  `bl_deactivated` tinyint(1) DEFAULT NULL,
  `dt_create` datetime DEFAULT NULL,
  `dt_update` datetime DEFAULT NULL,
  `id_user_create_by` int(11) DEFAULT NULL,
  `id_user_update_by` int(11) DEFAULT NULL,
  PRIMARY KEY (`id_card`),
  KEY `id_card` (`id_card`)
) ENGINE=InnoDB DEFAULT CHARSET=utf8;

--
-- Dumping data for table `card_template`
--


--
-- Table structure for table `card_type`
--

CREATE TABLE `card_type` (
  `id_card_type` int(11) NOT NULL AUTO_INCREMENT,
  `cd_card_type` varchar(15) NOT NULL,
  `lb_card_type` varchar(100) NOT NULL,
  `id_orientation` int(11) DEFAULT NULL,
  `nb_height` decimal(10,0) DEFAULT NULL,
  `nb_width` decimal(10,0) DEFAULT NULL,
  `url_image` varchar(100) DEFAULT NULL,
  `url_document` varchar(100) DEFAULT NULL,
  `dt_start` datetime DEFAULT NULL,
  `dt_end` datetime DEFAULT NULL,
  `bl_deactivated` tinyint(1) DEFAULT NULL,
  `dt_create` datetime DEFAULT NULL,
  `dt_update` datetime DEFAULT NULL,
  `id_user_create_by` int(11) DEFAULT NULL,
  `id_user_update_by` int(11) DEFAULT NULL,
  `nb_port` int(11) DEFAULT NULL,
  PRIMARY KEY (`id_card_type`)
) ENGINE=InnoDB DEFAULT CHARSET=utf8;

--
-- Dumping data for table `card_type`
--


--
-- Table structure for table `city`
--

CREATE TABLE `city` (
  `id_city` int(11) NOT NULL AUTO_INCREMENT,
  `cd_city` varchar(15) NOT NULL,
  `lb_city` varchar(100) NOT NULL,
  `id_country` int(11) DEFAULT NULL,
  `bl_deactivated` tinyint(1) DEFAULT NULL,
  `dt_create` datetime DEFAULT NULL,
  `dt_update` datetime DEFAULT NULL,
  `id_user_create_by` int(11) DEFAULT NULL,
  `id_user_update_by` int(11) DEFAULT NULL,
  `nb_gmt` varchar(15) DEFAULT NULL,
  PRIMARY KEY (`id_city`),
  KEY `fk__city__country1` (`id_country`),
  KEY `id_user_create_by` (`id_user_create_by`),
  KEY `id_user_update_by` (`id_user_update_by`),
  KEY `id_country` (`id_country`),
  CONSTRAINT `FK_2D5B0234536A5873` FOREIGN KEY (`id_user_create_by`) REFERENCES `myuser` (`id`),
  CONSTRAINT `FK_2D5B023468E26F41` FOREIGN KEY (`id_user_update_by`) REFERENCES `myuser` (`id`),
  CONSTRAINT `FK_2D5B02348DEE6016` FOREIGN KEY (`id_country`) REFERENCES `country` (`id_country`)
) ENGINE=InnoDB AUTO_INCREMENT=529 DEFAULT CHARSET=utf8;

--
-- Dumping data for table `city`
--

INSERT INTO `city` VALUES (498,'LD','London',5,1,NULL,'2013-04-18 00:00:00',1,2,'-1'),(499,'15','15',7,1,NULL,NULL,NULL,NULL,'5'),(500,'1','1',5,1,NULL,NULL,NULL,NULL,'1'),(501,'1','1',6,0,NULL,'2013-06-26 14:20:08',1,2,'1'),(502,'Ma','Marseilles',4,1,NULL,'2013-06-26 14:19:06',1,2,'0'),(503,'88','88',6,1,'2013-04-18 13:05:35','2013-04-18 13:05:35',2,2,'8'),(504,'df','dddd',9,1,'2013-04-23 11:59:23','2013-06-27 16:12:17',2,2,'-5'),(505,'az','azaz',7,1,'2013-04-30 15:15:47','2013-06-26 14:20:29',2,2,'1'),(506,'55','555',4,1,'2013-05-21 15:44:51','2013-05-21 15:44:51',2,2,'8'),(507,'33','Paris',4,1,'2013-06-25 09:28:37','2013-06-25 09:28:37',2,2,'1'),(508,'HK','HongKong',19,1,'2013-06-25 09:40:43','2013-06-25 09:40:43',2,2,'6'),(509,'lk','lk',4,1,'2013-06-27 16:11:46','2013-06-27 16:11:46',2,2,'-6'),(510,'BLOIS','Blois',4,1,'2013-07-02 09:55:55','2013-07-02 09:55:55',2,2,'1'),(511,'M','MADRID',32,1,'2014-01-17 00:00:00','2014-01-17 00:00:00',2,2,'0'),(512,'B','Barcelone',32,1,'2014-01-17 00:00:00','2014-01-17 00:00:00',2,2,'0'),(513,'GRA','GRANADA',21,1,'2014-01-17 16:02:31','2014-01-17 16:02:31',2,2,'0'),(514,'LONDON*','LONDON',5,1,'2014-01-20 00:00:00','2014-01-20 00:00:00',2,2,NULL),(515,'Perl*','Perl Harbour',5,0,'2014-01-20 00:00:00','2014-01-20 00:00:00',2,2,NULL),(516,'Perl*','Perl Harbour',5,1,'2014-01-20 00:00:00','2014-01-20 00:00:00',2,2,NULL),(517,'HEL','Helsinki',30,1,'2014-01-21 16:25:29','2014-01-21 16:25:29',2,2,'0'),(518,'MILANO','MILANO*',27,1,'2014-01-24 00:00:00','2014-01-24 00:00:00',2,2,NULL),(519,'ROMA','ROMA*',27,1,'2014-01-24 11:50:08','2014-01-24 11:50:08',2,2,'0'),(520,'GRA','GRANADA*',32,1,'2014-01-27 00:00:00','2014-01-27 00:00:00',2,2,NULL),(521,'Tossa Del Mar','Tossa Del Mar*',32,1,'2014-01-27 15:26:22','2014-01-27 15:26:22',2,2,NULL),(522,'BRE','BREMEN',33,1,'2014-01-31 00:00:00','2014-01-31 00:00:00',2,2,NULL),(523,'HH','HAMBURG',33,1,'2014-01-31 14:25:05','2014-01-31 14:25:05',2,2,NULL),(524,'STU','STUTTGART',33,1,'2014-01-31 00:00:00','2014-01-31 00:00:00',2,2,NULL),(525,'M','MUNICH',33,1,'2014-01-31 14:25:45','2014-01-31 14:25:45',2,2,NULL),(526,'Edingburgh','Edingburgh*',5,1,'2014-02-11 10:54:18','2014-02-11 10:54:18',2,2,NULL),(527,'F','Frankfurt am Main',33,1,'2014-02-11 00:00:00','2014-02-11 00:00:00',2,2,'0'),(528,'AUBERVILLIER','AUBERVILLIER',4,1,'2014-02-18 17:12:44','2014-02-18 17:12:44',2,2,NULL);

--
-- Table structure for table `civility`
--

CREATE TABLE `civility` (
  `id_civility` int(11) NOT NULL AUTO_INCREMENT,
  `cd_civility` varchar(15) NOT NULL,
  `lb_civility` varchar(100) DEFAULT NULL,
  `bl_deactivated` tinyint(1) DEFAULT NULL,
  `id_user_create_by` int(11) DEFAULT NULL,
  `id_user_update_by` int(11) DEFAULT NULL,
  `dt_create` datetime DEFAULT NULL,
  `dt_update` datetime DEFAULT NULL,
  PRIMARY KEY (`id_civility`),
  KEY `IDX_384D4799536A5873` (`id_user_create_by`),
  KEY `IDX_384D479968E26F41` (`id_user_update_by`),
  CONSTRAINT `FK_384D4799536A5873` FOREIGN KEY (`id_user_create_by`) REFERENCES `myuser` (`id`),
  CONSTRAINT `FK_384D479968E26F41` FOREIGN KEY (`id_user_update_by`) REFERENCES `myuser` (`id`)
) ENGINE=InnoDB AUTO_INCREMENT=12 DEFAULT CHARSET=utf8;

--
-- Dumping data for table `civility`
--

INSERT INTO `civility` VALUES (6,'Mr','Monsieur',1,NULL,2,NULL,'2013-07-02 10:34:53'),(7,'Mme','Madame',1,NULL,2,NULL,'2013-07-02 10:34:53'),(8,'M','Mister',1,NULL,2,NULL,'2013-07-02 10:34:53'),(9,'Mrs','Miss',NULL,NULL,2,NULL,'2013-06-26 10:34:53'),(10,'Al','Aliens Life Form',1,2,2,'2013-06-26 10:34:53','2013-06-26 10:34:53'),(11,'Ch','Chtonien',1,2,2,'2013-06-26 10:34:53','2013-06-26 10:34:53');

--
-- Table structure for table `cluster`
--

CREATE TABLE `cluster` (
  `id_cluster` int(11) NOT NULL AUTO_INCREMENT,
  `cd_cluster` varchar(15) NOT NULL,
  `lb_cluster` varchar(100) NOT NULL,
  `bl_deactivated` tinyint(1) DEFAULT NULL,
  `dt_create` datetime DEFAULT NULL,
  `dt_update` datetime DEFAULT NULL,
  `id_user_create_by` int(11) DEFAULT NULL,
  `id_user_update_by` int(11) DEFAULT NULL,
  `comment` longtext,
  `id_provider_worldwide_group` int(11) DEFAULT NULL,
  PRIMARY KEY (`id_cluster`),
  KEY `id_user_create_by` (`id_user_create_by`),
  KEY `id_user_update_by` (`id_user_update_by`),
  KEY `idx_provider_group` (`id_provider_worldwide_group`),
  CONSTRAINT `FK_E5C56994536A5873` FOREIGN KEY (`id_user_create_by`) REFERENCES `myuser` (`id`),
  CONSTRAINT `FK_E5C5699468E26F41` FOREIGN KEY (`id_user_update_by`) REFERENCES `myuser` (`id`),
  CONSTRAINT `FK_E5C56994B2A41A3` FOREIGN KEY (`id_provider_worldwide_group`) REFERENCES `provider_worldwide_group` (`id_provider_worldwide_group`)
) ENGINE=InnoDB AUTO_INCREMENT=5 DEFAULT CHARSET=utf8;

--
