-- Dumping data for table `cluster`
--

INSERT INTO `cluster` VALUES (1,'cc','cluster coin',1,'2013-05-27 16:19:58','2013-07-02 10:23:19',2,2,'tes',NULL),(2,'C','Cdesc',1,'2013-07-02 00:00:00','2013-07-02 00:00:00',2,2,'test',1),(3,'C','C descr',1,'2013-07-02 11:11:56','2013-07-02 11:11:56',2,2,'test1',3),(4,'G','Globale',1,'2013-07-02 11:13:47','2013-07-02 11:13:47',2,2,'test',4);

--
-- Table structure for table `commercial_route`
--

CREATE TABLE `commercial_route` (
  `id_commercial_route` int(11) NOT NULL AUTO_INCREMENT,
  `cd_commercial_route` varchar(15) NOT NULL,
  `lb_commercial_route` varchar(100) NOT NULL,
  `bl_deactivated` tinyint(1) DEFAULT NULL,
  `dt_create` datetime DEFAULT NULL,
  `dt_update` datetime DEFAULT NULL,
  `id_user_create_by` int(11) DEFAULT NULL,
  `id_user_update_by` int(11) DEFAULT NULL,
  PRIMARY KEY (`id_commercial_route`),
  KEY `IDX_2DBA2258536A5873` (`id_user_create_by`),
  KEY `IDX_2DBA225868E26F41` (`id_user_update_by`),
  CONSTRAINT `FK_2DBA2258536A5873` FOREIGN KEY (`id_user_create_by`) REFERENCES `myuser` (`id`),
  CONSTRAINT `FK_2DBA225868E26F41` FOREIGN KEY (`id_user_update_by`) REFERENCES `myuser` (`id`)
) ENGINE=InnoDB AUTO_INCREMENT=3 DEFAULT CHARSET=utf8;

--
-- Dumping data for table `commercial_route`
--

INSERT INTO `commercial_route` VALUES (1,'RCH','Route commerciale Chinoise',1,'2013-06-26 10:36:22','2013-06-26 10:36:22',2,2),(2,'RI','Route des Indes Orientales',1,'2013-07-02 10:36:22','2013-07-02 10:36:32',2,2);

--
-- Table structure for table `commercial_route_price`
--

CREATE TABLE `commercial_route_price` (
  `id_commercial_price` int(11) NOT NULL AUTO_INCREMENT,
  `id_bandwidth` int(11) DEFAULT NULL,
  `id_product` int(11) DEFAULT NULL,
  `id_commercial_route` int(11) DEFAULT NULL,
  `mt_transfer_price` decimal(10,0) DEFAULT NULL,
  `mt_install_price` decimal(10,0) DEFAULT NULL,
  `dt_start` datetime DEFAULT NULL,
  `dt_end` datetime DEFAULT NULL,
  `bl_deactivated` tinyint(1) DEFAULT NULL,
  `dt_create` datetime DEFAULT NULL,
  `dt_update` datetime DEFAULT NULL,
  `id_user_create_by` int(11) DEFAULT NULL,
  `id_user_update_by` int(11) DEFAULT NULL,
  PRIMARY KEY (`id_commercial_price`),
  KEY `id_commercial_price` (`id_commercial_price`)
) ENGINE=InnoDB DEFAULT CHARSET=utf8;

--
-- Dumping data for table `commercial_route_price`
--


--
-- Table structure for table `company_group`
--

CREATE TABLE `company_group` (
  `id_company_group` int(11) NOT NULL AUTO_INCREMENT,
  `cd_company_group` varchar(15) NOT NULL,
  `lb_company_group` varchar(100) NOT NULL,
  `bl_deactivated` tinyint(1) DEFAULT NULL,
  `dt_create` datetime DEFAULT NULL,
  `dt_update` datetime DEFAULT NULL,
  `id_user_create_by` int(11) DEFAULT NULL,
  `id_user_update_by` int(11) DEFAULT NULL,
  PRIMARY KEY (`id_company_group`),
  KEY `id_user_create_by` (`id_user_create_by`),
  KEY `id_user_update_by` (`id_user_update_by`),
  CONSTRAINT `FK_2A31E6A0536A5873` FOREIGN KEY (`id_user_create_by`) REFERENCES `myuser` (`id`),
  CONSTRAINT `FK_2A31E6A068E26F41` FOREIGN KEY (`id_user_update_by`) REFERENCES `myuser` (`id`)
) ENGINE=InnoDB DEFAULT CHARSET=utf8;

--
-- Dumping data for table `company_group`
--


--
-- Table structure for table `company_type`
--

CREATE TABLE `company_type` (
  `id_company_type` int(11) NOT NULL AUTO_INCREMENT,
  `cd_company_type` varchar(15) DEFAULT NULL,
  `lb_company_type` varchar(100) DEFAULT NULL,
  `bl_deactivated` tinyint(1) DEFAULT NULL,
  `dt_create` datetime DEFAULT NULL,
  `dt_update` datetime DEFAULT NULL,
  `id_user_create_by` int(11) DEFAULT NULL,
  `id_user_update_by` int(11) DEFAULT NULL,
  PRIMARY KEY (`id_company_type`),
  KEY `id_user_create_by` (`id_user_create_by`),
  KEY `id_user_update_by` (`id_user_update_by`),
  CONSTRAINT `FK_CFB34DC7536A5873` FOREIGN KEY (`id_user_create_by`) REFERENCES `myuser` (`id`),
  CONSTRAINT `FK_CFB34DC768E26F41` FOREIGN KEY (`id_user_update_by`) REFERENCES `myuser` (`id`)
) ENGINE=InnoDB AUTO_INCREMENT=21 DEFAULT CHARSET=utf8;

--
-- Dumping data for table `company_type`
--

INSERT INTO `company_type` VALUES (1,'Carrier','Carrier',1,'2013-11-11 14:32:58','2013-11-11 14:32:58',2,2),(14,'ZR','Zones Régionales',1,NULL,'2013-06-26 18:15:35',NULL,2),(15,'ZD','Zone Départementale',1,'2013-06-26 18:15:57','2013-06-26 18:15:57',2,2),(16,'HKiK','Hakik',1,'2013-07-02 11:17:01','2013-07-02 11:17:01',2,2),(17,'Voice Rec','Voice Recording Provider',1,'2014-01-20 14:47:28','2014-01-20 14:47:28',2,2),(18,'Voice Rec','Voice Recording Provider',1,'2014-01-20 14:47:30','2014-01-20 14:47:30',2,2),(19,'Housing Prov','Housing Provider',1,'2014-02-03 00:00:00','2014-02-03 00:00:00',2,2),(20,'Cabling Prov','Cabling Provider',1,'2014-02-03 00:00:00','2014-02-03 00:00:00',2,2);

--
-- Table structure for table `complex_model`
--

CREATE TABLE `complex_model` (
  `id_complex_model` int(11) NOT NULL AUTO_INCREMENT,
  `id_user_create_by` int(11) DEFAULT NULL,
  `id_user_update_by` int(11) DEFAULT NULL,
  `cd_complex_model` varchar(15) COLLATE utf8_unicode_ci DEFAULT NULL,
  `lb_complex_model` varchar(100) COLLATE utf8_unicode_ci DEFAULT NULL,
  `url_image` varchar(100) COLLATE utf8_unicode_ci DEFAULT NULL,
  `bl_deactivated` tinyint(1) DEFAULT NULL,
  `dt_deactivated` datetime DEFAULT NULL,
  `one_off_cost` decimal(10,0) DEFAULT NULL,
  `rec_off_cost` decimal(10,0) DEFAULT NULL,
  `bl_model` tinyint(1) NOT NULL,
  `dt_create` datetime DEFAULT NULL,
  `dt_update` datetime DEFAULT NULL,
  PRIMARY KEY (`id_complex_model`),
  KEY `IDX_9A362009536A5873` (`id_user_create_by`),
  KEY `IDX_9A36200968E26F41` (`id_user_update_by`),
  CONSTRAINT `FK_9A362009536A5873` FOREIGN KEY (`id_user_create_by`) REFERENCES `myuser` (`id`),
  CONSTRAINT `FK_9A36200968E26F41` FOREIGN KEY (`id_user_update_by`) REFERENCES `myuser` (`id`)
) ENGINE=InnoDB AUTO_INCREMENT=28 DEFAULT CHARSET=utf8 COLLATE=utf8_unicode_ci;

--
-- Dumping data for table `complex_model`
--

INSERT INTO `complex_model` VALUES (1,2,2,'121','212','2121',1,NULL,212,212,1,'2013-05-16 00:00:00','2013-10-09 00:00:00'),(2,2,2,'AK12','212','2121',1,NULL,212,212,1,'2013-05-16 00:00:00','2013-09-10 00:00:00'),(3,2,2,'121','212','2121',1,NULL,212,212,1,'2013-05-16 12:25:54','2013-09-10 12:16:00'),(4,2,2,'5545','5454','5454',1,NULL,5,5454,1,'2013-06-18 00:00:00','2013-10-21 11:04:47'),(5,2,2,'5545','5454','5454',1,NULL,2,5454,1,'2013-06-18 00:00:00','2013-07-02 00:00:00'),(6,2,2,'port12','port12',NULL,1,NULL,56,59,1,'2013-07-06 13:49:39','2013-07-10 14:37:53'),(7,2,2,'dcard','dcard',NULL,1,NULL,45,45,1,'2013-07-06 00:00:00','2013-09-16 00:00:00'),(8,2,2,'azert','azz','a',1,NULL,10,10,1,'2013-07-08 11:54:21','2013-07-08 15:50:49'),(9,2,2,'kjkjkj','lll',NULL,1,NULL,5,8,1,'2013-07-08 15:52:44','2013-07-08 15:52:44'),(10,2,2,'jhg','hgfa',NULL,0,NULL,11,11,1,'2013-07-08 15:52:49','2013-07-12 22:00:43'),(11,2,2,'ooo','oo',NULL,1,NULL,5,5,1,'2013-07-08 15:55:53','2013-07-12 14:22:01'),(12,2,2,'fgfgfg','fgfg',NULL,1,NULL,5,5,1,'2013-07-08 16:04:04','2013-07-08 16:04:04'),(13,2,2,'tytyty','ttyty',NULL,1,NULL,8,8,1,'2013-07-08 16:28:42','2013-07-08 16:28:42'),(14,2,2,'abc','abc','abc',1,NULL,1,1,1,'2013-07-10 13:09:24','2013-07-11 10:53:41'),(15,2,2,'qsdf','qsdf','qsdf',1,NULL,1,1,1,'2013-07-10 15:14:02','2013-07-10 17:45:03'),(16,2,2,'test remplissag','test remplissage','1',1,NULL,1,1,1,'2013-07-10 18:12:58','2013-07-10 18:13:13'),(17,2,2,'Equipement','equipement','1',1,NULL,1,1,1,'2013-07-11 11:52:32','2013-07-11 11:52:32'),(18,2,2,'PatchPanel','patchpanel','1',1,NULL,1,1,1,'2013-07-11 11:53:43','2013-07-12 14:02:20'),(19,2,2,'Slot','Slot','1',1,NULL,1,1,1,'2013-07-11 11:55:03','2013-07-11 11:55:03'),(20,2,2,'Mother Card','Mother Card','1',1,NULL,1,1,1,'2013-07-11 11:55:53','2013-07-11 11:55:53'),(21,2,2,'Daughter Card','Daughter Card01','1',1,NULL,1,1,1,'2013-07-11 11:57:00','2013-07-11 11:57:00'),(22,2,2,'CABINET001','CABINET001','1',1,NULL,1,1,1,'2013-07-11 00:00:00','2013-09-10 00:00:00'),(23,2,2,'445','model test avec sabine',NULL,1,NULL,5,5,1,'2013-09-10 11:49:21','2013-09-10 11:54:02'),(24,2,2,'cab','fdf',NULL,1,NULL,5,5,1,'2013-09-12 10:20:32','2013-09-12 10:20:32'),(25,2,2,'221','559',NULL,1,NULL,2,2,1,'2013-09-25 14:40:09','2013-09-25 14:40:09'),(26,2,2,'Super Model XXL','Super Model XXL Desc',NULL,1,NULL,69852,784,1,'2014-01-22 00:00:00','2014-01-22 00:00:00'),(27,2,2,'SAR-8 fully equ','SAR -8 completely equiped',NULL,1,NULL,NULL,NULL,1,'2014-02-21 00:00:00','2014-02-21 00:00:00');

--
-- Table structure for table `contact`
--

CREATE TABLE `contact` (
  `id_contact` int(11) NOT NULL AUTO_INCREMENT,
  `id_customer` int(11) DEFAULT NULL,
  `id_address` int(11) DEFAULT NULL,
  `lb_title` varchar(255) DEFAULT NULL,
  `id_civility` int(11) DEFAULT NULL,
  `lb_firstname` varchar(50) CHARACTER SET utf8 COLLATE utf8_bin DEFAULT NULL,
  `lb_lastname` varchar(50) CHARACTER SET utf8 COLLATE utf8_bin DEFAULT NULL,
  `lb_email` varchar(100) CHARACTER SET utf8 COLLATE utf8_bin DEFAULT NULL,
  `lb_phone` varchar(20) CHARACTER SET utf8 COLLATE utf8_bin DEFAULT NULL,
  `lb_mobile` varchar(20) CHARACTER SET utf8 COLLATE utf8_bin DEFAULT NULL,
  `lb_fax` varchar(20) CHARACTER SET utf8 COLLATE utf8_bin DEFAULT NULL,
  `bl_deactivated` tinyint(1) DEFAULT NULL,
  `dt_create` datetime DEFAULT NULL,
  `dt_update` datetime DEFAULT NULL,
  `id_user_update_by` int(11) DEFAULT NULL,
  `dt_deactived` datetime DEFAULT NULL,
  `id_user_create_by` int(11) DEFAULT NULL,
  `id_contact_type` int(11) DEFAULT NULL,
  `bl_default` tinyint(1) DEFAULT NULL,
  `comment` text,
  `id_address_custom` int(11) DEFAULT NULL,
  PRIMARY KEY (`id_contact`),
  KEY `id_user_update_by` (`id_user_update_by`),
  KEY `id_user_create_by` (`id_user_create_by`),
  KEY `id_customer` (`id_customer`),
  KEY `id_address` (`id_address`),
  KEY `id_civility` (`id_civility`),
  KEY `id_contact_type` (`id_contact_type`),
  KEY `IDX_4C62E638F3BB2E22` (`id_address_custom`),
  CONSTRAINT `FK_4C62E638536A5873` FOREIGN KEY (`id_user_create_by`) REFERENCES `myuser` (`id`),
  CONSTRAINT `FK_4C62E6386896AB0C` FOREIGN KEY (`id_civility`) REFERENCES `civility` (`id_civility`),
  CONSTRAINT `FK_4C62E63868E26F41` FOREIGN KEY (`id_user_update_by`) REFERENCES `myuser` (`id`),
  CONSTRAINT `FK_4C62E63887E0A0A4` FOREIGN KEY (`id_contact_type`) REFERENCES `contact_type` (`id_contact_type`),
  CONSTRAINT `FK_4C62E638D1E2629C` FOREIGN KEY (`id_customer`) REFERENCES `customer` (`id_customer`),
  CONSTRAINT `FK_4C62E638D3D3C6F1` FOREIGN KEY (`id_address`) REFERENCES `address` (`id_address`),
  CONSTRAINT `FK_4C62E638F3BB2E22` FOREIGN KEY (`id_address_custom`) REFERENCES `address_contact` (`id_address_contact`)
) ENGINE=InnoDB AUTO_INCREMENT=24 DEFAULT CHARSET=utf8;

--
-- Dumping data for table `contact`
--

INSERT INTO `contact` VALUES (1,1,4,'Directeur',7,'John','Wayne','test@hotmail.Com','5454','5454',NULL,0,'2013-05-28 13:53:08','2013-10-07 17:05:26',2,'2013-06-16 00:00:00',2,1,1,NULL,NULL),(2,NULL,1,NULL,6,'john','fitzgerald',NULL,NULL,NULL,NULL,1,'2013-06-17 17:19:54','2013-06-17 17:19:54',2,NULL,2,1,0,NULL,NULL),(3,NULL,4,NULL,6,'john','wayne',NULL,NULL,NULL,NULL,1,'2013-06-18 11:33:52','2013-06-26 18:03:20',2,'2013-06-27 00:00:00',2,2,0,NULL,NULL),(4,2,5,'dqsdd',6,'sqdqsd','qsdq','qsdsqd@hk;com','212','2121','2121',0,'2013-06-25 09:52:46','2013-06-25 09:52:46',2,'2013-06-18 00:00:00',2,1,0,NULL,NULL),(5,NULL,2,'Account Manager',7,'Jean Luc','Pariso','js@paOB.com','0607080901','0607080901','010203040506',1,'2013-06-26 18:10:17','2013-06-26 18:10:17',2,NULL,2,1,1,NULL,NULL),(6,3,6,'WOrld MASTER',10,'ET','ET','et@homeworld.com','0101','0101','0101',1,'2013-07-02 10:00:07','2013-07-02 10:00:07',2,NULL,2,2,1,NULL,NULL),(7,NULL,6,'exploratrice',7,'Lara','Croft','lcroft@tombraider.com','0101','010','10101',0,'2013-07-02 11:01:25','2013-07-02 11:01:25',2,NULL,2,1,1,NULL,NULL),(8,NULL,10,'balanceur lvl 2',6,'Titi','j\'aicrue voir un chat','tit@grosminet.com','1111','1111','1111',1,'2013-07-02 11:05:40','2013-07-02 11:05:40',2,NULL,2,1,1,NULL,NULL),(9,1,18,NULL,6,'Clark','Gable',NULL,NULL,NULL,NULL,1,'2013-10-08 10:50:05','2013-10-08 12:37:44',2,NULL,2,1,0,NULL,1),(10,16,NULL,NULL,6,'Robert','Bruce',NULL,NULL,NULL,NULL,0,'2014-01-20 00:00:00','2014-01-20 00:00:00',2,NULL,2,2,0,NULL,NULL),(11,16,27,'COO',6,'Hernando','Ronaldo','ronaldo.hernando@info.com',NULL,NULL,NULL,1,'2014-01-21 00:00:00','2014-01-21 00:00:00',2,NULL,2,2,1,NULL,NULL),(12,16,27,NULL,7,'Donja','Sunshine',NULL,NULL,NULL,NULL,1,'2014-01-21 17:35:41','2014-01-21 17:35:41',2,NULL,2,3,1,NULL,NULL),(13,19,34,NULL,6,'aurelio','Italian Admin  Customer Contact',NULL,NULL,NULL,NULL,1,'2014-01-24 00:00:00','2014-01-24 00:00:00',2,NULL,2,2,1,NULL,NULL),(14,19,34,NULL,9,'Juan-Carlos','Italian Technical Customer Contact',NULL,NULL,NULL,NULL,1,'2014-01-24 00:00:00','2014-01-24 00:00:00',2,NULL,2,3,1,NULL,2),(15,20,NULL,NULL,8,'Hernando','Spanish Administrative Customer Contact',NULL,NULL,NULL,NULL,1,'2014-01-24 14:40:55','2014-01-24 14:40:55',2,NULL,2,2,1,NULL,NULL),(16,20,NULL,NULL,8,'Juanjo','Spanish Technical contact',NULL,NULL,NULL,NULL,1,'2014-01-27 15:54:25','2014-01-27 15:54:25',2,NULL,2,3,1,NULL,NULL),(17,19,NULL,NULL,9,'Andrés','ITALIAN BILLING CUSTOMER CONTACT',NULL,NULL,NULL,NULL,1,'2014-01-27 16:28:16','2014-01-27 16:28:16',2,NULL,2,1,0,NULL,NULL),(18,20,38,NULL,6,'Centimos','Pesetitas Billing contact',NULL,NULL,NULL,NULL,1,'2014-01-31 00:00:00','2014-01-31 00:00:00',2,NULL,2,4,0,NULL,NULL),(19,20,NULL,NULL,6,'Gonzales','Speedy',NULL,NULL,NULL,NULL,1,'2014-02-10 18:47:46','2014-02-10 18:47:46',2,NULL,2,5,1,NULL,NULL),(20,23,NULL,NULL,8,'Johannes','Friedrich',NULL,NULL,NULL,NULL,1,'2014-02-17 00:00:00','2014-02-17 00:00:00',2,NULL,2,2,1,NULL,3),(21,23,47,NULL,9,'IKNOWEVERYTHING','Yeswecan',NULL,NULL,NULL,NULL,1,'2014-02-17 17:14:17','2014-02-17 17:14:17',2,NULL,2,3,1,NULL,NULL),(22,23,48,NULL,9,'Eurosini','Money money money',NULL,NULL,NULL,NULL,1,'2014-02-17 17:17:14','2014-02-17 17:17:14',2,NULL,2,4,1,NULL,NULL),(23,23,NULL,NULL,6,'Ihave','Accepted',NULL,NULL,NULL,NULL,1,'2014-02-23 10:52:04','2014-02-23 10:52:04',2,NULL,2,5,0,NULL,NULL);

--
-- Table structure for table `contact_pop`
--

CREATE TABLE `contact_pop` (
  `id_contact_pop` int(11) NOT NULL AUTO_INCREMENT,
  `id_user_update_by` int(11) DEFAULT NULL,
  `id_user_create_by` int(11) DEFAULT NULL,
  `id_pop` int(11) DEFAULT NULL,
  `id_civility` int(11) DEFAULT NULL,
  `lb_title` varchar(255) COLLATE utf8_unicode_ci DEFAULT NULL,
  `lb_firstname` varchar(50) COLLATE utf8_unicode_ci DEFAULT NULL,
  `lb_lastname` varchar(50) COLLATE utf8_unicode_ci DEFAULT NULL,
  `lb_email` varchar(100) COLLATE utf8_unicode_ci DEFAULT NULL,
  `lb_phone` varchar(20) COLLATE utf8_unicode_ci DEFAULT NULL,
  `lb_mobile` varchar(20) COLLATE utf8_unicode_ci DEFAULT NULL,
  `lb_fax` varchar(20) COLLATE utf8_unicode_ci DEFAULT NULL,
  `bl_deactivated` tinyint(1) DEFAULT NULL,
  `dt_create` datetime DEFAULT NULL,
  `dt_update` datetime DEFAULT NULL,
  `dt_deactived` datetime DEFAULT NULL,
  `bl_default` tinyint(1) DEFAULT NULL,
  `comment` longtext COLLATE utf8_unicode_ci,
  `id_contact_type` int(11) DEFAULT NULL,
  PRIMARY KEY (`id_contact_pop`),
  KEY `IDX_E4EAD62E68E26F41` (`id_user_update_by`),
  KEY `IDX_E4EAD62E536A5873` (`id_user_create_by`),
  KEY `IDX_E4EAD62E87745F4C` (`id_pop`),
  KEY `IDX_E4EAD62E6896AB0C` (`id_civility`),
  KEY `IDX_E4EAD62E87E0A0A4` (`id_contact_type`),
  CONSTRAINT `FK_E4EAD62E536A5873` FOREIGN KEY (`id_user_create_by`) REFERENCES `myuser` (`id`),
  CONSTRAINT `FK_E4EAD62E6896AB0C` FOREIGN KEY (`id_civility`) REFERENCES `civility` (`id_civility`),
  CONSTRAINT `FK_E4EAD62E68E26F41` FOREIGN KEY (`id_user_update_by`) REFERENCES `myuser` (`id`),
  CONSTRAINT `FK_E4EAD62E87745F4C` FOREIGN KEY (`id_pop`) REFERENCES `pop` (`id_pop`),
  CONSTRAINT `FK_E4EAD62E87E0A0A4` FOREIGN KEY (`id_contact_type`) REFERENCES `contact_type` (`id_contact_type`)
) ENGINE=InnoDB AUTO_INCREMENT=13 DEFAULT CHARSET=utf8 COLLATE=utf8_unicode_ci;

--
-- Dumping data for table `contact_pop`
--

INSERT INTO `contact_pop` VALUES (1,2,2,9,6,NULL,'john','wayne',NULL,NULL,NULL,NULL,1,'2014-01-19 00:00:00','2014-01-19 00:00:00',NULL,0,NULL,2),(2,2,2,8,6,NULL,'Lee','Bruce',NULL,NULL,NULL,NULL,1,'2014-01-21 15:02:14','2014-01-21 15:02:14',NULL,1,NULL,2),(3,2,2,8,6,NULL,'Chan','Jackie',NULL,NULL,NULL,NULL,1,'2014-01-21 15:02:42','2014-01-21 15:02:42',NULL,0,NULL,3),(4,2,2,10,8,NULL,'Antoine','Leroy',NULL,NULL,NULL,NULL,1,'2014-01-24 14:17:19','2014-01-24 14:17:19',NULL,1,NULL,3),(5,2,2,10,9,NULL,'Anna','Legrand',NULL,NULL,NULL,NULL,1,'2014-01-24 14:17:49','2014-01-24 14:17:49',NULL,0,NULL,2),(6,2,2,10,8,NULL,'Euro','Singaporedollars',NULL,NULL,NULL,NULL,1,'2014-01-31 14:41:36','2014-01-31 14:41:36',NULL,1,NULL,4),(7,2,2,9,6,NULL,'SPEEDO','ALONSO',NULL,NULL,NULL,NULL,1,'2014-02-04 19:17:09','2014-02-04 19:17:09',NULL,1,NULL,3),(8,2,2,11,8,NULL,'Enrique','ALONSO','enrique.alonso@equinix.com',NULL,NULL,NULL,1,'2014-02-18 13:06:22','2014-02-18 13:06:22',NULL,1,NULL,2),(9,2,2,11,9,NULL,'perceuse pneumatique','Tournevis',NULL,NULL,NULL,NULL,1,'2014-02-18 13:07:16','2014-02-18 13:07:16',NULL,1,NULL,3),(10,2,2,13,8,NULL,'Papalito','Administrolino',NULL,NULL,NULL,NULL,1,'2014-02-18 17:08:54','2014-02-18 17:08:54',NULL,0,NULL,2),(11,2,2,14,9,NULL,'Juanito','Documentario',NULL,NULL,NULL,NULL,1,'2014-02-18 17:16:29','2014-02-18 17:16:29',NULL,0,NULL,2),(12,2,2,14,9,NULL,'Santa Maria','Badiz',NULL,NULL,NULL,NULL,1,'2014-02-18 17:18:45','2014-02-18 17:18:45',NULL,1,NULL,2);

--
-- Table structure for table `contact_provider`
--

CREATE TABLE `contact_provider` (
  `id_contact_provider` int(11) NOT NULL AUTO_INCREMENT,
  `id_user_update_by` int(11) DEFAULT NULL,
  `id_contact_type` int(11) DEFAULT NULL,
  `id_user_create_by` int(11) DEFAULT NULL,
  `id_provider` int(11) DEFAULT NULL,
  `id_address_provider` int(11) DEFAULT NULL,
  `id_civility` int(11) DEFAULT NULL,
  `lb_title` varchar(255) COLLATE utf8_unicode_ci DEFAULT NULL,
  `lb_firstname` varchar(50) COLLATE utf8_unicode_ci DEFAULT NULL,
  `lb_lastname` varchar(50) COLLATE utf8_unicode_ci DEFAULT NULL,
  `lb_email` varchar(100) COLLATE utf8_unicode_ci DEFAULT NULL,
  `lb_phone` varchar(20) COLLATE utf8_unicode_ci DEFAULT NULL,
  `lb_mobile` varchar(20) COLLATE utf8_unicode_ci DEFAULT NULL,
  `lb_fax` varchar(20) COLLATE utf8_unicode_ci DEFAULT NULL,
  `bl_deactivated` tinyint(1) DEFAULT NULL,
  `dt_create` datetime DEFAULT NULL,
  `dt_update` datetime DEFAULT NULL,
  `dt_deactived` datetime DEFAULT NULL,
  `bl_default` tinyint(1) DEFAULT NULL,
  `comment` longtext COLLATE utf8_unicode_ci,
  PRIMARY KEY (`id_contact_provider`),
  KEY `IDX_8E1EF0B68E26F41` (`id_user_update_by`),
  KEY `IDX_8E1EF0B87E0A0A4` (`id_contact_type`),
  KEY `IDX_8E1EF0B536A5873` (`id_user_create_by`),
  KEY `IDX_8E1EF0BC21F9F09` (`id_provider`),
  KEY `IDX_8E1EF0B8FC1D8CC` (`id_address_provider`),
  KEY `IDX_8E1EF0B6896AB0C` (`id_civility`),
  CONSTRAINT `FK_8E1EF0B536A5873` FOREIGN KEY (`id_user_create_by`) REFERENCES `myuser` (`id`),
  CONSTRAINT `FK_8E1EF0B6896AB0C` FOREIGN KEY (`id_civility`) REFERENCES `civility` (`id_civility`),
  CONSTRAINT `FK_8E1EF0B68E26F41` FOREIGN KEY (`id_user_update_by`) REFERENCES `myuser` (`id`),
  CONSTRAINT `FK_8E1EF0B87E0A0A4` FOREIGN KEY (`id_contact_type`) REFERENCES `contact_type` (`id_contact_type`),
  CONSTRAINT `FK_8E1EF0B8FC1D8CC` FOREIGN KEY (`id_address_provider`) REFERENCES `address_provider` (`id_address_provider`),
  CONSTRAINT `FK_8E1EF0BC21F9F09` FOREIGN KEY (`id_provider`) REFERENCES `provider` (`id_provider`)
) ENGINE=InnoDB AUTO_INCREMENT=17 DEFAULT CHARSET=utf8 COLLATE=utf8_unicode_ci;

--
-- Dumping data for table `contact_provider`
--

INSERT INTO `contact_provider` VALUES (1,2,1,2,1,1,6,NULL,'hill','terence',NULL,NULL,NULL,NULL,1,'2013-10-14 16:54:27','2013-10-14 16:54:27',NULL,0,NULL),(2,2,1,2,14,8,8,NULL,'Francesco','Holligan','francesco.holligan@atterbox.com',NULL,NULL,NULL,1,'2014-01-20 16:48:01','2014-01-20 16:48:01',NULL,1,NULL),(3,2,2,2,14,11,7,NULL,'Luna','Sunshine','luna.sunshine@natterbox.com',NULL,NULL,NULL,1,'2014-01-20 16:48:56','2014-01-20 16:48:56',NULL,1,NULL),(4,2,3,2,9,NULL,6,NULL,'Ricardo','Gonzalez',NULL,NULL,NULL,NULL,1,'2014-01-22 00:00:00','2014-01-22 00:00:00',NULL,1,NULL),(5,2,2,2,9,NULL,9,NULL,'Yes,We can','I can do everything',NULL,NULL,NULL,NULL,1,'2014-01-22 11:44:30','2014-01-22 11:44:30',NULL,1,NULL),(6,2,1,2,9,NULL,8,NULL,'Eduardo','Dàlolesamonos',NULL,NULL,NULL,NULL,1,'2014-01-22 11:45:21','2014-01-22 11:45:21',NULL,1,NULL),(7,2,4,2,10,NULL,6,NULL,'Contact','Bill',NULL,NULL,NULL,NULL,1,'2014-01-29 18:11:24','2014-01-29 18:11:24',NULL,0,NULL),(8,2,4,2,15,NULL,9,NULL,'Claudine','Vanderschmitt',NULL,NULL,NULL,NULL,1,'2014-01-31 14:36:02','2014-01-31 14:36:02',NULL,0,NULL),(9,2,2,2,15,NULL,8,NULL,'Wiesoich','Laufnichtdavon',NULL,NULL,NULL,NULL,1,'2014-01-31 14:38:15','2014-01-31 14:38:15',NULL,0,NULL),(10,2,4,2,9,4,8,NULL,'Dolares','Nomoneyatall',NULL,NULL,NULL,NULL,1,'2014-01-31 15:43:14','2014-01-31 15:43:14',NULL,1,NULL),(11,2,2,2,16,NULL,6,NULL,'Sunny','Equinix Admin contact',NULL,NULL,NULL,NULL,1,'2014-02-03 18:07:08','2014-02-03 18:07:08',NULL,0,NULL),(12,2,3,2,16,NULL,6,NULL,'Goldy','Equinix technical contact',NULL,NULL,NULL,NULL,1,'2014-02-03 18:07:51','2014-02-03 18:07:51',NULL,1,NULL),(13,2,4,2,16,NULL,6,NULL,'moneylike','Equinix Billing contact',NULL,NULL,NULL,NULL,1,'2014-02-03 00:00:00','2014-02-03 00:00:00',NULL,1,NULL),(14,2,3,2,17,21,8,'Technical Team Player Dipl Ing.','Fast','Longline','fast.longlife@colt.com','+44 2 87 54 98 46','+44 8 76 76 32 76',NULL,1,'2014-02-11 00:00:00','2014-02-11 00:00:00',NULL,0,NULL),(15,2,2,2,17,21,9,NULL,'Laura','Adelaine',NULL,NULL,NULL,NULL,1,'2014-02-11 11:27:59','2014-02-11 11:27:59',NULL,1,NULL),(16,2,3,2,15,NULL,8,NULL,'Cabling','Technical Guy',NULL,NULL,NULL,NULL,1,'2014-02-11 12:43:31','2014-02-11 12:43:31',NULL,1,NULL);

--
-- Table structure for table `contact_type`
--

CREATE TABLE `contact_type` (
  `id_contact_type` int(11) NOT NULL AUTO_INCREMENT,
  `cd_contact_type` varchar(15) NOT NULL,
  `lb_contact_type` varchar(100) NOT NULL,
  `bl_deactivated` tinyint(1) DEFAULT NULL,
  `dt_create` datetime DEFAULT NULL,
  `dt_update` datetime DEFAULT NULL,
  `id_user_create_by` int(11) DEFAULT NULL,
  `id_user_update_by` int(11) DEFAULT NULL,
  `bl_customer` tinyint(1) DEFAULT NULL,
  PRIMARY KEY (`id_contact_type`),
  KEY `id_user_create_by` (`id_user_create_by`),
  KEY `id_user_update_by` (`id_user_update_by`),
  CONSTRAINT `FK_A421D5D6536A5873` FOREIGN KEY (`id_user_create_by`) REFERENCES `myuser` (`id`),
  CONSTRAINT `FK_A421D5D668E26F41` FOREIGN KEY (`id_user_update_by`) REFERENCES `myuser` (`id`)
) ENGINE=InnoDB AUTO_INCREMENT=6 DEFAULT CHARSET=koi8r;

--
-- Dumping data for table `contact_type`
--

INSERT INTO `contact_type` VALUES (1,'M','Managers',1,'2013-05-27 16:53:34','2013-06-26 14:24:55',2,2,1),(2,'A','Administrative',1,'2013-06-26 00:00:00','2013-07-02 00:00:00',2,2,1),(3,'T','Technical',1,'2014-01-21 14:29:14','2014-01-21 14:29:14',2,2,1),(4,'B','Billing',1,NULL,NULL,2,2,1),(5,'CC','Acceptance contact',1,'2014-02-10 18:04:48','2014-02-10 18:04:48',2,2,1);

--
-- Table structure for table `cost_center`
--

CREATE TABLE `cost_center` (
  `id_cost_center` int(11) NOT NULL AUTO_INCREMENT,
  `cd_cost_center` varchar(15) DEFAULT NULL,
  `lb_cost_center` varchar(100) DEFAULT NULL,
  `nb_cost_center` decimal(10,0) DEFAULT NULL,
  `bl_deactivated` tinyint(1) DEFAULT NULL,
  PRIMARY KEY (`id_cost_center`)
) ENGINE=InnoDB DEFAULT CHARSET=utf8;

--
-- Dumping data for table `cost_center`
--


--
-- Table structure for table `costing_backbone_link_line`
--

CREATE TABLE `costing_backbone_link_line` (
  `id_costing_backbone_link_line` int(11) NOT NULL AUTO_INCREMENT,
  `id_backbone_link` int(11) DEFAULT NULL,
  `dt_start` datetime DEFAULT NULL,
  `dt_end` datetime DEFAULT NULL,
  `id_currency` int(11) DEFAULT NULL,
  `id_backbone_link_option` int(11) DEFAULT NULL,
  `id_billing_frequency` int(11) DEFAULT NULL,
  `nb_n_period` int(11) DEFAULT NULL,
  `nb_contract_duration` int(11) DEFAULT NULL,
  `id_provider` int(11) DEFAULT NULL,
  `id_provider_address` int(11) DEFAULT NULL,
  `id_contact` int(11) DEFAULT NULL,
  `id_billing_period` int(11) DEFAULT NULL,
  `mt_nrc` decimal(10,0) DEFAULT NULL,
  `mt_mrc` decimal(10,0) DEFAULT NULL,
  `lb_nrc` varchar(255) DEFAULT NULL,
  `lb_mrc` varchar(255) DEFAULT NULL,
  `mt_nrc_euro` decimal(10,0) DEFAULT NULL,
  `mt_mrc_euro` decimal(10,0) DEFAULT NULL,
  `dt_start_mrc` datetime DEFAULT NULL,
  `dt_end_mrc` datetime DEFAULT NULL,
  `cd_provider_account` varchar(45) DEFAULT NULL,
  PRIMARY KEY (`id_costing_backbone_link_line`),
  KEY `id_currency` (`id_currency`),
  KEY `id_backbone_link_option` (`id_backbone_link_option`),
  KEY `idx_billing_frequency` (`id_billing_frequency`),
  KEY `key_id_backbone_link_idx` (`id_backbone_link`),
  KEY `IDX_79D195B1C21F9F09` (`id_provider`),
  KEY `IDX_79D195B11E9C98F7` (`id_provider_address`),
  KEY `IDX_79D195B192FF4F48` (`id_contact`),
  KEY `IDX_79D195B1BD048098` (`id_billing_period`),
  CONSTRAINT `FK_79D195B11E9C98F7` FOREIGN KEY (`id_provider_address`) REFERENCES `address_provider` (`id_address_provider`),
  CONSTRAINT `FK_79D195B173440D2A` FOREIGN KEY (`id_backbone_link_option`) REFERENCES `backbone_link_option` (`id_backbone_link_option`),
  CONSTRAINT `FK_79D195B192FF4F48` FOREIGN KEY (`id_contact`) REFERENCES `contact_provider` (`id_contact_provider`),
  CONSTRAINT `FK_79D195B1BD048098` FOREIGN KEY (`id_billing_period`) REFERENCES `billing_period` (`id_billing_period`),
  CONSTRAINT `FK_79D195B1C21F9F09` FOREIGN KEY (`id_provider`) REFERENCES `provider` (`id_provider`),
  CONSTRAINT `FK_79D195B1D9707BB8` FOREIGN KEY (`id_backbone_link`) REFERENCES `backbone_link` (`id_backbone_link`),
  CONSTRAINT `key2_id_billing_freq` FOREIGN KEY (`id_billing_frequency`) REFERENCES `billing_frequency` (`id_billing_frequency`) ON DELETE NO ACTION ON UPDATE NO ACTION,
  CONSTRAINT `key2_id_currency` FOREIGN KEY (`id_currency`) REFERENCES `currency` (`id_currency`) ON DELETE NO ACTION ON UPDATE NO ACTION
) ENGINE=InnoDB AUTO_INCREMENT=25 DEFAULT CHARSET=utf8;

--
-- Dumping data for table `costing_backbone_link_line`
--

INSERT INTO `costing_backbone_link_line` VALUES (1,11,'2013-11-14 00:00:00',NULL,20,NULL,1,NULL,NULL,NULL,NULL,NULL,NULL,NULL,NULL,NULL,NULL,NULL,NULL,NULL,NULL,NULL),(2,11,NULL,NULL,NULL,NULL,NULL,NULL,NULL,NULL,NULL,NULL,NULL,NULL,NULL,NULL,NULL,NULL,NULL,NULL,NULL,NULL),(3,11,NULL,NULL,NULL,4,NULL,NULL,NULL,NULL,NULL,NULL,NULL,NULL,NULL,NULL,NULL,NULL,NULL,NULL,NULL,NULL),(4,10,'2013-12-27 00:00:00',NULL,20,NULL,1,NULL,NULL,1,1,1,1,NULL,NULL,NULL,NULL,NULL,NULL,'2014-01-10 00:00:00',NULL,NULL),(5,9,'2013-11-06 00:00:00','2013-11-13 00:00:00',20,NULL,1,NULL,NULL,1,1,1,1,NULL,NULL,NULL,NULL,NULL,NULL,NULL,NULL,NULL),(6,8,NULL,NULL,NULL,8,NULL,NULL,NULL,1,1,1,NULL,NULL,NULL,NULL,NULL,NULL,NULL,NULL,NULL,NULL),(7,9,NULL,NULL,20,9,1,NULL,NULL,1,1,1,1,NULL,NULL,NULL,NULL,NULL,NULL,NULL,NULL,NULL),(8,9,NULL,NULL,20,10,1,NULL,NULL,1,1,1,1,NULL,NULL,NULL,NULL,NULL,NULL,NULL,'2014-02-13 00:00:00',NULL),(9,18,'2013-12-31 00:00:00',NULL,NULL,11,NULL,NULL,NULL,1,1,1,NULL,NULL,NULL,NULL,NULL,NULL,NULL,NULL,NULL,NULL),(10,19,'2013-12-31 00:00:00',NULL,NULL,12,NULL,NULL,NULL,1,1,1,NULL,NULL,NULL,NULL,NULL,NULL,NULL,NULL,NULL,NULL),(11,31,'2014-01-17 00:00:00',NULL,20,13,1,2,2,1,1,1,NULL,NULL,NULL,NULL,NULL,NULL,NULL,NULL,NULL,NULL),(12,34,NULL,NULL,NULL,15,NULL,NULL,NULL,9,NULL,NULL,NULL,NULL,NULL,NULL,NULL,NULL,NULL,NULL,NULL,NULL),(13,10,'2014-01-26 00:00:00',NULL,21,16,1,NULL,NULL,1,1,1,1,50,100,NULL,NULL,250,500,'2014-01-25 00:00:00',NULL,NULL),(14,37,'2014-01-24 00:00:00','2014-02-21 00:00:00',NULL,17,NULL,NULL,NULL,10,NULL,NULL,NULL,NULL,NULL,NULL,NULL,NULL,NULL,'2014-01-24 00:00:00',NULL,NULL),(15,10,'2014-01-09 00:00:00',NULL,20,NULL,1,NULL,NULL,10,13,7,1,NULL,NULL,NULL,NULL,NULL,NULL,'2014-01-25 00:00:00','2014-01-24 00:00:00',NULL),(16,10,'2014-01-09 00:00:00',NULL,20,NULL,1,NULL,NULL,10,13,7,1,NULL,NULL,NULL,NULL,NULL,NULL,'2014-01-24 00:00:00','2014-01-03 00:00:00',NULL),(17,43,'2014-03-28 00:00:00',NULL,20,18,1,NULL,NULL,15,15,8,1,NULL,16,NULL,NULL,NULL,NULL,'2014-03-28 00:00:00',NULL,NULL),(18,43,'2014-03-28 00:00:00',NULL,20,NULL,4,90,360,15,15,8,1,545,345,NULL,NULL,NULL,NULL,'2014-03-28 00:00:00',NULL,NULL),(19,43,'2014-03-28 00:00:00',NULL,20,NULL,4,90,360,15,15,8,1,NULL,NULL,NULL,NULL,NULL,NULL,'2014-03-28 00:00:00',NULL,NULL),(20,9,NULL,NULL,20,10,1,NULL,NULL,1,1,1,1,NULL,NULL,NULL,NULL,NULL,NULL,'2014-02-14 00:00:00',NULL,NULL),(21,45,'2014-04-30 00:00:00',NULL,20,NULL,4,90,360,15,15,8,815,NULL,NULL,NULL,NULL,NULL,NULL,'2014-04-30 00:00:00',NULL,NULL),(22,45,'2014-04-30 00:00:00',NULL,20,NULL,4,90,360,15,15,8,1,NULL,NULL,NULL,NULL,NULL,NULL,'2014-04-30 00:00:00',NULL,NULL),(23,45,'2014-04-30 00:00:00',NULL,NULL,19,NULL,NULL,NULL,15,NULL,NULL,NULL,NULL,NULL,NULL,NULL,NULL,NULL,'2014-04-30 00:00:00',NULL,NULL),(24,45,'2014-04-30 00:00:00',NULL,20,NULL,4,90,360,15,15,8,1,NULL,NULL,NULL,NULL,NULL,NULL,'2014-04-30 00:00:00',NULL,NULL);

--
-- Table structure for table `costing_cabinet_line`
--

CREATE TABLE `costing_cabinet_line` (
  `id_costing_cabinet_line` int(11) NOT NULL AUTO_INCREMENT,
  `id_billing_frequency` int(11) DEFAULT NULL,
  `id_currency` int(11) DEFAULT NULL,
  `id_cabinet` int(11) DEFAULT NULL,
  `dt_start` datetime DEFAULT NULL,
  `dt_end` datetime DEFAULT NULL,
  `nb_contract_duration` int(11) DEFAULT NULL,
  `nb_n_period` int(11) DEFAULT NULL,
  `id_cabinet_instance` int(11) DEFAULT NULL,
  `id_billing_period` int(11) DEFAULT NULL,
  `mt_nrc` decimal(10,0) DEFAULT NULL,
  `mt_mrc` decimal(10,0) DEFAULT NULL,
  `lb_nrc` varchar(255) COLLATE utf8_unicode_ci DEFAULT NULL,
  `lb_mrc` varchar(255) COLLATE utf8_unicode_ci DEFAULT NULL,
  `mt_nrc_euro` decimal(10,0) DEFAULT NULL,
  `mt_mrc_euro` decimal(10,0) DEFAULT NULL,
  `dt_start_mrc` datetime DEFAULT NULL,
  `dt_end_mrc` datetime DEFAULT NULL,
  PRIMARY KEY (`id_costing_cabinet_line`),
  KEY `IDX_32AF2A02635BB25A` (`id_billing_frequency`),
  KEY `IDX_32AF2A02398D64AA` (`id_currency`),
  KEY `IDX_32AF2A029270ACC0` (`id_cabinet`),
  KEY `IDX_32AF2A0295136256` (`id_cabinet_instance`),
  KEY `IDX_32AF2A02BD048098` (`id_billing_period`),
  CONSTRAINT `FK_32AF2A02398D64AA` FOREIGN KEY (`id_currency`) REFERENCES `currency` (`id_currency`),
  CONSTRAINT `FK_32AF2A02635BB25A` FOREIGN KEY (`id_billing_frequency`) REFERENCES `billing_frequency` (`id_billing_frequency`),
  CONSTRAINT `FK_32AF2A029270ACC0` FOREIGN KEY (`id_cabinet`) REFERENCES `cabinet` (`id_cabinet`),
  CONSTRAINT `FK_32AF2A0295136256` FOREIGN KEY (`id_cabinet_instance`) REFERENCES `cabinet_instance` (`id_cabinet_instance`),
  CONSTRAINT `FK_32AF2A02BD048098` FOREIGN KEY (`id_billing_period`) REFERENCES `billing_period` (`id_billing_period`)
) ENGINE=InnoDB AUTO_INCREMENT=42 DEFAULT CHARSET=utf8 COLLATE=utf8_unicode_ci;

--
-- Dumping data for table `costing_cabinet_line`
--

INSERT INTO `costing_cabinet_line` VALUES (1,1,20,6,'2013-06-06 00:00:00',NULL,12,12,NULL,NULL,NULL,NULL,NULL,NULL,NULL,NULL,NULL,NULL),(2,1,20,20,'2013-07-31 00:00:00','2013-11-27 00:00:00',1,2,NULL,NULL,NULL,NULL,NULL,NULL,NULL,NULL,NULL,NULL),(6,1,20,24,'2013-07-31 00:00:00','2013-11-27 00:00:00',1,2,NULL,NULL,NULL,NULL,NULL,NULL,NULL,NULL,NULL,NULL),(7,1,20,25,'2013-07-31 00:00:00','2013-11-27 00:00:00',1,2,NULL,NULL,NULL,NULL,NULL,NULL,NULL,NULL,NULL,NULL),(8,1,20,26,'2013-07-31 00:00:00','2013-11-27 00:00:00',1,2,NULL,NULL,NULL,NULL,NULL,NULL,NULL,NULL,NULL,NULL),(9,1,20,27,'2013-07-31 00:00:00','2013-11-27 00:00:00',1,2,NULL,NULL,NULL,NULL,NULL,NULL,NULL,NULL,NULL,NULL),(10,1,20,28,'2013-07-31 00:00:00','2013-11-27 00:00:00',1,2,NULL,NULL,NULL,NULL,NULL,NULL,NULL,NULL,NULL,NULL),(11,2,21,32,'2013-09-13 00:00:00','2013-09-27 00:00:00',5,5,NULL,NULL,NULL,NULL,NULL,NULL,NULL,NULL,NULL,NULL),(12,1,20,NULL,'2013-11-21 00:00:00',NULL,NULL,NULL,2,NULL,NULL,NULL,NULL,NULL,NULL,NULL,NULL,NULL),(13,1,20,33,'2013-11-14 00:00:00',NULL,NULL,NULL,NULL,NULL,NULL,NULL,NULL,NULL,NULL,NULL,NULL,NULL),(14,1,20,30,'2013-11-14 00:00:00',NULL,NULL,NULL,NULL,NULL,NULL,NULL,NULL,NULL,NULL,NULL,NULL,NULL),(15,1,20,30,'2013-11-14 00:00:00',NULL,NULL,NULL,NULL,NULL,NULL,NULL,NULL,NULL,NULL,NULL,NULL,NULL),(16,1,20,33,'2013-11-14 00:00:00',NULL,NULL,NULL,NULL,NULL,NULL,NULL,NULL,NULL,NULL,NULL,NULL,NULL),(17,1,20,NULL,'2013-11-14 00:00:00',NULL,NULL,NULL,15,NULL,NULL,NULL,NULL,NULL,NULL,NULL,NULL,NULL),(18,1,20,NULL,'2013-11-14 00:00:00',NULL,NULL,NULL,15,NULL,NULL,NULL,NULL,NULL,NULL,NULL,NULL,NULL),(19,1,20,NULL,'2013-11-14 00:00:00',NULL,NULL,NULL,16,NULL,NULL,NULL,NULL,NULL,NULL,NULL,NULL,NULL),(20,1,20,NULL,'2013-11-14 00:00:00',NULL,NULL,NULL,16,NULL,NULL,NULL,NULL,NULL,NULL,NULL,NULL,NULL),(21,1,21,NULL,'2014-01-16 00:00:00',NULL,NULL,NULL,NULL,1,NULL,NULL,NULL,NULL,NULL,NULL,'2014-01-30 00:00:00',NULL),(22,1,21,NULL,'2014-01-16 00:00:00',NULL,NULL,NULL,9,1,NULL,NULL,NULL,NULL,NULL,NULL,'2014-01-22 00:00:00','2014-01-30 00:00:00'),(23,1,20,NULL,'2013-11-14 00:00:00',NULL,NULL,NULL,17,NULL,NULL,NULL,NULL,NULL,NULL,NULL,NULL,NULL),(24,1,20,NULL,'2013-11-14 00:00:00',NULL,NULL,NULL,17,1,NULL,NULL,NULL,NULL,NULL,NULL,'2014-01-02 00:00:00','2014-01-25 00:00:00'),(25,1,20,NULL,'2013-11-14 00:00:00',NULL,NULL,NULL,18,NULL,NULL,NULL,NULL,NULL,NULL,NULL,NULL,NULL),(26,1,20,NULL,'2013-11-14 00:00:00',NULL,NULL,NULL,18,NULL,NULL,NULL,NULL,NULL,NULL,NULL,NULL,NULL),(27,1,20,NULL,'2014-01-09 00:00:00',NULL,NULL,NULL,17,1,NULL,NULL,NULL,NULL,NULL,NULL,'2014-01-25 00:00:00',NULL),(28,1,20,34,'2014-01-09 00:00:00',NULL,NULL,NULL,NULL,1,NULL,NULL,NULL,NULL,NULL,NULL,'2014-01-18 00:00:00',NULL),(29,1,20,NULL,'2013-11-14 00:00:00',NULL,NULL,NULL,17,1,NULL,NULL,NULL,NULL,NULL,NULL,'2014-01-25 00:00:00',NULL),(30,5,20,NULL,'2014-01-09 00:00:00',NULL,360,30,17,1,NULL,NULL,NULL,NULL,NULL,NULL,'2014-01-22 00:00:00','2014-01-17 00:00:00'),(31,5,20,NULL,'2014-01-09 00:00:00',NULL,360,30,17,1,NULL,NULL,NULL,NULL,NULL,NULL,'2014-01-17 00:00:00','2014-02-01 00:00:00'),(32,5,20,NULL,'2014-01-09 00:00:00',NULL,360,30,17,1,NULL,NULL,NULL,NULL,NULL,NULL,'2014-02-01 00:00:00','2014-01-19 00:00:00'),(33,5,20,NULL,'2014-01-09 00:00:00',NULL,360,30,17,1,NULL,NULL,NULL,NULL,NULL,NULL,'2014-01-19 00:00:00',NULL),(34,1,20,NULL,'2013-11-14 00:00:00',NULL,NULL,NULL,19,NULL,NULL,NULL,NULL,NULL,NULL,NULL,NULL,NULL),(35,1,20,NULL,'2013-11-14 00:00:00',NULL,NULL,NULL,19,NULL,NULL,NULL,NULL,NULL,NULL,NULL,NULL,NULL),(36,1,20,NULL,'2013-11-14 00:00:00',NULL,NULL,NULL,20,NULL,NULL,NULL,NULL,NULL,NULL,NULL,NULL,NULL),(37,1,20,NULL,'2013-11-14 00:00:00',NULL,NULL,NULL,20,NULL,NULL,NULL,NULL,NULL,NULL,NULL,NULL,NULL),(38,1,20,NULL,'2013-11-14 00:00:00',NULL,NULL,NULL,21,NULL,NULL,NULL,NULL,NULL,NULL,NULL,NULL,NULL),(39,1,20,NULL,'2013-11-14 00:00:00',NULL,NULL,NULL,21,NULL,NULL,NULL,NULL,NULL,NULL,NULL,NULL,NULL),(40,1,20,NULL,'2013-11-14 00:00:00',NULL,NULL,NULL,22,NULL,NULL,NULL,NULL,NULL,NULL,NULL,NULL,NULL),(41,1,20,NULL,'2013-11-14 00:00:00',NULL,NULL,NULL,22,NULL,NULL,NULL,NULL,NULL,NULL,NULL,NULL,NULL);

--
-- Table structure for table `costing_cable_line`
--

CREATE TABLE `costing_cable_line` (
  `id_costing_cable_line` int(11) NOT NULL AUTO_INCREMENT,
  `id_billing_frequency` int(11) DEFAULT NULL,
  `id_currency` int(11) DEFAULT NULL,
  `id_cable` int(11) DEFAULT NULL,
  `dt_start` datetime DEFAULT NULL,
  `dt_end` datetime DEFAULT NULL,
  `nb_contract_duration` int(11) DEFAULT NULL,
  `nb_n_period` int(11) DEFAULT NULL,
  `id_billing_period` int(11) DEFAULT NULL,
  `mt_nrc` decimal(10,0) DEFAULT NULL,
  `mt_mrc` decimal(10,0) DEFAULT NULL,
  `lb_nrc` varchar(255) COLLATE utf8_unicode_ci DEFAULT NULL,
  `lb_mrc` varchar(255) COLLATE utf8_unicode_ci DEFAULT NULL,
  `mt_nrc_euro` decimal(10,0) DEFAULT NULL,
  `mt_mrc_euro` decimal(10,0) DEFAULT NULL,
  `dt_start_mrc` datetime DEFAULT NULL,
  `dt_end_mrc` datetime DEFAULT NULL,
  `id_provider` int(11) DEFAULT NULL,
  `id_provider_address` int(11) DEFAULT NULL,
  `id_contact` int(11) DEFAULT NULL,
  `cd_provider_account` varchar(45) COLLATE utf8_unicode_ci DEFAULT NULL,
  PRIMARY KEY (`id_costing_cable_line`),
  KEY `IDX_79970AB8635BB25A` (`id_billing_frequency`),
  KEY `IDX_79970AB8398D64AA` (`id_currency`),
  KEY `IDX_79970AB8CA6C85E4` (`id_cable`),
  KEY `IDX_79970AB8BD048098` (`id_billing_period`),
  KEY `IDX_79970AB8C21F9F09` (`id_provider`),
  KEY `IDX_79970AB81E9C98F7` (`id_provider_address`),
  KEY `IDX_79970AB892FF4F48` (`id_contact`),
  CONSTRAINT `FK_79970AB81E9C98F7` FOREIGN KEY (`id_provider_address`) REFERENCES `address_provider` (`id_address_provider`),
  CONSTRAINT `FK_79970AB8398D64AA` FOREIGN KEY (`id_currency`) REFERENCES `currency` (`id_currency`),
  CONSTRAINT `FK_79970AB8635BB25A` FOREIGN KEY (`id_billing_frequency`) REFERENCES `billing_frequency` (`id_billing_frequency`),
  CONSTRAINT `FK_79970AB892FF4F48` FOREIGN KEY (`id_contact`) REFERENCES `contact_provider` (`id_contact_provider`),
  CONSTRAINT `FK_79970AB8BD048098` FOREIGN KEY (`id_billing_period`) REFERENCES `billing_period` (`id_billing_period`),
  CONSTRAINT `FK_79970AB8C21F9F09` FOREIGN KEY (`id_provider`) REFERENCES `provider` (`id_provider`),
  CONSTRAINT `FK_79970AB8CA6C85E4` FOREIGN KEY (`id_cable`) REFERENCES `cable` (`id_cable`)
) ENGINE=InnoDB DEFAULT CHARSET=utf8 COLLATE=utf8_unicode_ci;

--
-- Dumping data for table `costing_cable_line`
--


--
-- Table structure for table `costing_card_line`
--

CREATE TABLE `costing_card_line` (
  `id_costing_card_line` int(11) NOT NULL AUTO_INCREMENT,
  `id_billing_frequency` int(11) DEFAULT NULL,
  `id_currency` int(11) DEFAULT NULL,
  `id_card` int(11) DEFAULT NULL,
  `dt_start` datetime DEFAULT NULL,
  `dt_end` datetime DEFAULT NULL,
  `nb_contract_duration` int(11) DEFAULT NULL,
  `nb_n_period` int(11) DEFAULT NULL,
  `id_card_instance` int(11) DEFAULT NULL,
  `id_billing_period` int(11) DEFAULT NULL,
  `mt_nrc` decimal(10,0) DEFAULT NULL,
  `mt_mrc` decimal(10,0) DEFAULT NULL,
  `lb_nrc` varchar(255) COLLATE utf8_unicode_ci DEFAULT NULL,
  `lb_mrc` varchar(255) COLLATE utf8_unicode_ci DEFAULT NULL,
  `mt_nrc_euro` decimal(10,0) DEFAULT NULL,
  `mt_mrc_euro` decimal(10,0) DEFAULT NULL,
  `dt_start_mrc` datetime DEFAULT NULL,
  `dt_end_mrc` datetime DEFAULT NULL,
  PRIMARY KEY (`id_costing_card_line`),
  KEY `IDX_18020825635BB25A` (`id_billing_frequency`),
  KEY `IDX_18020825398D64AA` (`id_currency`),
  KEY `IDX_180208259D3484D1` (`id_card`),
  KEY `IDX_180208254529AE38` (`id_card_instance`),
  KEY `IDX_18020825BD048098` (`id_billing_period`),
  CONSTRAINT `FK_18020825398D64AA` FOREIGN KEY (`id_currency`) REFERENCES `currency` (`id_currency`),
  CONSTRAINT `FK_180208254529AE38` FOREIGN KEY (`id_card_instance`) REFERENCES `card_instance` (`id_card_instance`),
  CONSTRAINT `FK_18020825635BB25A` FOREIGN KEY (`id_billing_frequency`) REFERENCES `billing_frequency` (`id_billing_frequency`),
  CONSTRAINT `FK_180208259D3484D1` FOREIGN KEY (`id_card`) REFERENCES `card` (`id_card`),
  CONSTRAINT `FK_18020825BD048098` FOREIGN KEY (`id_billing_period`) REFERENCES `billing_period` (`id_billing_period`)
) ENGINE=InnoDB AUTO_INCREMENT=42 DEFAULT CHARSET=utf8 COLLATE=utf8_unicode_ci;

--
-- Dumping data for table `costing_card_line`
--

INSERT INTO `costing_card_line` VALUES (1,1,20,3,NULL,NULL,1,1,NULL,NULL,NULL,NULL,NULL,NULL,NULL,NULL,NULL,NULL),(2,1,20,10,NULL,NULL,1,1,NULL,NULL,NULL,NULL,NULL,NULL,NULL,NULL,NULL,NULL),(3,1,20,12,NULL,NULL,1,1,NULL,NULL,NULL,NULL,NULL,NULL,NULL,NULL,NULL,NULL),(4,NULL,NULL,23,NULL,NULL,NULL,NULL,NULL,NULL,NULL,NULL,NULL,NULL,NULL,NULL,NULL,NULL),(5,NULL,NULL,23,NULL,NULL,NULL,NULL,NULL,NULL,NULL,NULL,NULL,NULL,NULL,NULL,NULL,NULL),(6,2,20,28,'2013-06-27 00:00:00','2013-06-29 00:00:00',3,1,NULL,NULL,NULL,NULL,NULL,NULL,NULL,NULL,NULL,NULL),(7,1,NULL,29,'2013-07-03 00:00:00','2013-07-19 00:00:00',1,1,NULL,NULL,NULL,NULL,NULL,NULL,NULL,NULL,NULL,NULL),(8,1,20,33,NULL,NULL,1,1,NULL,NULL,NULL,NULL,NULL,NULL,NULL,NULL,NULL,NULL),(9,NULL,NULL,37,NULL,NULL,NULL,NULL,NULL,NULL,NULL,NULL,NULL,NULL,NULL,NULL,NULL,NULL),(10,NULL,NULL,37,NULL,NULL,NULL,NULL,NULL,NULL,NULL,NULL,NULL,NULL,NULL,NULL,NULL,NULL),(11,1,NULL,40,'2013-07-03 00:00:00','2013-07-19 00:00:00',1,1,NULL,NULL,NULL,NULL,NULL,NULL,NULL,NULL,NULL,NULL),(15,1,20,128,NULL,NULL,1,1,NULL,NULL,NULL,NULL,NULL,NULL,NULL,NULL,NULL,NULL),(16,NULL,NULL,130,NULL,NULL,NULL,NULL,NULL,NULL,NULL,NULL,NULL,NULL,NULL,NULL,NULL,NULL),(17,NULL,NULL,130,NULL,NULL,NULL,NULL,NULL,NULL,NULL,NULL,NULL,NULL,NULL,NULL,NULL,NULL),(18,1,20,147,'2013-09-13 00:00:00','2013-09-27 00:00:00',55,55,NULL,NULL,NULL,NULL,NULL,NULL,NULL,NULL,NULL,NULL),(19,NULL,NULL,148,NULL,NULL,NULL,NULL,NULL,NULL,NULL,NULL,NULL,NULL,NULL,NULL,NULL,NULL),(20,NULL,NULL,149,NULL,NULL,NULL,NULL,NULL,NULL,NULL,NULL,NULL,NULL,NULL,NULL,NULL,NULL),(21,NULL,NULL,150,NULL,NULL,NULL,NULL,NULL,NULL,NULL,NULL,NULL,NULL,NULL,NULL,NULL,NULL),(22,NULL,NULL,150,NULL,NULL,NULL,NULL,NULL,NULL,NULL,NULL,NULL,NULL,NULL,NULL,NULL,NULL),(23,NULL,NULL,149,NULL,NULL,NULL,NULL,NULL,NULL,NULL,NULL,NULL,NULL,NULL,NULL,NULL,NULL),(24,NULL,NULL,149,NULL,NULL,NULL,NULL,NULL,NULL,NULL,NULL,NULL,NULL,NULL,NULL,NULL,NULL),(25,1,20,45,'2013-09-18 00:00:00',NULL,NULL,NULL,NULL,NULL,NULL,NULL,NULL,NULL,NULL,NULL,NULL,NULL),(26,1,20,45,'2013-09-18 00:00:00',NULL,NULL,NULL,NULL,NULL,NULL,NULL,NULL,NULL,NULL,NULL,NULL,NULL),(27,1,20,152,'2013-11-21 00:00:00',NULL,NULL,NULL,NULL,NULL,NULL,NULL,NULL,NULL,NULL,NULL,NULL,NULL),(28,1,21,NULL,'2014-01-15 00:00:00',NULL,NULL,NULL,44,1,10,10,NULL,NULL,50,50,'2014-01-24 00:00:00','2014-01-17 00:00:00'),(29,1,21,NULL,'2014-01-08 00:00:00',NULL,NULL,NULL,44,1,10,5,NULL,NULL,50,25,'2014-01-09 00:00:00','2014-01-18 00:00:00'),(30,1,21,NULL,'2014-01-09 00:00:00',NULL,NULL,NULL,44,1,NULL,NULL,NULL,NULL,NULL,NULL,'2014-01-09 00:00:00','2014-01-15 00:00:00'),(31,1,21,NULL,'2014-01-14 00:00:00',NULL,NULL,NULL,44,1,NULL,NULL,NULL,NULL,NULL,NULL,'2014-01-10 00:00:00','2014-01-24 00:00:00'),(32,1,21,NULL,'2014-01-01 00:00:00',NULL,NULL,NULL,44,1,NULL,NULL,NULL,NULL,NULL,NULL,'2014-01-01 00:00:00','2014-01-10 00:00:00'),(33,1,21,NULL,'2014-01-08 00:00:00',NULL,NULL,NULL,44,1,NULL,NULL,NULL,NULL,NULL,NULL,'2014-01-16 00:00:00','2014-01-30 00:00:00'),(34,1,21,NULL,'2014-01-15 00:00:00',NULL,NULL,NULL,44,1,NULL,NULL,NULL,NULL,NULL,NULL,'2014-01-19 00:00:00','2014-01-17 00:00:00'),(35,1,21,NULL,'2014-01-15 00:00:00',NULL,NULL,NULL,44,1,NULL,NULL,NULL,NULL,NULL,NULL,'2014-01-19 00:00:00','2014-01-17 00:00:00'),(36,1,21,NULL,'2014-01-15 00:00:00',NULL,NULL,NULL,44,1,NULL,NULL,NULL,NULL,NULL,NULL,'2014-01-29 00:00:00',NULL),(37,1,21,NULL,'2014-01-29 00:00:00',NULL,NULL,NULL,44,1,NULL,NULL,NULL,NULL,NULL,NULL,'2014-01-29 00:00:00','2014-01-31 00:00:00'),(38,1,21,NULL,'2014-01-29 00:00:00',NULL,NULL,NULL,44,1,NULL,NULL,NULL,NULL,NULL,NULL,'2014-01-31 00:00:00','2014-01-18 00:00:00'),(39,1,21,NULL,'2014-01-29 00:00:00',NULL,NULL,NULL,44,1,NULL,NULL,NULL,NULL,NULL,NULL,'2014-01-18 00:00:00',NULL),(40,1,21,NULL,'2014-01-03 00:00:00',NULL,NULL,NULL,NULL,1,NULL,NULL,NULL,NULL,NULL,NULL,'2014-01-22 00:00:00',NULL),(41,1,21,NULL,'2014-01-03 00:00:00',NULL,NULL,NULL,44,1,NULL,NULL,NULL,NULL,NULL,NULL,'2014-01-03 00:00:00','2014-01-22 00:00:00');

--
-- Table structure for table `costing_equipment_line`
--

CREATE TABLE `costing_equipment_line` (
  `id_costing_equipment_line` int(11) NOT NULL AUTO_INCREMENT,
  `id_billing_frequency` int(11) DEFAULT NULL,
  `id_currency` int(11) DEFAULT NULL,
  `id_equipment` int(11) DEFAULT NULL,
  `dt_start` datetime DEFAULT NULL,
  `dt_end` datetime DEFAULT NULL,
  `nb_contract_duration` int(11) DEFAULT NULL,
  `nb_n_period` int(11) DEFAULT NULL,
  `id_equipment_instance` int(11) DEFAULT NULL,
  `id_billing_period` int(11) DEFAULT NULL,
  `mt_nrc` decimal(10,0) DEFAULT NULL,
  `mt_mrc` decimal(10,0) DEFAULT NULL,
  `lb_nrc` varchar(255) COLLATE utf8_unicode_ci DEFAULT NULL,
  `lb_mrc` varchar(255) COLLATE utf8_unicode_ci DEFAULT NULL,
  `mt_nrc_euro` decimal(10,0) DEFAULT NULL,
  `mt_mrc_euro` decimal(10,0) DEFAULT NULL,
  `dt_start_mrc` datetime DEFAULT NULL,
  `dt_end_mrc` datetime DEFAULT NULL,
  PRIMARY KEY (`id_costing_equipment_line`),
  KEY `IDX_4FAC1CA635BB25A` (`id_billing_frequency`),
  KEY `IDX_4FAC1CA398D64AA` (`id_currency`),
  KEY `IDX_4FAC1CA530D69A4` (`id_equipment`),
  KEY `IDX_4FAC1CAF1D18757` (`id_equipment_instance`),
  KEY `IDX_4FAC1CABD048098` (`id_billing_period`),
  CONSTRAINT `FK_4FAC1CA398D64AA` FOREIGN KEY (`id_currency`) REFERENCES `currency` (`id_currency`),
  CONSTRAINT `FK_4FAC1CA530D69A4` FOREIGN KEY (`id_equipment`) REFERENCES `equipment` (`id_equipment`),
  CONSTRAINT `FK_4FAC1CA635BB25A` FOREIGN KEY (`id_billing_frequency`) REFERENCES `billing_frequency` (`id_billing_frequency`),
  CONSTRAINT `FK_4FAC1CABD048098` FOREIGN KEY (`id_billing_period`) REFERENCES `billing_period` (`id_billing_period`),
  CONSTRAINT `FK_4FAC1CAF1D18757` FOREIGN KEY (`id_equipment_instance`) REFERENCES `equipment_instance` (`id_equipment_instance`)
) ENGINE=InnoDB AUTO_INCREMENT=28 DEFAULT CHARSET=utf8 COLLATE=utf8_unicode_ci;

--
-- Dumping data for table `costing_equipment_line`
--

INSERT INTO `costing_equipment_line` VALUES (1,1,20,NULL,'2013-05-29 00:00:00',NULL,5,5,NULL,NULL,NULL,NULL,NULL,NULL,NULL,NULL,NULL,NULL),(2,1,20,NULL,'2013-05-29 00:00:00',NULL,10,10,NULL,NULL,NULL,NULL,NULL,NULL,NULL,NULL,NULL,NULL),(3,1,20,NULL,'2013-05-30 00:00:00',NULL,12,12,NULL,NULL,NULL,NULL,NULL,NULL,NULL,NULL,NULL,NULL),(4,1,20,NULL,'2013-06-25 00:00:00',NULL,12,12,NULL,NULL,NULL,NULL,NULL,NULL,NULL,NULL,NULL,NULL),(5,1,20,NULL,'2013-05-29 00:00:00',NULL,1,1,NULL,NULL,NULL,NULL,NULL,NULL,NULL,NULL,NULL,NULL),(6,1,20,NULL,'2013-05-29 00:00:00',NULL,12,15,NULL,NULL,NULL,NULL,NULL,NULL,NULL,NULL,NULL,NULL),(7,1,20,NULL,'2013-05-31 00:00:00',NULL,12,12,NULL,NULL,NULL,NULL,NULL,NULL,NULL,NULL,NULL,NULL),(8,1,20,NULL,NULL,NULL,15,15,NULL,NULL,NULL,NULL,NULL,NULL,NULL,NULL,NULL,NULL),(9,1,20,NULL,'2013-05-30 00:00:00',NULL,8,8,NULL,NULL,NULL,NULL,NULL,NULL,NULL,NULL,NULL,NULL),(10,1,20,438,'2013-06-12 00:00:00',NULL,1,1,NULL,NULL,NULL,NULL,NULL,NULL,NULL,NULL,NULL,NULL),(11,1,20,450,'2013-06-12 00:00:00',NULL,1,1,NULL,NULL,NULL,NULL,NULL,NULL,NULL,NULL,NULL,NULL),(12,NULL,NULL,492,NULL,NULL,NULL,NULL,NULL,NULL,NULL,NULL,NULL,NULL,NULL,NULL,NULL,NULL),(13,NULL,NULL,492,NULL,NULL,NULL,NULL,NULL,NULL,NULL,NULL,NULL,NULL,NULL,NULL,NULL,NULL),(14,1,20,NULL,'2013-11-22 00:00:00',NULL,NULL,NULL,3,NULL,NULL,NULL,NULL,NULL,NULL,NULL,NULL,NULL),(15,1,20,491,'2013-11-21 00:00:00',NULL,NULL,NULL,NULL,NULL,NULL,NULL,NULL,NULL,NULL,NULL,NULL,NULL),(16,1,20,491,'2013-11-21 00:00:00',NULL,NULL,NULL,NULL,NULL,NULL,NULL,NULL,NULL,NULL,NULL,NULL,NULL),(17,1,20,NULL,'2013-11-21 00:00:00',NULL,NULL,NULL,50,NULL,NULL,NULL,NULL,NULL,NULL,NULL,NULL,NULL),(18,1,20,NULL,'2013-11-21 00:00:00',NULL,NULL,NULL,50,NULL,NULL,NULL,NULL,NULL,NULL,NULL,NULL,NULL),(19,1,20,NULL,'2013-11-21 00:00:00',NULL,NULL,NULL,51,NULL,NULL,NULL,NULL,NULL,NULL,NULL,NULL,NULL),(20,1,20,NULL,'2013-11-21 00:00:00',NULL,NULL,NULL,51,1,NULL,NULL,NULL,NULL,NULL,NULL,'2014-01-17 00:00:00','2014-01-10 00:00:00'),(21,1,20,NULL,'2013-11-21 00:00:00',NULL,NULL,NULL,53,NULL,NULL,NULL,NULL,NULL,NULL,NULL,NULL,NULL),(22,1,20,NULL,'2013-11-21 00:00:00',NULL,NULL,NULL,53,NULL,NULL,NULL,NULL,NULL,NULL,NULL,NULL,NULL),(23,1,20,NULL,'2013-11-21 00:00:00',NULL,NULL,NULL,51,1,NULL,NULL,NULL,NULL,NULL,NULL,'2014-01-10 00:00:00','2014-01-18 00:00:00'),(24,1,20,NULL,'2013-11-21 00:00:00',NULL,NULL,NULL,51,1,NULL,NULL,NULL,NULL,NULL,NULL,'2014-01-18 00:00:00','2014-01-25 00:00:00'),(25,1,20,NULL,'2013-11-21 00:00:00',NULL,NULL,NULL,51,1,NULL,NULL,NULL,NULL,NULL,NULL,'2014-01-25 00:00:00',NULL),(26,1,20,NULL,'2013-11-21 00:00:00',NULL,NULL,NULL,54,NULL,NULL,NULL,NULL,NULL,NULL,NULL,NULL,NULL),(27,1,20,NULL,'2013-11-21 00:00:00',NULL,NULL,NULL,54,NULL,NULL,NULL,NULL,NULL,NULL,NULL,NULL,NULL);

--
-- Table structure for table `costing_local_loop_line`
--

CREATE TABLE `costing_local_loop_line` (
  `id_costing_local_loop_line` int(11) NOT NULL AUTO_INCREMENT,
  `id_billing_frequency` int(11) DEFAULT NULL,
  `id_currency` int(11) DEFAULT NULL,
  `id_local_loop` int(11) DEFAULT NULL,
  `id_local_loop_option` int(11) DEFAULT NULL,
  `dt_start` datetime DEFAULT NULL,
  `dt_end` datetime DEFAULT NULL,
  `nb_contract_duration` int(11) DEFAULT NULL,
  `nb_n_period` int(11) DEFAULT NULL,
  `id_provider` int(11) DEFAULT NULL,
  `id_provider_address` int(11) DEFAULT NULL,
  `id_contact` int(11) DEFAULT NULL,
  `id_billing_period` int(11) DEFAULT NULL,
  `mt_nrc` decimal(10,0) DEFAULT NULL,
  `mt_mrc` decimal(10,0) DEFAULT NULL,
  `lb_nrc` varchar(255) COLLATE utf8_unicode_ci DEFAULT NULL,
  `lb_mrc` varchar(255) COLLATE utf8_unicode_ci DEFAULT NULL,
  `mt_nrc_euro` decimal(10,0) DEFAULT NULL,
  `mt_mrc_euro` decimal(10,0) DEFAULT NULL,
  `dt_start_mrc` datetime DEFAULT NULL,
  `dt_end_mrc` datetime DEFAULT NULL,
  `cd_provider_account` varchar(45) COLLATE utf8_unicode_ci DEFAULT NULL,
  PRIMARY KEY (`id_costing_local_loop_line`),
  KEY `IDX_51FEEA7E635BB25A` (`id_billing_frequency`),
  KEY `IDX_51FEEA7E398D64AA` (`id_currency`),
  KEY `IDX_51FEEA7E38CAF7EA` (`id_local_loop`),
  KEY `IDX_51FEEA7E9AC817FF` (`id_local_loop_option`),
  KEY `IDX_51FEEA7EC21F9F09` (`id_provider`),
  KEY `IDX_51FEEA7E1E9C98F7` (`id_provider_address`),
  KEY `IDX_51FEEA7E92FF4F48` (`id_contact`),
  KEY `IDX_51FEEA7EBD048098` (`id_billing_period`),
  CONSTRAINT `FK_51FEEA7E1E9C98F7` FOREIGN KEY (`id_provider_address`) REFERENCES `address_provider` (`id_address_provider`),
  CONSTRAINT `FK_51FEEA7E38CAF7EA` FOREIGN KEY (`id_local_loop`) REFERENCES `local_loop` (`id_local_loop`),
  CONSTRAINT `FK_51FEEA7E398D64AA` FOREIGN KEY (`id_currency`) REFERENCES `currency` (`id_currency`),
  CONSTRAINT `FK_51FEEA7E635BB25A` FOREIGN KEY (`id_billing_frequency`) REFERENCES `billing_frequency` (`id_billing_frequency`),
  CONSTRAINT `FK_51FEEA7E92FF4F48` FOREIGN KEY (`id_contact`) REFERENCES `contact_provider` (`id_contact_provider`),
  CONSTRAINT `FK_51FEEA7E9AC817FF` FOREIGN KEY (`id_local_loop_option`) REFERENCES `local_loop_option` (`id_local_loop_option`),
  CONSTRAINT `FK_51FEEA7EBD048098` FOREIGN KEY (`id_billing_period`) REFERENCES `billing_period` (`id_billing_period`),
  CONSTRAINT `FK_51FEEA7EC21F9F09` FOREIGN KEY (`id_provider`) REFERENCES `provider` (`id_provider`)
) ENGINE=InnoDB AUTO_INCREMENT=36 DEFAULT CHARSET=utf8 COLLATE=utf8_unicode_ci;

--
-- Dumping data for table `costing_local_loop_line`
--

INSERT INTO `costing_local_loop_line` VALUES (1,1,20,10,1,'2014-01-07 00:00:00',NULL,NULL,NULL,9,12,6,1,NULL,NULL,NULL,NULL,NULL,NULL,'2014-01-08 00:00:00','2014-01-25 00:00:00',NULL),(2,1,20,15,NULL,'2013-12-31 00:00:00',NULL,NULL,NULL,9,5,5,1,NULL,NULL,NULL,NULL,NULL,NULL,'2014-01-16 00:00:00',NULL,NULL),(4,1,20,10,1,'2014-01-07 00:00:00',NULL,NULL,NULL,9,12,6,1,NULL,NULL,NULL,NULL,NULL,NULL,'2014-01-25 00:00:00','2014-01-17 00:00:00',NULL),(5,NULL,NULL,22,3,NULL,NULL,NULL,NULL,10,NULL,NULL,NULL,NULL,NULL,NULL,NULL,NULL,NULL,NULL,NULL,NULL),(6,1,20,23,NULL,'2014-04-26 00:00:00',NULL,NULL,NULL,9,5,4,1,1000,245,NULL,NULL,NULL,NULL,'2014-01-25 00:00:00',NULL,NULL),(7,4,20,29,NULL,'2014-01-31 00:00:00',NULL,360,90,9,12,4,1,10076,865,'5076+2550+2450',NULL,NULL,NULL,'2014-01-31 00:00:00',NULL,NULL),(8,4,20,31,NULL,'2014-01-31 00:00:00',NULL,360,90,9,12,5,1,NULL,NULL,NULL,NULL,NULL,NULL,'2014-01-31 00:00:00','2014-01-24 00:00:00',NULL),(9,4,20,31,NULL,'2014-01-31 00:00:00',NULL,360,90,9,12,5,1,NULL,NULL,NULL,NULL,NULL,NULL,'2014-01-25 00:00:00','2014-01-31 00:00:00',NULL),(10,4,20,31,NULL,'2014-01-31 00:00:00',NULL,360,90,9,12,5,1,NULL,NULL,NULL,NULL,NULL,NULL,'2014-02-01 00:00:00','2014-01-31 00:00:00',NULL),(11,4,20,31,NULL,'2014-01-31 00:00:00',NULL,360,90,9,12,5,1,NULL,NULL,NULL,NULL,NULL,NULL,'2014-02-01 00:00:00','2014-01-24 00:00:00',NULL),(12,4,20,31,NULL,'2014-01-31 00:00:00',NULL,360,90,9,12,5,1,NULL,NULL,NULL,NULL,NULL,NULL,'2014-01-25 00:00:00','2014-01-25 00:00:00',NULL),(13,4,20,31,NULL,'2014-01-31 00:00:00',NULL,360,90,9,12,5,1,NULL,NULL,NULL,NULL,NULL,NULL,'2014-01-25 00:00:00','2014-01-25 00:00:00',NULL),(14,4,20,31,NULL,'2014-01-31 00:00:00',NULL,360,90,9,12,5,1,NULL,NULL,NULL,NULL,NULL,NULL,'2014-01-25 00:00:00','2014-02-01 00:00:00',NULL),(15,4,20,31,NULL,'2014-01-31 00:00:00',NULL,360,90,9,12,5,1,NULL,NULL,NULL,NULL,NULL,NULL,'2014-02-01 00:00:00','2014-01-25 00:00:00',NULL),(16,4,20,31,NULL,'2014-01-31 00:00:00',NULL,360,90,9,12,5,1,NULL,NULL,NULL,NULL,NULL,NULL,'2014-01-25 00:00:00','2014-01-05 00:00:00',NULL),(17,4,20,31,NULL,'2014-01-31 00:00:00',NULL,360,90,9,12,5,1,NULL,NULL,NULL,NULL,NULL,NULL,'2014-01-05 00:00:00','2014-01-03 00:00:00',NULL),(18,4,20,31,NULL,'2014-01-31 00:00:00',NULL,360,90,9,12,5,1,NULL,NULL,NULL,NULL,NULL,NULL,'2014-01-03 00:00:00',NULL,NULL),(19,4,20,30,NULL,'2014-01-10 00:00:00',NULL,360,90,10,13,7,1,NULL,NULL,NULL,NULL,NULL,NULL,'2014-01-10 00:00:00','2014-01-17 00:00:00',NULL),(20,4,20,30,NULL,'2014-01-10 00:00:00',NULL,360,90,10,13,7,1,NULL,NULL,NULL,NULL,NULL,NULL,'2014-01-17 00:00:00',NULL,NULL),(21,1,20,10,1,'2014-01-07 00:00:00',NULL,NULL,NULL,9,12,6,1,NULL,NULL,NULL,NULL,NULL,NULL,'2014-01-17 00:00:00','2014-01-25 00:00:00',NULL),(22,1,20,10,1,'2014-01-07 00:00:00',NULL,NULL,NULL,9,12,6,1,NULL,NULL,NULL,NULL,NULL,NULL,'2014-01-25 00:00:00',NULL,NULL),(23,4,20,33,NULL,'2014-02-15 00:00:00',NULL,360,90,9,12,10,1,988,233,NULL,NULL,NULL,NULL,'2014-02-15 00:00:00',NULL,NULL),(24,4,20,35,NULL,'2014-02-28 00:00:00',NULL,360,90,9,12,10,1,NULL,NULL,NULL,NULL,NULL,NULL,'2014-02-28 00:00:00',NULL,NULL),(25,4,20,37,NULL,'2014-03-28 00:00:00',NULL,360,90,9,12,10,1,1000,350,NULL,NULL,NULL,NULL,'2014-03-28 00:00:00','2014-03-29 00:00:00',NULL),(26,4,20,37,NULL,'2014-03-28 00:00:00',NULL,360,90,9,12,10,1,NULL,NULL,NULL,NULL,NULL,NULL,'2014-03-29 00:00:00','2014-05-01 00:00:00',NULL),(27,4,20,37,NULL,'2014-03-28 00:00:00',NULL,360,90,9,12,10,1,NULL,NULL,NULL,NULL,NULL,NULL,'2014-05-01 00:00:00',NULL,NULL),(28,4,20,11,NULL,NULL,NULL,360,90,9,12,10,1,NULL,NULL,NULL,NULL,NULL,NULL,NULL,'2014-02-22 00:00:00',NULL),(29,4,20,11,NULL,NULL,NULL,360,90,9,12,10,1,NULL,NULL,NULL,NULL,NULL,NULL,'2014-02-22 00:00:00',NULL,NULL),(30,4,20,47,NULL,'2014-05-29 00:00:00',NULL,360,90,15,15,8,1,100,798,NULL,NULL,NULL,NULL,'2014-05-29 00:00:00',NULL,NULL),(31,4,20,50,NULL,'2014-02-21 00:00:00','2014-02-19 00:00:00',360,90,15,15,8,1,1000,351,'300+550+150','200+150?98',NULL,NULL,'2014-02-21 00:00:00','2014-03-01 00:00:00',NULL),(32,4,20,50,NULL,'2014-02-21 00:00:00','2014-02-19 00:00:00',360,90,15,15,8,1,555,444,NULL,NULL,NULL,NULL,'2014-03-01 00:00:00','2014-05-25 00:00:00',NULL),(33,4,20,50,NULL,'2014-02-21 00:00:00','2014-02-19 00:00:00',360,90,15,15,8,1,NULL,NULL,NULL,NULL,NULL,NULL,'2014-05-25 00:00:00','2014-03-01 00:00:00',NULL),(34,4,20,50,NULL,'2014-02-21 00:00:00','2014-02-19 00:00:00',360,90,15,15,8,1,NULL,NULL,NULL,NULL,NULL,NULL,'2014-03-01 00:00:00',NULL,NULL),(35,4,20,50,4,'2014-03-01 00:00:00','2014-02-19 00:00:00',NULL,NULL,15,15,8,1,12,9,NULL,NULL,NULL,NULL,'2014-02-21 00:00:00',NULL,NULL);

--
-- Table structure for table `costing_patch_panel_line`
--

CREATE TABLE `costing_patch_panel_line` (
  `id_costing_patch_panel_line` int(11) NOT NULL AUTO_INCREMENT,
  `id_billing_frequency` int(11) DEFAULT NULL,
  `id_currency` int(11) DEFAULT NULL,
  `id_patch_panel` int(11) DEFAULT NULL,
  `dt_start` datetime DEFAULT NULL,
  `dt_end` datetime DEFAULT NULL,
  `nb_contract_duration` int(11) DEFAULT NULL,
  `nb_n_period` int(11) DEFAULT NULL,
  `id_patch_panel_instance` int(11) DEFAULT NULL,
  `id_billing_period` int(11) DEFAULT NULL,
  `mt_nrc` decimal(10,0) DEFAULT NULL,
  `mt_mrc` decimal(10,0) DEFAULT NULL,
  `lb_nrc` varchar(255) COLLATE utf8_unicode_ci DEFAULT NULL,
  `lb_mrc` varchar(255) COLLATE utf8_unicode_ci DEFAULT NULL,
  `mt_nrc_euro` decimal(10,0) DEFAULT NULL,
  `mt_mrc_euro` decimal(10,0) DEFAULT NULL,
  `dt_start_mrc` datetime DEFAULT NULL,
  `dt_end_mrc` datetime DEFAULT NULL,
  PRIMARY KEY (`id_costing_patch_panel_line`),
  KEY `IDX_2D73B41A635BB25A` (`id_billing_frequency`),
  KEY `IDX_2D73B41A398D64AA` (`id_currency`),
  KEY `IDX_2D73B41A61B7E895` (`id_patch_panel`),
  KEY `IDX_2D73B41A9ABD60CA` (`id_patch_panel_instance`),
  KEY `IDX_2D73B41ABD048098` (`id_billing_period`),
  CONSTRAINT `FK_2D73B41A398D64AA` FOREIGN KEY (`id_currency`) REFERENCES `currency` (`id_currency`),
  CONSTRAINT `FK_2D73B41A61B7E895` FOREIGN KEY (`id_patch_panel`) REFERENCES `patch_panel` (`id_patch_panel`),
  CONSTRAINT `FK_2D73B41A635BB25A` FOREIGN KEY (`id_billing_frequency`) REFERENCES `billing_frequency` (`id_billing_frequency`),
  CONSTRAINT `FK_2D73B41A9ABD60CA` FOREIGN KEY (`id_patch_panel_instance`) REFERENCES `patch_panel_instance` (`id_patch_panel_instance`),
  CONSTRAINT `FK_2D73B41ABD048098` FOREIGN KEY (`id_billing_period`) REFERENCES `billing_period` (`id_billing_period`)
) ENGINE=InnoDB DEFAULT CHARSET=utf8 COLLATE=utf8_unicode_ci;

--
-- Dumping data for table `costing_patch_panel_line`
--


--
-- Table structure for table `costing_pop`
--

CREATE TABLE `costing_pop` (
  `id_costing_pop` int(11) NOT NULL AUTO_INCREMENT,
  `id_provider` int(11) DEFAULT NULL,
  `id_contact` int(11) DEFAULT NULL,
  `id_address` int(11) DEFAULT NULL,
  `cd_provider_account` varchar(45) COLLATE utf8_unicode_ci DEFAULT NULL,
  `comment` longtext COLLATE utf8_unicode_ci,
  `id_pop` int(11) DEFAULT NULL,
  PRIMARY KEY (`id_costing_pop`),
  KEY `IDX_1154C3E3C21F9F09` (`id_provider`),
  KEY `IDX_1154C3E392FF4F48` (`id_contact`),
  KEY `IDX_1154C3E3D3D3C6F1` (`id_address`),
  KEY `IDX_1154C3E387745F4C` (`id_pop`),
  CONSTRAINT `FK_1154C3E387745F4C` FOREIGN KEY (`id_pop`) REFERENCES `pop` (`id_pop`),
  CONSTRAINT `FK_1154C3E392FF4F48` FOREIGN KEY (`id_contact`) REFERENCES `contact_provider` (`id_contact_provider`),
  CONSTRAINT `FK_1154C3E3C21F9F09` FOREIGN KEY (`id_provider`) REFERENCES `provider` (`id_provider`),
  CONSTRAINT `FK_1154C3E3D3D3C6F1` FOREIGN KEY (`id_address`) REFERENCES `address_provider` (`id_address_provider`)
) ENGINE=InnoDB AUTO_INCREMENT=11 DEFAULT CHARSET=utf8 COLLATE=utf8_unicode_ci;

--
-- Dumping data for table `costing_pop`
--

INSERT INTO `costing_pop` VALUES (1,14,3,8,'45454',NULL,9),(2,14,2,8,'123',NULL,9),(3,9,4,5,'57123',NULL,10),(4,14,3,9,'8312',NULL,14),(5,16,13,18,'5454','test3',13),(6,15,16,16,'45666','test',13),(7,15,9,15,'6565','est',13),(8,15,16,15,'6565','test2',13),(9,15,9,15,'565','test 4',13),(10,16,12,19,'55','testu',13);

--
-- Table structure for table `costing_pop_line`
--

CREATE TABLE `costing_pop_line` (
  `id_costing_pop_line` int(11) NOT NULL AUTO_INCREMENT,
  `id_billing_frequency` int(11) DEFAULT NULL,
  `id_currency` int(11) DEFAULT NULL,
  `id_costing_pop` int(11) DEFAULT NULL,
  `dt_start` datetime DEFAULT NULL,
  `dt_end` datetime DEFAULT NULL,
  `nb_contract_duration` int(11) DEFAULT NULL,
  `nb_n_period` int(11) DEFAULT NULL,
  `id_billing_period` int(11) DEFAULT NULL,
  `mt_nrc` decimal(10,0) DEFAULT NULL,
  `mt_mrc` decimal(10,0) DEFAULT NULL,
  `lb_nrc` varchar(255) COLLATE utf8_unicode_ci DEFAULT NULL,
  `lb_mrc` varchar(255) COLLATE utf8_unicode_ci DEFAULT NULL,
  `mt_nrc_euro` decimal(10,0) DEFAULT NULL,
  `mt_mrc_euro` decimal(10,0) DEFAULT NULL,
  `dt_start_mrc` datetime DEFAULT NULL,
  `dt_end_mrc` datetime DEFAULT NULL,
  `id_provider` int(11) DEFAULT NULL,
  `id_provider_address` int(11) DEFAULT NULL,
  `id_contact` int(11) DEFAULT NULL,
  `cd_provider_account` varchar(45) COLLATE utf8_unicode_ci DEFAULT NULL,
  PRIMARY KEY (`id_costing_pop_line`),
  KEY `IDX_BFD19D76635BB25A` (`id_billing_frequency`),
  KEY `IDX_BFD19D76398D64AA` (`id_currency`),
  KEY `IDX_BFD19D769460E14` (`id_costing_pop`),
  KEY `IDX_BFD19D76BD048098` (`id_billing_period`),
  KEY `IDX_BFD19D76C21F9F09` (`id_provider`),
  KEY `IDX_BFD19D761E9C98F7` (`id_provider_address`),
  KEY `IDX_BFD19D7692FF4F48` (`id_contact`),
  CONSTRAINT `FK_BFD19D761E9C98F7` FOREIGN KEY (`id_provider_address`) REFERENCES `address_provider` (`id_address_provider`),
  CONSTRAINT `FK_BFD19D76398D64AA` FOREIGN KEY (`id_currency`) REFERENCES `currency` (`id_currency`),
  CONSTRAINT `FK_BFD19D76635BB25A` FOREIGN KEY (`id_billing_frequency`) REFERENCES `billing_frequency` (`id_billing_frequency`),
  CONSTRAINT `FK_BFD19D7692FF4F48` FOREIGN KEY (`id_contact`) REFERENCES `contact_provider` (`id_contact_provider`),
  CONSTRAINT `FK_BFD19D769460E14` FOREIGN KEY (`id_costing_pop`) REFERENCES `costing_pop` (`id_costing_pop`),
  CONSTRAINT `FK_BFD19D76BD048098` FOREIGN KEY (`id_billing_period`) REFERENCES `billing_period` (`id_billing_period`),
  CONSTRAINT `FK_BFD19D76C21F9F09` FOREIGN KEY (`id_provider`) REFERENCES `provider` (`id_provider`)
) ENGINE=InnoDB AUTO_INCREMENT=5 DEFAULT CHARSET=utf8 COLLATE=utf8_unicode_ci;

--
-- Dumping data for table `costing_pop_line`
--

INSERT INTO `costing_pop_line` VALUES (3,1,20,1,'2014-01-24 00:00:00',NULL,NULL,NULL,NULL,NULL,NULL,NULL,NULL,NULL,NULL,NULL,NULL,NULL,NULL,NULL,NULL),(4,1,20,2,'2014-01-25 00:00:00',NULL,NULL,NULL,NULL,NULL,NULL,NULL,NULL,NULL,NULL,NULL,NULL,NULL,NULL,NULL,NULL);

--
-- Table structure for table `costing_port_line`
--

CREATE TABLE `costing_port_line` (
  `id_costing_port_line` int(11) NOT NULL AUTO_INCREMENT,
  `id_billing_frequency` int(11) DEFAULT NULL,
  `id_currency` int(11) DEFAULT NULL,
  `id_port` int(11) DEFAULT NULL,
  `dt_start` datetime DEFAULT NULL,
  `dt_end` datetime DEFAULT NULL,
  `nb_contract_duration` int(11) DEFAULT NULL,
  `nb_n_period` int(11) DEFAULT NULL,
  `id_port_instance` int(11) DEFAULT NULL,
  `id_billing_period` int(11) DEFAULT NULL,
  `mt_nrc` decimal(10,0) DEFAULT NULL,
  `mt_mrc` decimal(10,0) DEFAULT NULL,
  `lb_nrc` varchar(255) COLLATE utf8_unicode_ci DEFAULT NULL,
  `lb_mrc` varchar(255) COLLATE utf8_unicode_ci DEFAULT NULL,
  `mt_nrc_euro` decimal(10,0) DEFAULT NULL,
  `mt_mrc_euro` decimal(10,0) DEFAULT NULL,
  `dt_start_mrc` datetime DEFAULT NULL,
  `dt_end_mrc` datetime DEFAULT NULL,
  PRIMARY KEY (`id_costing_port_line`),
  KEY `IDX_9B136638635BB25A` (`id_billing_frequency`),
  KEY `IDX_9B136638398D64AA` (`id_currency`),
  KEY `IDX_9B136638C8B141CE` (`id_port`),
  KEY `IDX_9B136638827B36DA` (`id_port_instance`),
  KEY `IDX_9B136638BD048098` (`id_billing_period`),
  CONSTRAINT `FK_9B136638398D64AA` FOREIGN KEY (`id_currency`) REFERENCES `currency` (`id_currency`),
  CONSTRAINT `FK_9B136638635BB25A` FOREIGN KEY (`id_billing_frequency`) REFERENCES `billing_frequency` (`id_billing_frequency`),
  CONSTRAINT `FK_9B136638827B36DA` FOREIGN KEY (`id_port_instance`) REFERENCES `port_instance` (`id_port_instance`),
  CONSTRAINT `FK_9B136638BD048098` FOREIGN KEY (`id_billing_period`) REFERENCES `billing_period` (`id_billing_period`),
  CONSTRAINT `FK_9B136638C8B141CE` FOREIGN KEY (`id_port`) REFERENCES `port` (`id_port`)
) ENGINE=InnoDB AUTO_INCREMENT=2 DEFAULT CHARSET=utf8 COLLATE=utf8_unicode_ci;

--
-- Dumping data for table `costing_port_line`
--

INSERT INTO `costing_port_line` VALUES (1,1,21,NULL,'2013-06-04 00:00:00',NULL,1,1,NULL,NULL,NULL,NULL,NULL,NULL,NULL,NULL,NULL,NULL);

--
-- Table structure for table `costing_service_line`
--

CREATE TABLE `costing_service_line` (
  `id_costing_service_line` int(11) NOT NULL AUTO_INCREMENT,
  `id_currency` int(11) DEFAULT NULL,
  `id_service` int(11) DEFAULT NULL,
  `id_service_extremity` int(11) DEFAULT NULL,
  `id_service_extremity_option` int(11) DEFAULT NULL,
  `id_service_option` int(11) DEFAULT NULL,
  `cd_customer_service` varchar(45) COLLATE utf8_unicode_ci DEFAULT NULL,
  `dt_start` datetime DEFAULT NULL,
  `dt_end` datetime DEFAULT NULL,
  `nb_contract_duration` int(11) DEFAULT NULL,
  `nb_percent` decimal(10,0) DEFAULT NULL,
  PRIMARY KEY (`id_costing_service_line`),
  KEY `IDX_7B265529398D64AA` (`id_currency`),
  KEY `IDX_7B2655293F0033A2` (`id_service`),
  KEY `IDX_7B265529C53102E9` (`id_service_extremity`),
  KEY `IDX_7B265529A5972AFE` (`id_service_extremity_option`),
  KEY `IDX_7B2655295927B880` (`id_service_option`),
  CONSTRAINT `FK_7B265529398D64AA` FOREIGN KEY (`id_currency`) REFERENCES `currency` (`id_currency`),
  CONSTRAINT `FK_7B2655293F0033A2` FOREIGN KEY (`id_service`) REFERENCES `service` (`id_service`),
  CONSTRAINT `FK_7B2655295927B880` FOREIGN KEY (`id_service_option`) REFERENCES `service_option` (`id_service_option`),
  CONSTRAINT `FK_7B265529A5972AFE` FOREIGN KEY (`id_service_extremity_option`) REFERENCES `service_extremity_option` (`id_service_extremity_option`),
  CONSTRAINT `FK_7B265529C53102E9` FOREIGN KEY (`id_service_extremity`) REFERENCES `service_extremity` (`id_service_extremity`)
) ENGINE=InnoDB DEFAULT CHARSET=utf8 COLLATE=utf8_unicode_ci;

--
-- Dumping data for table `costing_service_line`
--


--
-- Table structure for table `country`
--

CREATE TABLE `country` (
  `id_country` int(11) NOT NULL AUTO_INCREMENT,
  `cd_country` varchar(15) NOT NULL,
  `lb_country` varchar(100) NOT NULL,
  `bl_deactivated` tinyint(1) DEFAULT NULL,
  `dt_create` datetime DEFAULT NULL,
  `dt_update` datetime DEFAULT NULL,
  `id_user_create_by` int(11) DEFAULT NULL,
  `id_user_update_by` int(11) DEFAULT NULL,
  `dt_deactivated` datetime DEFAULT NULL,
  PRIMARY KEY (`id_country`),
  KEY `id_user_create_by` (`id_user_create_by`),
  KEY `id_user_update_by` (`id_user_update_by`),
  CONSTRAINT `FK_5373C966536A5873` FOREIGN KEY (`id_user_create_by`) REFERENCES `myuser` (`id`),
  CONSTRAINT `FK_5373C96668E26F41` FOREIGN KEY (`id_user_update_by`) REFERENCES `myuser` (`id`)
) ENGINE=InnoDB AUTO_INCREMENT=34 DEFAULT CHARSET=utf8;

--
-- Dumping data for table `country`
--

INSERT INTO `country` VALUES (1,'lb','Albanie',1,NULL,'2013-10-07 00:00:00',NULL,2,'2013-09-25 00:00:00'),(2,'en','England',1,NULL,'2013-07-02 11:22:16',NULL,2,'2013-04-15 10:41:31'),(3,'sdf','Sans Droite Factorielle',1,NULL,'2013-07-01 10:41:31',NULL,2,'2013-04-15 10:41:31'),(4,'fr','France',1,NULL,'2013-06-26 10:41:31',NULL,2,NULL),(5,'en','England',1,NULL,'2013-04-19 00:00:00',NULL,2,NULL),(6,'sz','Switzerland',1,NULL,'2013-04-19 10:41:31',NULL,2,NULL),(7,'Rm','Roumania',NULL,NULL,'2013-04-19 10:41:31',NULL,2,'2013-04-15 10:41:31'),(8,'It','Italia',0,NULL,'2013-08-26 00:00:00',NULL,2,'2013-08-26 00:00:00'),(9,'Deu','Deutsch',0,NULL,'2013-08-26 16:04:56',NULL,2,'2013-04-16 10:41:31'),(10,'Bul','Bulgarie',1,NULL,'2013-08-26 00:00:00',NULL,2,'2013-04-15 00:00:00'),(11,'Li','Lituania',1,NULL,'2013-04-19 10:41:31',NULL,2,NULL),(12,'TR','Troie',1,NULL,'2013-07-02 10:41:31',NULL,2,NULL),(13,'aze','azerbaidja',1,'2013-04-19 10:41:31','2013-04-19 10:41:31',2,2,NULL),(14,'be','Belgium',1,'2013-04-23 10:41:31','2013-04-23 10:41:31',2,2,NULL),(15,'po','Portugal',1,'2013-04-23 10:41:31','2013-04-23 10:41:31',2,2,NULL),(16,'CC','Coruscant',1,'2013-04-30 10:41:31','2013-07-02 10:41:31',2,2,'2013-04-30 10:41:31'),(17,'GH','Gouffre de Helm',1,'2013-05-21 10:41:31','2013-07-02 10:41:31',2,2,NULL),(18,'PERU123','Peru',1,'2013-06-24 10:41:31','2013-06-24 10:41:31',2,2,NULL),(19,'CH','Chine',1,'2013-06-25 10:41:31','2013-06-25 10:41:31',2,2,NULL),(20,'Be','Benin',1,'2013-06-26 10:41:31','2013-06-26 10:41:31',2,2,NULL),(21,'SP','Spain',1,'2014-01-17 16:00:27','2014-01-17 16:00:27',2,2,NULL),(22,'CZ','Tchekoslovakia',1,'2014-01-21 12:44:57','2014-01-21 12:44:57',2,2,NULL),(23,'CZ','Tchekoslovakia',0,'2014-01-21 00:00:00','2014-01-21 00:00:00',2,2,'2014-01-22 10:53:27'),(24,'CZ','Tchekoslovakia',0,'2014-01-21 00:00:00','2014-01-21 00:00:00',2,2,'2014-01-22 10:53:58'),(25,'lb','Lebanon',1,'2014-01-21 12:45:34','2014-01-21 12:45:34',2,2,NULL),(26,'AF','AFRICA',1,'2014-01-21 12:50:23','2014-01-21 12:50:23',2,2,NULL),(27,'It','Italia',1,'2014-01-21 12:52:10','2014-01-21 12:52:10',2,2,NULL),(28,'AFGH','Afganistan',1,'2014-01-21 00:00:00','2014-01-21 00:00:00',2,2,NULL),(29,'IRAK','IRAK*',1,'2014-01-21 00:00:00','2014-01-21 00:00:00',2,2,NULL),(30,'FIN','Finlande',1,'2014-01-21 16:24:25','2014-01-21 16:24:25',2,2,NULL),(31,'Russia','Russia*',1,'2014-01-23 16:16:38','2014-01-23 16:16:38',2,2,NULL),(32,'E-Spain','Spain*',1,'2014-01-24 00:00:00','2014-01-24 00:00:00',2,2,NULL),(33,'D GER','GERMANY',1,'2014-01-31 00:00:00','2014-01-31 00:00:00',2,2,NULL);

--
-- Table structure for table `country_provider_group`
--

CREATE TABLE `country_provider_group` (
  `id_country_provider_group` int(11) NOT NULL AUTO_INCREMENT,
  `id_cluster` int(11) DEFAULT NULL,
  `id_country` int(11) DEFAULT NULL,
  `lb_country_group` varchar(100) NOT NULL,
  `bl_deactivated` tinyint(1) NOT NULL,
  `dt_deactivated` datetime DEFAULT NULL,
  `dt_create` datetime DEFAULT NULL,
  `dt_update` datetime DEFAULT NULL,
  `id_user_create_by` int(11) DEFAULT NULL,
  `id_user_update_by` int(11) DEFAULT NULL,
  PRIMARY KEY (`id_country_provider_group`),
  KEY `id_cluster` (`id_cluster`),
  KEY `id_country` (`id_country`),
  KEY `id_user_create` (`id_user_create_by`),
  KEY `id_user_update` (`id_user_update_by`),
  CONSTRAINT `FK_A86C42CA3B58C0E4` FOREIGN KEY (`id_cluster`) REFERENCES `cluster` (`id_cluster`),
  CONSTRAINT `FK_A86C42CA536A5873` FOREIGN KEY (`id_user_create_by`) REFERENCES `myuser` (`id`),
  CONSTRAINT `FK_A86C42CA68E26F41` FOREIGN KEY (`id_user_update_by`) REFERENCES `myuser` (`id`),
  CONSTRAINT `FK_A86C42CA8DEE6016` FOREIGN KEY (`id_country`) REFERENCES `country` (`id_country`)
) ENGINE=InnoDB AUTO_INCREMENT=12 DEFAULT CHARSET=utf8;

--
-- Dumping data for table `country_provider_group`
--

INSERT INTO `country_provider_group` VALUES (1,1,4,'12',1,NULL,'2013-05-27 11:27:19','2013-05-27 11:27:19',2,2),(2,1,10,'12',1,NULL,'2013-06-26 11:27:19','2013-06-26 11:27:19',2,2),(3,1,2,'23',1,NULL,'2013-06-26 11:27:19','2013-06-26 11:27:19',2,2),(4,1,9,'44',1,NULL,'2013-06-26 11:27:19','2013-06-26 11:27:19',2,2),(5,2,9,'12',1,NULL,'2013-07-02 11:27:19','2013-07-02 11:27:19',2,2),(6,2,4,'33',0,NULL,'2013-07-02 11:27:19','2013-07-02 11:27:19',2,2),(7,3,4,'gfhgfhgf',1,NULL,'2013-11-14 14:45:50','2013-11-14 14:45:50',2,2),(8,3,4,'NICE',1,NULL,'2014-01-20 14:50:05','2014-01-20 14:50:05',2,2),(9,NULL,NULL,'COLT EUROPE',1,NULL,'2014-02-18 00:00:00','2014-02-18 00:00:00',2,2),(10,NULL,NULL,'COLT Worldwide',1,NULL,'2014-02-18 00:00:00','2014-02-18 00:00:00',2,2),(11,NULL,NULL,'COLT APAC',1,NULL,'2014-02-18 16:29:57','2014-02-18 16:29:57',2,2);

--
-- Table structure for table `currency`
--

CREATE TABLE `currency` (
  `id_currency` int(11) NOT NULL AUTO_INCREMENT,
  `cd_currency` varchar(15) NOT NULL,
  `lb_currency` varchar(100) NOT NULL,
  `bl_deactivated` tinyint(1) DEFAULT NULL,
  `dt_create` datetime DEFAULT NULL,
  `dt_deactivated` datetime DEFAULT NULL,
  `dt_reactivated` datetime DEFAULT NULL,
  PRIMARY KEY (`id_currency`)
) ENGINE=InnoDB AUTO_INCREMENT=23 DEFAULT CHARSET=utf8;

--
-- Dumping data for table `currency`
--

INSERT INTO `currency` VALUES (20,'EUR','Euro',1,NULL,NULL,NULL),(21,'USD','Dollar',1,'2013-06-26 17:57:00',NULL,NULL),(22,'ESC','Escudos',0,'2013-07-02 09:52:36',NULL,NULL);

--
-- Table structure for table `currency_conversion`
--

CREATE TABLE `currency_conversion` (
  `id_currency_conversion` int(11) NOT NULL AUTO_INCREMENT,
  `id_currency_source` int(11) DEFAULT NULL,
  `id_currency_destination` int(11) DEFAULT NULL,
  `nb_currency_conversion` decimal(10,0) DEFAULT NULL,
  `dt_start` datetime DEFAULT NULL,
  `dt_end` datetime DEFAULT NULL,
  `bl_deactivated` tinyint(1) DEFAULT NULL,
  `id_user_create_by` int(11) DEFAULT NULL,
  `id_user_update_by` int(11) DEFAULT NULL,
  `dt_create` datetime DEFAULT NULL,
  `dt_update` datetime DEFAULT NULL,
  PRIMARY KEY (`id_currency_conversion`),
  KEY `IDX_5E76A27F12529A94` (`id_currency_source`),
  KEY `IDX_5E76A27F83DEC1AF` (`id_currency_destination`),
  KEY `IDX_5E76A27F536A5873` (`id_user_create_by`),
  KEY `IDX_5E76A27F68E26F41` (`id_user_update_by`),
  CONSTRAINT `FK_5E76A27F12529A94` FOREIGN KEY (`id_currency_source`) REFERENCES `currency` (`id_currency`),
  CONSTRAINT `FK_5E76A27F536A5873` FOREIGN KEY (`id_user_create_by`) REFERENCES `myuser` (`id`),
  CONSTRAINT `FK_5E76A27F68E26F41` FOREIGN KEY (`id_user_update_by`) REFERENCES `myuser` (`id`),
  CONSTRAINT `FK_5E76A27F83DEC1AF` FOREIGN KEY (`id_currency_destination`) REFERENCES `currency` (`id_currency`)
) ENGINE=InnoDB AUTO_INCREMENT=3 DEFAULT CHARSET=utf8;

--
-- Dumping data for table `currency_conversion`
--

INSERT INTO `currency_conversion` VALUES (1,21,20,5,'2014-01-02 00:00:00','2014-01-30 00:00:00',1,2,2,'2014-01-23 00:00:00','2014-01-23 00:00:00'),(2,21,20,2,'2014-01-01 00:00:00','2014-01-10 00:00:00',1,2,2,'2014-01-23 17:09:57','2014-01-23 17:09:57');

--
-- Table structure for table `customer`
--

CREATE TABLE `customer` (
  `id_customer` int(11) NOT NULL AUTO_INCREMENT,
  `id_branch` int(11) DEFAULT NULL,
  `cd_magellan` varchar(15) COLLATE utf8_bin DEFAULT NULL,
  `lb_customer` varchar(100) COLLATE utf8_bin DEFAULT NULL,
  `id_customer_nature` int(11) DEFAULT NULL,
  `dt_create` datetime DEFAULT NULL,
  `dt_update` datetime DEFAULT NULL,
  `id_user_update_by` int(11) DEFAULT NULL,
  `id_user_create_by` int(11) DEFAULT NULL,
  `bl_deactivated` tinyint(1) DEFAULT NULL,
  `lb_web` varchar(100) COLLATE utf8_bin DEFAULT NULL,
  `id_billing_frequency` int(11) DEFAULT NULL,
  `id_currency` int(11) DEFAULT NULL,
  `nb_n_period` int(11) DEFAULT NULL,
  `id_firm_type` int(11) DEFAULT NULL,
  `id_customer_manager` int(11) DEFAULT NULL,
  `comment` text COLLATE utf8_bin,
  `dt_deactivated` datetime DEFAULT NULL,
  `id_account_manager` int(11) DEFAULT NULL,
  `id_access` int(11) DEFAULT NULL,
  `id_activity` int(11) DEFAULT NULL,
  `cd_customer` varchar(100) COLLATE utf8_bin DEFAULT NULL,
  `nb_contract_duration` int(11) DEFAULT NULL,
  `id_customer_group` int(11) DEFAULT NULL,
  `lb_address` varchar(100) COLLATE utf8_bin DEFAULT NULL,
  PRIMARY KEY (`id_customer`),
  KEY `id_user_update_by` (`id_user_update_by`),
  KEY `id_user_create_by` (`id_user_create_by`),
  KEY `id_branch` (`id_branch`),
  KEY `id_customer_nature` (`id_customer_nature`),
  KEY `id_frequence` (`id_billing_frequency`),
  KEY `id_currency` (`id_currency`),
  KEY `id_firm_type` (`id_firm_type`),
  KEY `id_customer_manager` (`id_customer_manager`),
  KEY `id_account_manager` (`id_account_manager`),
  KEY `IDX_81398E09205E9EB9` (`id_access`),
  KEY `IDX_81398E09FCAFE5CF` (`id_activity`),
  KEY `IDX_81398E099E938CF8` (`id_customer_group`),
  CONSTRAINT `customer_ibfk_28` FOREIGN KEY (`id_billing_frequency`) REFERENCES `billing_frequency` (`id_billing_frequency`) ON DELETE NO ACTION ON UPDATE NO ACTION,
  CONSTRAINT `FK_81398E09205E9EB9` FOREIGN KEY (`id_access`) REFERENCES `access` (`id_access`),
  CONSTRAINT `FK_81398E09398D64AA` FOREIGN KEY (`id_currency`) REFERENCES `currency` (`id_currency`),
  CONSTRAINT `FK_81398E09536A5873` FOREIGN KEY (`id_user_create_by`) REFERENCES `myuser` (`id`),
  CONSTRAINT `FK_81398E09573D4D6` FOREIGN KEY (`id_customer_manager`) REFERENCES `myuser` (`id`),
  CONSTRAINT `FK_81398E095EA5E69E` FOREIGN KEY (`id_firm_type`) REFERENCES `firm_type` (`id_firm_type`),
  CONSTRAINT `FK_81398E0968E26F41` FOREIGN KEY (`id_user_update_by`) REFERENCES `myuser` (`id`),
  CONSTRAINT `FK_81398E099DB1AEF2` FOREIGN KEY (`id_branch`) REFERENCES `branch` (`id_branch`),
  CONSTRAINT `FK_81398E099E938CF8` FOREIGN KEY (`id_customer_group`) REFERENCES `customer_group` (`id_customer_group`),
  CONSTRAINT `FK_81398E09DA51F279` FOREIGN KEY (`id_account_manager`) REFERENCES `myuser` (`id`),
  CONSTRAINT `FK_81398E09E9439D7E` FOREIGN KEY (`id_customer_nature`) REFERENCES `customer_nature` (`id_customer_nature`),
  CONSTRAINT `FK_81398E09FCAFE5CF` FOREIGN KEY (`id_activity`) REFERENCES `activity` (`id_activity`)
) ENGINE=InnoDB AUTO_INCREMENT=24 DEFAULT CHARSET=utf8 COLLATE=utf8_bin COMMENT='Definition of customer';

--
-- Dumping data for table `customer`
--

INSERT INTO `customer` VALUES (1,3,'12','12',1,'2013-05-28 00:00:00','2013-10-08 00:00:00',2,2,1,'125454',2,20,12,2,1,'t','2013-09-25 00:00:00',1,NULL,2,'12',12,NULL,'fj0weting'),(2,2,'qsd','qsd',1,'2013-06-25 10:22:42','2013-06-25 10:22:42',2,2,NULL,'qsd',NULL,NULL,12,1,2,'qsd',NULL,NULL,NULL,NULL,'qsd',12,NULL,NULL),(3,3,'75','Pedro',2,'2013-07-02 10:22:42','2013-07-02 10:22:42',2,2,1,'http://wwW.customer.com',3,22,1,3,1,NULL,NULL,2,NULL,3,'3232',3,NULL,NULL),(4,NULL,'1212','Titi',2,'2013-09-24 16:53:11','2013-09-24 16:53:11',2,2,1,'15555',NULL,20,5454,1,1,NULL,NULL,1,NULL,NULL,'4',54545,NULL,NULL),(5,2,'8736','Agatha Christie Event Association',2,'2013-10-08 13:43:41','2013-10-08 18:24:59',2,2,1,NULL,1,20,30,3,1,NULL,NULL,2,NULL,2,'5',360,NULL,NULL),(6,1,'212454','test protego',1,'2013-10-08 13:56:06','2013-10-08 13:56:06',2,2,1,NULL,NULL,NULL,NULL,NULL,NULL,NULL,NULL,1,NULL,NULL,'6',NULL,NULL,NULL),(7,1,'212454','test protego',1,'2013-10-08 13:57:48','2013-10-08 13:57:48',2,2,1,NULL,NULL,NULL,NULL,NULL,NULL,NULL,NULL,1,NULL,NULL,'7',NULL,NULL,NULL),(8,3,'2454','test protego 2',1,'2013-10-08 13:58:43','2013-10-08 13:58:43',2,2,1,NULL,NULL,NULL,21245,NULL,NULL,NULL,NULL,1,NULL,NULL,'8',NULL,NULL,NULL),(9,3,'8735','Agatha Christie Event Association',1,'2013-10-08 00:00:00','2013-10-08 00:00:00',2,2,1,'www.agathachristie',1,20,30,2,1,'test 1','2014-01-14 00:00:00',1,1,2,'9',360,1,'h'),(10,3,'8765','Bella Vista Sarl',1,'2013-10-08 18:04:34','2013-10-08 18:04:34',2,2,1,NULL,1,20,30,1,1,NULL,NULL,2,NULL,3,'10',360,NULL,NULL),(11,3,'8765','Bella Vista Sarl',1,'2013-10-08 18:04:37','2013-10-08 18:04:37',2,2,1,NULL,1,20,30,1,1,NULL,NULL,2,NULL,3,'11',360,NULL,NULL),(12,3,'7654','Lufthansa AG',2,'2013-10-09 10:51:36','2013-10-09 10:51:36',2,2,1,NULL,1,20,30,3,2,NULL,NULL,2,1,2,'12',360,1,NULL),(13,3,'7654','Lufthansa AG',2,'2013-10-09 10:51:40','2013-10-09 10:51:40',2,2,1,NULL,1,20,30,3,2,NULL,NULL,2,1,2,'13',360,1,NULL),(14,1,'565656','toto',1,'2013-11-02 01:34:33','2013-11-02 01:34:33',2,2,1,NULL,NULL,NULL,NULL,NULL,NULL,NULL,NULL,1,NULL,NULL,NULL,NULL,NULL,NULL),(15,1,'565656','toto',1,'2013-11-02 01:35:30','2013-11-02 01:35:30',2,2,1,NULL,NULL,NULL,NULL,NULL,NULL,NULL,NULL,1,NULL,NULL,'15',NULL,NULL,NULL),(16,2,'9999','Roland Garros Marketing company',1,'2013-11-15 00:00:00','2013-11-15 00:00:00',2,2,1,NULL,3,20,30,1,1,NULL,NULL,1,1,3,'16',360,1,NULL),(17,3,'456','test last',2,'2014-01-20 17:27:17','2014-01-20 17:27:17',2,2,1,NULL,NULL,NULL,NULL,NULL,NULL,NULL,NULL,2,NULL,NULL,'17',NULL,NULL,NULL),(18,4,'14987','BOSE',2,'2014-01-20 17:54:41','2014-01-20 17:54:41',2,2,1,'www.bose.com',4,21,30,2,1,'kpdogtrazhgnARMG',NULL,2,1,3,'18',360,1,NULL),(19,7,'4287','Italian Customer',2,'2014-01-24 00:00:00','2014-01-24 00:00:00',2,2,1,NULL,6,20,30,1,1,NULL,NULL,2,NULL,1,'19',360,NULL,NULL),(20,6,'741968','Spanish Customer',2,'2014-01-24 00:00:00','2014-01-24 00:00:00',2,2,1,NULL,5,21,30,NULL,1,NULL,NULL,2,NULL,3,'20',360,NULL,NULL),(21,8,'98765','Tullett Prebon Frankfurt',2,'2014-02-11 11:19:24','2014-02-11 11:19:24',2,2,1,'www.tullettprebon.com',6,20,30,3,1,NULL,NULL,2,NULL,2,'21',720,2,NULL),(22,8,'8765','Deutscher Kunde X',2,'2014-02-14 15:20:32','2014-02-14 15:20:32',2,2,1,NULL,NULL,NULL,NULL,NULL,1,NULL,NULL,1,NULL,NULL,'22',NULL,NULL,NULL),(23,8,'687935','German Customer A',2,'2014-02-17 17:03:15','2014-02-17 17:03:15',2,2,1,NULL,NULL,20,NULL,NULL,1,NULL,NULL,2,NULL,2,'23',NULL,NULL,NULL);

--
-- Table structure for table `customer_activity`
--

CREATE TABLE `customer_activity` (
  `id` int(11) NOT NULL AUTO_INCREMENT,
  `id_activity` int(11) DEFAULT NULL,
  `id_customer` int(11) DEFAULT NULL,
  PRIMARY KEY (`id`),
  KEY `id_activity` (`id_activity`),
  KEY `customer` (`id_customer`),
  CONSTRAINT `FK_80B14A75D1E2629C` FOREIGN KEY (`id_customer`) REFERENCES `customer` (`id_customer`),
  CONSTRAINT `FK_80B14A75FCAFE5CF` FOREIGN KEY (`id_activity`) REFERENCES `activity` (`id_activity`)
) ENGINE=InnoDB DEFAULT CHARSET=utf8;

--
-- Dumping data for table `customer_activity`
--


--
-- Table structure for table `customer_address`
--

CREATE TABLE `customer_address` (
  `id` int(11) NOT NULL AUTO_INCREMENT,
  `id_customer` int(11) DEFAULT NULL,
  `id_address` int(11) DEFAULT NULL,
  PRIMARY KEY (`id`),
  KEY `id_customer` (`id_customer`),
  KEY `id_address` (`id_address`),
  CONSTRAINT `FK_1193CB3FD1E2629C` FOREIGN KEY (`id_customer`) REFERENCES `customer` (`id_customer`),
  CONSTRAINT `FK_1193CB3FD3D3C6F1` FOREIGN KEY (`id_address`) REFERENCES `address` (`id_address`)
) ENGINE=InnoDB DEFAULT CHARSET=utf8;

--
-- Dumping data for table `customer_address`
--


--
-- Table structure for table `customer_group`
--

CREATE TABLE `customer_group` (
  `id_customer_group` int(11) NOT NULL AUTO_INCREMENT,
  `id_user_create_by` int(11) DEFAULT NULL,
  `id_user_update_by` int(11) DEFAULT NULL,
  `cd_customer_group` varchar(15) COLLATE utf8_unicode_ci NOT NULL,
  `lb_customer_group` varchar(100) COLLATE utf8_unicode_ci DEFAULT NULL,
  `bl_deactivated` tinyint(1) DEFAULT NULL,
  `dt_create` datetime DEFAULT NULL,
  `dt_update` datetime DEFAULT NULL,
  PRIMARY KEY (`id_customer_group`),
  KEY `IDX_A3F531FE536A5873` (`id_user_create_by`),
  KEY `IDX_A3F531FE68E26F41` (`id_user_update_by`),
  CONSTRAINT `FK_A3F531FE536A5873` FOREIGN KEY (`id_user_create_by`) REFERENCES `myuser` (`id`),
  CONSTRAINT `FK_A3F531FE68E26F41` FOREIGN KEY (`id_user_update_by`) REFERENCES `myuser` (`id`)
) ENGINE=InnoDB AUTO_INCREMENT=3 DEFAULT CHARSET=utf8 COLLATE=utf8_unicode_ci;

--
-- Dumping data for table `customer_group`
--

INSERT INTO `customer_group` VALUES (1,2,2,'cdgr1','group 1',1,'2013-09-24 17:48:20','2013-09-24 17:48:20'),(2,2,2,'TULLET PREBON E','TULLET PREBON EUROPE*',1,'2014-02-11 00:00:00','2014-02-11 00:00:00');

--
-- Table structure for table `customer_magellan`
--

CREATE TABLE `customer_magellan` (
  `id_customer_magellan` int(11) NOT NULL AUTO_INCREMENT,
  `id_customer_gina` int(11) DEFAULT NULL,
  `id_branch` int(11) DEFAULT NULL,
  `bl_load` tinyint(1) DEFAULT NULL,
  `bl_fact` tinyint(1) DEFAULT NULL,
  `cd_account_magellan` varchar(15) DEFAULT NULL,
  PRIMARY KEY (`id_customer_magellan`),
  KEY `id_customer_gina` (`id_customer_gina`),
  KEY `id_branch` (`id_branch`),
  CONSTRAINT `FK_8D3AC5E49DB1AEF2` FOREIGN KEY (`id_branch`) REFERENCES `branch` (`id_branch`),
  CONSTRAINT `FK_8D3AC5E4EBC182FC` FOREIGN KEY (`id_customer_gina`) REFERENCES `customer` (`id_customer`)
) ENGINE=InnoDB DEFAULT CHARSET=utf8;

--
-- Dumping data for table `customer_magellan`
--


--
-- Table structure for table `customer_nature`
--

CREATE TABLE `customer_nature` (
  `id_customer_nature` int(11) NOT NULL AUTO_INCREMENT,
  `cd_customer_nature` varchar(15) DEFAULT NULL,
  `lb_customer_nature` varchar(100) DEFAULT NULL,
  `bl_deactivated` tinyint(1) DEFAULT NULL,
  `dt_create` datetime DEFAULT NULL,
  `dt_update` datetime DEFAULT NULL,
  `id_user_create_by` int(11) DEFAULT NULL,
  `id_user_update_by` int(11) DEFAULT NULL,
  PRIMARY KEY (`id_customer_nature`),
  KEY `id_user_create_by` (`id_user_create_by`),
  KEY `id_user_update_by` (`id_user_update_by`),
  CONSTRAINT `FK_1D5EF6536A5873` FOREIGN KEY (`id_user_create_by`) REFERENCES `myuser` (`id`),
  CONSTRAINT `FK_1D5EF668E26F41` FOREIGN KEY (`id_user_update_by`) REFERENCES `myuser` (`id`)
) ENGINE=InnoDB AUTO_INCREMENT=3 DEFAULT CHARSET=utf8;

--
-- Dumping data for table `customer_nature`
--

INSERT INTO `customer_nature` VALUES (1,'nn','lkkjkj',1,'2013-05-27 18:05:26','2013-05-27 18:05:26',2,2),(2,'WWW','Web services',1,'2013-07-02 09:52:16','2013-07-02 09:52:16',2,2);

--
-- Table structure for table `customer_type`
--

CREATE TABLE `customer_type` (
  `id_customer_type` int(11) NOT NULL AUTO_INCREMENT,
  `cd_customer_type` varchar(15) CHARACTER SET utf8 COLLATE utf8_bin NOT NULL,
  `lb_customer_type` varchar(100) CHARACTER SET utf8 COLLATE utf8_bin NOT NULL,
  `bl_deactivated` tinyint(1) DEFAULT NULL,
  `dt_create` datetime DEFAULT NULL,
  `dt_update` datetime DEFAULT NULL,
  `id_user_create_by` int(11) DEFAULT NULL,
  `id_user_update_by` int(11) DEFAULT NULL,
  PRIMARY KEY (`id_customer_type`),
  KEY `id_user_create_by` (`id_user_create_by`),
  KEY `id_user_update_by` (`id_user_update_by`),
  CONSTRAINT `FK_D84FF35E536A5873` FOREIGN KEY (`id_user_create_by`) REFERENCES `myuser` (`id`),
  CONSTRAINT `FK_D84FF35E68E26F41` FOREIGN KEY (`id_user_update_by`) REFERENCES `myuser` (`id`)
) ENGINE=InnoDB DEFAULT CHARSET=utf8;

--
-- Dumping data for table `customer_type`
--


--
-- Table structure for table `domain`
--

CREATE TABLE `domain` (
  `id_domain` int(11) NOT NULL AUTO_INCREMENT,
  `cd_domain` varchar(15) NOT NULL,
  `lb_domain` varchar(100) NOT NULL,
  `bl_deactivated` tinyint(1) DEFAULT NULL,
  PRIMARY KEY (`id_domain`)
) ENGINE=InnoDB DEFAULT CHARSET=utf8;

--
-- Dumping data for table `domain`
--


--
-- Table structure for table `equipment`
--

CREATE TABLE `equipment` (
  `id_equipment` int(11) NOT NULL AUTO_INCREMENT,
  `cd_equipment` varchar(15) NOT NULL,
  `lb_equipment` varchar(100) NOT NULL,
  `cm_equipment` varchar(255) DEFAULT NULL,
  `bl_deactivated` tinyint(1) DEFAULT NULL,
  `id_user_create_by` int(11) DEFAULT NULL,
  `id_user_update_by` int(11) DEFAULT NULL,
  `nb_cards` int(11) DEFAULT NULL,
  `url_image` varchar(100) DEFAULT NULL,
  `dt_deactivated` datetime DEFAULT NULL,
  `bl_has_slot` tinyint(1) DEFAULT NULL,
  `bl_card_horizontal` tinyint(1) DEFAULT NULL,
  `bl_model` tinyint(1) DEFAULT NULL,
  `id_provider_address` int(11) DEFAULT NULL,
  `id_contact` int(11) DEFAULT NULL,
  `id_cabinet` int(11) DEFAULT NULL,
  `id_provider` int(11) DEFAULT NULL,
  `nb_units` int(11) DEFAULT NULL,
  `nb_slots` int(11) DEFAULT NULL,
  `dt_create` datetime DEFAULT NULL,
  `dt_update` datetime DEFAULT NULL,
  `id_complex_model` int(11) DEFAULT NULL,
  PRIMARY KEY (`id_equipment`),
  KEY `id_user_create_by` (`id_user_create_by`),
  KEY `id_user_update_by` (`id_user_update_by`),
  KEY `IDX_D338D5831E9C98F7` (`id_provider_address`),
  KEY `IDX_D338D58392FF4F48` (`id_contact`),
  KEY `IDX_D338D583C21F9F09` (`id_provider`),
  KEY `IDX_D338D5839270ACC0` (`id_cabinet`),
  KEY `IDX_D338D583241EF16C` (`id_complex_model`),
  CONSTRAINT `FK_D338D5831E9C98F7` FOREIGN KEY (`id_provider_address`) REFERENCES `address_provider` (`id_address_provider`),
  CONSTRAINT `FK_D338D583241EF16C` FOREIGN KEY (`id_complex_model`) REFERENCES `complex_model` (`id_complex_model`),
  CONSTRAINT `FK_D338D583536A5873` FOREIGN KEY (`id_user_create_by`) REFERENCES `myuser` (`id`),
  CONSTRAINT `FK_D338D58368E26F41` FOREIGN KEY (`id_user_update_by`) REFERENCES `myuser` (`id`),
  CONSTRAINT `FK_D338D5839270ACC0` FOREIGN KEY (`id_cabinet`) REFERENCES `cabinet` (`id_cabinet`),
  CONSTRAINT `FK_D338D58392FF4F48` FOREIGN KEY (`id_contact`) REFERENCES `contact_provider` (`id_contact_provider`),
  CONSTRAINT `FK_D338D583C21F9F09` FOREIGN KEY (`id_provider`) REFERENCES `provider` (`id_provider`)
) ENGINE=InnoDB AUTO_INCREMENT=499 DEFAULT CHARSET=utf8;

--
-- Dumping data for table `equipment`
--

INSERT INTO `equipment` VALUES (37,'10','10',NULL,1,2,2,45,NULL,NULL,1,1,NULL,1,1,NULL,1,45,4,'2013-06-05 14:56:27','2013-06-05 14:56:27',NULL),(38,'12','12',NULL,1,2,2,10,NULL,NULL,1,1,NULL,1,1,NULL,1,10,10,'2013-06-05 14:59:15','2013-06-05 14:59:15',NULL),(39,'12','12',NULL,1,2,2,12,NULL,NULL,1,1,NULL,1,1,NULL,1,12,12,'2013-06-05 15:00:15','2013-06-05 15:00:15',NULL),(40,'12','12',NULL,1,2,2,12,NULL,NULL,1,1,NULL,1,1,NULL,1,12,12,'2013-06-05 15:05:27','2013-06-05 15:05:27',NULL),(41,'12','12',NULL,1,2,2,10,NULL,NULL,1,1,NULL,1,1,NULL,1,10,10,'2013-06-05 15:06:02','2013-06-05 15:06:02',NULL),(42,'12','12',NULL,1,2,2,10,NULL,NULL,1,1,NULL,1,1,NULL,1,10,10,'2013-06-05 15:08:21','2013-06-05 15:08:21',NULL),(43,'12','12',NULL,1,2,2,10,NULL,NULL,1,1,NULL,1,1,NULL,1,10,10,'2013-06-05 15:09:19','2013-06-05 15:09:19',NULL),(44,'12','12',NULL,1,2,2,10,NULL,NULL,1,1,NULL,1,1,NULL,1,10,10,'2013-06-05 15:10:27','2013-06-05 15:10:27',NULL),(45,'12','12',NULL,1,2,2,10,NULL,NULL,1,1,NULL,1,1,NULL,1,10,10,'2013-06-05 15:11:27','2013-06-05 15:11:27',NULL),(46,'8','8',NULL,1,2,2,5,NULL,NULL,1,1,NULL,1,1,NULL,1,5,5,'2013-06-05 15:12:01','2013-06-05 15:12:01',NULL),(47,'8','8',NULL,1,2,2,5,NULL,NULL,1,1,NULL,1,1,NULL,1,5,5,'2013-06-05 15:13:27','2013-06-05 15:13:27',NULL),(48,'4','4',NULL,1,2,2,5,NULL,NULL,1,1,NULL,1,1,NULL,1,5,5,'2013-06-05 15:13:56','2013-06-05 15:13:56',NULL),(49,'4','4',NULL,1,2,2,5,NULL,NULL,1,1,NULL,1,1,NULL,1,5,5,'2013-06-05 00:00:00','2013-06-05 00:00:00',1),(50,'4','4',NULL,1,2,2,5,NULL,NULL,1,1,NULL,1,1,NULL,1,5,1,'2013-06-05 15:15:15','2013-06-14 16:37:30',1),(51,'4','4',NULL,1,2,2,5,NULL,NULL,1,1,NULL,1,1,NULL,1,5,5,'2013-06-05 15:20:56','2013-06-05 15:20:56',1),(436,'4','4',NULL,1,2,2,5,NULL,NULL,1,1,NULL,1,1,NULL,1,5,5,'2013-06-05 15:14:34','2013-06-05 15:14:34',2),(437,'4','4',NULL,1,2,2,5,NULL,NULL,1,1,NULL,1,1,NULL,1,5,5,'2013-06-05 15:15:15','2013-06-05 15:19:36',2),(438,'4','4',NULL,1,2,2,5,NULL,NULL,1,1,NULL,1,1,NULL,1,5,5,'2013-06-05 15:20:56','2013-06-05 15:20:56',2),(439,'4','4',NULL,1,2,2,5,NULL,NULL,1,1,NULL,1,1,NULL,1,5,5,'2013-06-05 15:14:34','2013-06-05 15:14:34',3),(440,'4','4',NULL,1,2,2,5,NULL,NULL,1,1,NULL,1,1,NULL,1,5,5,'2013-06-05 15:15:15','2013-06-05 15:19:36',3),(441,'4','4',NULL,1,2,2,5,NULL,NULL,1,1,NULL,1,1,NULL,1,5,5,'2013-06-05 15:20:56','2013-06-05 15:20:56',3),(442,'4','4',NULL,1,2,2,5,NULL,NULL,1,1,NULL,1,1,NULL,1,5,5,'2013-06-05 15:14:34','2013-06-05 15:14:34',3),(443,'4','4',NULL,1,2,2,5,NULL,NULL,1,1,NULL,1,1,NULL,1,5,5,'2013-06-05 15:15:15','2013-06-05 15:19:36',3),(444,'4','4',NULL,1,2,2,5,NULL,NULL,1,1,NULL,1,1,NULL,1,5,5,'2013-06-05 15:20:56','2013-06-05 15:20:56',3),(445,'4','4',NULL,1,2,2,5,NULL,NULL,1,1,NULL,1,1,NULL,1,5,5,'2013-06-05 15:14:34','2013-06-05 15:14:34',3),(446,'4','4',NULL,1,2,2,5,NULL,NULL,1,1,NULL,1,1,NULL,1,5,1,'2013-06-05 15:15:15','2013-06-14 16:37:30',3),(447,'4','4',NULL,1,2,2,5,NULL,NULL,1,1,NULL,1,1,NULL,1,5,5,'2013-06-05 15:20:56','2013-06-05 15:20:56',3),(448,'4','4',NULL,1,2,2,5,NULL,NULL,1,1,NULL,1,1,NULL,1,5,5,'2013-06-05 15:14:34','2013-06-05 15:14:34',3),(449,'4','4',NULL,1,2,2,5,NULL,NULL,1,1,NULL,1,1,NULL,1,5,5,'2013-06-05 15:15:15','2013-06-05 15:19:36',3),(450,'4','4',NULL,1,2,2,5,NULL,NULL,1,1,NULL,1,1,NULL,1,5,5,'2013-06-05 15:20:56','2013-06-05 15:20:56',3),(451,'rr','eee',NULL,0,2,2,1,NULL,NULL,0,0,1,1,1,12,1,1,1,'2013-07-08 13:23:30','2013-07-08 13:23:30',NULL),(452,'gfgf','GFGG',NULL,1,2,2,5,NULL,NULL,1,0,1,1,1,14,1,NULL,12,'2013-07-08 00:00:00','2013-07-08 00:00:00',NULL),(453,'lklkj','jjj',NULL,1,2,2,NULL,NULL,NULL,1,1,1,1,1,15,1,5,12,'2013-07-08 16:48:22','2013-07-11 00:22:16',NULL),(454,'qsd','qd',NULL,1,2,2,1,NULL,NULL,1,1,1,1,1,20,1,1,1,'2013-07-10 14:09:05','2013-07-10 14:09:05',NULL),(482,'qsd','qd',NULL,1,2,2,1,NULL,NULL,1,1,1,1,1,24,1,1,1,'2013-07-10 14:09:05','2013-07-10 14:09:05',NULL),(483,'4','4',NULL,1,2,2,5,NULL,NULL,1,1,NULL,1,1,24,1,5,5,'2013-06-05 15:14:34','2013-06-05 15:14:34',1),(484,'4','4',NULL,1,2,2,5,NULL,NULL,1,1,NULL,1,1,24,1,5,1,'2013-06-05 15:15:15','2013-06-14 16:37:30',1),(485,'4','4',NULL,1,2,2,5,NULL,NULL,1,1,NULL,1,1,24,1,5,5,'2013-06-05 15:20:56','2013-06-05 15:20:56',1),(486,'qsd','qd',NULL,1,2,2,1,NULL,NULL,1,1,1,1,1,25,1,1,1,'2013-07-10 14:09:05','2013-07-10 14:09:05',NULL),(487,'qsd','qd',NULL,1,2,2,1,NULL,NULL,1,1,1,1,1,26,1,1,1,'2013-07-10 14:09:05','2013-07-10 14:09:05',NULL),(488,'qsd','qd',NULL,1,2,2,1,NULL,NULL,1,1,1,1,1,27,1,1,1,'2013-07-10 14:09:05','2013-07-10 14:09:05',NULL),(489,'qsd','qd',NULL,1,2,2,1,NULL,NULL,1,1,1,1,1,28,1,1,1,'2013-07-10 14:09:05','2013-07-10 14:09:05',NULL),(490,'Equipement','equipement','1',1,2,2,1,NULL,NULL,1,1,1,1,1,NULL,1,1,1,'2013-07-11 11:53:14','2013-07-11 11:53:14',17),(491,'Equipement','equipement','1',1,2,2,1,NULL,NULL,1,1,1,1,1,30,1,1,1,'2013-07-11 00:00:00','2013-07-11 00:00:00',17),(492,'4555','erer',NULL,1,2,2,5,NULL,NULL,0,1,1,1,1,31,1,5,NULL,'2013-09-12 10:22:18','2013-09-12 10:22:18',NULL),(493,'4555','erer',NULL,1,2,2,5,NULL,NULL,0,1,1,1,1,31,1,5,NULL,'2013-09-12 10:26:26','2013-09-12 10:26:26',NULL),(494,'4555','erer',NULL,1,2,2,5,NULL,NULL,0,1,1,1,1,31,1,5,NULL,'2013-09-12 10:28:43','2013-09-12 10:28:43',NULL),(495,'cabequip1','13',NULL,1,2,2,45,NULL,NULL,0,0,1,1,1,31,1,4,NULL,'2013-09-12 10:30:16','2013-09-12 10:30:16',NULL),(496,'555','55',NULL,1,2,2,5,NULL,NULL,0,0,1,1,1,32,1,5,NULL,'2013-09-12 10:39:13','2013-09-12 10:39:13',NULL),(497,'SAR-8','SAR-8_99',NULL,1,2,2,8,NULL,NULL,1,0,1,19,13,NULL,16,8,3,'2014-02-21 00:00:00','2014-02-21 00:00:00',27),(498,'WOW','WOW -largest Configuration',NULL,1,2,2,2,NULL,NULL,1,0,1,12,10,34,9,14,6,'2014-02-21 16:53:27','2014-02-21 16:53:27',NULL);

--
-- Table structure for table `equipment_category`
--

CREATE TABLE `equipment_category` (
  `id_equipment_category` int(11) NOT NULL AUTO_INCREMENT,
  `id_user_create_by` int(11) DEFAULT NULL,
  `id_user_update_by` int(11) DEFAULT NULL,
  `cd_equipment_category` varchar(15) COLLATE utf8_unicode_ci DEFAULT NULL,
  `lb_equipment_category` varchar(100) COLLATE utf8_unicode_ci DEFAULT NULL,
  `dt_start` datetime DEFAULT NULL,
  `dt_end` datetime DEFAULT NULL,
  `bl_deactivated` tinyint(1) DEFAULT NULL,
  `dt_deactivated` datetime DEFAULT NULL,
  PRIMARY KEY (`id_equipment_category`),
  KEY `IDX_B65A862F536A5873` (`id_user_create_by`),
  KEY `IDX_B65A862F68E26F41` (`id_user_update_by`),
  CONSTRAINT `FK_368F9DE7536A5873` FOREIGN KEY (`id_user_create_by`) REFERENCES `myuser` (`id`),
  CONSTRAINT `FK_368F9DE768E26F41` FOREIGN KEY (`id_user_update_by`) REFERENCES `myuser` (`id`)
) ENGINE=InnoDB DEFAULT CHARSET=utf8 COLLATE=utf8_unicode_ci;

--
-- Dumping data for table `equipment_category`
--


--
-- Table structure for table `equipment_instance`
--

CREATE TABLE `equipment_instance` (
  `id_equipment_instance` int(11) NOT NULL AUTO_INCREMENT,
  `id_user_create_by` int(11) DEFAULT NULL,
  `id_user_update_by` int(11) DEFAULT NULL,
  `id_cabinet_instance` int(11) DEFAULT NULL,
  `cd_equipment_instance` varchar(15) COLLATE utf8_unicode_ci NOT NULL,
  `lb_equipment_instance` varchar(100) COLLATE utf8_unicode_ci NOT NULL,
  `cm_equipment_instance` varchar(255) COLLATE utf8_unicode_ci DEFAULT NULL,
  `cd_serial_number` varchar(15) COLLATE utf8_unicode_ci DEFAULT NULL,
  `dt_create` datetime DEFAULT NULL,
  `dt_update` datetime DEFAULT NULL,
  `bl_deactivated` tinyint(1) DEFAULT NULL,
  `dt_deactivated` datetime DEFAULT NULL,
  `id_equipment` int(11) DEFAULT NULL,
  `id_complex_model` int(11) DEFAULT NULL,
  `id_provider` int(11) DEFAULT NULL,
  `id_provider_address` int(11) DEFAULT NULL,
  `id_contact` int(11) DEFAULT NULL,
  `cd_provider_account` varchar(45) COLLATE utf8_unicode_ci DEFAULT NULL,
  PRIMARY KEY (`id_equipment_instance`),
  KEY `IDX_72F335F8536A5873` (`id_user_create_by`),
  KEY `IDX_72F335F868E26F41` (`id_user_update_by`),
  KEY `IDX_72F335F895136256` (`id_cabinet_instance`),
  KEY `IDX_72F335F8530D69A4` (`id_equipment`),
  KEY `IDX_72F335F8241EF16C` (`id_complex_model`),
  KEY `IDX_72F335F8C21F9F09` (`id_provider`),
  KEY `IDX_72F335F81E9C98F7` (`id_provider_address`),
  KEY `IDX_72F335F892FF4F48` (`id_contact`),
  CONSTRAINT `FK_72F335F81E9C98F7` FOREIGN KEY (`id_provider_address`) REFERENCES `address_provider` (`id_address_provider`),
  CONSTRAINT `FK_72F335F8241EF16C` FOREIGN KEY (`id_complex_model`) REFERENCES `complex_model` (`id_complex_model`),
  CONSTRAINT `FK_72F335F8530D69A4` FOREIGN KEY (`id_equipment`) REFERENCES `equipment` (`id_equipment`),
  CONSTRAINT `FK_72F335F8536A5873` FOREIGN KEY (`id_user_create_by`) REFERENCES `myuser` (`id`),
  CONSTRAINT `FK_72F335F868E26F41` FOREIGN KEY (`id_user_update_by`) REFERENCES `myuser` (`id`),
  CONSTRAINT `FK_72F335F892FF4F48` FOREIGN KEY (`id_contact`) REFERENCES `contact_provider` (`id_contact_provider`),
  CONSTRAINT `FK_72F335F895136256` FOREIGN KEY (`id_cabinet_instance`) REFERENCES `cabinet_instance` (`id_cabinet_instance`),
  CONSTRAINT `FK_72F335F8C21F9F09` FOREIGN KEY (`id_provider`) REFERENCES `provider` (`id_provider`)
) ENGINE=InnoDB AUTO_INCREMENT=55 DEFAULT CHARSET=utf8 COLLATE=utf8_unicode_ci;

--
-- Dumping data for table `equipment_instance`
--

INSERT INTO `equipment_instance` VALUES (3,2,2,1,'454','merci','45','45','2013-07-05 15:25:05','2013-07-11 00:08:56',1,NULL,49,NULL,NULL,NULL,NULL,NULL),(4,2,2,1,'454','hey','45','45','2013-07-05 15:25:57','2013-07-11 00:16:54',1,NULL,49,NULL,NULL,NULL,NULL,NULL),(5,2,2,1,'454','4544','45','45','2013-07-05 15:26:51','2013-07-05 15:26:51',1,NULL,49,NULL,NULL,NULL,NULL,NULL),(6,2,2,1,'454','45','45','45','2013-07-05 15:32:20','2013-07-05 15:32:20',1,NULL,436,NULL,NULL,NULL,NULL,NULL),(7,2,2,1,'454','45','45','45','2013-07-05 15:32:59','2013-07-05 15:32:59',1,NULL,436,NULL,NULL,NULL,NULL,NULL),(8,2,2,1,'454','45','45','45','2013-07-05 15:33:06','2013-07-05 15:33:06',1,NULL,436,NULL,NULL,NULL,NULL,NULL),(9,2,2,1,'454','45','45','45','2013-07-05 15:35:42','2013-07-05 15:35:42',1,NULL,436,NULL,NULL,NULL,NULL,NULL),(10,2,2,1,'4sdf','kj','lklj','kj','2013-07-05 15:41:56','2013-07-05 15:41:56',1,NULL,447,NULL,NULL,NULL,NULL,NULL),(11,2,2,1,'toto','toto','toto','toto','2013-07-05 15:55:49','2013-07-05 15:55:49',1,NULL,447,NULL,NULL,NULL,NULL,NULL),(12,2,2,1,'toto',',','n','n','2013-07-05 15:59:06','2013-07-05 15:59:06',1,NULL,447,NULL,NULL,NULL,NULL,NULL),(13,2,2,1,'mima','d','d','45','2013-07-05 16:05:27','2013-07-05 16:05:27',1,NULL,445,NULL,NULL,NULL,NULL,NULL),(14,2,2,1,'mima','d','d','45','2013-07-05 16:06:20','2013-07-05 16:06:20',1,NULL,445,NULL,NULL,NULL,NULL,NULL),(15,2,2,1,'toto','toto','toto','toot','2013-07-05 16:09:17','2013-07-05 16:09:17',1,NULL,444,NULL,NULL,NULL,NULL,NULL),(16,2,2,1,'lkkj','jhj','lkl','lkl','2013-07-05 16:10:55','2013-07-05 16:10:55',1,NULL,444,NULL,NULL,NULL,NULL,NULL),(17,2,2,1,'lkkj','jhj','lkl','lkl','2013-07-05 16:12:38','2013-07-05 16:12:38',1,NULL,444,NULL,NULL,NULL,NULL,NULL),(23,2,2,5,'testu','testu','SQF','fzse','2013-07-05 17:16:05','2013-07-05 17:16:05',1,NULL,436,2,NULL,NULL,NULL,NULL),(24,2,2,5,'testu','testu','SQF','fzse','2013-07-05 17:16:05','2013-07-05 17:16:05',1,NULL,437,2,NULL,NULL,NULL,NULL),(26,2,2,5,'dodo','dodo','d','d','2013-07-05 17:19:23','2013-07-05 17:19:23',1,NULL,436,2,NULL,NULL,NULL,NULL),(27,2,2,5,'dodo','dodo','d','d','2013-07-05 17:19:23','2013-07-05 17:19:23',1,NULL,437,2,NULL,NULL,NULL,NULL),(28,2,2,5,'dodo','dodo','d','d','2013-07-05 17:19:23','2013-07-05 17:19:23',1,NULL,438,2,NULL,NULL,NULL,NULL),(29,2,2,1,'rtyry','rtyrty',NULL,'465','2013-07-06 16:26:47','2013-07-06 16:26:47',1,NULL,436,2,NULL,NULL,NULL,NULL),(30,2,2,1,'rtyry','rtyrty',NULL,'465','2013-07-06 16:26:47','2013-07-06 16:26:47',1,NULL,437,2,NULL,NULL,NULL,NULL),(32,2,2,6,'DGFGH','HFGFH',NULL,NULL,'2013-07-06 16:57:57','2013-07-06 17:48:07',1,NULL,439,3,NULL,NULL,NULL,NULL),(33,2,2,6,'DGFGH','HFGFH',NULL,NULL,'2013-07-06 16:57:57','2013-07-06 16:57:57',0,NULL,440,3,NULL,NULL,NULL,NULL),(34,2,2,6,'DGFGH','HFGFH',NULL,NULL,'2013-07-06 16:57:57','2013-07-06 16:57:57',0,NULL,441,3,NULL,NULL,NULL,NULL),(35,2,2,6,'DGFGH','HFGFH',NULL,NULL,'2013-07-06 16:57:57','2013-07-06 16:57:57',0,NULL,442,3,NULL,NULL,NULL,NULL),(36,2,2,6,'DGFGH','HFGFH',NULL,NULL,'2013-07-06 16:57:57','2013-07-06 16:57:57',0,NULL,443,3,NULL,NULL,NULL,NULL),(37,2,2,6,'DGFGH','HFGFH',NULL,NULL,'2013-07-06 16:57:57','2013-07-06 16:57:57',0,NULL,444,3,NULL,NULL,NULL,NULL),(38,2,2,6,'DGFGH','HFGFH',NULL,NULL,'2013-07-06 16:57:57','2013-07-06 16:57:57',0,NULL,445,3,NULL,NULL,NULL,NULL),(39,2,2,6,'DGFGH','HFGFH',NULL,NULL,'2013-07-06 16:57:57','2013-07-06 16:57:57',0,NULL,446,3,NULL,NULL,NULL,NULL),(40,2,2,6,'DGFGH','HFGFH',NULL,NULL,'2013-07-06 16:57:57','2013-07-06 16:57:57',0,NULL,447,3,NULL,NULL,NULL,NULL),(41,2,2,6,'DGFGH','HFGFH',NULL,NULL,'2013-07-06 16:57:57','2013-07-06 16:57:57',0,NULL,448,3,NULL,NULL,NULL,NULL),(42,2,2,6,'DGFGH','HFGFH',NULL,NULL,'2013-07-06 16:57:57','2013-07-06 16:57:57',0,NULL,449,3,NULL,NULL,NULL,NULL),(43,2,2,6,'DGFGH','HFGFH',NULL,NULL,'2013-07-06 16:57:57','2013-07-06 16:57:57',0,NULL,450,3,NULL,NULL,NULL,NULL),(44,2,2,8,'qsd','qd',NULL,'qsd','2013-07-10 19:48:30','2013-07-10 19:48:30',1,NULL,454,NULL,NULL,NULL,NULL,NULL),(45,2,2,9,'EQ001','EQ001','1','1','2013-07-11 12:14:35','2013-07-11 12:14:35',1,NULL,490,17,NULL,NULL,NULL,NULL),(46,2,2,2,'4545','4545',NULL,'4545','2013-09-10 12:29:31','2013-09-10 12:29:31',1,NULL,490,17,NULL,NULL,NULL,NULL),(47,2,2,2,'4545','4545',NULL,'4545','2013-09-10 12:29:31','2013-09-10 12:29:31',1,NULL,491,17,NULL,NULL,NULL,NULL),(48,2,2,11,'Equipement','equipement','1',NULL,'2013-11-11 11:34:50','2013-11-11 11:34:50',1,NULL,491,NULL,NULL,NULL,NULL,NULL),(49,2,2,13,'Equipement','equipement','1',NULL,'2013-11-11 11:48:41','2013-11-11 11:48:41',1,NULL,491,NULL,NULL,NULL,NULL,NULL),(50,2,2,15,'Equipement','equipement','1',NULL,'2013-11-11 12:09:58','2013-11-11 12:09:58',1,NULL,491,NULL,NULL,NULL,NULL,NULL),(51,2,2,17,'Equipement','equipement','1',NULL,'2014-01-24 14:19:30','2014-01-24 14:19:30',1,NULL,491,NULL,NULL,NULL,NULL,NULL),(52,2,2,17,'FRA_EQUIP 1','FRA_EQUIPMENT 1',NULL,'65179','2014-01-24 14:20:47','2014-01-24 14:20:47',1,NULL,490,17,NULL,NULL,NULL,NULL),(53,2,2,17,'FRA_EQUIP 1','FRA_EQUIPMENT 1',NULL,'65179','2014-01-24 14:20:47','2014-01-24 14:20:47',1,NULL,491,17,NULL,NULL,NULL,NULL),(54,2,2,21,'Equipement','equipement','1',NULL,'2014-03-10 15:50:40','2014-03-10 15:50:40',1,NULL,491,NULL,NULL,NULL,NULL,NULL);

--
-- Table structure for table `equipment_model`
--

CREATE TABLE `equipment_model` (
  `id_equipment_model` int(11) NOT NULL AUTO_INCREMENT,
  `cd_equipment_model` varchar(15) DEFAULT NULL,
  `lb_equipment_model` varchar(100) DEFAULT NULL,
  `url_image` varchar(100) DEFAULT NULL,
  `dt_start` datetime DEFAULT NULL,
  `dt_end` datetime DEFAULT NULL,
  `bl_deactivated` tinyint(1) DEFAULT NULL,
  `id_user_create_by` int(11) DEFAULT NULL,
  `id_user_update_by` int(11) DEFAULT NULL,
  `bl_complex` tinyint(1) DEFAULT NULL,
  `one_off_cost` decimal(10,0) DEFAULT NULL,
  `rec_off_cost` decimal(10,0) DEFAULT NULL,
  `dt_deactivated` datetime DEFAULT NULL,
  PRIMARY KEY (`id_equipment_model`),
  KEY `idx_user_create_by` (`id_user_create_by`),
  KEY `idx_user_update_by` (`id_user_update_by`),
  CONSTRAINT `FK_3ECC533D536A5873` FOREIGN KEY (`id_user_create_by`) REFERENCES `myuser` (`id`),
  CONSTRAINT `FK_3ECC533D68E26F41` FOREIGN KEY (`id_user_update_by`) REFERENCES `myuser` (`id`)
) ENGINE=InnoDB DEFAULT CHARSET=utf8;

--
-- Dumping data for table `equipment_model`
--


--
-- Table structure for table `equipment_model_caracs`
--

CREATE TABLE `equipment_model_caracs` (
  `id_equipment_model_caracs` int(11) NOT NULL AUTO_INCREMENT,
  `id_equipment_model` int(11) DEFAULT NULL,
  `id_equipment_type_caracs` int(11) DEFAULT NULL,
  `valeur` varchar(45) DEFAULT NULL,
  PRIMARY KEY (`id_equipment_model_caracs`),
  KEY `id_equipement_model` (`id_equipment_model`),
  KEY `id_equipement_type_caracs` (`id_equipment_type_caracs`),
  CONSTRAINT `kid_equipement_model` FOREIGN KEY (`id_equipment_model`) REFERENCES `equipment_model` (`id_equipment_model`) ON DELETE NO ACTION ON UPDATE NO ACTION,
  CONSTRAINT `kid_equipement_type_caracs` FOREIGN KEY (`id_equipment_type_caracs`) REFERENCES `equipment_type_caracs` (`id_equipement_type_caracs`) ON DELETE NO ACTION ON UPDATE NO ACTION
) ENGINE=InnoDB DEFAULT CHARSET=utf8;

--
-- Dumping data for table `equipment_model_caracs`
--


--
-- Table structure for table `equipment_model_children`
--

CREATE TABLE `equipment_model_children` (
  `id_equipment_model_children` int(11) NOT NULL AUTO_INCREMENT,
  `id_equipment_model` int(11) DEFAULT NULL,
  `id_equipment_model_child` int(11) DEFAULT NULL,
  PRIMARY KEY (`id_equipment_model_children`),
  KEY `id_equipement_model` (`id_equipment_model`),
  KEY `id_equipement_model_chilld` (`id_equipment_model_child`),
  CONSTRAINT `kid_equ_model` FOREIGN KEY (`id_equipment_model`) REFERENCES `equipment_model` (`id_equipment_model`) ON DELETE NO ACTION ON UPDATE NO ACTION,
  CONSTRAINT `kid_equ_model_child` FOREIGN KEY (`id_equipment_model_child`) REFERENCES `equipment_model` (`id_equipment_model`) ON DELETE NO ACTION ON UPDATE NO ACTION
) ENGINE=InnoDB DEFAULT CHARSET=utf8;

--
-- Dumping data for table `equipment_model_children`
--


--
-- Table structure for table `equipment_type_caracs`
--

CREATE TABLE `equipment_type_caracs` (
  `id_equipement_type_caracs` int(11) NOT NULL AUTO_INCREMENT,
  `id_equipment_category` int(11) DEFAULT NULL,
  `lb_carac` varchar(255) NOT NULL,
  `id_widget_type` int(11) DEFAULT NULL,
  `value1` varchar(255) DEFAULT NULL,
  `value2` varchar(255) DEFAULT NULL,
  `bl_mandatory` int(11) NOT NULL,
  `position` int(11) NOT NULL,
  PRIMARY KEY (`id_equipement_type_caracs`),
  KEY `idx_widget_type` (`id_widget_type`),
  KEY `IDX_D69ACC57B5AD2F48` (`id_equipment_category`),
  CONSTRAINT `equip_caracs_ibfk_2` FOREIGN KEY (`id_widget_type`) REFERENCES `widget_type` (`id_widget_type`) ON DELETE NO ACTION ON UPDATE NO ACTION,
  CONSTRAINT `FK_D69ACC57B5AD2F48` FOREIGN KEY (`id_equipment_category`) REFERENCES `equipment_category` (`id_equipment_category`)
) ENGINE=InnoDB DEFAULT CHARSET=utf8;

--
-- Dumping data for table `equipment_type_caracs`
--


--
-- Table structure for table `esatp_cost`
--

CREATE TABLE `esatp_cost` (
  `id_esatp_cost` int(11) NOT NULL AUTO_INCREMENT,
  `id_product` int(11) DEFAULT NULL,
  `id_commercial_route` int(11) DEFAULT NULL,
  `id_bandwidth` int(11) DEFAULT NULL,
  `dt_start` datetime DEFAULT NULL,
  `mt_monthly` decimal(10,0) DEFAULT NULL,
  `mt_install` decimal(10,0) DEFAULT NULL,
  `bl_deactivated` tinyint(1) DEFAULT NULL,
  `dt_create` datetime DEFAULT NULL,
  `dt_update` datetime DEFAULT NULL,
  `id_user_create_by` int(11) DEFAULT NULL,
  `id_user_update_by` int(11) DEFAULT NULL,
  PRIMARY KEY (`id_esatp_cost`),
  KEY `id_user_create_by` (`id_user_create_by`),
  KEY `id_user_update_by` (`id_user_update_by`),
  KEY `id_product` (`id_product`),
  KEY `id_commercial_route` (`id_commercial_route`),
  KEY `id_bandwidth` (`id_bandwidth`),
  CONSTRAINT `FK_910F1274536A5873` FOREIGN KEY (`id_user_create_by`) REFERENCES `myuser` (`id`),
  CONSTRAINT `FK_910F127468E26F41` FOREIGN KEY (`id_user_update_by`) REFERENCES `myuser` (`id`),
  CONSTRAINT `FK_910F1274A3C6948` FOREIGN KEY (`id_bandwidth`) REFERENCES `bandwidth` (`id_bandwidth`),
  CONSTRAINT `FK_910F1274CE307789` FOREIGN KEY (`id_commercial_route`) REFERENCES `commercial_route` (`id_commercial_route`),
  CONSTRAINT `FK_910F1274DD7ADDD` FOREIGN KEY (`id_product`) REFERENCES `product` (`id_product`)
) ENGINE=InnoDB DEFAULT CHARSET=utf8;

--
-- Dumping data for table `esatp_cost`
--


--
-- Table structure for table `event`
--

CREATE TABLE `event` (
  `id_event` int(11) NOT NULL AUTO_INCREMENT,
  `id_event_type` int(11) DEFAULT NULL,
  `id_object_type_parent` int(11) DEFAULT NULL,
  `id_object_parent` int(11) DEFAULT NULL,
  `id_object_type` int(11) DEFAULT NULL,
  `id_object` int(11) DEFAULT NULL,
  `dt_order` datetime DEFAULT NULL,
  `dt_delivery` datetime DEFAULT NULL,
  `dt_delivery_requested` datetime DEFAULT NULL,
  `dt_due` datetime DEFAULT NULL,
  `dt_planned` datetime DEFAULT NULL,
  `dt_acceptance_sent` datetime DEFAULT NULL,
  `dt_acceptance_received` datetime DEFAULT NULL,
  `dt_start` datetime DEFAULT NULL,
  `dt_end` datetime DEFAULT NULL,
  PRIMARY KEY (`id_event`),
  KEY `id_event_type` (`id_event_type`),
  KEY `id_object_type_parent` (`id_object_type_parent`),
  KEY `id_object_type` (`id_object_type`),
  CONSTRAINT `FK_3BAE0AA7369F9B55` FOREIGN KEY (`id_event_type`) REFERENCES `event_type` (`id_event_type`),
  CONSTRAINT `FK_3BAE0AA75FDFD9D6` FOREIGN KEY (`id_object_type_parent`) REFERENCES `object_type` (`id_object_type`),
  CONSTRAINT `FK_3BAE0AA79D9A6CD` FOREIGN KEY (`id_object_type`) REFERENCES `object_type` (`id_object_type`)
) ENGINE=InnoDB DEFAULT CHARSET=utf8;

--
-- Dumping data for table `event`
--


--
-- Table structure for table `event_type`
--

CREATE TABLE `event_type` (
  `id_event_type` int(11) NOT NULL AUTO_INCREMENT,
  `cd_event_type` varchar(50) DEFAULT NULL,
  `lb_event_type` varchar(255) DEFAULT NULL,
  `bl_deactivated` tinyint(1) DEFAULT NULL,
  PRIMARY KEY (`id_event_type`)
) ENGINE=InnoDB DEFAULT CHARSET=utf8;

--
-- Dumping data for table `event_type`
--


--
-- Table structure for table `firm_type`
--

CREATE TABLE `firm_type` (
  `id_user_create_by` int(11) DEFAULT NULL,
  `id_user_update_by` int(11) DEFAULT NULL,
  `cd_firm_type` varchar(15) NOT NULL,
  `lb_firm_type` varchar(100) DEFAULT NULL,
  `bl_deactivated` tinyint(1) DEFAULT NULL,
  `dt_create` datetime DEFAULT NULL,
  `dt_update` datetime DEFAULT NULL,
  `id_firm_type` int(11) NOT NULL AUTO_INCREMENT,
  PRIMARY KEY (`id_firm_type`),
  KEY `IDX_DE905AB9536A5873` (`id_user_create_by`),
  KEY `IDX_DE905AB968E26F41` (`id_user_update_by`),
  CONSTRAINT `FK_DE905AB9536A5873` FOREIGN KEY (`id_user_create_by`) REFERENCES `myuser` (`id`),
  CONSTRAINT `FK_DE905AB968E26F41` FOREIGN KEY (`id_user_update_by`) REFERENCES `myuser` (`id`)
) ENGINE=InnoDB AUTO_INCREMENT=4 DEFAULT CHARSET=utf8;

--
-- Dumping data for table `firm_type`
--

INSERT INTO `firm_type` VALUES (2,2,'ff','sdsgsd',1,'2013-05-27 18:31:38','2013-05-27 18:31:38',1),(2,2,'TH47','THE 47',1,'2013-07-02 09:47:02','2013-07-02 09:47:02',2),(2,2,'WWW','Web Services',1,'2013-07-02 09:53:05','2013-07-02 09:53:05',3);

--
-- Table structure for table `floor`
--

CREATE TABLE `floor` (
  `id_floor` int(11) NOT NULL AUTO_INCREMENT,
  `cd_floor` varchar(15) DEFAULT NULL,
  `lb_floor` varchar(255) DEFAULT NULL,
  `bl_deactivated` tinyint(1) DEFAULT NULL,
  PRIMARY KEY (`id_floor`)
) ENGINE=InnoDB DEFAULT CHARSET=utf8;

--
-- Dumping data for table `floor`
--


--
-- Table structure for table `functionality`
--

CREATE TABLE `functionality` (
  `id_functionality` int(11) NOT NULL AUTO_INCREMENT,
  `id_domain` int(11) DEFAULT NULL,
  `cd_functionality` varchar(15) NOT NULL,
  `lb_functionality` varchar(100) NOT NULL,
  `bl_deactivated` tinyint(1) DEFAULT NULL,
  PRIMARY KEY (`id_functionality`),
  KEY `id_domain` (`id_domain`),
  CONSTRAINT `FK_F83C5F44819EABE6` FOREIGN KEY (`id_domain`) REFERENCES `domain` (`id_domain`)
) ENGINE=InnoDB DEFAULT CHARSET=utf8;

--
-- Dumping data for table `functionality`
--


--
-- Table structure for table `gina_param`
--

CREATE TABLE `gina_param` (
  `id_gina_param` int(11) NOT NULL AUTO_INCREMENT,
  `cd_gina_param` varchar(15) CHARACTER SET utf8 COLLATE utf8_unicode_ci DEFAULT NULL,
  `lb_gina_param` varchar(100) CHARACTER SET utf8 COLLATE utf8_unicode_ci DEFAULT NULL,
  `nb_param` decimal(10,0) DEFAULT NULL,
  `lb_param` varchar(255) CHARACTER SET utf8 COLLATE utf8_unicode_ci DEFAULT NULL,
  `dt_param` datetime DEFAULT NULL,
  PRIMARY KEY (`id_gina_param`)
) ENGINE=InnoDB DEFAULT CHARSET=utf8;

--
-- Dumping data for table `gina_param`
--


--
-- Table structure for table `history`
--

CREATE TABLE `history` (
  `id_history` int(11) NOT NULL AUTO_INCREMENT,
  `id_history_type` int(11) DEFAULT NULL,
  `id_object` int(11) DEFAULT NULL,
  `id_user` int(11) DEFAULT NULL,
  `lb_component` varchar(255) DEFAULT NULL,
  `dt_effect` datetime DEFAULT NULL,
  `lb_entity` varchar(255) DEFAULT NULL,
  `id_sec_object` int(11) DEFAULT NULL,
  `lb_sec_entity` varchar(255) DEFAULT NULL,
  PRIMARY KEY (`id_history`),
  KEY `id_history_type` (`id_history_type`),
  KEY `id_user` (`id_user`),
  CONSTRAINT `FK_27BA704B6B3CA4B` FOREIGN KEY (`id_user`) REFERENCES `myuser` (`id`),
  CONSTRAINT `FK_27BA704BA42A5227` FOREIGN KEY (`id_history_type`) REFERENCES `history_type` (`id_history_type`)
) ENGINE=InnoDB AUTO_INCREMENT=2599 DEFAULT CHARSET=utf8;

--
-- Dumping data for table `history`
--

INSERT INTO `history` VALUES (1,2,10,2,'Bulgarie','2013-08-26 15:55:19','Country',NULL,NULL),(2,2,2,2,'user','2013-08-26 15:55:19','Myuser',NULL,NULL),(3,2,9,2,'Deutsch','2013-08-26 16:04:56','Country',NULL,NULL),(4,2,8,2,'It','2013-08-26 18:15:33','Country',NULL,NULL),(5,2,8,2,'Italia','2013-08-26 18:22:31','Country',NULL,NULL),(6,2,8,2,'Italia','2013-08-26 19:06:16','Country',NULL,NULL),(7,2,1,2,'12','2013-08-26 19:12:06','Customer',NULL,NULL),(8,2,1,2,'12','2013-08-26 19:13:12','Customer',NULL,NULL),(9,2,1,2,'12','2013-08-26 19:22:46','Customer',NULL,NULL),(10,2,1,2,'12','2013-08-26 22:03:30','Customer',NULL,NULL),(11,2,1,2,'45-92160 Paris-France','2013-08-26 22:03:30','Customer',3,'Address'),(12,2,1,2,'KH 12-25','2013-08-26 22:03:30','Customer',1,'Project'),(16,2,1,2,'12','2013-08-26 23:21:24','Customer',NULL,NULL),(17,2,1,2,'66 route states-92160 Paris-France','2013-08-26 23:21:24','Customer',3,'Address'),(18,2,1,2,'KH 12-25','2013-08-26 23:21:24','Customer',1,'Project'),(19,2,1,2,'12','2013-08-26 23:25:24','Customer',NULL,NULL),(20,2,1,2,'KH 12-25','2013-08-26 23:25:24','Customer',1,'Project'),(21,2,1,2,'12','2013-08-26 23:25:35','Customer',NULL,NULL),(22,2,1,2,'66 route states-92160 Paris-France','2013-08-26 23:25:35','Customer',3,'Address'),(23,2,1,2,'KH 12-25','2013-08-26 23:25:35','Customer',1,'Project'),(24,2,7,2,'dcard','2013-09-10 11:37:38','ComplexModel',NULL,NULL),(25,2,3,2,'121','2013-09-10 11:47:46','ComplexModel',NULL,NULL),(26,2,23,2,'445','2013-09-10 11:54:02','ComplexModel',NULL,NULL),(27,2,22,2,'CABINET001','2013-09-10 12:11:11','ComplexModel',NULL,NULL),(28,2,22,2,'CABINET001','2013-09-10 12:14:24','ComplexModel',NULL,NULL),(29,2,3,2,'121','2013-09-10 12:16:00','ComplexModel',NULL,NULL),(30,2,2,2,'AK12','2013-09-10 12:17:59','ComplexModel',NULL,NULL),(31,2,1,2,'0236','2013-09-10 12:27:48','Pop',NULL,NULL),(32,2,1,2,'ghfh','2013-09-10 12:55:59','Access',NULL,NULL),(33,2,1,2,'121','2013-09-12 10:19:48','ComplexModel',NULL,NULL),(34,2,150,2,'6566565','2013-09-12 11:08:39','Card',NULL,NULL),(35,2,150,2,'6566565','2013-09-12 11:12:09','Card',NULL,NULL),(36,2,150,2,'','2013-09-12 11:12:09','Card',NULL,'CostingCardLine'),(37,2,149,2,'464','2013-09-12 11:22:20','Card',NULL,NULL),(38,2,149,2,'','2013-09-12 11:22:20','Card',NULL,'CostingCardLine'),(39,2,149,2,'464','2013-09-12 11:41:43','Card',NULL,NULL),(40,2,149,2,'','2013-09-12 11:41:43','Card',NULL,'CostingCardLine'),(41,2,492,2,'4555','2013-09-12 11:42:15','Equipment',NULL,NULL),(42,2,492,2,'','2013-09-12 11:42:15','Equipment',NULL,'CostingEquipmentLine'),(43,2,492,2,'','2013-09-12 11:42:15','Equipment',NULL,'CostingEquipmentLine'),(44,2,1,2,'KH-J2365','2013-09-12 11:59:41','Provider',NULL,NULL),(45,2,1,2,'121-75005 Paris-England','2013-09-12 11:59:41','Provider',5,'Address'),(46,2,1,2,'121','2013-09-12 12:00:15','ComplexModel',NULL,NULL),(47,2,1,2,'121','2013-09-14 20:47:51','ComplexModel',NULL,NULL),(48,2,1,2,'KH-J2365','2013-09-14 23:07:18','Provider',NULL,NULL),(49,2,7,2,'dcard','2013-09-16 09:34:48','ComplexModel',NULL,NULL),(50,2,45,2,'ddd','2013-09-16 09:50:38','Card',NULL,NULL),(51,2,45,2,'','2013-09-16 09:50:38','Card',NULL,'CostingCardLine'),(52,2,45,2,'ddd','2013-09-16 09:56:18','Card',NULL,NULL),(53,2,45,2,'','2013-09-16 09:56:18','Card',25,'CostingCardLine'),(54,2,45,2,'','2013-09-16 09:56:18','Card',NULL,'CostingCardLine'),(55,2,1,2,'12','2013-09-18 14:38:12','Customer',NULL,NULL),(56,2,1,2,'66 route states-92160 Paris-France','2013-09-18 14:38:12','Customer',3,'Address'),(57,2,1,2,'12121-12112 azaz-Switzerland','2013-09-18 14:38:12','Customer',NULL,'Address'),(58,2,1,2,'KH 12-25','2013-09-18 14:38:12','Customer',1,'Project'),(59,2,1,2,'121','2013-09-18 18:12:33','ComplexModel',NULL,NULL),(60,2,1,2,'12','2013-09-24 15:54:20','Customer',NULL,NULL),(61,2,1,2,'KH 12-25','2013-09-24 15:54:20','Customer',1,'Project'),(62,2,4,2,'4','2013-09-24 17:16:14','Customer',NULL,NULL),(63,2,1,2,'12','2013-09-24 18:27:40','Customer',NULL,NULL),(64,2,1,2,'66 route states-92160 Paris-France','2013-09-24 18:27:40','Customer',3,'Address'),(65,2,1,2,'KH 12-25','2013-09-24 18:27:40','Customer',1,'Project'),(66,2,1,2,'12','2013-09-24 18:28:17','Customer',NULL,NULL),(67,2,1,2,'66 route states-92160 Paris-France','2013-09-24 18:28:18','Customer',3,'Address'),(68,2,1,2,'KH 12-25','2013-09-24 18:28:18','Customer',1,'Project'),(69,2,1,2,'12','2013-09-24 18:36:03','Customer',NULL,NULL),(70,2,1,2,'KH 12-25','2013-09-24 18:36:03','Customer',1,'Project'),(71,2,1,2,'12','2013-09-24 19:21:06','Customer',NULL,NULL),(72,2,1,2,'John Wayne','2013-09-24 19:21:06','Customer',1,'Contact'),(73,2,1,2,'KH 12-25','2013-09-24 19:21:06','Customer',1,'Project'),(74,2,1,2,'PROD1024','2013-09-25 14:35:22','BandwidthAssignee',NULL,NULL),(75,2,1,2,'5454','2013-09-25 14:35:23','BandwidthAssignee',NULL,'Bandwidth'),(76,2,1,2,'121','2013-09-25 14:39:13','ComplexModel',NULL,NULL),(77,2,1,2,'Albanie','2013-09-25 15:39:30','Country',NULL,NULL),(78,2,1,2,'Albanie','2013-09-25 15:39:37','Country',NULL,NULL),(79,2,1,2,'Albanie','2013-09-25 15:39:48','Country',NULL,NULL),(80,2,1,2,'Albanie','2013-09-25 16:11:28','Country',NULL,NULL),(81,2,1,2,'Albanie','2013-09-25 16:25:25','Country',NULL,NULL),(82,2,1,2,'Tokyo Cluster','2013-09-25 16:48:52','BranchCluster',NULL,NULL),(83,2,1,2,'Capacity 01','2013-09-25 17:12:24','Capacity',NULL,NULL),(84,2,1,2,'Capacity 01','2013-09-25 17:12:32','Capacity',NULL,NULL),(85,2,1,2,'Capacity 01','2013-09-25 17:23:29','Capacity',NULL,NULL),(86,2,1,2,'Capacity 01','2013-09-25 17:27:35','Capacity',NULL,NULL),(87,2,1,2,'Albanie','2013-09-25 17:29:08','Country',NULL,NULL),(88,2,1,2,'212','2013-09-25 17:41:45','ComplexModel',NULL,NULL),(92,2,1,2,'12','2013-09-25 18:27:18','Customer',NULL,NULL),(93,2,1,2,'Delivery 66 route states 92160 Paris','2013-09-25 18:27:18','Customer',3,'Address'),(94,2,1,2,'KH 12-25','2013-09-25 18:27:18','Customer',1,'Project'),(95,2,1,2,'12','2013-09-25 18:31:11','Customer',NULL,NULL),(96,2,1,2,'Delivery 66 route states 92160 Paris','2013-09-25 18:31:11','Customer',3,'Address'),(97,2,1,2,'KH 12-25','2013-09-25 18:31:11','Customer',1,'Project'),(98,2,1,2,'12','2013-09-25 18:43:36','Customer',NULL,NULL),(99,2,1,2,'Delivery 66 route states 92160 Paris','2013-09-25 18:43:36','Customer',3,'Address'),(100,2,1,2,'Delivery 12121 12112 azaz','2013-09-25 18:43:36','Customer',14,'Address'),(101,2,1,2,'KH 12-25','2013-09-25 18:43:36','Customer',1,'Project'),(102,2,1,2,'12','2013-09-25 18:46:01','Customer',NULL,NULL),(103,2,1,2,'Delivery 12121 12112 azaz','2013-09-25 18:46:01','Customer',14,'Address'),(104,2,1,2,'KH 12-25','2013-09-25 18:46:01','Customer',1,'Project'),(105,2,1,2,'12','2013-09-25 18:46:24','Customer',NULL,NULL),(106,2,1,2,'Delivery 66 route states 92160 Paris','2013-09-25 18:46:24','Customer',3,'Address'),(107,2,1,2,'KH 12-25','2013-09-25 18:46:24','Customer',1,'Project'),(108,2,1,2,'12','2013-09-25 18:49:10','Customer',NULL,NULL),(109,2,1,2,'Delivery 66 route states 92160 Paris','2013-09-25 18:49:10','Customer',3,'Address'),(110,2,1,2,'KH 12-25','2013-09-25 18:49:10','Customer',1,'Project'),(111,2,1,2,'12','2013-09-25 18:49:27','Customer',NULL,NULL),(112,2,1,2,'Delivery 12121 12112 azaz','2013-09-25 18:49:27','Customer',14,'Address'),(113,2,1,2,'KH 12-25','2013-09-25 18:49:27','Customer',1,'Project'),(114,2,1,2,'12','2013-09-25 18:49:41','Customer',NULL,NULL),(115,2,1,2,'Delivery 66 route states 92160 Paris','2013-09-25 18:49:41','Customer',3,'Address'),(116,2,1,2,'KH 12-25','2013-09-25 18:49:41','Customer',1,'Project'),(117,2,1,2,'12','2013-09-25 18:49:57','Customer',NULL,NULL),(118,2,1,2,'Delivery 66 route states 92160 Paris','2013-09-25 18:49:57','Customer',3,'Address'),(119,2,1,2,'KH 12-25','2013-09-25 18:49:57','Customer',1,'Project'),(120,2,1,2,'12','2013-09-25 18:50:14','Customer',NULL,NULL),(121,2,1,2,'Delivery 12121 12112 azaz','2013-09-25 18:50:14','Customer',14,'Address'),(122,2,1,2,'KH 12-25','2013-09-25 18:50:14','Customer',1,'Project'),(123,2,1,2,'12','2013-09-25 20:01:07','Customer',NULL,NULL),(124,2,1,2,'Delivery sdsd qdsqd 75005 1','2013-09-25 20:01:07','Customer',NULL,'Address'),(125,2,1,2,'KH 12-25','2013-09-25 20:01:07','Customer',1,'Project'),(126,2,1,2,'12','2013-09-25 20:01:36','Customer',NULL,NULL),(127,2,1,2,'Delivery 12121 12112 azaz','2013-09-25 20:01:36','Customer',14,'Address'),(128,2,1,2,'Delivery sdsd qdsqd 75005 1','2013-09-25 20:01:36','Customer',15,'Address'),(129,2,1,2,'KH 12-25','2013-09-25 20:01:36','Customer',1,'Project'),(130,2,1,2,'12','2013-09-25 20:02:10','Customer',NULL,NULL),(131,2,1,2,'Delivery sdsd qdsqd 75005 1','2013-09-25 20:02:10','Customer',15,'Address'),(132,2,1,2,'KH 12-25','2013-09-25 20:02:10','Customer',1,'Project'),(133,2,1,2,'12','2013-09-25 20:02:31','Customer',NULL,NULL),(134,2,1,2,'Delivery 12121 12112 azaz','2013-09-25 20:02:31','Customer',14,'Address'),(135,2,1,2,'KH 12-25','2013-09-25 20:02:31','Customer',1,'Project'),(136,2,1,2,'fff','2013-09-25 22:50:07','Provider',NULL,NULL),(137,2,1,2,'fff','2013-09-25 22:58:49','Provider',NULL,NULL),(138,2,1,2,'lkhjhgf-99595 London-England','2013-09-25 22:58:49','Provider',NULL,'AddressProvider'),(139,2,1,2,'12','2013-09-25 22:59:25','Customer',NULL,NULL),(140,2,1,2,'Head office 12121 12112 azaz','2013-09-25 22:59:25','Customer',14,'Address'),(141,2,1,2,'KH 12-25','2013-09-25 22:59:25','Customer',1,'Project'),(142,2,1,2,'Data','2013-09-30 09:25:20','ProductCategory',NULL,NULL),(143,2,1,2,'Backbone Link : Transfer','2013-09-30 15:47:20','TransactionType',NULL,NULL),(144,2,1,2,'BB Inititated order','2013-09-30 16:12:50','TransactionStatus',NULL,NULL),(145,2,11,2,'Max. nb of authorized devices','2013-09-30 16:42:34','ProductCaracs',NULL,NULL),(146,2,11,2,'Max. nb of authorized devices','2013-09-30 16:43:04','ProductCaracs',NULL,NULL),(147,2,4,2,'Off net','2013-09-30 16:44:56','ProductCaracs',NULL,NULL),(148,2,7,2,'idProp','2013-10-01 13:59:35','BackboneLinkInterfaceSettings',NULL,NULL),(149,2,1,2,'2454','2013-10-01 14:51:52','Branch',NULL,NULL),(150,2,1,2,'2454','2013-10-01 15:49:50','Branch',NULL,NULL),(151,2,26,2,'dtDelivery','2013-10-01 16:33:05','BackboneLinkInterfaceSettings',NULL,NULL),(152,2,14,2,'Head office 12121 12112 azaz','2013-10-04 00:37:49','Address',NULL,NULL),(153,2,14,2,'Head office 12121 12112 azaz','2013-10-04 00:38:39','Address',NULL,NULL),(154,2,14,2,'Head office 12121 12112 azaz','2013-10-04 00:39:28','Address',NULL,NULL),(155,2,14,2,'Head office 12121 12112 azaz','2013-10-04 00:41:01','Address',NULL,NULL),(156,2,14,2,'Head office 12121 12112 London','2013-10-04 00:41:44','Address',NULL,NULL),(157,2,14,2,'Head office 5454 12112 London','2013-10-04 01:31:12','Address',NULL,NULL),(161,2,1,2,'Albanie','2013-10-07 16:01:23','Country',NULL,NULL),(162,2,1,2,'John Wayne','2013-10-07 17:05:26','Contact',NULL,NULL),(163,2,3,2,'BresilianBranch','2013-10-07 17:26:12','Branch',NULL,NULL),(164,2,1,2,'12','2013-10-07 17:52:11','Customer',NULL,NULL),(165,2,1,2,'John Wayne','2013-10-07 18:19:15','Contact',NULL,NULL),(166,2,1,2,'12','2013-10-07 18:20:22','Customer',NULL,NULL),(167,2,1,2,'12','2013-10-08 09:40:15','Customer',NULL,NULL),(168,2,9,2,'Clark Gable','2013-10-08 12:02:15','Contact',NULL,NULL),(169,2,9,2,'Clark Gable','2013-10-08 12:37:44','Contact',NULL,NULL),(170,2,1,2,'12','2013-10-08 13:54:25','Customer',NULL,NULL),(171,2,9,2,'9','2013-10-08 14:15:29','Customer',NULL,NULL),(172,2,9,2,'9','2013-10-08 14:15:34','Customer',NULL,NULL),(173,2,2,2,'HonKong','2013-10-08 18:06:49','Branch',NULL,NULL),(174,2,2,2,'HonKong','2013-10-08 18:06:50','Branch',NULL,NULL),(175,2,2,2,'HonKong','2013-10-08 18:06:56','Branch',NULL,NULL),(176,2,21,2,'Head office 21212 91152 London','2013-10-08 18:06:58','Address',NULL,NULL),(177,2,21,2,'256556','2013-10-08 18:06:58','Address',NULL,'BillingGroup'),(178,2,21,2,'2121','2013-10-08 18:06:58','Address',NULL,'BillingGroup'),(179,2,2,2,'HonKong','2013-10-08 18:07:05','Branch',NULL,NULL),(180,2,21,2,'Head office 21212 91152 London','2013-10-08 18:07:23','Address',NULL,NULL),(181,2,5,2,'5','2013-10-08 18:24:59','Customer',NULL,NULL),(182,2,5,2,'5','2013-10-08 18:25:03','Customer',NULL,NULL),(183,2,1,2,'12','2013-10-08 18:37:27','Customer',NULL,NULL),(184,2,22,2,'Head office Himmelspforte 12 65432 Marseilles','2013-10-08 19:10:25','Address',NULL,NULL),(185,2,11,2,'Delivery qqsdqsd qsdqsdqsd Marseilles','2013-10-08 19:24:22','Address',NULL,NULL),(186,2,10,2,'Delivery 35 ru François premier 83562 Blois','2013-10-08 19:24:57','Address',NULL,NULL),(187,2,1,2,'212','2013-10-09 11:48:32','ComplexModel',NULL,NULL),(188,2,18,2,'Head office 21 rue du maine 91180 London','2013-10-09 15:56:57','Address',NULL,NULL),(189,2,21,2,'Head office 21212 91152 London','2013-10-09 15:57:08','Address',NULL,NULL),(190,2,9,2,'9','2013-10-09 17:20:10','Customer',NULL,NULL),(191,2,11,2,'Delivery qqsdqsd qsdqsdqsd Marseilles','2013-10-10 09:52:58','Address',NULL,NULL),(192,2,18,2,'Head office 21 rue du maine 91180 London','2013-10-11 14:04:28','Address',NULL,NULL),(193,2,21,2,'Head office 21212 91152 London','2013-10-11 14:04:51','Address',NULL,NULL),(194,2,1,2,'12','2013-10-13 21:52:29','Customer',NULL,NULL),(195,2,1,2,'Tokyo Cluster','2013-10-13 21:53:49','BranchCluster',NULL,NULL),(196,2,1,2,'Head office','2013-10-13 22:04:02','AddressType',NULL,NULL),(197,2,1,2,'Head office lkhjhgf 99595 London','2013-10-14 16:53:57','AddressProvider',NULL,NULL),(198,2,2,2,'Cdesc ','2013-10-14 17:16:37','Cluster',NULL,NULL),(199,2,1,2,'PROD1024','2013-10-14 17:41:21','BandwidthAssignee',NULL,NULL),(200,2,1,2,'212','2013-10-14 18:08:45','ComplexModel',NULL,NULL),(201,2,1,2,'212','2013-10-14 21:09:55','ComplexModel',NULL,NULL),(202,2,2,2,'212','2013-10-14 21:10:29','ComplexModel',NULL,NULL),(203,2,4,2,'5454','2013-10-14 21:10:48','ComplexModel',NULL,NULL),(204,2,1,2,'212','2013-10-14 21:30:21','ComplexModel',NULL,NULL),(205,2,18,2,'Head office 21 rue du maine 91180 London','2013-10-14 23:58:23','Address',NULL,NULL),(206,2,1,2,'212','2013-10-16 15:45:22','ComplexModel',NULL,NULL),(207,2,49,2,'4','2013-10-16 15:45:38','Equipment',NULL,NULL),(208,2,1,2,'fff','2013-10-16 16:35:00','Provider',NULL,NULL),(209,2,1,2,'fff','2013-10-16 16:44:29','Provider',NULL,NULL),(210,2,1,2,'fff','2013-10-16 16:45:28','Provider',NULL,NULL),(211,2,1,2,'fff','2013-10-16 16:49:03','Provider',NULL,NULL),(212,2,1,2,'212','2013-10-16 17:13:48','ComplexModel',NULL,NULL),(213,2,1,2,'212','2013-10-17 18:25:43','ComplexModel',NULL,NULL),(214,2,1,2,'212','2013-10-18 17:30:32','ComplexModel',NULL,NULL),(215,2,1,2,'212','2013-10-21 10:23:44','ComplexModel',NULL,NULL),(216,2,1,2,'21','2013-10-21 10:24:58','Pop',NULL,NULL),(217,2,1,2,'21','2013-10-21 10:25:03','Pop',NULL,NULL),(218,2,1,2,'212','2013-10-21 10:25:53','ComplexModel',NULL,NULL),(219,2,4,2,'5454','2013-10-21 11:04:36','ComplexModel',NULL,NULL),(220,2,1,2,'212','2013-10-21 11:11:44','ComplexModel',NULL,NULL),(221,2,1,2,'212','2013-10-21 11:14:55','ComplexModel',NULL,NULL),(222,2,1,2,'212','2013-10-21 11:56:00','ComplexModel',NULL,NULL),(223,2,1,2,'21','2013-10-21 14:18:29','Pop',NULL,NULL),(224,2,1,2,'212','2013-10-21 14:23:30','ComplexModel',NULL,NULL),(225,2,1,2,'21','2013-10-21 14:25:54','Pop',NULL,NULL),(226,2,1,2,'21','2013-10-21 14:42:45','Pop',NULL,NULL),(227,2,1,2,'212','2013-10-21 16:09:59','ComplexModel',NULL,NULL),(228,2,1,2,'21','2013-10-21 16:45:50','Pop',NULL,NULL),(229,2,6,2,'Pop Code description','2013-10-21 16:47:43','Pop',NULL,NULL),(230,2,1,2,'fhfh','2013-10-21 16:49:46','Access',NULL,NULL),(231,2,1,2,'fhfh','2013-10-21 16:51:02','Access',NULL,NULL),(232,2,6,2,'Pop Code description','2013-10-21 16:51:21','Pop',NULL,NULL),(233,2,1,2,'21','2013-10-21 16:52:11','Pop',NULL,NULL),(234,2,1,2,'5454','2013-10-21 17:28:59','SfpModuleType',NULL,NULL),(235,2,48,2,':dport','2013-10-21 17:32:52','PortInstance',NULL,NULL),(236,2,48,2,'1:dport','2013-10-21 17:33:51','PortInstance',NULL,NULL),(237,2,6,2,'Pop Code description','2013-10-21 17:45:03','Pop',NULL,NULL),(238,2,1,2,'212','2013-10-21 17:46:48','ComplexModel',NULL,NULL),(239,2,6,2,'Pop Code description','2013-10-21 17:48:50','Pop',NULL,NULL),(240,2,6,2,'Pop Code description','2013-10-21 17:50:24','Pop',NULL,NULL),(241,2,8,2,'test 2566','2013-10-21 17:51:08','CabinetInstance',NULL,NULL),(242,2,1,2,'ttt','2013-10-21 17:54:35','PatchPanelInstance',NULL,NULL),(243,2,1,2,'ttt','2013-10-21 17:54:42','PatchPanelInstance',NULL,NULL),(244,2,1,2,'ttt','2013-10-21 17:54:48','PatchPanelInstance',NULL,NULL),(245,2,1,2,'ttt','2013-10-21 17:54:56','PatchPanelInstance',NULL,NULL),(246,2,6,2,'Pop Code description','2013-10-21 17:55:48','Pop',NULL,NULL),(247,2,6,2,'Pop Code description','2013-10-21 17:55:54','Pop',NULL,NULL),(248,2,6,2,'Pop Code description','2013-10-21 17:57:28','Pop',NULL,NULL),(249,2,6,2,'Pop Code description','2013-10-21 17:57:35','Pop',NULL,NULL),(250,2,6,2,'Pop Code description','2013-10-21 17:57:46','Pop',NULL,NULL),(251,2,6,2,'Pop Code description','2013-10-21 18:00:05','Pop',NULL,NULL),(252,2,6,2,'Pop Code description','2013-10-21 18:00:42','Pop',NULL,NULL),(253,2,1,2,'212','2013-10-29 18:43:24','ComplexModel',NULL,NULL),(254,2,9,2,'','2013-11-01 23:38:25','BackboneLink',NULL,NULL),(255,2,9,2,'','2013-11-01 23:39:26','BackboneLink',NULL,NULL),(256,2,9,2,'','2013-11-01 23:40:10','BackboneLink',NULL,NULL),(257,2,9,2,'','2013-11-01 23:40:34','BackboneLink',NULL,NULL),(258,2,9,2,'','2013-11-01 23:41:58','BackboneLink',NULL,NULL),(259,2,9,2,'','2013-11-01 23:42:57','BackboneLink',NULL,NULL),(260,2,9,2,'','2013-11-01 23:46:55','BackboneLink',NULL,NULL),(261,2,9,2,'','2013-11-01 23:58:20','BackboneLink',NULL,NULL),(262,2,9,2,'','2013-11-02 00:28:50','BackboneLink',NULL,NULL),(263,2,9,2,'','2013-11-02 00:32:02','BackboneLink',NULL,NULL),(264,2,9,2,'','2013-11-02 00:32:35','BackboneLink',NULL,NULL),(265,2,10,2,'','2013-11-02 00:50:05','BackboneLink',NULL,NULL),(266,2,10,2,'','2013-11-02 00:56:12','BackboneLink',NULL,NULL),(267,2,10,2,'','2013-11-02 01:03:53','BackboneLink',NULL,NULL),(268,2,10,2,'','2013-11-02 01:13:06','BackboneLink',NULL,NULL),(269,2,10,2,'','2013-11-02 01:25:35','BackboneLink',NULL,NULL),(270,2,11,2,'','2013-11-02 23:49:24','BackboneLink',NULL,NULL),(271,2,11,2,'','2013-11-02 23:49:36','BackboneLink',NULL,NULL),(272,2,11,2,'','2013-11-02 23:50:41','BackboneLink',NULL,NULL),(273,2,11,2,'','2013-11-02 23:51:02','BackboneLink',NULL,NULL),(274,2,11,2,'','2013-11-02 23:51:21','BackboneLink',NULL,NULL),(275,2,11,2,'','2013-11-02 23:51:34','BackboneLink',NULL,NULL),(276,2,1,2,'A1','2013-11-03 00:13:41','BackboneLinkExtremity',NULL,NULL),(277,2,2,2,'B2','2013-11-03 00:15:29','BackboneLinkExtremity',NULL,NULL),(278,2,11,2,'','2013-11-03 00:15:51','BackboneLink',NULL,NULL),(279,2,11,2,'','2013-11-03 00:16:58','BackboneLink',NULL,NULL),(280,2,11,2,'','2013-11-03 00:18:57','BackboneLink',NULL,NULL),(281,2,11,2,'','2013-11-03 00:23:04','BackboneLink',NULL,NULL),(282,2,1,2,'John Wayne','2013-11-03 01:09:15','BackboneLinkExtremityTech',NULL,NULL),(283,2,11,2,'','2013-11-03 01:11:49','BackboneLink',NULL,NULL),(284,2,2,2,'john fitzgerald','2013-11-03 01:12:27','BackboneLinkExtremityTech',NULL,NULL),(285,2,11,2,'','2013-11-03 01:12:34','BackboneLink',NULL,NULL),(286,2,11,2,'','2013-11-03 01:14:10','BackboneLink',NULL,NULL),(287,2,1,2,':','2013-11-03 23:25:00','CostingBackboneLinkLine',NULL,NULL),(288,2,4,2,'','2013-11-04 10:48:13','BackboneLinkExtremityTech',NULL,NULL),(289,2,9,2,'BB:','2013-11-04 11:08:48','BackboneLink',NULL,NULL),(290,2,11,2,'BB:','2013-11-04 16:09:58','BackboneLink',NULL,NULL),(291,2,25,2,'ghjhgjT','2013-11-04 16:10:29','BackboneLinkExtremity',NULL,NULL),(292,2,11,2,'BB:','2013-11-04 16:10:50','BackboneLink',NULL,NULL),(293,2,24,2,'ghjhgj','2013-11-04 16:11:11','BackboneLinkExtremity',NULL,NULL),(294,2,11,2,'BB:','2013-11-04 16:11:18','BackboneLink',NULL,NULL),(295,2,11,2,'BB:','2013-11-04 16:12:18','BackboneLink',NULL,NULL),(296,2,11,2,'BB:','2013-11-04 16:23:45','BackboneLink',NULL,NULL),(297,2,11,2,'BB:','2013-11-04 16:24:41','BackboneLink',NULL,NULL),(298,2,11,2,'BB:','2013-11-04 16:28:13','BackboneLink',NULL,NULL),(299,2,11,2,'BB:','2013-11-04 16:28:51','BackboneLink',NULL,NULL),(300,2,25,2,'ghjhgjT','2013-11-04 16:38:57','BackboneLinkExtremity',NULL,NULL),(301,2,11,2,'BB:','2013-11-04 16:39:07','BackboneLink',NULL,NULL),(302,2,11,2,'BB:','2013-11-04 16:41:12','BackboneLink',NULL,NULL),(303,2,25,2,'ghjhgjT','2013-11-04 16:41:45','BackboneLinkExtremity',NULL,NULL),(304,2,11,2,'BB:','2013-11-04 16:42:45','BackboneLink',NULL,NULL),(305,2,11,2,'BB:','2013-11-04 16:49:40','BackboneLink',NULL,NULL),(306,2,11,2,'BB:','2013-11-04 16:50:08','BackboneLink',NULL,NULL),(307,2,11,2,'BB:','2013-11-04 16:52:58','BackboneLink',NULL,NULL),(308,2,11,2,'BB:','2013-11-04 16:53:08','BackboneLink',NULL,NULL),(309,2,17,2,'john fitzgerald','2013-11-04 16:53:47','BackboneLinkExtremityTech',NULL,NULL),(310,2,11,2,'BB:','2013-11-04 16:59:11','BackboneLink',NULL,NULL),(311,2,11,2,'BB:','2013-11-04 16:59:40','BackboneLink',NULL,NULL),(312,2,11,2,'BB:','2013-11-04 17:10:23','BackboneLink',NULL,NULL),(313,2,8,2,'POP001','2013-11-05 15:08:59','Pop',NULL,NULL),(314,2,1,2,'212','2013-11-05 15:12:48','ComplexModel',NULL,NULL),(315,2,498,2,'London','2013-11-06 12:13:09','City',NULL,NULL),(316,2,1,2,'21','2013-11-10 00:07:21','Pop',NULL,NULL),(317,2,1,2,'21','2013-11-10 01:14:15','Pop',NULL,NULL),(318,2,1,2,'212','2013-11-11 10:55:39','ComplexModel',NULL,NULL),(319,2,2,2,'212','2013-11-11 10:56:05','ComplexModel',NULL,NULL),(320,2,30,2,'CABINET001','2013-11-11 11:04:27','Cabinet',NULL,NULL),(321,2,491,2,'equipement','2013-11-11 11:06:30','Equipment',NULL,NULL),(322,2,6,2,'Pop Code description','2013-11-11 11:08:05','Pop',NULL,NULL),(323,2,22,2,'CABINET001','2013-11-11 11:17:09','ComplexModel',NULL,NULL),(324,2,1,2,'fff','2013-11-11 14:53:15','Provider',NULL,NULL),(325,2,1,2,'21','2013-11-11 15:24:54','Pop',NULL,NULL),(326,2,6,2,'Pop Code description','2013-11-11 23:12:54','Pop',NULL,NULL),(327,2,12,2,'BB:','2013-11-12 09:59:51','BackboneLink',NULL,NULL),(328,2,13,2,'BB:','2013-11-12 10:09:07','BackboneLink',NULL,NULL),(329,2,29,2,'A1','2013-11-12 10:09:40','BackboneLinkExtremity',NULL,NULL),(330,2,13,2,'BB:','2013-11-12 10:09:48','BackboneLink',NULL,NULL),(331,2,29,2,'A1','2013-11-12 10:10:01','BackboneLinkExtremity',NULL,NULL),(332,2,30,2,'B2','2013-11-12 10:10:23','BackboneLinkExtremity',NULL,NULL),(333,2,13,2,'BB:','2013-11-12 10:10:31','BackboneLink',NULL,NULL),(334,2,9,2,'BB:','2013-11-12 10:48:25','BackboneLink',NULL,NULL),(335,2,9,2,'BB:','2013-11-12 10:48:55','BackboneLink',NULL,NULL),(336,2,9,2,'BB:','2013-11-12 10:51:10','BackboneLink',NULL,NULL),(337,2,9,2,'BB:','2013-11-12 10:57:48','BackboneLink',NULL,NULL),(338,2,9,2,'BB:','2013-11-12 11:05:47','BackboneLink',NULL,NULL),(339,2,18,2,'','2013-11-12 11:07:45','BackboneLinkExtremityTech',NULL,NULL),(340,2,9,2,'BB:','2013-11-12 11:07:57','BackboneLink',NULL,NULL),(341,2,9,2,'BB:','2013-11-12 11:10:08','BackboneLink',NULL,NULL),(342,2,9,2,'BB:','2013-11-12 11:10:27','BackboneLink',NULL,NULL),(343,2,9,2,'BB:','2013-11-12 11:10:58','BackboneLink',NULL,NULL),(344,2,9,2,'BB:','2013-11-12 11:20:36','BackboneLink',NULL,NULL),(345,2,9,2,'BB:','2013-11-12 11:25:24','BackboneLink',NULL,NULL),(346,2,9,2,'BB:','2013-11-12 11:32:09','BackboneLink',NULL,NULL),(347,2,9,2,'BB:','2013-11-12 11:47:11','BackboneLink',NULL,NULL),(348,2,31,2,'A1','2013-11-12 14:54:09','BackboneLinkExtremity',NULL,NULL),(349,2,32,2,'B2','2013-11-12 14:54:33','BackboneLinkExtremity',NULL,NULL),(350,2,14,2,'BB:','2013-11-12 14:55:02','BackboneLink',NULL,NULL),(351,2,14,2,'BB:','2013-11-12 15:15:29','BackboneLink',NULL,NULL),(352,2,27,2,'Head office Main stree 234 23541 88','2013-11-15 12:41:17','Address',NULL,NULL),(353,2,27,2,'Head office Main stree 234 23541 88','2013-11-15 12:41:54','Address',NULL,NULL),(354,2,16,2,'16','2013-11-15 12:45:57','Customer',NULL,NULL),(355,2,16,2,'16','2013-11-15 12:46:03','Customer',NULL,NULL),(356,2,16,2,'16','2013-11-15 12:46:13','Customer',NULL,NULL),(357,2,16,2,'16','2013-11-15 12:46:14','Customer',NULL,NULL),(358,2,18,2,'Address','2013-11-20 00:33:09','Address',NULL,NULL),(359,2,21,2,'Address','2013-11-20 00:33:09','Address',NULL,NULL),(360,2,1,2,'12','2013-11-20 00:35:55','Customer',NULL,NULL),(361,2,1,2,'Head office 21 rue du maineland country west 92160 London','2013-11-20 00:35:55','Customer',18,'Address'),(362,2,1,2,'Head office 21212 main street away 92160 London','2013-11-20 00:35:55','Customer',21,'Address'),(363,2,1,2,'12','2013-11-20 00:35:55','Customer',NULL,NULL),(364,2,1,2,'12','2013-11-20 17:09:26','Customer',NULL,NULL),(365,2,1,2,'12','2013-11-20 17:09:26','Customer',NULL,NULL),(366,2,18,2,'Billing 21 rue du maineland country west 92160 London','2013-11-20 17:09:57','Address',NULL,NULL),(367,2,18,2,'5454','2013-11-20 17:09:57','Address',NULL,'BillingGroup'),(368,2,1,2,'12','2013-11-20 17:10:49','Customer',NULL,NULL),(369,2,1,2,'12','2013-11-20 17:10:49','Customer',NULL,NULL),(370,2,1,2,'12','2013-11-20 17:19:39','Customer',NULL,NULL),(371,2,1,2,'Head office 21212 main street away  London','2013-11-20 17:19:39','Customer',21,'Address'),(372,2,1,2,'12','2013-11-20 17:19:39','Customer',NULL,NULL),(373,2,1,2,'12','2013-11-20 17:22:18','Customer',NULL,NULL),(374,2,1,2,'12','2013-11-20 17:22:18','Customer',NULL,NULL),(375,2,1,2,'12','2013-11-20 17:22:41','Customer',NULL,NULL),(376,2,1,2,'12','2013-11-20 17:22:41','Customer',NULL,NULL),(377,2,1,2,'12','2013-11-20 17:23:41','Customer',NULL,NULL),(378,2,1,2,'12','2013-11-20 17:23:41','Customer',NULL,NULL),(379,2,1,2,'12','2013-11-20 17:31:51','Customer',NULL,NULL),(380,2,1,2,'Head office 21212 main street away 92160 London','2013-11-20 17:31:51','Customer',21,'Address'),(381,2,1,2,'12','2013-11-20 17:31:51','Customer',NULL,NULL),(382,2,1,2,'12','2013-11-20 17:34:53','Customer',NULL,NULL),(383,2,1,2,'12','2013-11-20 17:34:53','Customer',NULL,NULL),(384,2,1,2,'212','2013-11-20 17:49:29','ComplexModel',NULL,NULL),(385,2,5,2,'BB:','2013-11-21 12:00:34','BackboneLink',NULL,NULL),(386,2,5,2,'BB:','2013-11-21 12:01:05','BackboneLink',NULL,NULL),(387,2,5,2,'BB:','2013-11-21 12:01:49','BackboneLink',NULL,NULL),(388,2,5,2,'BB:','2013-11-21 12:03:02','BackboneLink',NULL,NULL),(389,2,5,2,'BB:','2013-11-21 12:04:14','BackboneLink',NULL,NULL),(390,2,5,2,'BB:','2013-11-21 12:04:28','BackboneLink',NULL,NULL),(391,2,5,2,'BB:','2013-11-21 12:07:04','BackboneLink',NULL,NULL),(392,2,5,2,'England','2013-11-22 13:32:02','Country',NULL,NULL),(393,2,1,2,'212','2013-11-25 16:41:03','ComplexModel',NULL,NULL),(394,2,1,2,'212','2013-12-06 12:21:12','ComplexModel',NULL,NULL),(395,2,3,2,'','2013-12-07 18:37:45','LocalLoop',NULL,NULL),(396,2,3,2,'','2013-12-07 18:45:41','LocalLoop',NULL,NULL),(397,2,10,2,'BB:','2013-12-07 22:26:16','BackboneLink',NULL,NULL),(398,2,10,2,'BB:','2013-12-07 22:26:39','BackboneLink',NULL,NULL),(399,2,10,2,'BB:','2013-12-07 22:26:53','BackboneLink',NULL,NULL),(400,2,3,2,'','2013-12-07 23:48:40','LocalLoop',NULL,NULL),(401,2,3,2,'','2013-12-07 23:59:33','LocalLoop',NULL,NULL),(402,2,3,2,'','2013-12-08 00:00:04','LocalLoop',NULL,NULL),(403,2,1,2,'A1','2013-12-08 00:33:39','LocalLoopExtremity',NULL,NULL),(404,2,1,2,'Etrali pop','2013-12-08 00:37:20','PopType',NULL,NULL),(405,2,3,2,'','2013-12-08 11:18:31','LocalLoop',NULL,NULL),(406,2,1,2,'A1','2013-12-09 12:18:24','LocalLoopExtremity',NULL,NULL),(407,2,3,2,'','2013-12-09 12:21:56','LocalLoop',NULL,NULL),(408,2,3,2,'B2','2013-12-09 12:21:56','LocalLoop',2,'LocalLoopExtremity'),(409,2,3,2,'','2013-12-09 12:21:56','LocalLoop',NULL,NULL),(410,2,3,2,'','2013-12-09 12:29:08','LocalLoop',NULL,NULL),(411,2,3,2,'B2','2013-12-09 12:29:08','LocalLoop',2,'LocalLoopExtremity'),(412,2,3,2,'','2013-12-09 12:29:08','LocalLoop',NULL,NULL),(413,2,8,2,'POP001','2013-12-09 12:31:07','Pop',NULL,NULL),(414,2,3,2,'','2013-12-09 12:34:27','LocalLoop',NULL,NULL),(415,2,3,2,'A1','2013-12-09 12:34:27','LocalLoop',1,'LocalLoopExtremity'),(416,2,3,2,'B2','2013-12-09 12:34:27','LocalLoop',2,'LocalLoopExtremity'),(417,2,3,2,'','2013-12-09 12:34:27','LocalLoop',NULL,NULL),(418,2,3,2,'','2013-12-09 12:36:34','LocalLoop',NULL,NULL),(419,2,3,2,'','2013-12-09 12:36:55','LocalLoop',NULL,NULL),(420,2,3,2,'','2013-12-09 13:44:00','LocalLoop',NULL,NULL),(421,2,3,2,'','2013-12-09 13:44:23','LocalLoop',NULL,NULL),(422,2,3,2,'','2013-12-09 13:54:24','LocalLoop',NULL,NULL),(423,2,1,2,'Trade Voice City','2013-12-09 14:22:35','ProductType',NULL,NULL),(424,2,2,2,'Trade Voice Intercity','2013-12-09 14:24:12','ProductType',NULL,NULL),(425,2,5,2,'NetRecova','2013-12-09 14:34:48','ProductType',NULL,NULL),(426,2,10,2,'TETC:TradExtra Talk City','2013-12-09 15:05:01','ProductType',NULL,NULL),(427,2,10,2,'TETC:TradExtra Talk City','2013-12-09 15:07:11','ProductType',NULL,NULL),(428,2,13,2,'TEP:TradExtra Plug','2013-12-09 15:11:17','ProductType',NULL,NULL),(429,2,13,2,'TEP:TradExtra Plug','2013-12-09 15:11:44','ProductType',NULL,NULL),(430,2,13,2,'TEP:TradExtra Plug','2013-12-09 15:12:36','ProductType',NULL,NULL),(431,2,14,2,'TEOS:tradExtra One system','2013-12-09 15:16:22','ProductType',NULL,NULL),(432,2,14,2,'TEOS:tradExtra One system','2013-12-09 15:20:01','ProductType',NULL,NULL),(433,2,13,2,'TEP:TradExtra Plug','2013-12-09 15:20:29','ProductType',NULL,NULL),(434,2,12,2,'TETIA:TradExtra Talk Inter-Area','2013-12-09 15:21:32','ProductType',NULL,NULL),(435,2,14,2,'TEOS:tradExtra One system','2013-12-09 15:21:49','ProductType',NULL,NULL),(436,2,14,2,'TEOS:tradExtra One system','2013-12-09 15:22:40','ProductType',NULL,NULL),(437,2,13,2,'TEP:TradExtra Plug','2013-12-09 15:23:41','ProductType',NULL,NULL),(438,2,12,2,'TETIA:TradExtra Talk Inter-Area','2013-12-09 15:24:01','ProductType',NULL,NULL),(439,2,11,2,'TETA:TradExtra Talk Area','2013-12-09 15:24:27','ProductType',NULL,NULL),(440,2,10,2,'TETC:TradExtra Talk City','2013-12-09 15:28:02','ProductType',NULL,NULL),(441,2,10,2,'TETC:TradExtra Talk City','2013-12-09 15:28:17','ProductType',NULL,NULL),(442,2,17,2,'LLSCR:Live-Live Smart Call Routing','2013-12-09 15:34:13','ProductType',NULL,NULL),(443,2,13,2,'BB:','2013-12-10 11:20:34','BackboneLink',NULL,NULL),(444,2,37,2,'A1','2013-12-10 11:23:28','BackboneLinkExtremity',NULL,NULL),(445,2,38,2,'B2','2013-12-10 11:23:41','BackboneLinkExtremity',NULL,NULL),(446,2,18,2,'BB:','2013-12-10 11:23:47','BackboneLink',NULL,NULL),(447,2,3,2,'','2013-12-10 11:36:02','LocalLoop',NULL,NULL),(448,2,10,2,'TETC:TradExtra Talk City','2013-12-10 11:58:49','ProductType',NULL,NULL),(449,2,11,2,'TETA:TradExtra Talk Area','2013-12-10 12:01:38','ProductType',NULL,NULL),(450,2,12,2,'TETIA:TradExtra Talk Inter-Area','2013-12-10 12:02:06','ProductType',NULL,NULL),(451,2,13,2,'TEP:TradExtra Plug','2013-12-10 12:02:23','ProductType',NULL,NULL),(452,2,14,2,'TEOS:tradExtra One system','2013-12-10 12:02:38','ProductType',NULL,NULL),(453,2,1,2,'Albanie','2013-12-13 11:46:40','Country',NULL,NULL),(454,2,37,2,'A1','2013-12-13 14:22:10','BackboneLinkExtremity',NULL,NULL),(455,2,1,2,'A1','2013-12-13 14:48:03','LocalLoopExtremity',NULL,NULL),(456,2,5,2,'BB:','2013-12-17 10:36:08','BackboneLink',NULL,NULL),(457,2,18,2,'BB:','2013-12-17 10:50:17','BackboneLink',NULL,NULL),(458,2,18,2,'BB:','2013-12-17 10:53:19','BackboneLink',NULL,NULL),(459,2,18,2,'BB:','2013-12-17 10:55:55','BackboneLink',NULL,NULL),(460,2,18,2,'BB:','2013-12-17 12:26:37','BackboneLink',NULL,NULL),(461,2,29,2,'john fitzgerald','2013-12-17 12:56:37','BackboneLinkExtremityTech',NULL,NULL),(462,2,18,2,'BB:','2013-12-17 12:56:45','BackboneLink',NULL,NULL),(463,2,30,2,'Titi j\'aicrue voir un chat','2013-12-17 12:57:12','BackboneLinkExtremityTech',NULL,NULL),(464,2,18,2,'BB:','2013-12-17 12:57:16','BackboneLink',NULL,NULL),(465,2,19,2,'BB:','2013-12-17 13:25:21','BackboneLink',NULL,NULL),(466,2,19,2,'BB:','2013-12-17 13:25:39','BackboneLink',NULL,NULL),(467,2,19,2,'BB:','2013-12-17 13:28:59','BackboneLink',NULL,NULL),(468,2,19,2,'BB:','2013-12-17 13:29:16','BackboneLink',NULL,NULL),(469,2,19,2,'BB:','2013-12-17 13:29:58','BackboneLink',NULL,NULL),(470,2,19,2,'BB:','2013-12-17 13:31:01','BackboneLink',NULL,NULL),(471,2,9,2,'BB::Aze:','2013-12-17 13:31:39','TariffBackboneLinkLine',NULL,NULL),(472,2,19,2,'BB:','2013-12-17 13:31:52','BackboneLink',NULL,NULL),(473,2,12,2,'Version Française 1:','2013-12-17 13:32:32','BackboneLinkOption',NULL,NULL),(474,2,18,2,'BB:','2013-12-17 13:46:22','BackboneLink',NULL,NULL),(475,2,18,2,'BB:','2013-12-17 13:47:08','BackboneLink',NULL,NULL),(476,2,18,2,'BB:','2013-12-17 13:47:41','BackboneLink',NULL,NULL),(477,2,29,2,'john fitzgerald','2013-12-17 13:48:45','BackboneLinkExtremityTech',NULL,NULL),(478,2,27,2,'BB:','2013-12-17 14:06:25','BackboneLink',NULL,NULL),(479,2,27,2,'BB:','2013-12-17 14:08:47','BackboneLink',NULL,NULL),(480,2,29,2,'BB:','2013-12-17 14:15:19','BackboneLink',NULL,NULL),(481,2,29,2,'BB:','2013-12-17 14:16:46','BackboneLink',NULL,NULL),(482,2,29,2,'BB:','2013-12-17 14:16:59','BackboneLink',NULL,NULL),(483,2,29,2,'BB:','2013-12-17 14:17:12','BackboneLink',NULL,NULL),(484,2,29,2,'BB:','2013-12-17 14:17:22','BackboneLink',NULL,NULL),(485,2,29,2,'BB:','2013-12-17 14:17:35','BackboneLink',NULL,NULL),(486,2,43,2,'A1','2013-12-17 14:17:54','BackboneLinkExtremity',NULL,NULL),(487,2,29,2,'BB:','2013-12-17 14:17:59','BackboneLink',NULL,NULL),(488,2,44,2,'B2','2013-12-17 14:18:14','BackboneLinkExtremity',NULL,NULL),(489,2,29,2,'BB:','2013-12-17 14:18:19','BackboneLink',NULL,NULL),(490,2,29,2,'BB:','2013-12-17 14:18:35','BackboneLink',NULL,NULL),(491,2,45,2,'A1','2013-12-17 15:32:24','BackboneLinkExtremity',NULL,NULL),(492,2,30,2,'BB:','2013-12-17 15:41:16','BackboneLink',NULL,NULL),(493,2,46,2,'B2','2013-12-17 15:41:55','BackboneLinkExtremity',NULL,NULL),(494,2,30,2,'BB:','2013-12-17 15:42:01','BackboneLink',NULL,NULL),(495,2,30,2,'BB:','2013-12-17 16:21:26','BackboneLink',NULL,NULL),(496,2,30,2,'BB:','2013-12-19 11:33:10','BackboneLink',NULL,NULL),(497,2,30,2,'BB:','2013-12-19 11:34:40','BackboneLink',NULL,NULL),(498,2,30,2,'BB:','2013-12-19 11:35:31','BackboneLink',NULL,NULL),(499,2,37,2,'ET ET','2013-12-19 11:39:21','BackboneLinkExtremityTech',NULL,NULL),(500,2,30,2,'BB:','2013-12-19 11:39:28','BackboneLink',NULL,NULL),(501,2,38,2,'Clark Gable','2013-12-19 11:41:49','BackboneLinkExtremityTech',NULL,NULL),(502,2,30,2,'BB:','2013-12-19 11:41:55','BackboneLink',NULL,NULL),(503,2,28,2,'BB:','2013-12-19 11:46:13','BackboneLink',NULL,NULL),(504,2,41,2,'A1','2013-12-19 11:46:35','BackboneLinkExtremity',NULL,NULL),(505,2,42,2,'B2','2013-12-19 11:46:53','BackboneLinkExtremity',NULL,NULL),(506,2,28,2,'BB:','2013-12-19 11:47:24','BackboneLink',NULL,NULL),(507,2,28,2,'BB:','2013-12-19 11:48:04','BackboneLink',NULL,NULL),(508,2,28,2,'BB:','2013-12-19 11:49:15','BackboneLink',NULL,NULL),(509,2,33,2,'john fitzgerald','2013-12-19 11:51:49','BackboneLinkExtremityTech',NULL,NULL),(510,2,34,2,'john fitzgerald','2013-12-19 11:52:05','BackboneLinkExtremityTech',NULL,NULL),(511,2,28,2,'BB:','2013-12-19 11:52:11','BackboneLink',NULL,NULL),(512,2,31,2,'BB:','2013-12-19 11:55:49','BackboneLink',NULL,NULL),(513,2,47,2,'A1','2013-12-19 11:56:25','BackboneLinkExtremity',NULL,NULL),(514,2,31,2,'BB:','2013-12-19 11:56:48','BackboneLink',NULL,NULL),(515,2,31,2,'B2','2013-12-19 11:56:48','BackboneLink',48,'BackboneLinkExtremity'),(516,2,31,2,'BB:','2013-12-19 11:56:48','BackboneLink',NULL,NULL),(517,2,31,2,'BB:','2013-12-19 11:57:00','BackboneLink',NULL,NULL),(518,2,31,2,'BB:','2013-12-19 11:57:57','BackboneLink',NULL,NULL),(519,2,31,2,'BB:','2013-12-19 12:01:25','BackboneLink',NULL,NULL),(520,2,39,2,'Jean Luc Pariso','2013-12-19 12:07:17','BackboneLinkExtremityTech',NULL,NULL),(521,2,40,2,'Jean Luc Pariso','2013-12-19 12:10:36','BackboneLinkExtremityTech',NULL,NULL),(522,2,31,2,'BB:','2013-12-19 12:10:43','BackboneLink',NULL,NULL),(523,2,10,2,'TETC:TradExtra Talk City','2013-12-23 08:56:43','ProductType',NULL,NULL),(524,2,11,2,'TETA:TradExtra Talk Area','2013-12-23 08:57:02','ProductType',NULL,NULL),(525,2,12,2,'TETIA:TradExtra Talk Inter-Area','2013-12-23 08:57:13','ProductType',NULL,NULL),(526,2,13,2,'TEP:TradExtra Plug','2013-12-23 08:57:36','ProductType',NULL,NULL),(527,2,14,2,'TEOS:tradExtra One system','2013-12-23 08:58:45','ProductType',NULL,NULL),(528,2,16,2,'RA:Remote Access','2013-12-23 08:59:36','ProductType',NULL,NULL),(529,2,19,2,'TEF:TradExtra Fix','2013-12-23 09:00:01','ProductType',NULL,NULL),(530,2,20,2,'FLT:Flexible Trading','2013-12-23 09:00:20','ProductType',NULL,NULL),(531,2,21,2,'FLTU:Flexible Turrets','2013-12-23 09:00:44','ProductType',NULL,NULL),(532,2,4,2,'BC:Business Conference','2013-12-23 09:01:50','ProductType',NULL,NULL),(533,2,2,2,'TVI:Trade Voice Intercity','2013-12-23 09:02:41','ProductType',NULL,NULL),(534,2,10,2,'TETC:TradExtra Talk City','2013-12-23 09:02:57','ProductType',NULL,NULL),(535,2,11,2,'TETA:TradExtra Talk Area','2013-12-23 09:03:15','ProductType',NULL,NULL),(536,2,12,2,'TETIA:TradExtra Talk Inter-Area','2013-12-23 09:03:27','ProductType',NULL,NULL),(537,2,13,2,'TEP:TradExtra Plug','2013-12-23 09:04:20','ProductType',NULL,NULL),(538,2,14,2,'TEOS:tradExtra One system','2013-12-23 09:04:43','ProductType',NULL,NULL),(539,2,19,2,'TEF:TradExtra Fix','2013-12-23 09:06:07','ProductType',NULL,NULL),(540,2,24,2,'BRS30:BET Remote System (Gateway 30 channels)','2013-12-23 09:07:19','ProductType',NULL,NULL),(541,2,25,2,'BRS64:BET Remote System (Gateway 64)','2013-12-23 09:07:30','ProductType',NULL,NULL),(542,2,26,2,'BRT:BET Remote Turret (Etranet Remote Trading)','2013-12-23 09:07:44','ProductType',NULL,NULL),(543,2,31,2,'BB:','2013-12-30 11:08:43','BackboneLink',NULL,NULL),(544,2,31,2,'BB:','2013-12-30 11:11:25','BackboneLink',NULL,NULL),(545,2,31,2,'BB:','2013-12-30 11:13:08','BackboneLink',NULL,NULL),(546,2,31,2,'BB:','2013-12-30 11:17:46','BackboneLink',NULL,NULL),(547,2,31,2,'BB:','2013-12-30 11:17:47','BackboneLink',NULL,NULL),(548,2,31,2,'BB:','2013-12-30 11:18:01','BackboneLink',NULL,NULL),(549,2,31,2,'BB:','2013-12-30 11:19:31','BackboneLink',NULL,NULL),(550,2,30,2,'BB:','2013-12-30 11:22:33','BackboneLink',NULL,NULL),(551,2,30,2,'BB:','2013-12-30 11:23:35','BackboneLink',NULL,NULL),(552,2,30,2,'BB:','2013-12-30 11:24:02','BackboneLink',NULL,NULL),(553,2,30,2,'BB:','2013-12-30 11:24:31','BackboneLink',NULL,NULL),(554,2,30,2,'BB:','2013-12-30 11:24:31','BackboneLink',NULL,NULL),(555,2,30,2,'BB:','2013-12-30 11:24:37','BackboneLink',NULL,NULL),(556,2,30,2,'BB:','2013-12-30 11:30:10','BackboneLink',NULL,NULL),(557,2,49,2,'A1T','2013-12-30 11:38:10','BackboneLinkExtremity',NULL,NULL),(558,2,30,2,'BB:','2013-12-30 11:39:34','BackboneLink',NULL,NULL),(559,2,45,2,'A1','2013-12-30 11:43:49','BackboneLinkExtremity',NULL,NULL),(560,2,30,2,'BB:','2013-12-30 11:43:57','BackboneLink',NULL,NULL),(561,2,49,2,'A1T','2013-12-30 11:46:03','BackboneLinkExtremity',NULL,NULL),(562,2,30,2,'BB:','2013-12-30 11:46:10','BackboneLink',NULL,NULL),(563,2,49,2,'A1T','2013-12-30 11:47:33','BackboneLinkExtremity',NULL,NULL),(564,2,30,2,'BB:','2013-12-30 11:47:39','BackboneLink',NULL,NULL),(565,2,46,2,'B2','2013-12-30 11:48:05','BackboneLinkExtremity',NULL,NULL),(566,2,30,2,'BB:','2013-12-30 11:57:41','BackboneLink',NULL,NULL),(567,2,30,2,'BB:','2013-12-30 12:03:20','BackboneLink',NULL,NULL),(568,2,30,2,'BB:','2013-12-30 12:04:39','BackboneLink',NULL,NULL),(569,2,30,2,'A1','2013-12-30 12:04:39','BackboneLink',45,'BackboneLinkExtremity'),(570,2,30,2,'B2','2013-12-30 12:04:39','BackboneLink',46,'BackboneLinkExtremity'),(571,2,30,2,'A1T','2013-12-30 12:04:39','BackboneLink',49,'BackboneLinkExtremity'),(572,2,30,2,'BB:','2013-12-30 12:04:39','BackboneLink',NULL,NULL),(573,2,30,2,'BB:','2013-12-30 12:04:39','BackboneLink',NULL,NULL),(574,2,30,2,'BB:','2013-12-30 12:04:48','BackboneLink',NULL,NULL),(575,2,41,2,'ET ET','2013-12-30 12:08:41','BackboneLinkExtremityTech',NULL,NULL),(576,2,30,2,'BB:','2013-12-30 12:08:47','BackboneLink',NULL,NULL),(577,2,30,2,'BB:','2013-12-30 12:13:25','BackboneLink',NULL,NULL),(578,2,30,2,'BB:','2013-12-30 12:14:08','BackboneLink',NULL,NULL),(579,2,12,2,'Channels','2014-01-03 17:02:47','ProductCaracs',NULL,NULL),(580,2,4,2,'BC:Business Conference','2014-01-03 17:51:46','ProductType',NULL,NULL),(581,2,17,2,'LLSCR:Live-Live Smart Call Routing','2014-01-03 17:54:17','ProductType',NULL,NULL),(582,2,10,2,'TETC:TradExtra Talk City','2014-01-03 17:55:27','ProductType',NULL,NULL),(583,2,11,2,'TETA:TradExtra Talk Area','2014-01-03 17:55:46','ProductType',NULL,NULL),(584,2,12,2,'TETIA:TradExtra Talk Inter-Area','2014-01-03 17:56:01','ProductType',NULL,NULL),(585,2,18,2,'FTSSCR:Follow-The-Sun Smart Call Routing','2014-01-03 17:56:45','ProductType',NULL,NULL),(586,2,17,2,'LLSCR:Live-Live Smart Call Routing','2014-01-03 17:57:03','ProductType',NULL,NULL),(587,2,14,2,'TEOS:TradExtra One system','2014-01-03 17:58:34','ProductType',NULL,NULL),(588,2,27,2,'TEDL:TradExtra Datalink','2014-01-03 18:04:13','ProductType',NULL,NULL),(589,2,21,2,'FLTU:Flexible Turrets','2014-01-03 18:05:09','ProductType',NULL,NULL),(590,2,27,2,'TEDL:TradExtra Datalink','2014-01-03 18:08:35','ProductType',NULL,NULL),(591,2,1,2,'TVC:Trade Voice City','2014-01-03 21:00:20','ProductType',NULL,NULL),(592,2,2,2,'TVI:Trade Voice Intercity','2014-01-03 21:00:38','ProductType',NULL,NULL),(593,2,10,2,'TETC:TradExtra Talk City','2014-01-03 21:01:22','ProductType',NULL,NULL),(594,2,11,2,'TETA:TradExtra Talk Area','2014-01-03 21:01:46','ProductType',NULL,NULL),(595,2,12,2,'TETIA:TradExtra Talk Inter-Area','2014-01-03 21:02:23','ProductType',NULL,NULL),(596,2,4,2,'BC:Business Conference','2014-01-03 21:03:44','ProductType',NULL,NULL),(597,2,5,2,'NVA:NetRecova','2014-01-03 21:04:09','ProductType',NULL,NULL),(598,2,17,2,'LLSCR:Live-Live Smart Call Routing','2014-01-03 21:07:22','ProductType',NULL,NULL),(599,2,18,2,'FTSSCR:Follow-The-Sun Smart Call Routing','2014-01-03 21:08:03','ProductType',NULL,NULL),(600,2,3,2,'TD:Trade Data','2014-01-03 21:08:46','ProductType',NULL,NULL),(601,2,27,2,'TEDL:TradExtra Datalink','2014-01-03 21:09:50','ProductType',NULL,NULL),(602,2,27,2,'TEDL:TradExtra Datalink','2014-01-03 21:10:12','ProductType',NULL,NULL),(603,2,14,2,'TEOS:TradExtra One system','2014-01-03 21:11:12','ProductType',NULL,NULL),(604,2,24,2,'BRS30:BET Remote System (Gateway 30 channels)','2014-01-03 21:12:17','ProductType',NULL,NULL),(605,2,25,2,'BRS64:BET Remote System (Gateway 64)','2014-01-03 21:12:39','ProductType',NULL,NULL),(606,2,26,2,'BRT:BET Remote Turret (Etranet Remote Trading)','2014-01-03 21:14:13','ProductType',NULL,NULL),(607,2,1,2,'TVC:Trade Voice City','2014-01-03 21:16:10','ProductType',NULL,NULL),(608,2,2,2,'TVI:Trade Voice Intercity','2014-01-03 21:17:32','ProductType',NULL,NULL),(609,2,10,2,'TETC:TradExtra Talk City','2014-01-03 21:33:47','ProductType',NULL,NULL),(610,2,11,2,'TETA:TradExtra Talk Area','2014-01-03 21:35:00','ProductType',NULL,NULL),(611,2,12,2,'TETIA:TradExtra Talk Inter-Area','2014-01-03 21:35:34','ProductType',NULL,NULL),(612,2,4,2,'BC:Business Conference','2014-01-03 21:36:35','ProductType',NULL,NULL),(613,2,17,2,'LLSCR:Live-Live Smart Call Routing','2014-01-03 21:37:18','ProductType',NULL,NULL),(614,2,18,2,'FTSSCR:Follow-The-Sun Smart Call Routing','2014-01-03 21:37:47','ProductType',NULL,NULL),(615,2,5,2,'NVA:NetRecova','2014-01-03 21:38:34','ProductType',NULL,NULL),(616,2,3,2,'TD:Trade Data','2014-01-03 21:39:15','ProductType',NULL,NULL),(617,2,27,2,'TEDL:TradExtra Datalink','2014-01-03 21:39:51','ProductType',NULL,NULL),(618,2,13,2,'TEP:TradExtra Plug','2014-01-03 21:41:50','ProductType',NULL,NULL),(619,2,14,2,'TEOS:TradExtra One system','2014-01-03 21:43:19','ProductType',NULL,NULL),(620,2,19,2,'TEF:TradExtra Fix','2014-01-03 21:44:00','ProductType',NULL,NULL),(621,2,16,2,'RA:Remote Access','2014-01-03 21:49:25','ProductType',NULL,NULL),(622,2,22,2,'FLCN:Flexible Connect','2014-01-03 21:50:36','ProductType',NULL,NULL),(623,2,23,2,'FLRE:Flexible Retrieve','2014-01-03 21:51:16','ProductType',NULL,NULL),(624,2,24,2,'BRS30:BET Remote System (Gateway 30 channels)','2014-01-03 21:53:04','ProductType',NULL,NULL),(625,2,25,2,'BRS64:BET Remote System (Gateway 64)','2014-01-03 21:53:21','ProductType',NULL,NULL),(626,2,26,2,'BRT:BET Remote Turret (Etranet Remote Trading)','2014-01-03 21:53:47','ProductType',NULL,NULL),(627,2,17,2,'[BUA10] Bundle area 10','2014-01-06 15:10:44','Product',NULL,NULL),(628,2,41,2,'[FLRE] Flexible retrieve','2014-01-06 15:25:39','Product',NULL,NULL),(629,2,1,2,'Connection','2014-01-08 07:54:39','ProductCaracs',NULL,NULL),(630,2,2,2,'SIP','2014-01-08 07:54:55','ProductCaracs',NULL,NULL),(631,2,3,2,'Nb of SIP','2014-01-08 07:55:08','ProductCaracs',NULL,NULL),(632,2,4,2,'Off net','2014-01-08 07:55:32','ProductCaracs',NULL,NULL),(633,2,5,2,'Class of traffic','2014-01-08 07:55:51','ProductCaracs',NULL,NULL),(634,2,6,2,'Layer','2014-01-08 07:56:09','ProductCaracs',NULL,NULL),(635,2,7,2,'Backup site','2014-01-08 07:56:25','ProductCaracs',NULL,NULL),(636,2,8,2,'Backup activation delay','2014-01-08 07:56:43','ProductCaracs',NULL,NULL),(637,2,9,2,'Routing plan management','2014-01-08 07:57:02','ProductCaracs',NULL,NULL),(638,2,10,2,'Max. nb of authorized services','2014-01-08 07:57:20','ProductCaracs',NULL,NULL),(639,2,11,2,'Max. nb of authorized devices','2014-01-08 07:57:47','ProductCaracs',NULL,NULL),(640,2,12,2,'Channels','2014-01-08 07:58:03','ProductCaracs',NULL,NULL),(641,2,13,2,'Multipoint','2014-01-08 07:58:35','ProductCaracs',NULL,NULL),(642,2,14,2,'Number of extremities','2014-01-08 07:58:54','ProductCaracs',NULL,NULL),(643,2,15,2,'Business conference Group','2014-01-08 07:59:25','ProductCaracs',NULL,NULL),(644,2,16,2,'TradExtra Datalink Group','2014-01-08 07:59:44','ProductCaracs',NULL,NULL),(645,2,18,2,'Trader','2014-01-08 08:00:10','ProductCaracs',NULL,NULL),(646,2,20,2,'Acceptance sent date','2014-01-08 09:56:02','ProductCaracs',NULL,NULL),(647,2,19,2,'Acceptance contact','2014-01-08 09:56:19','ProductCaracs',NULL,NULL),(648,2,21,2,'Acceptance received date','2014-01-08 09:56:44','ProductCaracs',NULL,NULL),(649,2,22,2,'Commercial route per extremity','2014-01-08 09:57:16','ProductCaracs',NULL,NULL),(650,2,23,2,'Bandwidth','2014-01-08 09:57:36','ProductCaracs',NULL,NULL),(651,2,24,2,'Old bandwidth','2014-01-10 09:19:11','ProductCaracs',NULL,NULL),(652,2,25,2,'Status of extremity','2014-01-10 09:20:27','ProductCaracs',NULL,NULL),(653,2,26,2,'Customer order date','2014-01-10 09:23:28','ProductCaracs',NULL,NULL),(654,2,27,2,'Requested delivery date','2014-01-10 09:31:19','ProductCaracs',NULL,NULL),(655,2,28,2,'In service date per extremity','2014-01-10 09:32:10','ProductCaracs',NULL,NULL),(656,2,29,2,'Disaster recovery site','2014-01-10 09:32:40','ProductCaracs',NULL,NULL),(657,2,30,2,'Pipe Id','2014-01-10 09:33:26','ProductCaracs',NULL,NULL),(658,2,31,2,'Backbone programmed date','2014-01-10 09:33:50','ProductCaracs',NULL,NULL),(659,2,32,2,'End to end test date','2014-01-10 09:35:53','ProductCaracs',NULL,NULL),(660,2,33,2,'Cusomer VLAN ref','2014-01-10 09:36:49','ProductCaracs',NULL,NULL),(661,2,34,2,'NAT','2014-01-10 09:37:07','ProductCaracs',NULL,NULL),(662,2,35,2,'WRED','2014-01-10 09:37:25','ProductCaracs',NULL,NULL),(663,2,36,2,'Local loop ref','2014-01-10 09:38:26','ProductCaracs',NULL,NULL),(664,2,37,2,'Local loop tech id','2014-01-10 09:39:34','ProductCaracs',NULL,NULL),(665,2,38,2,'Carrier','2014-01-10 09:40:52','ProductCaracs',NULL,NULL),(666,2,39,2,'Local loop scheduld delivery date','2014-01-10 09:48:41','ProductCaracs',NULL,NULL),(667,2,40,2,'Local loop tested date','2014-01-10 09:49:25','ProductCaracs',NULL,NULL),(668,2,41,2,'Connection path','2014-01-10 09:50:17','ProductCaracs',NULL,NULL),(669,2,42,2,'Technical route','2014-01-10 09:53:08','ProductCaracs',NULL,NULL),(670,2,43,2,'Technical bandwidth','2014-01-10 09:53:47','ProductCaracs',NULL,NULL),(671,2,15,2,'Business conference Group','2014-01-12 00:52:05','ProductCaracs',NULL,NULL),(672,2,13,2,'Multipoint','2014-01-12 00:52:39','ProductCaracs',NULL,NULL),(673,2,14,2,'Number of extremities','2014-01-12 00:52:55','ProductCaracs',NULL,NULL),(674,2,2,2,'SIP','2014-01-12 00:58:59','ProductCaracs',NULL,NULL),(675,2,3,2,'Nb of SIP','2014-01-12 00:59:09','ProductCaracs',NULL,NULL),(676,2,15,2,'Business conference Group','2014-01-12 00:59:27','ProductCaracs',NULL,NULL),(677,2,13,2,'Multipoint','2014-01-12 00:59:38','ProductCaracs',NULL,NULL),(678,2,14,2,'Number of extremities','2014-01-12 00:59:51','ProductCaracs',NULL,NULL),(679,2,9,2,'','2014-01-12 01:27:05','Service',NULL,NULL),(680,2,9,2,'','2014-01-12 01:27:52','Service',NULL,NULL),(681,2,9,2,'','2014-01-12 01:28:22','Service',NULL,NULL),(682,2,9,2,'','2014-01-12 01:28:38','Service',NULL,NULL),(683,2,11,2,'Max. nb of authorized devices','2014-01-13 00:43:58','ProductCaracs',NULL,NULL),(684,2,8,2,'','2014-01-13 11:44:21','LocalLoop',NULL,NULL),(685,2,8,2,'','2014-01-13 11:46:08','LocalLoop',NULL,NULL),(686,2,8,2,'','2014-01-13 12:11:47','LocalLoop',NULL,NULL),(687,2,5,2,'A1','2014-01-13 12:13:58','LocalLoopExtremity',NULL,NULL),(688,2,6,2,'B2','2014-01-13 12:15:14','LocalLoopExtremity',NULL,NULL),(689,2,8,2,'','2014-01-13 15:20:14','LocalLoop',NULL,NULL),(690,2,8,2,'','2014-01-13 15:21:02','LocalLoop',NULL,NULL),(691,2,8,2,'A1','2014-01-13 15:21:02','LocalLoop',5,'LocalLoopExtremity'),(692,2,8,2,'B2','2014-01-13 15:21:02','LocalLoop',6,'LocalLoopExtremity'),(693,2,8,2,'','2014-01-13 15:21:02','LocalLoop',NULL,NULL),(694,2,8,2,'','2014-01-13 15:21:13','LocalLoop',NULL,NULL),(695,2,8,2,'','2014-01-13 15:24:49','LocalLoop',NULL,NULL),(696,2,8,2,'','2014-01-13 15:25:41','LocalLoop',NULL,NULL),(697,2,8,2,'','2014-01-13 15:26:31','LocalLoop',NULL,NULL),(698,2,8,2,'','2014-01-13 15:27:29','LocalLoop',NULL,NULL),(699,2,8,2,'','2014-01-13 15:28:51','LocalLoop',NULL,NULL),(700,2,8,2,'','2014-01-13 15:28:51','LocalLoop',NULL,NULL),(701,2,8,2,'','2014-01-13 15:29:02','LocalLoop',NULL,NULL),(702,2,8,2,'','2014-01-13 15:31:34','LocalLoop',NULL,NULL),(703,2,3,2,'','2014-01-13 15:32:50','LocalLoop',NULL,NULL),(704,2,3,2,'A1','2014-01-13 15:32:50','LocalLoop',1,'LocalLoopExtremity'),(705,2,3,2,'B2','2014-01-13 15:32:50','LocalLoop',2,'LocalLoopExtremity'),(706,2,3,2,'','2014-01-13 15:32:51','LocalLoop',NULL,NULL),(707,2,3,2,'','2014-01-13 15:33:05','LocalLoop',NULL,NULL),(708,2,3,2,'','2014-01-13 15:33:57','LocalLoop',NULL,NULL),(709,2,3,2,'','2014-01-13 15:33:57','LocalLoop',NULL,NULL),(710,2,3,2,'','2014-01-13 15:34:06','LocalLoop',NULL,NULL),(711,2,3,2,'','2014-01-13 15:44:09','LocalLoop',NULL,NULL),(712,2,3,2,'','2014-01-13 15:45:25','LocalLoop',NULL,NULL),(713,2,3,2,'','2014-01-13 15:46:02','LocalLoop',NULL,NULL),(714,2,3,2,'','2014-01-13 15:48:13','LocalLoop',NULL,NULL),(715,2,3,2,'','2014-01-13 15:48:13','LocalLoop',NULL,NULL),(716,2,3,2,'','2014-01-13 15:48:35','LocalLoop',NULL,NULL),(717,2,8,2,'','2014-01-13 16:07:41','LocalLoop',NULL,NULL),(718,2,9,2,'A1T','2014-01-13 16:13:21','LocalLoopExtremity',NULL,NULL),(719,2,5,2,'A1','2014-01-13 16:13:57','LocalLoopExtremity',NULL,NULL),(720,2,8,2,'','2014-01-13 16:14:11','LocalLoop',NULL,NULL),(721,2,9,2,'A1T','2014-01-13 16:16:03','LocalLoopExtremity',NULL,NULL),(722,2,6,2,'B2','2014-01-13 16:16:25','LocalLoopExtremity',NULL,NULL),(723,2,8,2,'','2014-01-13 16:17:02','LocalLoop',NULL,NULL),(724,2,8,2,'','2014-01-13 16:17:53','LocalLoop',NULL,NULL),(725,2,8,2,'A1','2014-01-13 16:17:53','LocalLoop',5,'LocalLoopExtremity'),(726,2,8,2,'B2','2014-01-13 16:17:53','LocalLoop',6,'LocalLoopExtremity'),(727,2,8,2,'A1T','2014-01-13 16:17:53','LocalLoop',9,'LocalLoopExtremity'),(728,2,8,2,'','2014-01-13 16:17:53','LocalLoop',NULL,NULL),(729,2,8,2,'','2014-01-13 16:17:53','LocalLoop',NULL,NULL),(730,2,8,2,'','2014-01-13 16:18:07','LocalLoop',NULL,NULL),(731,2,8,2,'Jean Luc Pariso','2014-01-13 16:19:53','LocalLoopExtremityTech',NULL,NULL),(732,2,8,2,'','2014-01-13 16:20:02','LocalLoop',NULL,NULL),(733,2,8,2,'','2014-01-13 16:21:40','LocalLoop',NULL,NULL),(734,2,8,2,'','2014-01-13 16:22:11','LocalLoop',NULL,NULL),(735,2,9,2,'Agatha Christie Event Association','2014-01-14 11:32:09','Customer',NULL,NULL),(736,2,9,2,'Agatha Christie Event Association','2014-01-14 11:34:00','Customer',NULL,NULL),(737,2,9,2,'Agatha Christie Event Association','2014-01-14 11:36:17','Customer',NULL,NULL),(738,2,9,2,'Agatha Christie Event Association','2014-01-14 11:36:42','Customer',NULL,NULL),(739,2,31,2,'BB:','2014-01-16 15:26:46','BackboneLink',NULL,NULL),(740,2,31,2,'BB:','2014-01-16 15:26:51','BackboneLink',NULL,NULL),(741,2,31,2,'BB:','2014-01-16 15:29:48','BackboneLink',NULL,NULL),(742,2,8,2,'','2014-01-16 16:46:34','LocalLoop',NULL,NULL),(743,2,7,2,'A1T','2014-01-16 17:05:16','LocalLoopExtremity',NULL,NULL),(744,2,3,2,'','2014-01-16 17:05:28','LocalLoop',NULL,NULL),(745,2,31,2,'BB:','2014-01-16 17:16:06','BackboneLink',NULL,NULL),(746,2,11,2,'BB::Version Française 1:','2014-01-16 17:16:52','CostingBackboneLinkLine',NULL,NULL),(747,2,10,2,'BB::Version Française 1:','2014-01-16 17:20:27','TariffBackboneLinkLine',NULL,NULL),(748,2,11,2,'B2T','2014-01-16 17:20:28','LocalLoopExtremity',NULL,NULL),(749,2,31,2,'BB:','2014-01-16 17:20:48','BackboneLink',NULL,NULL),(750,2,11,2,'B2T','2014-01-16 17:33:00','LocalLoopExtremity',NULL,NULL),(751,2,8,2,'','2014-01-16 17:33:18','LocalLoop',NULL,NULL),(752,2,6,2,'B2','2014-01-16 17:34:47','LocalLoopExtremity',NULL,NULL),(753,2,8,2,'','2014-01-16 17:34:54','LocalLoop',NULL,NULL),(754,2,11,2,'B2T','2014-01-16 17:35:49','LocalLoopExtremity',NULL,NULL),(755,2,8,2,'','2014-01-16 17:35:55','LocalLoop',NULL,NULL),(756,2,11,2,'B2T','2014-01-16 17:42:36','LocalLoopExtremity',NULL,NULL),(757,2,11,2,'B2T','2014-01-16 17:44:55','LocalLoopExtremity',NULL,NULL),(758,2,8,2,'','2014-01-16 17:45:01','LocalLoop',NULL,NULL),(759,2,10,2,'Jean Luc Pariso','2014-01-16 17:46:16','LocalLoopExtremityTech',NULL,NULL),(760,2,8,2,'','2014-01-16 17:46:38','LocalLoop',NULL,NULL),(761,2,11,2,'S','2014-01-16 18:13:14','Service',NULL,NULL),(762,2,511,2,'MADRID','2014-01-17 16:01:18','City',NULL,NULL),(763,2,512,2,'Barcelone','2014-01-17 16:01:37','City',NULL,NULL),(764,2,50,2,'A1','2014-01-17 17:29:57','BackboneLinkExtremity',NULL,NULL),(765,2,1,2,'Backbone Link','2014-01-18 22:15:55','LinkFunctionType',NULL,NULL),(766,2,1,2,'Corelink','2014-01-18 22:18:16','LinkFunction',NULL,NULL),(767,2,1,2,'gdgdg 91180 London England','2014-01-20 00:01:28','AddressPop',NULL,NULL),(768,2,7,2,'Delivery rue de la paix 92160 London','2014-01-20 14:26:42','AddressProvider',NULL,NULL),(769,2,2,2,'Administrative','2014-01-20 14:29:46','ContactType',NULL,NULL),(770,2,1,2,'john wayne','2014-01-20 14:35:49','ContactPop',NULL,NULL),(771,2,8,2,'Head office zeotiubnqoguzet 652687 London','2014-01-20 15:02:10','AddressProvider',NULL,NULL),(772,2,14,2,'NATTERBOX','2014-01-20 15:02:38','Provider',NULL,NULL),(773,2,10,2,'Capacité 04','2014-01-20 15:07:06','Capacity',NULL,NULL),(774,2,10,2,'Capacité 04','2014-01-20 15:07:25','Capacity',NULL,NULL),(775,2,10,2,'Robert Bruce','2014-01-20 15:59:17','Contact',NULL,NULL),(776,2,8,2,'Head office zeotiubnqoguzet 652687 London','2014-01-20 16:00:33','AddressProvider',NULL,NULL),(777,2,8,2,'Head office Picadelly Circle 124 652687 London','2014-01-20 16:01:13','AddressProvider',NULL,NULL),(778,2,50,2,'A1','2014-01-20 16:38:42','BackboneLinkExtremity',NULL,NULL),(779,2,5,2,'A1','2014-01-20 17:07:50','LocalLoopExtremity',NULL,NULL),(780,2,5,2,'A1','2014-01-20 17:43:49','LocalLoopExtremity',NULL,NULL),(781,2,5,2,'A1','2014-01-20 17:46:04','LocalLoopExtremity',NULL,NULL),(782,2,30,2,'Head office FINSGRACHT 21 62541 Blois','2014-01-20 17:56:37','Address',NULL,NULL),(783,2,30,2,'Head office FINSGRACHT 21 62541 Blois','2014-01-20 17:56:37','Address',NULL,NULL),(784,2,514,2,'LONDON','2014-01-20 18:07:16','City',NULL,NULL),(785,2,516,2,'Perl Harbour','2014-01-20 18:07:59','City',NULL,NULL),(786,2,26,2,'Head office fjzaoptnb 65265 Blois','2014-01-20 18:41:35','Address',NULL,NULL),(787,2,26,2,'Head office fjzaoptnb 65265 Blois','2014-01-20 18:41:49','Address',NULL,NULL),(788,2,10,2,'Bulgarie','2014-01-21 12:44:05','Country',NULL,NULL),(789,2,28,2,'Afganistan','2014-01-21 15:35:43','Country',NULL,NULL),(790,2,29,2,'IRAK*','2014-01-21 15:36:25','Country',NULL,NULL),(791,2,32,2,'BB:','2014-01-21 16:15:06','BackboneLink',NULL,NULL),(792,2,51,2,'B2','2014-01-21 16:15:41','BackboneLinkExtremity',NULL,NULL),(793,2,32,2,'BB:','2014-01-21 16:15:55','BackboneLink',NULL,NULL),(794,2,32,2,'BB:','2014-01-21 16:16:34','BackboneLink',NULL,NULL),(795,2,52,2,'A1','2014-01-21 16:20:50','BackboneLinkExtremity',NULL,NULL),(796,2,33,2,'BB:','2014-01-21 16:21:12','BackboneLink',NULL,NULL),(797,2,33,2,'B2','2014-01-21 16:21:12','BackboneLink',53,'BackboneLinkExtremity'),(798,2,33,2,'BB:','2014-01-21 16:21:12','BackboneLink',NULL,NULL),(799,2,34,2,'BB:','2014-01-21 16:23:32','BackboneLink',NULL,NULL),(800,2,34,2,'A1','2014-01-21 16:23:32','BackboneLink',54,'BackboneLinkExtremity'),(801,2,34,2,'B2','2014-01-21 16:23:32','BackboneLink',55,'BackboneLinkExtremity'),(802,2,34,2,'BB:','2014-01-21 16:23:32','BackboneLink',NULL,NULL),(803,2,34,2,'BB:','2014-01-21 16:23:39','BackboneLink',NULL,NULL),(804,2,35,2,'BB:','2014-01-21 16:26:38','BackboneLink',NULL,NULL),(805,2,34,2,'BB:','2014-01-21 16:45:46','BackboneLink',NULL,NULL),(806,2,9,2,'the pop rock','2014-01-21 17:07:04','Pop',NULL,NULL),(807,2,58,2,'A1New','2014-01-21 17:07:23','BackboneLinkExtremity',NULL,NULL),(808,2,41,2,'A1','2014-01-21 17:07:43','BackboneLinkExtremity',NULL,NULL),(809,2,28,2,'BB:','2014-01-21 17:07:50','BackboneLink',NULL,NULL),(810,2,58,2,'A1New','2014-01-21 17:08:31','BackboneLinkExtremity',NULL,NULL),(811,2,28,2,'BB:','2014-01-21 17:08:38','BackboneLink',NULL,NULL),(812,2,28,2,'BB:','2014-01-21 17:09:22','BackboneLink',NULL,NULL),(813,2,59,2,'B2New','2014-01-21 17:22:58','BackboneLinkExtremity',NULL,NULL),(814,2,31,2,'BB:','2014-01-21 17:23:10','BackboneLink',NULL,NULL),(815,2,48,2,'B2','2014-01-21 17:23:37','BackboneLinkExtremity',NULL,NULL),(816,2,31,2,'BB:','2014-01-21 17:23:50','BackboneLink',NULL,NULL),(817,2,12,2,'A1','2014-01-21 17:28:52','LocalLoopExtremity',NULL,NULL),(818,2,11,2,'Hernando Ronaldo','2014-01-21 17:34:49','Contact',NULL,NULL),(819,2,12,2,'A1','2014-01-21 17:39:00','LocalLoopExtremity',NULL,NULL),(820,2,9,2,'LL','2014-01-21 17:39:34','LocalLoop',NULL,NULL),(821,2,9,2,'B2','2014-01-21 17:39:34','LocalLoop',13,'LocalLoopExtremity'),(822,2,9,2,'LL','2014-01-21 17:39:34','LocalLoop',NULL,NULL),(823,2,9,2,'LL','2014-01-21 17:40:15','LocalLoop',NULL,NULL),(824,2,31,2,'BB:','2014-01-21 17:48:03','BackboneLink',NULL,NULL),(825,2,48,2,'B2','2014-01-21 18:16:03','BackboneLinkExtremity',NULL,NULL),(826,2,31,2,'BB:','2014-01-21 18:16:12','BackboneLink',NULL,NULL),(827,2,59,2,'B2New','2014-01-21 18:29:03','BackboneLinkExtremity',NULL,NULL),(828,2,59,2,'B2New','2014-01-21 18:42:55','BackboneLinkExtremity',NULL,NULL),(829,2,31,2,'BB:','2014-01-21 18:43:03','BackboneLink',NULL,NULL),(830,2,14,2,'A1TNew','2014-01-21 22:16:10','LocalLoopExtremity',NULL,NULL),(831,2,8,2,'LL','2014-01-21 22:18:45','LocalLoop',NULL,NULL),(832,2,3,2,'BresilianBranch','2014-01-21 22:28:10','Branch',NULL,NULL),(833,2,12,2,'A1','2014-01-22 08:01:08','LocalLoopExtremity',NULL,NULL),(834,2,9,2,'LL','2014-01-22 08:01:43','LocalLoop',NULL,NULL),(835,2,9,2,'LL','2014-01-22 08:04:35','LocalLoop',NULL,NULL),(836,2,9,2,'LL','2014-01-22 08:06:11','LocalLoop',NULL,NULL),(837,2,9,2,'LL','2014-01-22 08:06:39','LocalLoop',NULL,NULL),(838,2,9,2,'LL','2014-01-22 08:06:59','LocalLoop',NULL,NULL),(839,2,9,2,'LL','2014-01-22 08:08:01','LocalLoop',NULL,NULL),(840,2,9,2,'LL','2014-01-22 08:19:19','LocalLoop',NULL,NULL),(841,2,9,2,'LL','2014-01-22 08:22:45','LocalLoop',NULL,NULL),(842,2,13,2,'B2','2014-01-22 08:23:22','LocalLoopExtremity',NULL,NULL),(843,2,9,2,'LL','2014-01-22 08:30:47','LocalLoop',NULL,NULL),(844,2,9,2,'LL','2014-01-22 08:32:11','LocalLoop',NULL,NULL),(845,2,9,2,'LL','2014-01-22 08:33:44','LocalLoop',NULL,NULL),(846,2,23,2,'Tchekoslovakia','2014-01-22 10:53:27','Country',NULL,NULL),(847,2,24,2,'Tchekoslovakia','2014-01-22 10:53:58','Country',NULL,NULL),(848,2,39,2,'Customer POP','2014-01-22 11:22:36','PopType',NULL,NULL),(849,2,40,2,'ETRALI  POP','2014-01-22 11:23:21','PopType',NULL,NULL),(850,2,3,2,'Pop Type Lille 02','2014-01-22 11:28:39','PopType',NULL,NULL),(851,2,41,2,'THIRD PARTY POP','2014-01-22 11:33:22','PopType',NULL,NULL),(852,2,10,2,'Pop de type 55 Paris','2014-01-22 11:38:13','PopType',NULL,NULL),(853,2,10,2,'Pop de type 55 Paris','2014-01-22 11:40:02','PopType',NULL,NULL),(854,2,4,2,'Ricardo Gonzalez','2014-01-22 11:45:31','ContactProvider',NULL,NULL),(855,2,9,2,'COLT SPAIN - Provider Desc','2014-01-22 11:45:35','Provider',NULL,NULL),(856,2,10,2,'Pop de type 55 Paris','2014-01-22 11:49:05','PopType',NULL,NULL),(857,2,10,2,'Pop de type 55 Paris','2014-01-22 11:51:17','PopType',NULL,NULL),(858,2,10,2,'Pop de type 55 Paris','2014-01-22 11:57:29','PopType',NULL,NULL),(859,2,10,2,'Pop de type 55 Paris','2014-01-22 11:58:02','PopType',NULL,NULL),(860,2,10,2,'Pop de type 55 Paris','2014-01-22 11:58:38','PopType',NULL,NULL),(861,2,8,2,'LL','2014-01-22 12:04:44','LocalLoop',NULL,NULL),(862,2,16,2,'A1','2014-01-22 12:32:14','LocalLoopExtremity',NULL,NULL),(863,2,17,2,'B2','2014-01-22 12:32:34','LocalLoopExtremity',NULL,NULL),(864,2,10,2,'LL10','2014-01-22 12:32:43','LocalLoop',NULL,NULL),(865,2,10,2,'LL10','2014-01-22 13:25:16','LocalLoop',NULL,NULL),(866,2,10,2,'LL10','2014-01-22 13:26:13','LocalLoop',NULL,NULL),(867,2,10,2,'LL10','2014-01-22 13:29:47','LocalLoop',NULL,NULL),(868,2,10,2,'LL10','2014-01-22 13:46:45','LocalLoop',NULL,NULL),(869,2,1,2,'gdgdg 91180 London England','2014-01-22 13:49:09','AddressPop',NULL,NULL),(870,2,17,2,'B2','2014-01-22 13:50:05','LocalLoopExtremity',NULL,NULL),(871,2,10,2,'LL10','2014-01-22 13:50:15','LocalLoop',NULL,NULL),(872,2,10,2,'LL10','2014-01-22 13:50:39','LocalLoop',NULL,NULL),(873,2,10,2,'LL10','2014-01-22 13:50:55','LocalLoop',NULL,NULL),(874,2,10,2,'LL10','2014-01-22 13:51:09','LocalLoop',NULL,NULL),(875,2,15,2,'','2014-01-22 13:51:44','LocalLoopExtremityTech',NULL,NULL),(876,2,14,2,'Donja Sunshine','2014-01-22 13:52:03','LocalLoopExtremityTech',NULL,NULL),(877,2,10,2,'LL10','2014-01-22 13:52:18','LocalLoop',NULL,NULL),(878,2,18,2,'B2New','2014-01-22 13:52:58','LocalLoopExtremity',NULL,NULL),(879,2,10,2,'LL10','2014-01-22 13:53:13','LocalLoop',NULL,NULL),(880,2,17,2,'B2','2014-01-22 13:53:41','LocalLoopExtremity',NULL,NULL),(881,2,10,2,'LL10','2014-01-22 13:53:48','LocalLoop',NULL,NULL),(882,2,10,2,'LL10','2014-01-22 13:54:32','LocalLoop',NULL,NULL),(883,2,18,2,'B2New','2014-01-22 13:54:59','LocalLoopExtremity',NULL,NULL),(884,2,10,2,'LL10','2014-01-22 13:55:09','LocalLoop',NULL,NULL),(885,2,10,2,'LL10','2014-01-22 13:55:44','LocalLoop',NULL,NULL),(886,2,10,2,'LL10','2014-01-22 13:56:28','LocalLoop',NULL,NULL),(887,2,10,2,'LL10','2014-01-22 14:09:30','LocalLoop',NULL,NULL),(888,2,18,2,'B2New','2014-01-22 14:13:57','LocalLoopExtremity',NULL,NULL),(889,2,10,2,'LL10','2014-01-22 14:14:05','LocalLoop',NULL,NULL),(890,2,10,2,'LL10','2014-01-22 14:15:03','LocalLoop',NULL,NULL),(891,2,10,2,'LL10','2014-01-22 14:15:48','LocalLoop',NULL,NULL),(892,2,10,2,'LL10','2014-01-22 14:16:00','LocalLoop',NULL,NULL),(893,2,16,2,'Donja Sunshine','2014-01-22 14:19:19','LocalLoopExtremityTech',NULL,NULL),(894,2,10,2,'LL10','2014-01-22 14:19:37','LocalLoop',NULL,NULL),(895,2,62,2,'A1','2014-01-22 14:33:52','BackboneLinkExtremity',NULL,NULL),(896,2,37,2,'BB37:','2014-01-22 14:34:44','BackboneLink',NULL,NULL),(897,2,63,2,'B2','2014-01-22 14:35:28','BackboneLinkExtremity',NULL,NULL),(898,2,37,2,'BB37:','2014-01-22 14:45:03','BackboneLink',NULL,NULL),(899,2,37,2,'BB37:','2014-01-22 14:45:41','BackboneLink',NULL,NULL),(900,2,37,2,'BB37:','2014-01-22 14:46:27','BackboneLink',NULL,NULL),(901,2,37,2,'BB37:','2014-01-22 14:46:55','BackboneLink',NULL,NULL),(902,2,54,2,'Donja Sunshine','2014-01-22 14:48:51','BackboneLinkExtremityTech',NULL,NULL),(903,2,55,2,'Donja Sunshine','2014-01-22 14:49:10','BackboneLinkExtremityTech',NULL,NULL),(904,2,37,2,'BB37:','2014-01-22 14:49:32','BackboneLink',NULL,NULL),(905,2,64,2,'B2New','2014-01-22 14:50:17','BackboneLinkExtremity',NULL,NULL),(906,2,63,2,'B2','2014-01-22 14:50:33','BackboneLinkExtremity',NULL,NULL),(907,2,37,2,'BB37:','2014-01-22 14:50:40','BackboneLink',NULL,NULL),(908,2,64,2,'B2New','2014-01-22 14:51:00','BackboneLinkExtremity',NULL,NULL),(909,2,37,2,'BB37:','2014-01-22 14:51:17','BackboneLink',NULL,NULL),(910,2,37,2,'BB37:','2014-01-22 14:51:51','BackboneLink',NULL,NULL),(911,2,64,2,'B2New','2014-01-22 14:53:53','BackboneLinkExtremity',NULL,NULL),(912,2,37,2,'BB37:','2014-01-22 14:54:02','BackboneLink',NULL,NULL),(913,2,56,2,'Donja Sunshine','2014-01-22 14:54:24','BackboneLinkExtremityTech',NULL,NULL),(914,2,37,2,'BB37:','2014-01-22 14:54:43','BackboneLink',NULL,NULL),(916,2,1,2,'NATTERBOX','2014-01-22 23:46:48','CostingPop',NULL,NULL),(917,2,1,2,'Euro','2014-01-22 23:46:48','CostingPop',NULL,'CostingPopLine'),(918,2,1,2,'','2014-01-22 23:46:48','CostingPop',NULL,'TariffPopLine'),(919,2,1,2,'','2014-01-22 23:46:48','CostingPop',NULL,'TariffPopLine'),(920,2,11,2,'LL11','2014-01-23 16:18:03','LocalLoop',NULL,NULL),(921,2,1,2,'Dollar=>Euro : 5','2014-01-23 17:09:31','CurrencyConversion',NULL,NULL),(922,2,13,2,'BB::Option d\'Option:','2014-01-23 22:19:31','CostingBackboneLinkLine',NULL,NULL),(923,2,28,2,'','2014-01-23 23:00:34','CostingCardLine',NULL,NULL),(924,2,28,2,'','2014-01-23 23:01:48','CostingCardLine',NULL,NULL),(925,2,28,2,'','2014-01-23 23:02:02','CostingCardLine',NULL,NULL),(926,2,29,2,'','2014-01-23 23:03:15','CostingCardLine',NULL,NULL),(927,2,30,2,'','2014-01-23 23:10:22','CostingCardLine',NULL,NULL),(928,2,31,2,'','2014-01-23 23:11:22','CostingCardLine',NULL,NULL),(929,2,32,2,'','2014-01-23 23:12:22','CostingCardLine',NULL,NULL),(930,2,33,2,'','2014-01-23 23:14:07','CostingCardLine',NULL,NULL),(931,2,34,2,'','2014-01-23 23:21:25','CostingCardLine',NULL,NULL),(932,2,37,2,'','2014-01-23 23:28:08','CostingCardLine',NULL,NULL),(933,2,38,2,'','2014-01-23 23:31:30','CostingCardLine',NULL,NULL),(934,2,515,2,'Perl Harbour','2014-01-24 11:48:29','City',NULL,NULL),(935,2,518,2,'MILANO*','2014-01-24 11:49:43','City',NULL,NULL),(936,2,5,2,'2048 k','2014-01-24 12:14:38','BandwidthAssignee',NULL,NULL),(937,2,10,2,'','2014-01-24 14:18:30','Pop',NULL,NULL),(938,2,14,2,'LL14','2014-01-24 14:24:10','LocalLoop',NULL,NULL),(939,2,19,2,'Italia Kunde','2014-01-24 14:28:17','Customer',NULL,NULL),(940,2,8,2,'Italia','2014-01-24 14:30:34','Country',NULL,NULL),(941,2,33,2,'Head office Head Office Address 472 9214 ROMA*','2014-01-24 14:32:36','Address',NULL,NULL),(942,2,13,2,'aurelio Italian Admin  Customer Contact','2014-01-24 14:36:06','Contact',NULL,NULL),(943,2,14,2,'Juan-Carlos Italian Technical Customer Contact','2014-01-24 14:38:32','Contact',NULL,NULL),(944,2,19,2,'Italian Customer','2014-01-24 14:39:00','Customer',NULL,NULL),(945,2,32,2,'Spain*','2014-01-24 14:56:22','Country',NULL,NULL),(946,2,36,2,'Head office spanish cust head quarters 5920 MADRID','2014-01-24 15:06:49','Address',NULL,NULL),(947,2,37,2,'Delivery Spanish Customer 98324 MADRID','2014-01-24 15:07:33','Address',NULL,NULL),(948,2,9,2,'Agatha Christie Event Association','2014-01-24 15:50:37','Customer',NULL,NULL),(949,2,9,2,'Head office Hampstead circle no 123 bis 30659 London','2014-01-24 15:50:37','Customer',19,'Address'),(950,2,15,2,'LL15','2014-01-24 16:19:11','LocalLoop',NULL,NULL),(951,2,15,2,'LL15','2014-01-24 16:21:44','LocalLoop',NULL,NULL),(952,2,15,2,'LL15','2014-01-24 17:15:30','LocalLoop',NULL,NULL),(953,2,15,2,'A1','2014-01-24 17:15:30','LocalLoop',27,'LocalLoopExtremity'),(954,2,15,2,'B2','2014-01-24 17:15:30','LocalLoop',28,'LocalLoopExtremity'),(955,2,15,2,'LL15','2014-01-24 17:15:30','LocalLoop',NULL,NULL),(956,2,15,2,'LL15','2014-01-24 18:04:18','LocalLoop',NULL,NULL),(957,2,15,2,'LL15','2014-01-24 18:04:18','LocalLoop',NULL,NULL),(958,2,15,2,'LL15','2014-01-24 18:05:18','LocalLoop',NULL,NULL),(959,2,3,2,'Service','2014-01-24 23:07:20','ApplicationType',NULL,NULL),(960,2,1,2,'Option d\'Option','2014-01-24 23:10:05','OptionType',NULL,NULL),(961,2,38,2,'Billing spanish Customer Billing Address 98214 GRANADA','2014-01-25 00:16:39','Address',NULL,NULL),(962,2,38,2,'test 2','2014-01-25 00:16:39','Address',NULL,'BillingGroup'),(963,2,38,2,'test 1','2014-01-25 00:16:39','Address',NULL,'BillingGroup'),(964,2,29,2,'A1','2014-01-27 15:02:55','LocalLoopExtremity',NULL,NULL),(965,2,30,2,'B2','2014-01-27 15:03:51','LocalLoopExtremity',NULL,NULL),(966,2,16,2,'LL16','2014-01-27 15:05:02','LocalLoop',NULL,NULL),(967,2,16,2,'LL16','2014-01-27 15:17:06','LocalLoop',NULL,NULL),(968,2,16,2,'LL16','2014-01-27 15:17:59','LocalLoop',NULL,NULL),(969,2,16,2,'LL16','2014-01-27 15:18:33','LocalLoop',NULL,NULL),(970,2,16,2,'LL16','2014-01-27 15:20:47','LocalLoop',NULL,NULL),(971,2,16,2,'LL16','2014-01-27 15:21:07','LocalLoop',NULL,NULL),(972,2,511,2,'MADRID','2014-01-27 15:25:25','City',NULL,NULL),(973,2,520,2,'GRANADA*','2014-01-27 15:25:54','City',NULL,NULL),(974,2,512,2,'Barcelone','2014-01-27 15:27:12','City',NULL,NULL),(975,2,3,2,'LL16:Version Française 2:','2014-01-27 15:31:00','CostingLocalLoopLine',NULL,NULL),(976,2,16,2,'LL16','2014-01-27 15:31:24','LocalLoop',NULL,NULL),(977,2,16,2,'LL16','2014-01-27 15:32:57','LocalLoop',NULL,NULL),(978,2,16,2,'LL16:Version Française 2:','2014-01-27 15:32:57','LocalLoop',3,'CostingLocalLoopLine'),(979,2,3,2,'LL16:Version Française 2:','2014-01-27 15:48:35','CostingLocalLoopLine',NULL,NULL),(980,2,20,2,'Spanish Customer','2014-01-27 15:54:39','Customer',NULL,NULL),(981,2,16,2,'LL16','2014-01-27 15:55:40','LocalLoop',NULL,NULL),(982,2,16,2,'LL16','2014-01-27 15:55:40','LocalLoop',NULL,NULL),(983,2,14,2,'Juan-Carlos Italian Technical Customer Contact','2014-01-27 15:56:19','Contact',NULL,NULL),(984,2,28,2,'Juan-Carlos Italian Technical Customer Contact','2014-01-27 15:56:56','LocalLoopExtremityTech',NULL,NULL),(985,2,16,2,'LL16','2014-01-27 16:00:38','LocalLoop',NULL,NULL),(986,2,16,2,'LL16:Version Française 2:','2014-01-27 16:00:38','LocalLoop',3,'CostingLocalLoopLine'),(987,2,16,2,'LL16','2014-01-27 16:18:03','LocalLoop',NULL,NULL),(988,2,16,2,'B2','2014-01-27 16:18:03','LocalLoop',30,'LocalLoopExtremity'),(989,2,16,2,'LL16','2014-01-27 16:18:03','LocalLoop',NULL,NULL),(990,2,14,2,'Juan-Carlos Italian Technical Customer Contact','2014-01-27 16:24:43','Contact',NULL,NULL),(991,2,39,2,'Delivery Hofbraeu 94 621 ROMA*','2014-01-27 16:29:29','Address',NULL,NULL),(992,2,34,2,'Delivery Italian Customer Address 9614 MILANO*','2014-01-27 16:29:44','Address',NULL,NULL),(993,2,29,2,'A1','2014-01-27 16:30:20','LocalLoopExtremity',NULL,NULL),(994,2,27,2,'Juanjo Spanish Technical contact','2014-01-27 16:32:43','LocalLoopExtremityTech',NULL,NULL),(995,2,28,2,'Juan-Carlos Italian Technical Customer Contact','2014-01-27 16:32:57','LocalLoopExtremityTech',NULL,NULL),(996,2,16,2,'LL16','2014-01-27 16:33:03','LocalLoop',NULL,NULL),(997,2,16,2,'LL16','2014-01-27 16:34:42','LocalLoop',NULL,NULL),(998,2,16,2,'LL16','2014-01-27 16:36:12','LocalLoop',NULL,NULL),(999,2,16,2,'LL16','2014-01-27 16:37:58','LocalLoop',NULL,NULL),(1000,2,31,2,'B2New','2014-01-27 16:41:47','LocalLoopExtremity',NULL,NULL),(1001,2,16,2,'LL16','2014-01-27 16:48:20','LocalLoop',NULL,NULL),(1002,2,16,2,'LL16','2014-01-27 17:26:09','LocalLoop',NULL,NULL),(1003,2,10,2,'LL10','2014-01-27 17:27:39','LocalLoop',NULL,NULL),(1004,2,10,2,'LL10','2014-01-27 17:27:39','LocalLoop',NULL,NULL),(1005,2,10,2,'LL10','2014-01-27 17:27:39','LocalLoop',NULL,NULL),(1006,2,10,2,'LL10','2014-01-27 17:27:40','LocalLoop',NULL,NULL),(1007,2,10,2,'LL10','2014-01-27 17:28:18','LocalLoop',NULL,NULL),(1008,2,10,2,'B2Old','2014-01-27 17:28:18','LocalLoop',17,'LocalLoopExtremity'),(1009,2,10,2,'LL10','2014-01-27 17:28:18','LocalLoop',NULL,NULL),(1010,2,10,2,'LL10','2014-01-27 17:28:18','LocalLoop',NULL,NULL),(1011,2,10,2,'LL10','2014-01-27 17:28:18','LocalLoop',NULL,NULL),(1012,2,16,2,'LL16','2014-01-27 17:28:59','LocalLoop',NULL,NULL),(1013,2,27,2,'Juanjo Spanish Technical contact','2014-01-27 17:34:31','LocalLoopExtremityTech',NULL,NULL),(1014,2,16,2,'LL16','2014-01-27 17:34:45','LocalLoop',NULL,NULL),(1015,2,16,2,'LL16','2014-01-27 17:36:08','LocalLoop',NULL,NULL),(1016,2,10,2,'LL10','2014-01-27 17:42:14','LocalLoop',NULL,NULL),(1017,2,10,2,'Version Française 2:','2014-01-27 17:42:14','LocalLoop',1,'LocalLoopOption'),(1018,2,1,2,'LL10:Version Française 2:','2014-01-27 17:45:49','CostingLocalLoopLine',NULL,NULL),(1019,2,16,2,'LL16','2014-01-27 18:05:50','LocalLoop',NULL,NULL),(1020,2,16,2,'LL16','2014-01-27 22:51:02','LocalLoop',NULL,NULL),(1021,2,29,2,'A1','2014-01-27 22:51:37','LocalLoopExtremity',NULL,NULL),(1022,2,16,2,'LL16','2014-01-27 22:51:46','LocalLoop',NULL,NULL),(1023,2,32,2,'A1New','2014-01-27 22:52:37','LocalLoopExtremity',NULL,NULL),(1024,2,15,2,'LL15','2014-01-27 23:07:57','LocalLoop',NULL,NULL),(1025,2,15,2,'LL15','2014-01-27 23:08:19','LocalLoop',NULL,NULL),(1026,2,15,2,'LL15','2014-01-27 23:10:25','LocalLoop',NULL,NULL),(1027,2,27,2,'A1','2014-01-27 23:11:37','LocalLoopExtremity',NULL,NULL),(1028,2,25,2,'Juanjo Spanish Technical contact','2014-01-27 23:11:54','LocalLoopExtremityTech',NULL,NULL),(1029,2,28,2,'B2','2014-01-27 23:12:28','LocalLoopExtremity',NULL,NULL),(1030,2,26,2,'Juan-Carlos Italian Technical Customer Contact','2014-01-27 23:12:45','LocalLoopExtremityTech',NULL,NULL),(1031,2,15,2,'LL15','2014-01-27 23:12:55','LocalLoop',NULL,NULL),(1032,2,15,2,'LL15','2014-01-28 09:54:08','LocalLoop',NULL,NULL),(1033,2,15,2,'LL15','2014-01-28 09:55:21','LocalLoop',NULL,NULL),(1034,2,15,2,'LL15','2014-01-28 09:56:48','LocalLoop',NULL,NULL),(1035,2,15,2,'LL15','2014-01-28 10:00:23','LocalLoop',NULL,NULL),(1036,2,26,2,'B2','2014-01-28 22:54:39','LocalLoopExtremity',NULL,NULL),(1037,2,25,2,'A1','2014-01-28 22:55:10','LocalLoopExtremity',NULL,NULL),(1038,2,27,2,'A1','2014-01-28 22:56:10','LocalLoopExtremity',NULL,NULL),(1039,2,14,2,'LL14','2014-01-28 22:56:57','LocalLoop',NULL,NULL),(1040,2,14,2,'LL14','2014-01-28 22:57:24','LocalLoop',NULL,NULL),(1041,2,14,2,'LL14','2014-01-28 22:58:45','LocalLoop',NULL,NULL),(1042,2,26,2,'B2','2014-01-28 22:59:09','LocalLoopExtremity',NULL,NULL),(1043,2,14,2,'LL14','2014-01-28 22:59:19','LocalLoop',NULL,NULL),(1044,2,24,2,'Juan-Carlos Italian Technical Customer Contact','2014-01-28 22:59:44','LocalLoopExtremityTech',NULL,NULL),(1045,2,23,2,'Juanjo Spanish Technical contact','2014-01-28 22:59:58','LocalLoopExtremityTech',NULL,NULL),(1046,2,14,2,'LL14','2014-01-28 23:00:22','LocalLoop',NULL,NULL),(1047,2,11,2,'S','2014-01-29 00:59:14','Service',NULL,NULL),(1048,2,11,2,'S','2014-01-29 01:18:53','Service',NULL,NULL),(1049,2,11,2,'S','2014-01-29 01:20:37','Service',NULL,NULL),(1050,2,11,2,'S','2014-01-29 01:30:20','Service',NULL,NULL),(1051,2,22,2,'LL22','2014-01-29 11:04:48','LocalLoop',NULL,NULL),(1052,2,22,2,'B2','2014-01-29 11:04:48','LocalLoop',36,'LocalLoopExtremity'),(1053,2,22,2,'A1','2014-01-29 11:04:48','LocalLoop',35,'LocalLoopExtremity'),(1054,2,22,2,'LL22','2014-01-29 11:04:48','LocalLoop',NULL,NULL),(1055,2,13,2,'Billing Colt Italy Billing address 95421 MILANO*','2014-01-29 11:37:05','AddressProvider',NULL,NULL),(1056,2,22,2,'LL22','2014-01-29 13:51:18','LocalLoop',NULL,NULL),(1057,2,22,2,'LL22','2014-01-29 13:52:52','LocalLoop',NULL,NULL),(1058,2,22,2,'LL22','2014-01-29 13:53:15','LocalLoop',NULL,NULL),(1059,2,22,2,'LL22','2014-01-29 14:01:37','LocalLoop',NULL,NULL),(1060,2,22,2,'LL22','2014-01-29 14:04:53','LocalLoop',NULL,NULL),(1061,2,22,2,'LL22','2014-01-29 14:04:53','LocalLoop',NULL,NULL),(1062,2,22,2,'LL22','2014-01-29 14:05:00','LocalLoop',NULL,NULL),(1063,2,23,2,'LL23','2014-01-29 14:06:44','LocalLoop',NULL,NULL),(1064,2,23,2,'LL23','2014-01-29 14:12:36','LocalLoop',NULL,NULL),(1065,2,23,2,'B2','2014-01-29 14:12:36','LocalLoop',38,'LocalLoopExtremity'),(1066,2,23,2,'A1','2014-01-29 14:12:36','LocalLoop',37,'LocalLoopExtremity'),(1067,2,23,2,'LL23','2014-01-29 14:12:36','LocalLoop',NULL,NULL),(1068,2,6,2,'LL23:','2014-01-29 14:13:54','CostingLocalLoopLine',NULL,NULL),(1069,2,23,2,'LL23','2014-01-29 14:14:11','LocalLoop',NULL,NULL),(1070,2,23,2,'LL23','2014-01-29 14:17:31','LocalLoop',NULL,NULL),(1071,2,23,2,'LL23','2014-01-29 14:18:08','LocalLoop',NULL,NULL),(1072,2,23,2,'LL23','2014-01-29 14:18:43','LocalLoop',NULL,NULL),(1073,2,23,2,'LL23','2014-01-29 14:18:54','LocalLoop',NULL,NULL),(1074,2,36,2,'','2014-01-29 14:19:27','LocalLoopExtremityTech',NULL,NULL),(1075,2,23,2,'LL23','2014-01-29 14:19:33','LocalLoop',NULL,NULL),(1076,2,23,2,'LL23','2014-01-29 14:21:35','LocalLoop',NULL,NULL),(1077,2,23,2,'LL23','2014-01-29 14:22:16','LocalLoop',NULL,NULL),(1078,2,23,2,'LL23','2014-01-29 14:22:41','LocalLoop',NULL,NULL),(1079,2,23,2,'LL23','2014-01-29 14:22:52','LocalLoop',NULL,NULL),(1080,2,35,2,'','2014-01-29 14:25:51','LocalLoopExtremityTech',NULL,NULL),(1081,2,23,2,'LL23','2014-01-29 14:25:56','LocalLoop',NULL,NULL),(1082,2,38,2,'B2','2014-01-29 15:16:47','LocalLoopExtremity',NULL,NULL),(1083,2,37,2,'A1','2014-01-29 15:17:02','LocalLoopExtremity',NULL,NULL),(1084,2,24,2,'LL24','2014-01-29 16:35:28','LocalLoop',NULL,NULL),(1085,2,25,2,'LL25','2014-01-29 16:50:55','LocalLoop',NULL,NULL),(1086,2,25,2,'LL25','2014-01-29 16:52:10','LocalLoop',NULL,NULL),(1087,2,25,2,'B2','2014-01-29 16:52:11','LocalLoop',42,'LocalLoopExtremity'),(1088,2,25,2,'A1','2014-01-29 16:52:11','LocalLoop',41,'LocalLoopExtremity'),(1089,2,25,2,'LL25','2014-01-29 16:52:11','LocalLoop',NULL,NULL),(1090,2,25,2,'LL25','2014-01-29 16:53:14','LocalLoop',NULL,NULL),(1091,2,25,2,'LL25','2014-01-29 16:53:53','LocalLoop',NULL,NULL),(1092,2,25,2,'LL25','2014-01-29 16:54:16','LocalLoop',NULL,NULL),(1093,2,25,2,'LL25','2014-01-29 16:54:47','LocalLoop',NULL,NULL),(1094,2,25,2,'LL25','2014-01-29 16:55:12','LocalLoop',NULL,NULL),(1095,2,25,2,'LL25','2014-01-29 17:14:20','LocalLoop',NULL,NULL),(1096,2,40,2,'B2','2014-01-29 17:21:03','LocalLoopExtremity',NULL,NULL),(1097,2,39,2,'A1','2014-01-29 17:21:18','LocalLoopExtremity',NULL,NULL),(1098,2,24,2,'LL24','2014-01-29 17:21:22','LocalLoop',NULL,NULL),(1099,2,26,2,'LL26','2014-01-29 17:24:00','LocalLoop',NULL,NULL),(1100,2,44,2,'B2','2014-01-29 17:24:42','LocalLoopExtremity',NULL,NULL),(1101,2,43,2,'A1','2014-01-29 17:24:57','LocalLoopExtremity',NULL,NULL),(1102,2,26,2,'LL26','2014-01-29 17:25:04','LocalLoop',NULL,NULL),(1103,2,42,2,'Juanjo Spanish Technical contact','2014-01-29 17:25:55','LocalLoopExtremityTech',NULL,NULL),(1104,2,41,2,'Juan-Carlos Italian Technical Customer Contact','2014-01-29 17:26:08','LocalLoopExtremityTech',NULL,NULL),(1105,2,26,2,'LL26','2014-01-29 17:26:13','LocalLoop',NULL,NULL),(1106,2,26,2,'LL26','2014-01-29 17:26:29','LocalLoop',NULL,NULL),(1107,2,42,2,'Juanjo Spanish Technical contact','2014-01-29 17:26:58','LocalLoopExtremityTech',NULL,NULL),(1108,2,26,2,'LL26','2014-01-29 17:27:06','LocalLoop',NULL,NULL),(1109,2,26,2,'LL26','2014-01-29 17:28:14','LocalLoop',NULL,NULL),(1110,2,26,2,'LL26','2014-01-29 17:28:36','LocalLoop',NULL,NULL),(1111,2,26,2,'LL26','2014-01-29 17:28:50','LocalLoop',NULL,NULL),(1112,2,34,2,'B2','2014-01-29 17:38:22','LocalLoopExtremity',NULL,NULL),(1113,2,11,2,'LL11','2014-01-29 17:41:25','LocalLoop',NULL,NULL),(1114,2,46,2,'B2','2014-01-29 17:42:08','LocalLoopExtremity',NULL,NULL),(1115,2,45,2,'A1','2014-01-29 17:43:31','LocalLoopExtremity',NULL,NULL),(1116,2,42,2,'B2','2014-01-29 17:51:53','LocalLoopExtremity',NULL,NULL),(1117,2,41,2,'A1','2014-01-29 17:52:10','LocalLoopExtremity',NULL,NULL),(1118,2,26,2,'LL26','2014-01-29 17:55:06','LocalLoop',NULL,NULL),(1119,2,48,2,'B2','2014-01-29 18:01:15','LocalLoopExtremity',NULL,NULL),(1120,2,47,2,'A1','2014-01-29 18:01:34','LocalLoopExtremity',NULL,NULL),(1121,2,50,2,'B2','2014-01-29 18:15:18','LocalLoopExtremity',NULL,NULL),(1122,2,29,2,'LL29','2014-01-29 18:15:25','LocalLoop',NULL,NULL),(1123,2,49,2,'A1','2014-01-29 18:15:50','LocalLoopExtremity',NULL,NULL),(1124,2,29,2,'LL29','2014-01-29 18:15:55','LocalLoop',NULL,NULL),(1125,2,29,2,'LL29','2014-01-29 18:16:17','LocalLoop',NULL,NULL),(1126,2,29,2,'LL29','2014-01-29 18:16:39','LocalLoop',NULL,NULL),(1127,2,29,2,'LL29','2014-01-29 18:17:06','LocalLoop',NULL,NULL),(1128,2,29,2,'LL29','2014-01-29 18:17:22','LocalLoop',NULL,NULL),(1129,2,48,2,'Juanjo Spanish Technical contact','2014-01-29 18:17:58','LocalLoopExtremityTech',NULL,NULL),(1130,2,29,2,'LL29','2014-01-29 18:18:05','LocalLoop',NULL,NULL),(1131,2,47,2,'Juan-Carlos Italian Technical Customer Contact','2014-01-29 18:18:34','LocalLoopExtremityTech',NULL,NULL),(1132,2,29,2,'LL29','2014-01-29 18:18:40','LocalLoop',NULL,NULL),(1133,2,7,2,'LL29:','2014-01-29 18:20:25','CostingLocalLoopLine',NULL,NULL),(1134,2,7,2,'LL29:','2014-01-29 18:20:44','CostingLocalLoopLine',NULL,NULL),(1135,2,52,2,'B2','2014-01-29 18:22:55','LocalLoopExtremity',NULL,NULL),(1136,2,51,2,'A1','2014-01-29 18:23:11','LocalLoopExtremity',NULL,NULL),(1137,2,30,2,'LL30','2014-01-29 18:23:20','LocalLoop',NULL,NULL),(1138,2,30,2,'LL30','2014-01-29 18:24:42','LocalLoop',NULL,NULL),(1139,2,53,2,'A1','2014-01-29 18:29:13','LocalLoopExtremity',NULL,NULL),(1140,2,54,2,'B2','2014-01-29 18:29:28','LocalLoopExtremity',NULL,NULL),(1141,2,31,2,'LL31','2014-01-29 18:29:35','LocalLoop',NULL,NULL),(1142,2,31,2,'LL31','2014-01-29 18:30:21','LocalLoop',NULL,NULL),(1143,2,31,2,'LL31','2014-01-29 18:30:46','LocalLoop',NULL,NULL),(1144,2,51,2,'Juanjo Spanish Technical contact','2014-01-29 18:31:23','LocalLoopExtremityTech',NULL,NULL),(1145,2,31,2,'LL31','2014-01-29 18:31:59','LocalLoop',NULL,NULL),(1146,2,31,2,'LL31','2014-01-29 18:33:52','LocalLoop',NULL,NULL),(1147,2,31,2,'LL31','2014-01-29 18:35:40','LocalLoop',NULL,NULL),(1148,2,31,2,'LL31','2014-01-29 18:35:59','LocalLoop',NULL,NULL),(1149,2,7,2,'dcard','2014-01-29 18:45:48','ComplexModel',NULL,NULL),(1150,2,10,2,'','2014-01-29 22:26:34','Pop',NULL,NULL),(1151,2,7,2,'dcard','2014-01-29 23:03:11','ComplexModel',NULL,NULL),(1152,2,26,2,'Super Model XXL Desc','2014-01-30 00:46:31','ComplexModel',NULL,NULL),(1153,2,10,2,'','2014-01-30 00:49:36','Pop',NULL,NULL),(1154,2,17,2,'Frankfurt Cabinet 1','2014-01-30 01:16:53','CabinetInstance',NULL,NULL),(1155,2,8,2,'LL31:','2014-01-30 12:58:33','CostingLocalLoopLine',NULL,NULL),(1156,2,9,2,'LL31:','2014-01-30 13:01:20','CostingLocalLoopLine',NULL,NULL),(1157,2,10,2,'LL31:','2014-01-30 13:04:59','CostingLocalLoopLine',NULL,NULL),(1158,2,11,2,'LL31:','2014-01-30 13:08:03','CostingLocalLoopLine',NULL,NULL),(1159,2,12,2,'LL31:','2014-01-30 13:08:25','CostingLocalLoopLine',NULL,NULL),(1160,2,13,2,'LL31:','2014-01-30 13:09:42','CostingLocalLoopLine',NULL,NULL),(1161,2,14,2,'LL31:','2014-01-30 13:11:27','CostingLocalLoopLine',NULL,NULL),(1162,2,15,2,'LL31:','2014-01-30 13:15:16','CostingLocalLoopLine',NULL,NULL),(1163,2,15,2,'BB::','2014-01-30 13:33:52','CostingBackboneLinkLine',NULL,NULL),(1164,2,10,2,'BB:','2014-01-30 13:35:25','BackboneLink',NULL,NULL),(1165,2,10,2,'BB::','2014-01-30 13:35:25','BackboneLink',4,'CostingBackboneLinkLine'),(1166,2,10,2,'BB::Option d\'Option:','2014-01-30 13:35:25','BackboneLink',13,'CostingBackboneLinkLine'),(1167,2,10,2,'BB::','2014-01-30 13:35:25','BackboneLink',15,'CostingBackboneLinkLine'),(1168,2,10,2,'BB::','2014-01-30 13:35:25','BackboneLink',16,'CostingBackboneLinkLine'),(1169,2,10,2,'BB:','2014-01-30 13:35:25','BackboneLink',NULL,NULL),(1170,2,10,2,'BB:','2014-01-30 13:35:25','BackboneLink',NULL,NULL),(1171,2,10,2,'BB:','2014-01-30 13:35:25','BackboneLink',NULL,NULL),(1172,2,20,2,'Spanish Customer','2014-01-30 14:36:35','Customer',NULL,NULL),(1173,2,20,2,'Spanish Customer','2014-01-30 14:39:40','Customer',NULL,NULL),(1174,2,15,2,'LL31:','2014-01-30 15:16:30','CostingLocalLoopLine',NULL,NULL),(1175,2,31,2,'LL31','2014-01-30 16:12:36','LocalLoop',NULL,NULL),(1176,2,9,2,'the pop rock','2014-01-30 16:13:45','Pop',NULL,NULL),(1177,2,32,2,'360','2014-01-30 16:24:54','CostingCabinetLine',NULL,NULL),(1178,2,20,2,'','2014-01-30 16:31:14','CostingEquipmentLine',NULL,NULL),(1179,2,23,2,'','2014-01-30 16:32:39','CostingEquipmentLine',NULL,NULL),(1180,2,24,2,'','2014-01-30 16:34:02','CostingEquipmentLine',NULL,NULL),(1181,2,31,2,'LL31','2014-01-30 16:39:06','LocalLoop',NULL,NULL),(1182,2,31,2,'LL31','2014-01-30 16:39:25','LocalLoop',NULL,NULL),(1183,2,31,2,'LL31:','2014-01-30 16:39:25','LocalLoop',8,'CostingLocalLoopLine'),(1184,2,31,2,'LL31:','2014-01-30 16:39:25','LocalLoop',9,'CostingLocalLoopLine'),(1185,2,31,2,'LL31:','2014-01-30 16:39:25','LocalLoop',10,'CostingLocalLoopLine'),(1186,2,31,2,'LL31:','2014-01-30 16:39:25','LocalLoop',11,'CostingLocalLoopLine'),(1187,2,31,2,'LL31:','2014-01-30 16:39:25','LocalLoop',12,'CostingLocalLoopLine'),(1188,2,31,2,'LL31:','2014-01-30 16:39:25','LocalLoop',13,'CostingLocalLoopLine'),(1189,2,31,2,'LL31:','2014-01-30 16:39:25','LocalLoop',14,'CostingLocalLoopLine'),(1190,2,31,2,'LL31:','2014-01-30 16:39:25','LocalLoop',15,'CostingLocalLoopLine'),(1191,2,31,2,'LL31:','2014-01-30 16:39:25','LocalLoop',16,'CostingLocalLoopLine'),(1192,2,31,2,'LL31:','2014-01-30 16:39:25','LocalLoop',17,'CostingLocalLoopLine'),(1193,2,31,2,'LL31:','2014-01-30 16:39:25','LocalLoop',18,'CostingLocalLoopLine'),(1194,2,30,2,'LL30','2014-01-30 17:32:13','LocalLoop',NULL,NULL),(1195,2,30,2,'LL30','2014-01-30 17:33:04','LocalLoop',NULL,NULL),(1196,2,30,2,'LL30','2014-01-30 17:39:40','LocalLoop',NULL,NULL),(1197,2,30,2,'LL30','2014-01-30 17:40:35','LocalLoop',NULL,NULL),(1198,2,30,2,'LL30','2014-01-30 17:42:49','LocalLoop',NULL,NULL),(1199,2,30,2,'LL30','2014-01-30 17:58:40','LocalLoop',NULL,NULL),(1200,2,10,2,'LL10','2014-01-30 18:01:22','LocalLoop',NULL,NULL),(1201,2,10,2,'LL10','2014-01-30 18:02:49','LocalLoop',NULL,NULL),(1202,2,36,2,'BB36:','2014-01-30 23:54:28','BackboneLink',NULL,NULL),(1203,2,13,2,'LL13','2014-01-30 23:55:55','LocalLoop',NULL,NULL),(1204,2,14,2,'Head office Frankfurt Colt Head Office street 65387 Tossa Del Mar*','2014-01-31 14:23:10','AddressProvider',NULL,NULL),(1205,2,33,2,'GERMANY','2014-01-31 14:23:57','Country',NULL,NULL),(1206,2,522,2,'BREMEN','2014-01-31 14:24:48','City',NULL,NULL),(1207,2,524,2,'STUTTGART','2014-01-31 14:25:29','City',NULL,NULL),(1208,2,8,2,'ETRALI FRANKFURT','2014-01-31 14:27:45','Branch',NULL,NULL),(1209,2,55,2,'A1','2014-01-31 14:31:45','LocalLoopExtremity',NULL,NULL),(1210,2,56,2,'B2','2014-01-31 14:32:09','LocalLoopExtremity',NULL,NULL),(1211,2,32,2,'LL32','2014-01-31 14:32:25','LocalLoop',NULL,NULL),(1212,2,15,2,'COLT Frankfurt','2014-01-31 14:37:21','Provider',NULL,NULL),(1213,2,57,2,'A1','2014-01-31 15:03:31','LocalLoopExtremity',NULL,NULL),(1214,2,58,2,'B2','2014-01-31 15:03:47','LocalLoopExtremity',NULL,NULL),(1215,2,12,2,'Billing Schneewalzermarkt 954 9429 Tossa Del Mar*','2014-01-31 15:08:08','AddressProvider',NULL,NULL),(1216,2,32,2,'Spain*','2014-01-31 15:37:07','Country',NULL,NULL),(1217,2,57,2,'A1','2014-01-31 15:38:53','LocalLoopExtremity',NULL,NULL),(1218,2,58,2,'B2','2014-01-31 15:39:02','LocalLoopExtremity',NULL,NULL),(1219,2,33,2,'LL33','2014-01-31 15:39:22','LocalLoop',NULL,NULL),(1220,2,33,2,'LL33','2014-01-31 15:39:48','LocalLoop',NULL,NULL),(1221,2,55,2,'Juanjo Spanish Technical contact','2014-01-31 15:40:25','LocalLoopExtremityTech',NULL,NULL),(1222,2,33,2,'LL33','2014-01-31 15:40:33','LocalLoop',NULL,NULL),(1223,2,56,2,'Juan-Carlos Italian Technical Customer Contact','2014-01-31 15:46:09','LocalLoopExtremityTech',NULL,NULL),(1224,2,33,2,'LL33','2014-01-31 15:46:21','LocalLoop',NULL,NULL),(1225,2,33,2,'LL33','2014-01-31 15:47:35','LocalLoop',NULL,NULL),(1226,2,33,2,'LL33','2014-01-31 16:24:18','LocalLoop',NULL,NULL),(1227,2,33,2,'LL33','2014-01-31 16:33:18','LocalLoop',NULL,NULL),(1228,2,33,2,'LL33','2014-01-31 16:35:02','LocalLoop',NULL,NULL),(1229,2,33,2,'LL33','2014-01-31 16:36:13','LocalLoop',NULL,NULL),(1230,2,33,2,'LL33','2014-01-31 16:36:19','LocalLoop',NULL,NULL),(1231,2,33,2,'LL33','2014-01-31 17:12:36','LocalLoop',NULL,NULL),(1232,2,33,2,'LL33','2014-01-31 17:14:52','LocalLoop',NULL,NULL),(1233,2,33,2,'LL33','2014-01-31 17:15:17','LocalLoop',NULL,NULL),(1234,2,33,2,'LL33','2014-01-31 17:22:00','LocalLoop',NULL,NULL),(1235,2,11,2,'S','2014-01-31 18:03:12','Service',NULL,NULL),(1236,2,1,2,'TVC:Trade Voice City','2014-02-01 22:45:48','ProductType',NULL,NULL),(1237,2,1,2,'TVC:Trade Voice City','2014-02-01 23:00:01','ProductType',NULL,NULL),(1238,2,2,2,'TVI:Trade Voice Intercity','2014-02-01 23:00:40','ProductType',NULL,NULL),(1239,2,3,2,'TD:Trade Data','2014-02-02 00:12:40','ProductType',NULL,NULL),(1240,2,4,2,'Flash','2014-02-03 12:55:02','BandwidthAssignee',NULL,NULL),(1241,2,1,2,'PROD1024','2014-02-03 12:55:31','BandwidthAssignee',NULL,NULL),(1242,2,2,2,'test','2014-02-03 12:55:49','BandwidthAssignee',NULL,NULL),(1243,2,3,2,'test 2','2014-02-03 12:56:04','BandwidthAssignee',NULL,NULL),(1244,2,5,2,'2048 k','2014-02-03 12:57:12','BandwidthAssignee',NULL,NULL),(1245,2,6,2,'T1','2014-02-03 12:57:33','BandwidthAssignee',NULL,NULL),(1246,2,27,2,'TEDL:TradExtra Datalink','2014-02-03 13:51:13','ProductType',NULL,NULL),(1247,2,5,2,'2048 k','2014-02-03 14:03:56','BandwidthAssignee',NULL,NULL),(1248,2,5,2,'2048 k','2014-02-03 14:12:00','BandwidthAssignee',NULL,NULL),(1249,2,5,2,'[TVC] Trade voice city','2014-02-03 14:12:00','BandwidthAssignee',1,'Product'),(1250,2,5,2,'[TVI] Trade voice intercity','2014-02-03 14:12:00','BandwidthAssignee',2,'Product'),(1251,2,5,2,'[TD] Trade data','2014-02-03 14:12:00','BandwidthAssignee',3,'Product'),(1252,2,18,2,'Centimos Pesetitas Billing contact','2014-02-03 17:51:36','Contact',NULL,NULL),(1253,2,19,2,'Housing Provider','2014-02-03 17:55:39','CompanyType',NULL,NULL),(1254,2,20,2,'Cabling Provider','2014-02-03 17:56:04','CompanyType',NULL,NULL),(1255,2,11,2,'S','2014-02-03 17:58:03','Service',NULL,NULL),(1256,2,17,2,'Head office Stiftstr 54 60356 MUNICH','2014-02-03 18:03:43','AddressProvider',NULL,NULL),(1257,2,13,2,'moneylike Equinix Billing contact','2014-02-03 18:08:34','ContactProvider',NULL,NULL),(1258,2,69,2,'A1','2014-02-03 22:20:49','BackboneLinkExtremity',NULL,NULL),(1259,2,41,2,'BB41:','2014-02-03 22:20:59','BackboneLink',NULL,NULL),(1260,2,60,2,'B2','2014-02-03 22:23:29','LocalLoopExtremity',NULL,NULL),(1261,2,61,2,'A1','2014-02-04 17:59:50','LocalLoopExtremity',NULL,NULL),(1262,2,62,2,'B2','2014-02-04 18:00:07','LocalLoopExtremity',NULL,NULL),(1263,2,35,2,'LL35','2014-02-04 18:00:43','LocalLoop',NULL,NULL),(1264,2,35,2,'LL35','2014-02-04 18:01:14','LocalLoop',NULL,NULL),(1265,2,59,2,'Juanjo Spanish Technical contact','2014-02-04 18:01:46','LocalLoopExtremityTech',NULL,NULL),(1266,2,60,2,'Juan-Carlos Italian Technical Customer Contact','2014-02-04 18:02:00','LocalLoopExtremityTech',NULL,NULL),(1267,2,35,2,'LL35','2014-02-04 18:02:17','LocalLoop',NULL,NULL),(1268,2,35,2,'LL35','2014-02-04 18:02:42','LocalLoop',NULL,NULL),(1269,2,35,2,'LL35','2014-02-04 18:07:06','LocalLoop',NULL,NULL),(1270,2,35,2,'LL35','2014-02-04 18:12:56','LocalLoop',NULL,NULL),(1271,2,35,2,'LL35','2014-02-04 18:13:03','LocalLoop',NULL,NULL),(1272,2,35,2,'LL35','2014-02-04 18:15:46','LocalLoop',NULL,NULL),(1273,2,35,2,'LL35','2014-02-04 18:24:19','LocalLoop',NULL,NULL),(1274,2,63,2,'A1','2014-02-04 18:28:56','LocalLoopExtremity',NULL,NULL),(1275,2,64,2,'B2','2014-02-04 18:29:16','LocalLoopExtremity',NULL,NULL),(1276,2,36,2,'LL36','2014-02-04 18:29:34','LocalLoop',NULL,NULL),(1277,2,36,2,'LL36','2014-02-04 18:29:55','LocalLoop',NULL,NULL),(1278,2,36,2,'LL36','2014-02-04 18:30:12','LocalLoop',NULL,NULL),(1279,2,36,2,'LL36','2014-02-04 18:30:25','LocalLoop',NULL,NULL),(1280,2,36,2,'LL36','2014-02-04 18:35:30','LocalLoop',NULL,NULL),(1281,2,36,2,'LL36','2014-02-04 18:35:37','LocalLoop',NULL,NULL),(1282,2,36,2,'LL36','2014-02-04 18:36:06','LocalLoop',NULL,NULL),(1283,2,42,2,'BB42:','2014-02-04 19:06:49','BackboneLink',NULL,NULL),(1284,2,71,2,'A1','2014-02-04 19:09:00','BackboneLinkExtremity',NULL,NULL),(1285,2,72,2,'B2','2014-02-04 19:09:13','BackboneLinkExtremity',NULL,NULL),(1286,2,42,2,'BB42:','2014-02-04 19:09:18','BackboneLink',NULL,NULL),(1287,2,42,2,'BB42:','2014-02-04 19:09:44','BackboneLink',NULL,NULL),(1288,2,42,2,'BB42:','2014-02-04 19:10:06','BackboneLink',NULL,NULL),(1289,2,42,2,'BB42:','2014-02-04 19:11:17','BackboneLink',NULL,NULL),(1290,2,42,2,'BB42:','2014-02-04 19:16:16','BackboneLink',NULL,NULL),(1291,2,42,2,'BB42:','2014-02-04 19:16:22','BackboneLink',NULL,NULL),(1292,2,63,2,'SPEEDO ALONSO','2014-02-04 19:17:46','BackboneLinkExtremityTech',NULL,NULL),(1293,2,64,2,'SPEEDO ALONSO','2014-02-04 19:18:00','BackboneLinkExtremityTech',NULL,NULL),(1294,2,42,2,'BB42:','2014-02-04 19:18:08','BackboneLink',NULL,NULL),(1295,2,42,2,'BB42:','2014-02-04 19:18:30','BackboneLink',NULL,NULL),(1296,2,42,2,'BB42:','2014-02-04 19:19:01','BackboneLink',NULL,NULL),(1297,2,26,2,'LL26','2014-02-05 00:17:55','LocalLoop',NULL,NULL),(1298,2,65,2,'A1','2014-02-05 15:25:08','LocalLoopExtremity',NULL,NULL),(1299,2,66,2,'B2','2014-02-05 15:25:22','LocalLoopExtremity',NULL,NULL),(1300,2,37,2,'LL37','2014-02-05 15:25:45','LocalLoop',NULL,NULL),(1301,2,37,2,'LL37','2014-02-05 15:26:17','LocalLoop',NULL,NULL),(1302,2,37,2,'LL37','2014-02-05 15:26:39','LocalLoop',NULL,NULL),(1303,2,63,2,'Juanjo Spanish Technical contact','2014-02-05 15:27:34','LocalLoopExtremityTech',NULL,NULL),(1304,2,64,2,'Juan-Carlos Italian Technical Customer Contact','2014-02-05 15:27:49','LocalLoopExtremityTech',NULL,NULL),(1305,2,37,2,'LL37','2014-02-05 15:27:57','LocalLoop',NULL,NULL),(1306,2,37,2,'LL37','2014-02-05 15:30:10','LocalLoop',NULL,NULL),(1307,2,25,2,'LL37:','2014-02-05 15:48:45','CostingLocalLoopLine',NULL,NULL),(1308,2,25,2,'LL37:','2014-02-05 15:54:38','CostingLocalLoopLine',NULL,NULL),(1309,2,37,2,'LL37','2014-02-05 16:35:45','LocalLoop',NULL,NULL),(1310,2,37,2,'LL37','2014-02-05 16:36:22','LocalLoop',NULL,NULL),(1311,2,37,2,'LL37','2014-02-05 16:55:10','LocalLoop',NULL,NULL),(1312,2,37,2,'LL37','2014-02-05 17:00:25','LocalLoop',NULL,NULL),(1313,2,37,2,'LL37','2014-02-05 17:00:33','LocalLoop',NULL,NULL),(1314,2,37,2,'LL37','2014-02-05 17:01:12','LocalLoop',NULL,NULL),(1315,2,26,2,'LL37:','2014-02-05 17:18:18','CostingLocalLoopLine',NULL,NULL),(1316,2,7,2,'100 Mbit/s*','2014-02-05 18:13:47','BandwidthAssignee',NULL,NULL),(1317,2,9,2,'155 Mbit/s','2014-02-05 18:21:32','BandwidthAssignee',NULL,NULL),(1318,2,70,2,'B2','2014-02-05 22:46:59','BackboneLinkExtremity',NULL,NULL),(1319,2,41,2,'BB41:','2014-02-05 22:47:12','BackboneLink',NULL,NULL),(1320,2,41,2,'BB41:','2014-02-05 22:47:34','BackboneLink',NULL,NULL),(1321,2,41,2,'BB41:','2014-02-05 22:48:00','BackboneLink',NULL,NULL),(1322,2,41,2,'BB41:','2014-02-05 22:48:46','BackboneLink',NULL,NULL),(1323,2,61,2,'SPEEDO ALONSO','2014-02-05 22:49:57','BackboneLinkExtremityTech',NULL,NULL),(1324,2,62,2,'SPEEDO ALONSO','2014-02-05 22:50:15','BackboneLinkExtremityTech',NULL,NULL),(1325,2,41,2,'BB41:','2014-02-05 22:50:44','BackboneLink',NULL,NULL),(1326,2,61,2,'SPEEDO ALONSO','2014-02-05 22:52:48','BackboneLinkExtremityTech',NULL,NULL),(1327,2,62,2,'SPEEDO ALONSO','2014-02-05 22:53:01','BackboneLinkExtremityTech',NULL,NULL),(1328,2,47,2,'Juan-Carlos Italian Technical Customer Contact','2014-02-05 23:04:13','LocalLoopExtremityTech',NULL,NULL),(1329,2,47,2,'Juan-Carlos Italian Technical Customer Contact','2014-02-05 23:07:10','LocalLoopExtremityTech',NULL,NULL),(1330,2,47,2,'Juan-Carlos Italian Technical Customer Contact','2014-02-05 23:09:37','LocalLoopExtremityTech',NULL,NULL),(1331,2,1,2,'','2014-02-06 17:12:19','BillingService',NULL,NULL),(1332,2,1,2,':','2014-02-06 17:12:19','BillingService',NULL,'BillingServiceLine'),(1333,2,1,2,'','2014-02-06 17:19:27','BillingService',NULL,NULL),(1334,2,1,2,':','2014-02-06 17:19:27','BillingService',NULL,'BillingServiceLine'),(1335,2,10,2,'','2014-02-06 18:01:01','Pop',NULL,NULL),(1336,2,11,2,'S','2014-02-06 18:08:25','Service',NULL,NULL),(1337,2,11,2,'S','2014-02-06 18:10:40','Service',NULL,NULL),(1338,2,11,2,'S','2014-02-06 18:11:50','Service',NULL,NULL),(1339,2,11,2,'S','2014-02-06 18:13:29','Service',NULL,NULL),(1340,2,11,2,'S','2014-02-06 18:14:05','Service',NULL,NULL),(1341,2,11,2,'S','2014-02-06 18:15:12','Service',NULL,NULL),(1342,2,4,2,'Off net','2014-02-10 07:44:28','ProductCaracs',NULL,NULL),(1343,2,2,2,'SIP','2014-02-10 07:45:33','ProductCaracs',NULL,NULL),(1344,2,11,2,'S','2014-02-10 08:00:17','Service',NULL,NULL),(1345,2,11,2,'S','2014-02-10 08:13:15','Service',NULL,NULL),(1346,2,1,2,'S1','2014-02-10 08:38:40','ServiceExtremity',NULL,NULL),(1347,2,1,2,'S1','2014-02-10 09:00:28','ServiceExtremity',NULL,NULL),(1348,2,1,2,'S1','2014-02-10 09:00:57','ServiceExtremity',NULL,NULL),(1349,2,1,2,'S1','2014-02-10 09:01:18','ServiceExtremity',NULL,NULL),(1350,2,11,2,'S','2014-02-10 09:01:28','Service',NULL,NULL),(1351,2,11,2,'S','2014-02-10 09:05:56','Service',NULL,NULL),(1352,2,11,2,'S','2014-02-10 09:30:14','Service',NULL,NULL),(1353,2,11,2,'S','2014-02-10 09:32:53','Service',NULL,NULL),(1354,2,1,2,'S1','2014-02-10 09:33:27','ServiceExtremity',NULL,NULL),(1355,2,11,2,'S','2014-02-10 09:33:35','Service',NULL,NULL),(1356,2,11,2,'S','2014-02-10 09:37:18','Service',NULL,NULL),(1357,2,11,2,'S','2014-02-10 11:03:01','Service',NULL,NULL),(1358,2,11,2,'SIP : ','2014-02-10 11:03:01','Service',67,'ServiceCaracs'),(1359,2,11,2,'Connection : turret-to-turret','2014-02-10 11:03:01','Service',70,'ServiceCaracs'),(1360,2,11,2,'Off net : ','2014-02-10 11:03:01','Service',71,'ServiceCaracs'),(1361,2,11,2,'S','2014-02-10 11:03:14','Service',NULL,NULL),(1362,2,11,2,'SIP : ','2014-02-10 11:03:14','Service',67,'ServiceCaracs'),(1363,2,11,2,'Connection : frame-to-frame','2014-02-10 11:03:14','Service',70,'ServiceCaracs'),(1364,2,11,2,'Off net : ','2014-02-10 11:03:14','Service',71,'ServiceCaracs'),(1365,2,11,2,'S','2014-02-10 16:02:00','Service',NULL,NULL),(1366,2,11,2,'SIP : ','2014-02-10 16:02:01','Service',67,'ServiceCaracs'),(1367,2,11,2,'Off net : ','2014-02-10 16:02:01','Service',71,'ServiceCaracs'),(1368,2,11,2,'S','2014-02-10 16:03:44','Service',NULL,NULL),(1369,2,11,2,'SIP : ','2014-02-10 16:03:44','Service',67,'ServiceCaracs'),(1370,2,11,2,'Off net : ','2014-02-10 16:03:44','Service',71,'ServiceCaracs'),(1371,2,11,2,'S','2014-02-10 16:43:23','Service',NULL,NULL),(1372,2,11,2,'SIP : ','2014-02-10 16:43:23','Service',67,'ServiceCaracs'),(1373,2,11,2,'Connection : ','2014-02-10 16:43:23','Service',70,'ServiceCaracs'),(1374,2,11,2,'Off net : 1','2014-02-10 16:43:23','Service',71,'ServiceCaracs'),(1375,2,11,2,'S','2014-02-10 16:44:46','Service',NULL,NULL),(1376,2,11,2,'SIP : ','2014-02-10 16:44:46','Service',67,'ServiceCaracs'),(1377,2,11,2,'Nb of SIP : 5','2014-02-10 16:44:46','Service',68,'ServiceCaracs'),(1378,2,11,2,'Off net : 1','2014-02-10 16:44:46','Service',71,'ServiceCaracs'),(1379,2,11,2,'S','2014-02-10 16:45:07','Service',NULL,NULL),(1380,2,11,2,'SIP : ','2014-02-10 16:45:07','Service',67,'ServiceCaracs'),(1381,2,11,2,'Nb of SIP : 5','2014-02-10 16:45:07','Service',68,'ServiceCaracs'),(1382,2,11,2,'Connection : frame-to-frame','2014-02-10 16:45:07','Service',70,'ServiceCaracs'),(1383,2,11,2,'Off net : 1','2014-02-10 16:45:07','Service',71,'ServiceCaracs'),(1384,2,11,2,'S','2014-02-10 16:45:32','Service',NULL,NULL),(1385,2,11,2,'SIP : ','2014-02-10 16:45:32','Service',67,'ServiceCaracs'),(1386,2,11,2,'Nb of SIP : 5','2014-02-10 16:45:32','Service',68,'ServiceCaracs'),(1387,2,11,2,'Off net : 1','2014-02-10 16:45:32','Service',71,'ServiceCaracs'),(1388,2,11,2,'S','2014-02-10 16:47:33','Service',NULL,NULL),(1389,2,11,2,'SIP : ','2014-02-10 16:47:33','Service',67,'ServiceCaracs'),(1390,2,11,2,'Nb of SIP : 5','2014-02-10 16:47:33','Service',68,'ServiceCaracs'),(1391,2,11,2,'Off net : 1','2014-02-10 16:47:33','Service',71,'ServiceCaracs'),(1392,2,11,2,'S','2014-02-10 16:48:13','Service',NULL,NULL),(1393,2,11,2,'SIP : ','2014-02-10 16:48:14','Service',67,'ServiceCaracs'),(1394,2,11,2,'Nb of SIP : 5','2014-02-10 16:48:14','Service',68,'ServiceCaracs'),(1395,2,11,2,'Off net : 1','2014-02-10 16:48:14','Service',71,'ServiceCaracs'),(1396,2,11,2,'S','2014-02-10 16:50:55','Service',NULL,NULL),(1397,2,11,2,'SIP : ','2014-02-10 16:50:55','Service',67,'ServiceCaracs'),(1398,2,11,2,'Nb of SIP : 5','2014-02-10 16:50:55','Service',68,'ServiceCaracs'),(1399,2,11,2,'Off net : 1','2014-02-10 16:50:55','Service',71,'ServiceCaracs'),(1400,2,11,2,'S','2014-02-10 17:03:29','Service',NULL,NULL),(1401,2,11,2,'SIP : ','2014-02-10 17:03:29','Service',67,'ServiceCaracs'),(1402,2,11,2,'Nb of SIP : 5','2014-02-10 17:03:29','Service',68,'ServiceCaracs'),(1403,2,11,2,'Off net : 1','2014-02-10 17:03:29','Service',71,'ServiceCaracs'),(1404,2,11,2,'S','2014-02-10 17:13:02','Service',NULL,NULL),(1405,2,11,2,'SIP : ','2014-02-10 17:13:02','Service',67,'ServiceCaracs'),(1406,2,11,2,'Nb of SIP : 5','2014-02-10 17:13:02','Service',68,'ServiceCaracs'),(1407,2,11,2,'Off net : 1','2014-02-10 17:13:02','Service',71,'ServiceCaracs'),(1408,2,11,2,'S','2014-02-10 17:13:20','Service',NULL,NULL),(1409,2,11,2,'SIP : ','2014-02-10 17:13:20','Service',67,'ServiceCaracs'),(1410,2,11,2,'Nb of SIP : 5','2014-02-10 17:13:20','Service',68,'ServiceCaracs'),(1411,2,11,2,'Off net : 1','2014-02-10 17:13:20','Service',71,'ServiceCaracs'),(1412,2,11,2,'S','2014-02-10 17:21:51','Service',NULL,NULL),(1413,2,11,2,'SIP : ','2014-02-10 17:21:51','Service',67,'ServiceCaracs'),(1414,2,11,2,'Nb of SIP : 5','2014-02-10 17:21:51','Service',68,'ServiceCaracs'),(1415,2,11,2,'Off net : 1','2014-02-10 17:21:51','Service',71,'ServiceCaracs'),(1416,2,11,2,'S','2014-02-10 17:30:13','Service',NULL,NULL),(1417,2,11,2,'SIP : ','2014-02-10 17:30:13','Service',67,'ServiceCaracs'),(1418,2,11,2,'Nb of SIP : 5','2014-02-10 17:30:13','Service',68,'ServiceCaracs'),(1419,2,11,2,'Off net : 1','2014-02-10 17:30:13','Service',71,'ServiceCaracs'),(1420,2,11,2,'S','2014-02-10 17:32:11','Service',NULL,NULL),(1421,2,11,2,'SIP : ','2014-02-10 17:32:11','Service',67,'ServiceCaracs'),(1422,2,11,2,'Nb of SIP : 5','2014-02-10 17:32:11','Service',68,'ServiceCaracs'),(1423,2,11,2,'Off net : 1','2014-02-10 17:32:11','Service',71,'ServiceCaracs'),(1424,2,11,2,'S','2014-02-10 17:35:55','Service',NULL,NULL),(1425,2,11,2,'SIP : ','2014-02-10 17:35:55','Service',67,'ServiceCaracs'),(1426,2,11,2,'Nb of SIP : 5','2014-02-10 17:35:55','Service',68,'ServiceCaracs'),(1427,2,11,2,'Off net : 1','2014-02-10 17:35:55','Service',71,'ServiceCaracs'),(1428,2,11,2,'S','2014-02-10 17:37:11','Service',NULL,NULL),(1429,2,11,2,'SIP : ','2014-02-10 17:37:11','Service',67,'ServiceCaracs'),(1430,2,11,2,'Nb of SIP : 5','2014-02-10 17:37:11','Service',68,'ServiceCaracs'),(1431,2,11,2,'Off net : 1','2014-02-10 17:37:11','Service',71,'ServiceCaracs'),(1432,2,11,2,'S','2014-02-10 17:45:06','Service',NULL,NULL),(1433,2,11,2,'SIP : ','2014-02-10 17:45:06','Service',67,'ServiceCaracs'),(1434,2,11,2,'Nb of SIP : 5','2014-02-10 17:45:06','Service',68,'ServiceCaracs'),(1435,2,11,2,'Off net : 1','2014-02-10 17:45:06','Service',71,'ServiceCaracs'),(1436,2,11,2,'S','2014-02-10 17:51:24','Service',NULL,NULL),(1437,2,11,2,'SIP : ','2014-02-10 17:51:24','Service',67,'ServiceCaracs'),(1438,2,11,2,'Nb of SIP : 5','2014-02-10 17:51:24','Service',68,'ServiceCaracs'),(1439,2,11,2,'Off net : 1','2014-02-10 17:51:24','Service',71,'ServiceCaracs'),(1440,2,11,2,'S','2014-02-10 17:53:13','Service',NULL,NULL),(1441,2,11,2,'SIP : ','2014-02-10 17:53:13','Service',67,'ServiceCaracs'),(1442,2,11,2,'Nb of SIP : 5','2014-02-10 17:53:13','Service',68,'ServiceCaracs'),(1443,2,11,2,'Off net : 1','2014-02-10 17:53:13','Service',71,'ServiceCaracs'),(1444,2,11,2,'S','2014-02-10 17:54:10','Service',NULL,NULL),(1445,2,11,2,'SIP : ','2014-02-10 17:54:10','Service',67,'ServiceCaracs'),(1446,2,11,2,'Nb of SIP : 5','2014-02-10 17:54:10','Service',68,'ServiceCaracs'),(1447,2,11,2,'Off net : 1','2014-02-10 17:54:10','Service',71,'ServiceCaracs'),(1448,2,11,2,'S','2014-02-10 17:57:40','Service',NULL,NULL),(1449,2,11,2,'SIP : ','2014-02-10 17:57:40','Service',67,'ServiceCaracs'),(1450,2,11,2,'Nb of SIP : 5','2014-02-10 17:57:40','Service',68,'ServiceCaracs'),(1451,2,11,2,'Off net : 1','2014-02-10 17:57:40','Service',71,'ServiceCaracs'),(1452,2,20,2,'Spanish Customer','2014-02-10 18:48:03','Customer',NULL,NULL),(1453,2,1,2,'S1','2014-02-10 18:48:33','ServiceExtremity',NULL,NULL),(1454,2,11,2,'S','2014-02-10 18:48:40','Service',NULL,NULL),(1455,2,11,2,'SIP : ','2014-02-10 18:48:40','Service',67,'ServiceCaracs'),(1456,2,11,2,'Nb of SIP : 5','2014-02-10 18:48:40','Service',68,'ServiceCaracs'),(1457,2,11,2,'Off net : 1','2014-02-10 18:48:40','Service',71,'ServiceCaracs'),(1458,2,1,2,'S1','2014-02-10 22:35:06','ServiceExtremity',NULL,NULL),(1459,2,1,2,'Acceptance contact : 19','2014-02-10 22:35:06','ServiceExtremity',56,'ServiceCaracs'),(1460,2,1,2,'Trader : kljlkj','2014-02-10 22:35:06','ServiceExtremity',69,'ServiceCaracs'),(1461,2,1,2,'S1','2014-02-10 22:37:06','ServiceExtremity',NULL,NULL),(1462,2,1,2,'Acceptance contact : 19','2014-02-10 22:37:06','ServiceExtremity',56,'ServiceCaracs'),(1463,2,1,2,'Spanish Customer','2014-02-10 23:29:28','BillingService',NULL,NULL),(1464,2,1,2,':','2014-02-10 23:29:28','BillingService',6,'BillingServiceLine'),(1465,2,1,2,':','2014-02-10 23:29:28','BillingService',NULL,'BillingServiceLine'),(1466,2,11,2,'S','2014-02-10 23:31:53','Service',NULL,NULL),(1467,2,11,2,'SIP : ','2014-02-10 23:31:54','Service',67,'ServiceCaracs'),(1468,2,11,2,'Nb of SIP : 5','2014-02-10 23:31:54','Service',68,'ServiceCaracs'),(1469,2,11,2,'Off net : 1','2014-02-10 23:31:54','Service',71,'ServiceCaracs'),(1470,2,1,2,'Spanish Customer','2014-02-10 23:51:14','BillingService',NULL,NULL),(1471,2,1,2,':','2014-02-10 23:51:14','BillingService',6,'BillingServiceLine'),(1472,2,1,2,':','2014-02-10 23:51:14','BillingService',7,'BillingServiceLine'),(1473,2,1,2,'Spanish Customer','2014-02-10 23:54:45','BillingService',NULL,NULL),(1474,2,1,2,':','2014-02-10 23:54:45','BillingService',6,'BillingServiceLine'),(1475,2,1,2,':','2014-02-10 23:54:45','BillingService',7,'BillingServiceLine'),(1476,2,11,2,'S','2014-02-10 23:54:53','Service',NULL,NULL),(1477,2,11,2,'SIP : ','2014-02-10 23:54:53','Service',67,'ServiceCaracs'),(1478,2,11,2,'Nb of SIP : 5','2014-02-10 23:54:53','Service',68,'ServiceCaracs'),(1479,2,11,2,'Off net : 1','2014-02-10 23:54:53','Service',71,'ServiceCaracs'),(1480,2,1,2,'Spanish Customer','2014-02-10 23:57:04','BillingService',NULL,NULL),(1481,2,1,2,':','2014-02-10 23:57:04','BillingService',6,'BillingServiceLine'),(1482,2,1,2,':','2014-02-10 23:57:04','BillingService',7,'BillingServiceLine'),(1483,2,11,2,'S','2014-02-10 23:57:11','Service',NULL,NULL),(1484,2,11,2,'SIP : ','2014-02-10 23:57:11','Service',67,'ServiceCaracs'),(1485,2,11,2,'Nb of SIP : 5','2014-02-10 23:57:11','Service',68,'ServiceCaracs'),(1486,2,11,2,'Off net : 1','2014-02-10 23:57:11','Service',71,'ServiceCaracs'),(1487,2,11,2,'S','2014-02-10 23:58:17','Service',NULL,NULL),(1488,2,11,2,'SIP : ','2014-02-10 23:58:17','Service',67,'ServiceCaracs'),(1489,2,11,2,'Nb of SIP : 5','2014-02-10 23:58:17','Service',68,'ServiceCaracs'),(1490,2,11,2,'Off net : 1','2014-02-10 23:58:17','Service',71,'ServiceCaracs'),(1491,2,11,2,'S','2014-02-10 23:59:08','Service',NULL,NULL),(1492,2,11,2,'SIP : ','2014-02-10 23:59:08','Service',67,'ServiceCaracs'),(1493,2,11,2,'Nb of SIP : 5','2014-02-10 23:59:08','Service',68,'ServiceCaracs'),(1494,2,11,2,'Off net : 1','2014-02-10 23:59:08','Service',71,'ServiceCaracs'),(1497,2,11,2,'S','2014-02-11 00:09:55','Service',NULL,NULL),(1498,2,11,2,'SIP : ','2014-02-11 00:09:56','Service',67,'ServiceCaracs'),(1499,2,11,2,'Nb of SIP : 5','2014-02-11 00:09:56','Service',68,'ServiceCaracs'),(1500,2,11,2,'Off net : 1','2014-02-11 00:09:56','Service',71,'ServiceCaracs'),(1503,2,11,2,'S','2014-02-11 00:12:39','Service',NULL,NULL),(1504,2,11,2,'test','2014-02-11 00:12:39','Service',67,'ServiceCaracs'),(1505,2,11,2,'test','2014-02-11 00:12:39','Service',68,'ServiceCaracs'),(1506,2,11,2,'test','2014-02-11 00:12:39','Service',71,'ServiceCaracs'),(1510,2,11,2,'S','2014-02-11 00:18:16','Service',NULL,NULL),(1511,2,11,2,'test','2014-02-11 00:18:16','Service',67,'ServiceCaracs'),(1512,2,11,2,'test','2014-02-11 00:18:16','Service',68,'ServiceCaracs'),(1513,2,11,2,'test','2014-02-11 00:18:16','Service',71,'ServiceCaracs'),(1517,2,11,2,'S','2014-02-11 00:23:21','Service',NULL,NULL),(1518,2,11,2,'test','2014-02-11 00:23:21','Service',67,'ServiceCaracs'),(1519,2,11,2,'test','2014-02-11 00:23:21','Service',68,'ServiceCaracs'),(1520,2,11,2,'test','2014-02-11 00:23:21','Service',71,'ServiceCaracs'),(1527,2,1,2,'S1','2014-02-11 00:33:43','ServiceExtremity',NULL,NULL),(1528,2,1,2,'test','2014-02-11 00:33:43','ServiceExtremity',56,'ServiceCaracs'),(1529,2,1,2,'test','2014-02-11 00:33:43','ServiceExtremity',58,'ServiceCaracs'),(1530,2,1,2,'S1','2014-02-11 00:35:44','ServiceExtremity',NULL,NULL),(1531,2,1,2,'test','2014-02-11 00:35:44','ServiceExtremity',56,'ServiceCaracs'),(1532,2,1,2,'test','2014-02-11 00:35:44','ServiceExtremity',58,'ServiceCaracs'),(1533,2,11,2,'S','2014-02-11 00:35:59','Service',NULL,NULL),(1534,2,11,2,'test','2014-02-11 00:35:59','Service',67,'ServiceCaracs'),(1535,2,11,2,'test','2014-02-11 00:35:59','Service',68,'ServiceCaracs'),(1536,2,11,2,'test','2014-02-11 00:35:59','Service',71,'ServiceCaracs'),(1537,2,20,2,'Head office Plaza Tower, A-321 98HJT54 Edingburgh*','2014-02-11 10:58:16','AddressProvider',NULL,NULL),(1538,2,14,2,'Fast Longline','2014-02-11 11:10:03','ContactProvider',NULL,NULL),(1539,2,39,2,'LL39','2014-02-11 11:14:05','LocalLoop',NULL,NULL),(1540,2,2,2,'TULLET PREBON EUROPE*','2014-02-11 11:18:32','CustomerGroup',NULL,NULL),(1541,2,527,2,'Frankfurt am Main','2014-02-11 11:21:46','City',NULL,NULL),(1542,2,10,2,'','2014-02-11 11:50:44','Pop',NULL,NULL),(1543,2,70,2,'A1','2014-02-11 11:52:35','LocalLoopExtremity',NULL,NULL),(1544,2,71,2,'B2','2014-02-11 11:56:27','LocalLoopExtremity',NULL,NULL),(1545,2,20,2,'Spanish Customer','2014-02-11 11:57:55','Customer',NULL,NULL),(1546,2,39,2,'LL39','2014-02-11 12:16:08','LocalLoop',NULL,NULL),(1547,2,39,2,'LL39','2014-02-11 12:16:32','LocalLoop',NULL,NULL),(1548,2,39,2,'LL39','2014-02-11 12:17:29','LocalLoop',NULL,NULL),(1549,2,68,2,'','2014-02-11 12:17:50','LocalLoopExtremityTech',NULL,NULL),(1550,2,39,2,'LL39','2014-02-11 12:17:59','LocalLoop',NULL,NULL),(1551,2,69,2,'Juanjo Spanish Technical contact','2014-02-11 12:18:22','LocalLoopExtremityTech',NULL,NULL),(1552,2,39,2,'LL39','2014-02-11 12:18:33','LocalLoop',NULL,NULL),(1553,2,40,2,'LL40','2014-02-11 12:21:05','LocalLoop',NULL,NULL),(1554,2,72,2,'A1','2014-02-11 12:21:56','LocalLoopExtremity',NULL,NULL),(1555,2,73,2,'B2','2014-02-11 12:22:28','LocalLoopExtremity',NULL,NULL),(1556,2,40,2,'LL40','2014-02-11 12:22:48','LocalLoop',NULL,NULL),(1557,2,40,2,'LL40','2014-02-11 12:25:58','LocalLoop',NULL,NULL),(1558,2,40,2,'LL40','2014-02-11 12:26:18','LocalLoop',NULL,NULL),(1559,2,70,2,'','2014-02-11 12:26:35','LocalLoopExtremityTech',NULL,NULL),(1560,2,71,2,'Juanjo Spanish Technical contact','2014-02-11 12:26:49','LocalLoopExtremityTech',NULL,NULL),(1561,2,40,2,'LL40','2014-02-11 12:26:57','LocalLoop',NULL,NULL),(1562,2,71,2,'Juanjo Spanish Technical contact','2014-02-11 12:27:12','LocalLoopExtremityTech',NULL,NULL),(1563,2,70,2,'','2014-02-11 12:27:22','LocalLoopExtremityTech',NULL,NULL),(1564,2,40,2,'LL40','2014-02-11 12:27:30','LocalLoop',NULL,NULL),(1565,2,40,2,'LL40','2014-02-11 12:27:48','LocalLoop',NULL,NULL),(1566,2,40,2,'LL40','2014-02-11 12:28:09','LocalLoop',NULL,NULL),(1567,2,74,2,'A1','2014-02-11 12:39:08','LocalLoopExtremity',NULL,NULL),(1568,2,75,2,'B2','2014-02-11 12:39:41','LocalLoopExtremity',NULL,NULL),(1569,2,41,2,'LL41','2014-02-11 12:39:56','LocalLoop',NULL,NULL),(1570,2,41,2,'LL41','2014-02-11 12:40:21','LocalLoop',NULL,NULL),(1571,2,41,2,'LL41','2014-02-11 12:40:59','LocalLoop',NULL,NULL),(1572,2,72,2,'','2014-02-11 12:41:35','LocalLoopExtremityTech',NULL,NULL),(1573,2,73,2,'','2014-02-11 12:41:47','LocalLoopExtremityTech',NULL,NULL),(1574,2,41,2,'LL41','2014-02-11 12:41:54','LocalLoop',NULL,NULL),(1575,2,73,2,'','2014-02-11 12:44:03','LocalLoopExtremityTech',NULL,NULL),(1576,2,41,2,'LL41','2014-02-11 12:44:09','LocalLoop',NULL,NULL),(1577,2,76,2,'A1','2014-02-11 12:51:51','LocalLoopExtremity',NULL,NULL),(1578,2,77,2,'B2','2014-02-11 12:52:11','LocalLoopExtremity',NULL,NULL),(1579,2,42,2,'LL42','2014-02-11 15:47:39','LocalLoop',NULL,NULL),(1580,2,74,2,'','2014-02-11 15:48:01','LocalLoopExtremityTech',NULL,NULL),(1581,2,75,2,'Juanjo Spanish Technical contact','2014-02-11 15:48:14','LocalLoopExtremityTech',NULL,NULL),(1582,2,42,2,'LL42','2014-02-11 15:48:24','LocalLoop',NULL,NULL),(1583,2,42,2,'LL42','2014-02-11 15:48:40','LocalLoop',NULL,NULL),(1584,2,42,2,'LL42','2014-02-11 15:48:52','LocalLoop',NULL,NULL),(1585,2,17,2,'COLT UK*','2014-02-11 18:24:55','Provider',NULL,NULL),(1586,2,17,2,'COLT UK*','2014-02-11 18:25:03','Provider',NULL,NULL),(1587,2,19,2,'A1','2014-02-11 18:28:59','LocalLoopExtremity',NULL,NULL),(1588,2,9,2,'E : the pop rock','2014-02-12 18:51:37','Pop',NULL,NULL),(1589,2,9,2,'E_MADPLA87432 : the pop rock','2014-02-12 18:52:21','Pop',NULL,NULL),(1590,2,9,2,'E_MADPLA87432 : the pop rock','2014-02-12 18:52:57','Pop',NULL,NULL),(1591,2,78,2,'A1','2014-02-12 18:53:33','LocalLoopExtremity',NULL,NULL),(1592,2,79,2,'B2','2014-02-12 18:54:01','LocalLoopExtremity',NULL,NULL),(1593,2,43,2,'LL43','2014-02-12 18:54:17','LocalLoop',NULL,NULL),(1594,2,43,2,'LL43','2014-02-12 18:55:11','LocalLoop',NULL,NULL),(1595,2,43,2,'LL43','2014-02-12 18:55:32','LocalLoop',NULL,NULL),(1596,2,76,2,'','2014-02-12 18:55:54','LocalLoopExtremityTech',NULL,NULL),(1597,2,77,2,'Donja Sunshine','2014-02-12 18:56:06','LocalLoopExtremityTech',NULL,NULL),(1598,2,43,2,'LL43','2014-02-12 18:56:11','LocalLoop',NULL,NULL),(1599,2,80,2,'A1','2014-02-12 18:57:30','LocalLoopExtremity',NULL,NULL),(1600,2,81,2,'B2','2014-02-12 18:57:45','LocalLoopExtremity',NULL,NULL),(1601,2,80,2,'A1','2014-02-12 18:58:11','LocalLoopExtremity',NULL,NULL),(1602,2,44,2,'LL44','2014-02-12 18:58:18','LocalLoop',NULL,NULL),(1603,2,44,2,'LL44','2014-02-12 18:58:35','LocalLoop',NULL,NULL),(1604,2,82,2,'A1','2014-02-12 19:00:17','LocalLoopExtremity',NULL,NULL),(1605,2,83,2,'B2','2014-02-12 19:00:30','LocalLoopExtremity',NULL,NULL),(1606,2,45,2,'LL45','2014-02-12 19:00:36','LocalLoop',NULL,NULL),(1607,2,45,2,'LL45','2014-02-12 19:01:05','LocalLoop',NULL,NULL),(1608,2,45,2,'LL45','2014-02-12 19:01:19','LocalLoop',NULL,NULL),(1609,2,45,2,'LL45','2014-02-12 19:01:39','LocalLoop',NULL,NULL),(1610,2,45,2,'LL45','2014-02-12 19:01:51','LocalLoop',NULL,NULL),(1611,2,80,2,'','2014-02-12 19:02:18','LocalLoopExtremityTech',NULL,NULL),(1612,2,81,2,'Juanjo Spanish Technical contact','2014-02-12 19:02:30','LocalLoopExtremityTech',NULL,NULL),(1613,2,45,2,'LL45','2014-02-12 19:02:35','LocalLoop',NULL,NULL),(1614,2,40,2,'LL40','2014-02-12 19:03:57','LocalLoop',NULL,NULL),(1615,2,40,2,'LL40','2014-02-12 19:04:58','LocalLoop',NULL,NULL),(1616,2,45,2,'LL45','2014-02-12 19:05:09','LocalLoop',NULL,NULL),(1617,2,39,2,'LL39','2014-02-14 15:10:15','LocalLoop',NULL,NULL),(1618,2,84,2,'A1','2014-02-14 15:11:17','LocalLoopExtremity',NULL,NULL),(1619,2,85,2,'B2','2014-02-14 15:11:32','LocalLoopExtremity',NULL,NULL),(1620,2,46,2,'LL46','2014-02-14 15:11:37','LocalLoop',NULL,NULL),(1621,2,46,2,'LL46','2014-02-14 15:12:23','LocalLoop',NULL,NULL),(1622,2,46,2,'LL46','2014-02-14 15:13:43','LocalLoop',NULL,NULL),(1623,2,82,2,'','2014-02-14 15:14:07','LocalLoopExtremityTech',NULL,NULL),(1624,2,83,2,'Juanjo Spanish Technical contact','2014-02-14 15:14:18','LocalLoopExtremityTech',NULL,NULL),(1625,2,46,2,'LL46','2014-02-14 15:14:25','LocalLoop',NULL,NULL),(1626,2,39,2,'LL39','2014-02-14 15:16:11','LocalLoop',NULL,NULL),(1627,2,46,2,'LL46','2014-02-14 15:16:42','LocalLoop',NULL,NULL),(1628,2,71,2,'B2','2014-02-14 15:17:56','LocalLoopExtremity',NULL,NULL),(1629,2,39,2,'LL39','2014-02-14 15:18:02','LocalLoop',NULL,NULL),(1630,2,73,2,'B2','2014-02-14 15:18:33','LocalLoopExtremity',NULL,NULL),(1631,2,40,2,'LL40','2014-02-14 15:28:08','LocalLoop',NULL,NULL),(1632,2,40,2,'LL40','2014-02-14 15:28:35','LocalLoop',NULL,NULL),(1633,2,46,2,'LL46','2014-02-14 15:29:07','LocalLoop',NULL,NULL),(1634,2,39,2,'LL39','2014-02-14 15:30:06','LocalLoop',NULL,NULL),(1635,2,46,2,'LL46','2014-02-14 15:31:30','LocalLoop',NULL,NULL),(1636,2,86,2,'B2New','2014-02-14 15:32:39','LocalLoopExtremity',NULL,NULL),(1637,2,86,2,'B2New','2014-02-14 15:32:52','LocalLoopExtremity',NULL,NULL),(1638,2,46,2,'LL46','2014-02-14 15:33:32','LocalLoop',NULL,NULL),(1639,2,46,2,'LL46','2014-02-14 15:33:57','LocalLoop',NULL,NULL),(1640,2,46,2,'LL46','2014-02-14 15:37:16','LocalLoop',NULL,NULL),(1641,2,46,2,'LL46','2014-02-14 15:42:35','LocalLoop',NULL,NULL),(1642,2,46,2,'LL46','2014-02-14 15:42:42','LocalLoop',NULL,NULL),(1643,2,46,2,'Head office Head office street for Customer A 60333 Frankfurt am Main','2014-02-17 17:05:54','Address',NULL,NULL),(1644,2,46,2,'Head office Head office street for Customer A 60333 Frankfurt am Main','2014-02-17 17:06:03','Address',NULL,NULL),(1645,2,47,2,'Delivery Delivery Address of German customer A 60333 Frankfurt am Main','2014-02-17 17:08:02','Address',NULL,NULL),(1646,2,20,2,'Johannes Friedrich','2014-02-17 17:14:26','Contact',NULL,NULL),(1647,2,20,2,'Johannes Friedrich','2014-02-17 17:16:23','Contact',NULL,NULL),(1648,2,23,2,'23 : German Customer A','2014-02-17 17:23:21','Customer',NULL,NULL),(1649,2,23,2,'002 - BNP Pantin','2014-02-17 17:23:21','Customer',8,'Project'),(1650,2,23,2,'001 - BNP Pantin','2014-02-17 17:23:21','Customer',7,'Project'),(1651,2,73,2,'A1','2014-02-17 17:26:57','BackboneLinkExtremity',NULL,NULL),(1652,2,74,2,'B2','2014-02-17 17:27:33','BackboneLinkExtremity',NULL,NULL),(1653,2,43,2,'BB43:','2014-02-17 17:27:41','BackboneLink',NULL,NULL),(1654,2,43,2,'BB43:','2014-02-17 18:03:40','BackboneLink',NULL,NULL),(1655,2,28,2,'LL11:','2014-02-17 18:04:15','CostingLocalLoopLine',NULL,NULL),(1656,2,43,2,'BB43:','2014-02-17 18:04:38','BackboneLink',NULL,NULL),(1657,2,43,2,'BB43:','2014-02-17 18:07:39','BackboneLink',NULL,NULL),(1658,2,65,2,'Antoine Leroy','2014-02-17 18:18:53','BackboneLinkExtremityTech',NULL,NULL),(1659,2,66,2,'SPEEDO ALONSO','2014-02-17 18:19:09','BackboneLinkExtremityTech',NULL,NULL),(1660,2,43,2,'BB43:','2014-02-17 18:19:29','BackboneLink',NULL,NULL),(1661,2,43,2,'BB43:','2014-02-17 18:23:37','BackboneLink',NULL,NULL),(1662,2,43,2,'BB43:','2014-02-17 18:30:52','BackboneLink',NULL,NULL),(1663,2,43,2,'BB43:','2014-02-17 18:31:16','BackboneLink',NULL,NULL),(1664,2,65,2,'Antoine Leroy','2014-02-17 18:33:15','BackboneLinkExtremityTech',NULL,NULL),(1665,2,65,2,'Antoine Leroy','2014-02-17 18:33:53','BackboneLinkExtremityTech',NULL,NULL),(1666,2,66,2,'SPEEDO ALONSO','2014-02-17 18:34:12','BackboneLinkExtremityTech',NULL,NULL),(1667,2,43,2,'BB43:','2014-02-17 18:34:23','BackboneLink',NULL,NULL),(1668,2,17,2,'BB43::Version Française 1:','2014-02-17 18:35:55','CostingBackboneLinkLine',NULL,NULL),(1669,2,43,2,'BB43:','2014-02-17 18:43:33','BackboneLink',NULL,NULL),(1670,2,43,2,'BB43:','2014-02-17 18:48:26','BackboneLink',NULL,NULL),(1671,2,43,2,'BB43:','2014-02-17 18:52:03','BackboneLink',NULL,NULL),(1672,2,41,2,'BB41:','2014-02-17 23:54:58','BackboneLink',NULL,NULL),(1673,2,43,2,'BB43:','2014-02-18 11:56:51','BackboneLink',NULL,NULL),(1674,2,75,2,'A1New','2014-02-18 11:58:00','BackboneLinkExtremity',NULL,NULL),(1675,2,43,2,'BB43:','2014-02-18 11:58:07','BackboneLink',NULL,NULL),(1676,2,43,2,'BB43:','2014-02-18 11:58:34','BackboneLink',NULL,NULL),(1677,2,43,2,'BB43:','2014-02-18 11:58:45','BackboneLink',NULL,NULL),(1678,2,75,2,'A1New','2014-02-18 12:04:39','BackboneLinkExtremity',NULL,NULL),(1679,2,43,2,'BB43:','2014-02-18 12:05:04','BackboneLink',NULL,NULL),(1680,2,43,2,'BB43:','2014-02-18 12:05:11','BackboneLink',NULL,NULL),(1681,2,43,2,'BB43:','2014-02-18 12:09:28','BackboneLink',NULL,NULL),(1682,2,43,2,'BB43:','2014-02-18 12:09:34','BackboneLink',NULL,NULL),(1683,2,43,2,'BB43:','2014-02-18 12:10:34','BackboneLink',NULL,NULL),(1684,2,43,2,'BB43:','2014-02-18 12:10:40','BackboneLink',NULL,NULL),(1685,2,43,2,'BB43:','2014-02-18 12:15:38','BackboneLink',NULL,NULL),(1686,2,63,2,'SPEEDO ALONSO','2014-02-18 12:51:32','BackboneLinkExtremityTech',NULL,NULL),(1687,2,11,2,'GE_MUN_HAR : ','2014-02-18 12:53:33','Pop',NULL,NULL),(1688,2,26,2,'Super Model XXL Desc','2014-02-18 12:54:07','ComplexModel',NULL,NULL),(1689,2,26,2,'Super Model XXL Desc','2014-02-18 12:59:21','ComplexModel',NULL,NULL),(1690,2,19,2,'Billing Banking Area432 321876 STUTTGART','2014-02-18 13:08:24','AddressProvider',NULL,NULL),(1691,2,16,2,'EQUINIX G : EQUINIX GERMANY','2014-02-18 13:08:29','Provider',NULL,NULL),(1692,2,11,2,'GE_MUN_HAR : ','2014-02-18 15:10:24','Pop',NULL,NULL),(1693,2,11,2,'GE_MUN_HAR : ','2014-02-18 15:10:54','Pop',NULL,NULL),(1694,2,7,2,'test : test','2014-02-18 15:11:57','Pop',NULL,NULL),(1695,2,6,2,'PopCode : Pop Code description','2014-02-18 15:12:29','Pop',NULL,NULL),(1696,2,76,2,'A1New','2014-02-18 15:18:27','BackboneLinkExtremity',NULL,NULL),(1697,2,43,2,'BB43:','2014-02-18 15:41:24','BackboneLink',NULL,NULL),(1698,2,43,2,'BB43:','2014-02-18 15:41:29','BackboneLink',NULL,NULL),(1699,2,43,2,'BB43:','2014-02-18 15:42:56','BackboneLink',NULL,NULL),(1700,2,43,2,'BB43:','2014-02-18 15:43:06','BackboneLink',NULL,NULL),(1701,2,43,2,'BB43:','2014-02-18 15:44:46','BackboneLink',NULL,NULL),(1702,2,43,2,'BB43:','2014-02-18 15:44:52','BackboneLink',NULL,NULL),(1703,2,43,2,'BB43:','2014-02-18 15:47:06','BackboneLink',NULL,NULL),(1704,2,43,2,'BB43:','2014-02-18 15:47:49','BackboneLink',NULL,NULL),(1705,2,43,2,'BB43:','2014-02-18 15:48:54','BackboneLink',NULL,NULL),(1706,2,43,2,'BB43:','2014-02-18 15:48:59','BackboneLink',NULL,NULL),(1707,2,9,2,'COLT EUROPE','2014-02-18 16:29:27','CountryProviderGroup',NULL,NULL),(1708,2,10,2,'COLT Worldwide','2014-02-18 16:29:46','CountryProviderGroup',NULL,NULL),(1709,2,10,2,'Etrali France *','2014-02-18 16:35:29','Branch',NULL,NULL),(1710,2,2,2,'Pop Ethernet 13','2014-02-18 16:59:03','PopType',NULL,NULL),(1711,2,9,2,'Pop Type Lille 13','2014-02-18 16:59:13','PopType',NULL,NULL),(1712,2,8,2,'Pop Ethernet 136','2014-02-18 16:59:23','PopType',NULL,NULL),(1713,2,23,2,'23 : German Customer A','2014-02-18 16:59:35','Customer',NULL,NULL),(1714,2,23,2,'Billing Billing Address of German Customer A 70564 STUTTGART','2014-02-18 16:59:35','Customer',48,'Address'),(1715,2,23,2,'Delivery Delivery Address of German customer A 60333 Frankfurt am Main','2014-02-18 16:59:35','Customer',47,'Address'),(1716,2,23,2,'Head office Head office street for Customer A 60333 Frankfurt am Main','2014-02-18 16:59:35','Customer',46,'Address'),(1717,2,40,2,'ETRALI  POP','2014-02-18 16:59:39','PopType',NULL,NULL),(1718,2,38,2,'Pop Ethernet 146','2014-02-18 16:59:50','PopType',NULL,NULL),(1719,2,36,2,'Pop Type Lille 22','2014-02-18 17:00:03','PopType',NULL,NULL),(1720,2,35,2,'Pop Ethernet 145','2014-02-18 17:00:15','PopType',NULL,NULL),(1721,2,34,2,'Pop de type 55 Paris','2014-02-18 17:00:26','PopType',NULL,NULL),(1722,2,33,2,'Pop Type Lille 21','2014-02-18 17:00:36','PopType',NULL,NULL),(1723,2,32,2,'Pop Ethernet 144','2014-02-18 17:00:47','PopType',NULL,NULL),(1724,2,31,2,'Pop de type 55 Paris','2014-02-18 17:00:56','PopType',NULL,NULL),(1725,2,37,2,'Pop de type 55 Paris','2014-02-18 17:01:08','PopType',NULL,NULL),(1726,2,41,2,'THIRD PARTY POP','2014-02-18 17:01:23','PopType',NULL,NULL),(1727,2,23,2,'23 : German Customer A','2014-02-18 17:01:24','Customer',NULL,NULL),(1728,2,23,2,'Delivery Delivery Address of German customer A 60333 Frankfurt am Main','2014-02-18 17:01:24','Customer',47,'Address'),(1729,2,23,2,'Head office Head office street for Customer A 60333 Frankfurt am Main','2014-02-18 17:01:24','Customer',46,'Address'),(1730,2,23,2,'Billing Billing Address of German Customer A 70564 STUTTGART','2014-02-18 17:01:24','Customer',48,'Address'),(1731,2,29,2,'Pop Ethernet 143','2014-02-18 17:01:37','PopType',NULL,NULL),(1732,2,30,2,'Pop Type Lille 20','2014-02-18 17:01:46','PopType',NULL,NULL),(1733,2,28,2,'Pop de type 55 Paris','2014-02-18 17:01:55','PopType',NULL,NULL),(1734,2,27,2,'Pop Type Lille 19','2014-02-18 17:02:03','PopType',NULL,NULL),(1735,2,26,2,'Pop Ethernet 142','2014-02-18 17:02:13','PopType',NULL,NULL),(1736,2,25,2,'Pop de type 55 Paris','2014-02-18 17:02:23','PopType',NULL,NULL),(1737,2,23,2,'Pop Ethernet 141','2014-02-18 17:02:33','PopType',NULL,NULL),(1738,2,22,2,'Pop de type 55 Paris','2014-02-18 17:02:42','PopType',NULL,NULL),(1739,2,21,2,'Pop Type Lille 17','2014-02-18 17:02:52','PopType',NULL,NULL),(1740,2,24,2,'Pop Type Lille 18','2014-02-18 17:03:04','PopType',NULL,NULL),(1741,2,14,2,'Pop Ethernet 138','2014-02-18 17:03:20','PopType',NULL,NULL),(1742,2,15,2,'Pop Type Lille 15','2014-02-18 17:03:29','PopType',NULL,NULL),(1743,2,16,2,'Pop de type 55 Paris','2014-02-18 17:03:39','PopType',NULL,NULL),(1744,2,17,2,'Pop Ethernet 139','2014-02-18 17:03:48','PopType',NULL,NULL),(1745,2,18,2,'Pop Type Lille 16','2014-02-18 17:03:57','PopType',NULL,NULL),(1746,2,19,2,'Pop de type 55 Paris','2014-02-18 17:04:06','PopType',NULL,NULL),(1747,2,20,2,'Pop Ethernet 140','2014-02-18 17:04:14','PopType',NULL,NULL),(1748,2,13,2,'Pop de type 55 Paris','2014-02-18 17:04:23','PopType',NULL,NULL),(1749,2,12,2,'Pop Type Lille 14','2014-02-18 17:04:32','PopType',NULL,NULL),(1750,2,11,2,'Pop Ethernet 137','2014-02-18 17:04:40','PopType',NULL,NULL),(1751,2,7,2,'Pop de type 55 Paris','2014-02-18 17:04:58','PopType',NULL,NULL),(1752,2,6,2,'Pop Type Lille 12','2014-02-18 17:05:06','PopType',NULL,NULL),(1753,2,5,2,'Pop Ethernet 135','2014-02-18 17:05:15','PopType',NULL,NULL),(1754,2,4,2,'Pop de type 55 Paris','2014-02-18 17:05:25','PopType',NULL,NULL),(1755,2,3,2,'Pop Type Lille 02','2014-02-18 17:05:37','PopType',NULL,NULL),(1756,2,13,2,'F_PARAUB_345 : POP Paris Aubervilliers','2014-02-18 17:13:15','Pop',NULL,NULL),(1757,2,14,2,'F_MAR_NUY543 : ','2014-02-18 17:18:50','Pop',NULL,NULL),(1758,2,77,2,'B2New','2014-02-18 17:22:46','BackboneLinkExtremity',NULL,NULL),(1759,2,43,2,'BB43:','2014-02-18 17:22:54','BackboneLink',NULL,NULL),(1760,2,43,2,'BB43:','2014-02-18 17:23:39','BackboneLink',NULL,NULL),(1761,2,43,2,'BB43:','2014-02-18 17:23:45','BackboneLink',NULL,NULL),(1762,2,47,2,'LL47','2014-02-18 18:08:52','LocalLoop',NULL,NULL),(1763,2,87,2,'A1','2014-02-18 18:09:53','LocalLoopExtremity',NULL,NULL),(1764,2,88,2,'B2','2014-02-18 18:10:12','LocalLoopExtremity',NULL,NULL),(1765,2,47,2,'LL47','2014-02-18 18:10:19','LocalLoop',NULL,NULL),(1766,2,10,2,'GE-FRAVILBEL01 : POP FRA Vilbel','2014-02-18 18:11:39','Pop',NULL,NULL),(1767,2,87,2,'A1','2014-02-18 18:11:59','LocalLoopExtremity',NULL,NULL),(1768,2,47,2,'LL47','2014-02-18 18:13:52','LocalLoop',NULL,NULL),(1769,2,85,2,'','2014-02-18 18:14:16','LocalLoopExtremityTech',NULL,NULL),(1770,2,86,2,'IKNOWEVERYTHING Yeswecan','2014-02-18 18:14:30','LocalLoopExtremityTech',NULL,NULL),(1771,2,47,2,'LL47','2014-02-18 18:14:57','LocalLoop',NULL,NULL),(1772,2,47,2,'LL47','2014-02-18 18:15:47','LocalLoop',NULL,NULL),(1773,2,47,2,'LL47','2014-02-18 18:16:13','LocalLoop',NULL,NULL),(1774,2,89,2,'A1New','2014-02-18 18:19:26','LocalLoopExtremity',NULL,NULL),(1775,2,47,2,'LL47','2014-02-18 18:19:34','LocalLoop',NULL,NULL),(1776,2,47,2,'LL47','2014-02-18 18:20:13','LocalLoop',NULL,NULL),(1777,2,47,2,'LL47','2014-02-18 18:20:43','LocalLoop',NULL,NULL),(1778,2,47,2,'LL47','2014-02-18 18:21:33','LocalLoop',NULL,NULL),(1779,2,47,2,'LL47','2014-02-18 18:21:42','LocalLoop',NULL,NULL),(1780,2,47,2,'LL47','2014-02-18 18:22:38','LocalLoop',NULL,NULL),(1781,2,47,2,'LL47','2014-02-18 18:22:44','LocalLoop',NULL,NULL),(1782,2,47,2,'LL47','2014-02-18 18:23:10','LocalLoop',NULL,NULL),(1783,2,47,2,'LL47','2014-02-18 18:23:15','LocalLoop',NULL,NULL),(1784,2,87,2,'','2014-02-18 18:23:43','LocalLoopExtremityTech',NULL,NULL),(1785,2,47,2,'LL47','2014-02-18 18:23:48','LocalLoop',NULL,NULL),(1786,2,47,2,'LL47','2014-02-18 18:25:28','LocalLoop',NULL,NULL),(1787,2,90,2,'B2New','2014-02-18 18:25:39','LocalLoopExtremity',NULL,NULL),(1788,2,47,2,'LL47','2014-02-18 18:26:01','LocalLoop',NULL,NULL),(1789,2,47,2,'LL47','2014-02-18 18:26:10','LocalLoop',NULL,NULL),(1790,2,47,2,'LL47','2014-02-18 18:26:50','LocalLoop',NULL,NULL),(1791,2,47,2,'LL47','2014-02-18 18:27:22','LocalLoop',NULL,NULL),(1792,2,47,2,'LL47','2014-02-18 18:28:14','LocalLoop',NULL,NULL),(1793,2,47,2,'LL47','2014-02-18 18:28:19','LocalLoop',NULL,NULL),(1794,2,47,2,'LL47','2014-02-18 18:29:06','LocalLoop',NULL,NULL),(1795,2,47,2,'LL47','2014-02-18 18:29:10','LocalLoop',NULL,NULL),(1796,2,47,2,'LL47','2014-02-18 18:29:48','LocalLoop',NULL,NULL),(1797,2,47,2,'LL47','2014-02-18 18:30:00','LocalLoop',NULL,NULL),(1798,2,47,2,'LL47','2014-02-18 18:30:18','LocalLoop',NULL,NULL),(1799,2,47,2,'LL47','2014-02-18 18:30:35','LocalLoop',NULL,NULL),(1800,2,47,2,'LL47','2014-02-18 18:34:13','LocalLoop',NULL,NULL),(1801,2,47,2,'LL47','2014-02-18 18:34:30','LocalLoop',NULL,NULL),(1802,2,47,2,'LL47','2014-02-18 18:34:54','LocalLoop',NULL,NULL),(1803,2,47,2,'LL47','2014-02-18 18:35:12','LocalLoop',NULL,NULL),(1804,2,47,2,'LL47','2014-02-18 18:35:30','LocalLoop',NULL,NULL),(1805,2,47,2,'LL47','2014-02-18 18:35:37','LocalLoop',NULL,NULL),(1806,2,47,2,'LL47','2014-02-18 18:38:00','LocalLoop',NULL,NULL),(1807,2,47,2,'LL47','2014-02-18 18:38:39','LocalLoop',NULL,NULL),(1808,2,47,2,'LL47','2014-02-18 18:39:22','LocalLoop',NULL,NULL),(1809,2,44,2,'BB44:','2014-02-18 22:12:41','BackboneLink',NULL,NULL),(1810,2,44,2,'BB44:','2014-02-18 22:13:37','BackboneLink',NULL,NULL),(1811,2,44,2,'BB44:','2014-02-18 22:13:46','BackboneLink',NULL,NULL),(1812,2,44,2,'BB44:','2014-02-18 22:14:07','BackboneLink',NULL,NULL),(1813,2,44,2,'BB44:','2014-02-18 22:14:39','BackboneLink',NULL,NULL),(1814,2,44,2,'BB44:','2014-02-18 22:15:57','BackboneLink',NULL,NULL),(1815,2,44,2,'BB44:','2014-02-18 22:16:29','BackboneLink',NULL,NULL),(1816,2,44,2,'BB44:','2014-02-18 22:17:06','BackboneLink',NULL,NULL),(1817,2,1,2,'S1','2014-02-18 22:56:04','ServiceExtremity',NULL,NULL),(1818,2,48,2,'LL48','2014-02-19 15:06:19','LocalLoop',NULL,NULL),(1819,2,91,2,'A1','2014-02-19 15:07:04','LocalLoopExtremity',NULL,NULL),(1820,2,92,2,'B2','2014-02-19 15:07:38','LocalLoopExtremity',NULL,NULL),(1821,2,48,2,'LL48','2014-02-19 15:07:58','LocalLoop',NULL,NULL),(1822,2,48,2,'LL48','2014-02-19 15:08:25','LocalLoop',NULL,NULL),(1823,2,48,2,'LL48','2014-02-19 15:08:46','LocalLoop',NULL,NULL),(1824,2,89,2,'IKNOWEVERYTHING Yeswecan','2014-02-19 15:09:59','LocalLoopExtremityTech',NULL,NULL),(1825,2,49,2,'LL49','2014-02-19 16:40:48','LocalLoop',NULL,NULL),(1826,2,93,2,'A1','2014-02-19 16:43:43','LocalLoopExtremity',NULL,NULL),(1827,2,49,2,'LL49','2014-02-19 16:44:20','LocalLoop',NULL,NULL),(1828,2,49,2,'LL49','2014-02-19 16:44:29','LocalLoop',NULL,NULL),(1829,2,48,2,'LL48','2014-02-19 16:44:56','LocalLoop',NULL,NULL),(1830,2,48,2,'LL48','2014-02-19 16:45:37','LocalLoop',NULL,NULL),(1831,2,90,2,'Juan-Carlos Italian Technical Customer Contact','2014-02-19 17:08:57','LocalLoopExtremityTech',NULL,NULL),(1832,2,48,2,'LL48','2014-02-19 17:09:05','LocalLoop',NULL,NULL),(1833,2,48,2,'LL48','2014-02-19 17:09:39','LocalLoop',NULL,NULL),(1834,2,95,2,'A1','2014-02-19 17:11:23','LocalLoopExtremity',NULL,NULL),(1835,2,96,2,'B2','2014-02-19 17:11:43','LocalLoopExtremity',NULL,NULL),(1836,2,50,2,'LL50','2014-02-19 17:11:47','LocalLoop',NULL,NULL),(1837,2,50,2,'LL50','2014-02-19 17:22:14','LocalLoop',NULL,NULL),(1838,2,50,2,'LL50','2014-02-19 17:32:28','LocalLoop',NULL,NULL),(1839,2,94,2,'Juan-Carlos Italian Technical Customer Contact','2014-02-19 17:32:52','LocalLoopExtremityTech',NULL,NULL),(1840,2,50,2,'LL50','2014-02-19 17:33:06','LocalLoop',NULL,NULL),(1841,2,93,2,'IKNOWEVERYTHING Yeswecan','2014-02-19 17:35:14','LocalLoopExtremityTech',NULL,NULL),(1842,2,50,2,'LL50','2014-02-19 17:35:20','LocalLoop',NULL,NULL),(1843,2,97,2,'B2New','2014-02-19 17:36:23','LocalLoopExtremity',NULL,NULL),(1844,2,50,2,'LL50','2014-02-19 17:36:32','LocalLoop',NULL,NULL),(1845,2,50,2,'LL50','2014-02-19 17:37:14','LocalLoop',NULL,NULL),(1846,2,97,2,'B2New','2014-02-19 17:37:25','LocalLoopExtremity',NULL,NULL),(1847,2,50,2,'LL50','2014-02-19 17:38:23','LocalLoop',NULL,NULL),(1848,2,50,2,'LL50','2014-02-19 17:39:03','LocalLoop',NULL,NULL),(1849,2,50,2,'LL50','2014-02-19 17:39:10','LocalLoop',NULL,NULL),(1850,2,50,2,'LL50','2014-02-19 17:39:51','LocalLoop',NULL,NULL),(1851,2,50,2,'LL50','2014-02-19 17:39:58','LocalLoop',NULL,NULL),(1852,2,50,2,'LL50','2014-02-19 17:42:01','LocalLoop',NULL,NULL),(1853,2,50,2,'LL50','2014-02-19 17:42:10','LocalLoop',NULL,NULL),(1854,2,31,2,'LL50:','2014-02-19 17:46:56','CostingLocalLoopLine',NULL,NULL),(1855,2,50,2,'LL50','2014-02-19 17:49:41','LocalLoop',NULL,NULL),(1856,2,50,2,'LL50:','2014-02-19 17:49:41','LocalLoop',31,'CostingLocalLoopLine'),(1857,2,50,2,'LL50:','2014-02-19 17:49:41','LocalLoop',32,'CostingLocalLoopLine'),(1858,2,32,2,'LL50:','2014-02-19 17:49:58','CostingLocalLoopLine',NULL,NULL),(1859,2,50,2,'LL50','2014-02-19 17:50:20','LocalLoop',NULL,NULL),(1860,2,35,2,'LL50:Version Française 2:','2014-02-19 18:09:16','CostingLocalLoopLine',NULL,NULL),(1861,2,50,2,'LL50','2014-02-19 18:10:18','LocalLoop',NULL,NULL),(1862,2,50,2,'LL50','2014-02-19 18:10:39','LocalLoop',NULL,NULL),(1863,2,50,2,'LL50','2014-02-19 18:11:13','LocalLoop',NULL,NULL),(1864,2,9,2,'BB:','2014-02-19 18:15:14','BackboneLink',NULL,NULL),(1865,2,50,2,'LL50','2014-02-19 18:19:23','LocalLoop',NULL,NULL),(1866,2,50,2,'LL50','2014-02-19 18:19:32','LocalLoop',NULL,NULL),(1867,2,95,2,'Donja Sunshine','2014-02-19 18:19:55','LocalLoopExtremityTech',NULL,NULL),(1868,2,50,2,'LL50','2014-02-19 18:20:01','LocalLoop',NULL,NULL),(1869,2,98,2,'A1New','2014-02-19 18:45:56','LocalLoopExtremity',NULL,NULL),(1870,2,98,2,'A1New','2014-02-19 18:46:33','LocalLoopExtremity',NULL,NULL),(1871,2,50,2,'LL50','2014-02-19 18:47:30','LocalLoop',NULL,NULL),(1872,2,50,2,'LL50','2014-02-19 18:47:36','LocalLoop',NULL,NULL),(1873,2,50,2,'LL50','2014-02-19 18:49:47','LocalLoop',NULL,NULL),(1874,2,50,2,'LL50','2014-02-19 18:49:54','LocalLoop',NULL,NULL),(1875,2,50,2,'LL50','2014-02-19 18:50:21','LocalLoop',NULL,NULL),(1876,2,50,2,'LL50','2014-02-19 18:56:48','LocalLoop',NULL,NULL),(1877,2,50,2,'LL50','2014-02-19 18:56:53','LocalLoop',NULL,NULL),(1878,2,50,2,'LL50','2014-02-19 18:59:53','LocalLoop',NULL,NULL),(1879,2,50,2,'LL50','2014-02-19 19:00:23','LocalLoop',NULL,NULL),(1880,2,50,2,'LL50','2014-02-19 19:01:46','LocalLoop',NULL,NULL),(1881,2,50,2,'LL50','2014-02-19 19:03:51','LocalLoop',NULL,NULL),(1882,2,50,2,'LL50','2014-02-19 19:04:01','LocalLoop',NULL,NULL),(1883,2,50,2,'LL50','2014-02-19 19:04:37','LocalLoop',NULL,NULL),(1884,2,50,2,'LL50','2014-02-19 19:05:04','LocalLoop',NULL,NULL),(1885,2,50,2,'LL50','2014-02-19 19:08:19','LocalLoop',NULL,NULL),(1886,2,50,2,'LL50','2014-02-19 19:08:36','LocalLoop',NULL,NULL),(1887,2,34,2,'LL50:','2014-02-19 19:09:30','CostingLocalLoopLine',NULL,NULL),(1888,2,50,2,'LL50','2014-02-19 19:09:46','LocalLoop',NULL,NULL),(1889,2,44,2,'BB44:','2014-02-19 22:43:50','BackboneLink',NULL,NULL),(1890,2,80,2,'A1New','2014-02-19 22:44:49','BackboneLinkExtremity',NULL,NULL),(1891,2,44,2,'BB44:','2014-02-19 22:44:56','BackboneLink',NULL,NULL),(1892,2,78,2,'A1','2014-02-19 22:45:33','BackboneLinkExtremity',NULL,NULL),(1893,2,44,2,'BB44:','2014-02-19 22:45:48','BackboneLink',NULL,NULL),(1894,2,80,2,'A1New','2014-02-19 22:46:37','BackboneLinkExtremity',NULL,NULL),(1895,2,44,2,'BB44:','2014-02-19 22:46:51','BackboneLink',NULL,NULL),(1896,2,80,2,'A1New','2014-02-19 22:47:15','BackboneLinkExtremity',NULL,NULL),(1897,2,44,2,'BB44:','2014-02-19 22:47:25','BackboneLink',NULL,NULL),(1898,2,72,2,'SPEEDO ALONSO','2014-02-19 22:48:33','BackboneLinkExtremityTech',NULL,NULL),(1899,2,72,2,'SPEEDO ALONSO','2014-02-19 22:48:47','BackboneLinkExtremityTech',NULL,NULL),(1900,2,71,2,'SPEEDO ALONSO','2014-02-19 22:49:09','BackboneLinkExtremityTech',NULL,NULL),(1901,2,44,2,'BB44:','2014-02-19 22:49:47','BackboneLink',NULL,NULL),(1902,2,69,2,'A1','2014-02-19 22:51:52','BackboneLinkExtremity',NULL,NULL),(1903,2,44,2,'BB44:','2014-02-19 22:53:20','BackboneLink',NULL,NULL),(1904,2,44,2,'BB44:','2014-02-19 23:07:46','BackboneLink',NULL,NULL),(1905,2,44,2,'BB44:','2014-02-19 23:08:59','BackboneLink',NULL,NULL),(1906,2,44,2,'BB44:','2014-02-19 23:09:21','BackboneLink',NULL,NULL),(1907,2,72,2,'SPEEDO ALONSO','2014-02-19 23:10:02','BackboneLinkExtremityTech',NULL,NULL),(1908,2,71,2,'SPEEDO ALONSO','2014-02-19 23:10:15','BackboneLinkExtremityTech',NULL,NULL),(1909,2,44,2,'BB44:','2014-02-19 23:10:45','BackboneLink',NULL,NULL),(1910,2,67,2,'B2New','2014-02-19 23:17:34','LocalLoopExtremity',NULL,NULL),(1911,2,37,2,'LL37','2014-02-19 23:18:09','LocalLoop',NULL,NULL),(1912,2,66,2,'B2','2014-02-19 23:18:44','LocalLoopExtremity',NULL,NULL),(1913,2,37,2,'LL37','2014-02-19 23:19:32','LocalLoop',NULL,NULL),(1914,2,67,2,'B2New','2014-02-19 23:21:52','LocalLoopExtremity',NULL,NULL),(1915,2,37,2,'LL37','2014-02-19 23:21:59','LocalLoop',NULL,NULL),(1916,2,67,2,'B2New','2014-02-19 23:22:25','LocalLoopExtremity',NULL,NULL),(1917,2,37,2,'LL37','2014-02-19 23:23:00','LocalLoop',NULL,NULL),(1918,2,65,2,'IKNOWEVERYTHING Yeswecan','2014-02-19 23:24:07','LocalLoopExtremityTech',NULL,NULL),(1919,2,37,2,'LL37','2014-02-19 23:24:33','LocalLoop',NULL,NULL),(1920,2,37,2,'LL37','2014-02-19 23:25:45','LocalLoop',NULL,NULL),(1921,2,37,2,'LL37','2014-02-19 23:26:08','LocalLoop',NULL,NULL),(1922,2,37,2,'LL37','2014-02-19 23:26:24','LocalLoop',NULL,NULL),(1923,2,63,2,'Juanjo Spanish Technical contact','2014-02-19 23:27:41','LocalLoopExtremityTech',NULL,NULL),(1924,2,46,2,'LL46','2014-02-20 00:10:15','LocalLoop',NULL,NULL),(1925,2,86,2,'B2New','2014-02-20 00:10:59','LocalLoopExtremity',NULL,NULL),(1926,2,46,2,'LL46','2014-02-20 00:11:08','LocalLoop',NULL,NULL),(1927,2,46,2,'LL46','2014-02-20 00:12:10','LocalLoop',NULL,NULL),(1928,2,46,2,'LL46','2014-02-20 00:12:25','LocalLoop',NULL,NULL),(1929,2,46,2,'LL46','2014-02-20 00:13:15','LocalLoop',NULL,NULL),(1930,2,46,2,'LL46','2014-02-20 00:16:36','LocalLoop',NULL,NULL),(1931,2,1,2,'20 : Spanish Customer','2014-02-20 14:25:06','BillingService',NULL,NULL),(1932,2,1,2,':','2014-02-20 14:25:06','BillingService',6,'BillingServiceLine'),(1933,2,1,2,':','2014-02-20 14:25:06','BillingService',7,'BillingServiceLine'),(1934,2,51,2,'LL51','2014-02-20 15:36:58','LocalLoop',NULL,NULL),(1935,2,16,2,'Last one','2014-02-20 15:45:57','Branch',NULL,NULL),(1936,2,16,2,'Billing 2014-01','2014-02-20 15:45:57','Branch',36,'BillingPeriodRef'),(1937,2,16,2,'Billing 2015-01','2014-02-20 15:45:57','Branch',37,'BillingPeriodRef'),(1938,2,16,2,'Billing 2016-01','2014-02-20 15:45:57','Branch',38,'BillingPeriodRef'),(1939,2,16,2,'Billing 2017-01','2014-02-20 15:45:57','Branch',39,'BillingPeriodRef'),(1940,2,16,2,'Billing 2018-01','2014-02-20 15:45:57','Branch',40,'BillingPeriodRef'),(1941,2,16,2,'Billing 2019-01','2014-02-20 15:45:57','Branch',41,'BillingPeriodRef'),(1942,2,16,2,'Billing 2020-01','2014-02-20 15:45:57','Branch',42,'BillingPeriodRef'),(1943,2,16,2,'Billing 2021-01','2014-02-20 15:45:57','Branch',43,'BillingPeriodRef'),(1944,2,16,2,'Billing 2022-01','2014-02-20 15:45:57','Branch',44,'BillingPeriodRef'),(1945,2,16,2,'Billing 2023-01','2014-02-20 15:45:57','Branch',45,'BillingPeriodRef'),(1946,2,17,2,'last','2014-02-20 15:51:03','Branch',NULL,NULL),(1947,2,17,2,'Billing 2014-01','2014-02-20 15:51:03','Branch',46,'BillingPeriodRef'),(1948,2,17,2,'Billing 2015-01','2014-02-20 15:51:03','Branch',47,'BillingPeriodRef'),(1949,2,17,2,'Billing 2016-01','2014-02-20 15:51:03','Branch',48,'BillingPeriodRef'),(1950,2,17,2,'Billing 2017-01','2014-02-20 15:51:03','Branch',49,'BillingPeriodRef'),(1951,2,17,2,'Billing 2018-01','2014-02-20 15:51:03','Branch',50,'BillingPeriodRef'),(1952,2,17,2,'Billing 2019-01','2014-02-20 15:51:03','Branch',51,'BillingPeriodRef'),(1953,2,17,2,'Billing 2020-01','2014-02-20 15:51:03','Branch',52,'BillingPeriodRef'),(1954,2,17,2,'Billing 2021-01','2014-02-20 15:51:03','Branch',53,'BillingPeriodRef'),(1955,2,17,2,'Billing 2022-01','2014-02-20 15:51:03','Branch',54,'BillingPeriodRef'),(1956,2,17,2,'Billing 2023-01','2014-02-20 15:51:03','Branch',55,'BillingPeriodRef'),(2012,2,18,2,'Last one','2014-02-20 16:17:10','Branch',NULL,NULL),(2013,2,18,2,'Billing 2014-01','2014-02-20 16:17:10','Branch',56,'BillingPeriodRef'),(2014,2,18,2,'Billing 2015-01','2014-02-20 16:17:10','Branch',57,'BillingPeriodRef'),(2015,2,18,2,'Billing 2016-01','2014-02-20 16:17:10','Branch',58,'BillingPeriodRef'),(2016,2,18,2,'Billing 2017-01','2014-02-20 16:17:10','Branch',59,'BillingPeriodRef'),(2017,2,18,2,'Billing 2018-01','2014-02-20 16:17:10','Branch',60,'BillingPeriodRef'),(2018,2,18,2,'Billing 2019-01','2014-02-20 16:17:10','Branch',61,'BillingPeriodRef'),(2019,2,18,2,'Billing 2020-01','2014-02-20 16:17:10','Branch',62,'BillingPeriodRef'),(2020,2,18,2,'Billing 2021-01','2014-02-20 16:17:10','Branch',63,'BillingPeriodRef'),(2021,2,18,2,'Billing 2022-01','2014-02-20 16:17:10','Branch',64,'BillingPeriodRef'),(2022,2,18,2,'Billing 2023-01','2014-02-20 16:17:10','Branch',65,'BillingPeriodRef'),(2023,2,18,2,'Last one','2014-02-20 16:18:38','Branch',NULL,NULL),(2024,2,18,2,'Billing 2014-01','2014-02-20 16:18:38','Branch',56,'BillingPeriodRef'),(2025,2,18,2,'Billing 2015-01','2014-02-20 16:18:38','Branch',57,'BillingPeriodRef'),(2026,2,18,2,'Billing 2016-01','2014-02-20 16:18:38','Branch',58,'BillingPeriodRef'),(2027,2,18,2,'Billing 2017-01','2014-02-20 16:18:38','Branch',59,'BillingPeriodRef'),(2028,2,18,2,'Billing 2018-01','2014-02-20 16:18:38','Branch',60,'BillingPeriodRef'),(2029,2,18,2,'Billing 2019-01','2014-02-20 16:18:38','Branch',61,'BillingPeriodRef'),(2030,2,18,2,'Billing 2020-01','2014-02-20 16:18:38','Branch',62,'BillingPeriodRef'),(2031,2,18,2,'Billing 2021-01','2014-02-20 16:18:38','Branch',63,'BillingPeriodRef'),(2032,2,18,2,'Billing 2022-01','2014-02-20 16:18:38','Branch',64,'BillingPeriodRef'),(2033,2,18,2,'Billing 2023-01','2014-02-20 16:18:38','Branch',65,'BillingPeriodRef'),(2034,2,19,2,'last 2','2014-02-20 16:20:43','Branch',NULL,NULL),(2035,2,19,2,'Billing 2014-01','2014-02-20 16:20:43','Branch',66,'BillingPeriodRef'),(2036,2,19,2,'Billing 2015-01','2014-02-20 16:20:43','Branch',67,'BillingPeriodRef'),(2037,2,19,2,'Billing 2016-01','2014-02-20 16:20:43','Branch',68,'BillingPeriodRef'),(2038,2,19,2,'Billing 2017-01','2014-02-20 16:20:43','Branch',69,'BillingPeriodRef'),(2039,2,19,2,'Billing 2018-01','2014-02-20 16:20:43','Branch',70,'BillingPeriodRef'),(2040,2,19,2,'Billing 2019-01','2014-02-20 16:20:43','Branch',71,'BillingPeriodRef'),(2041,2,19,2,'Billing 2020-01','2014-02-20 16:20:43','Branch',72,'BillingPeriodRef'),(2042,2,19,2,'Billing 2021-01','2014-02-20 16:20:43','Branch',73,'BillingPeriodRef'),(2043,2,19,2,'Billing 2022-01','2014-02-20 16:20:43','Branch',74,'BillingPeriodRef'),(2044,2,19,2,'Billing 2023-01','2014-02-20 16:20:43','Branch',75,'BillingPeriodRef'),(2045,2,19,2,'last 2','2014-02-20 16:30:20','Branch',NULL,NULL),(2046,2,19,2,'Billing 2014-01','2014-02-20 16:30:20','Branch',66,'BillingPeriodRef'),(2047,2,19,2,'Billing 2015-01','2014-02-20 16:30:20','Branch',67,'BillingPeriodRef'),(2048,2,19,2,'Billing 2016-01','2014-02-20 16:30:20','Branch',68,'BillingPeriodRef'),(2049,2,19,2,'Billing 2017-01','2014-02-20 16:30:20','Branch',69,'BillingPeriodRef'),(2050,2,19,2,'Billing 2018-01','2014-02-20 16:30:20','Branch',70,'BillingPeriodRef'),(2051,2,19,2,'Billing 2019-01','2014-02-20 16:30:20','Branch',71,'BillingPeriodRef'),(2052,2,19,2,'Billing 2020-01','2014-02-20 16:30:20','Branch',72,'BillingPeriodRef'),(2053,2,19,2,'Billing 2021-01','2014-02-20 16:30:20','Branch',73,'BillingPeriodRef'),(2054,2,19,2,'Billing 2022-01','2014-02-20 16:30:20','Branch',74,'BillingPeriodRef'),(2055,2,19,2,'Billing 2023-01','2014-02-20 16:30:20','Branch',75,'BillingPeriodRef'),(2056,2,19,2,'last 2','2014-02-20 16:30:39','Branch',NULL,NULL),(2057,2,19,2,'Billing 2014-01','2014-02-20 16:30:39','Branch',66,'BillingPeriodRef'),(2058,2,19,2,'Billing 2015-01','2014-02-20 16:30:39','Branch',67,'BillingPeriodRef'),(2059,2,19,2,'Billing 2016-01','2014-02-20 16:30:39','Branch',68,'BillingPeriodRef'),(2060,2,19,2,'Billing 2017-01','2014-02-20 16:30:39','Branch',69,'BillingPeriodRef'),(2061,2,19,2,'Billing 2018-01','2014-02-20 16:30:39','Branch',70,'BillingPeriodRef'),(2062,2,19,2,'Billing 2019-01','2014-02-20 16:30:39','Branch',71,'BillingPeriodRef'),(2063,2,19,2,'Billing 2020-01','2014-02-20 16:30:39','Branch',72,'BillingPeriodRef'),(2064,2,19,2,'Billing 2021-01','2014-02-20 16:30:39','Branch',73,'BillingPeriodRef'),(2065,2,19,2,'Billing 2022-01','2014-02-20 16:30:39','Branch',74,'BillingPeriodRef'),(2066,2,19,2,'Billing 2023-01','2014-02-20 16:30:39','Branch',75,'BillingPeriodRef'),(2067,2,19,2,'last 2','2014-02-20 16:33:48','Branch',NULL,NULL),(2068,2,19,2,'Billing 2014-0888','2014-02-20 16:33:48','Branch',66,'BillingPeriodRef'),(2069,2,19,2,'Billing 2015-01','2014-02-20 16:33:48','Branch',67,'BillingPeriodRef'),(2070,2,19,2,'Billing 2016-01','2014-02-20 16:33:48','Branch',68,'BillingPeriodRef'),(2071,2,19,2,'Billing 2017-01','2014-02-20 16:33:48','Branch',69,'BillingPeriodRef'),(2072,2,19,2,'Billing 2018-01','2014-02-20 16:33:48','Branch',70,'BillingPeriodRef'),(2073,2,19,2,'Billing 2019-01','2014-02-20 16:33:48','Branch',71,'BillingPeriodRef'),(2074,2,19,2,'Billing 2020-01','2014-02-20 16:33:48','Branch',72,'BillingPeriodRef'),(2075,2,19,2,'Billing 2021-01','2014-02-20 16:33:48','Branch',73,'BillingPeriodRef'),(2076,2,19,2,'Billing 2022-01','2014-02-20 16:33:48','Branch',74,'BillingPeriodRef'),(2077,2,19,2,'Billing 2023-01','2014-02-20 16:33:48','Branch',75,'BillingPeriodRef'),(2078,2,19,2,'last 2','2014-02-20 16:34:10','Branch',NULL,NULL),(2079,2,19,2,'Billing 2014-0888','2014-02-20 16:34:10','Branch',66,'BillingPeriodRef'),(2080,2,19,2,'Billing 2015-01','2014-02-20 16:34:10','Branch',67,'BillingPeriodRef'),(2081,2,19,2,'Billing 2016-01','2014-02-20 16:34:10','Branch',68,'BillingPeriodRef'),(2082,2,19,2,'Billing 2017-01','2014-02-20 16:34:10','Branch',69,'BillingPeriodRef'),(2083,2,19,2,'Billing 2018-01','2014-02-20 16:34:10','Branch',70,'BillingPeriodRef'),(2084,2,19,2,'Billing 2019-01','2014-02-20 16:34:10','Branch',71,'BillingPeriodRef'),(2085,2,19,2,'Billing 2020-01','2014-02-20 16:34:10','Branch',72,'BillingPeriodRef'),(2086,2,19,2,'Billing 2021-01','2014-02-20 16:34:10','Branch',73,'BillingPeriodRef'),(2087,2,19,2,'Billing 2022-01','2014-02-20 16:34:10','Branch',74,'BillingPeriodRef'),(2088,2,19,2,'Billing 2023-01','2014-02-20 16:34:10','Branch',75,'BillingPeriodRef'),(2089,2,19,2,'last 2','2014-02-20 17:00:32','Branch',NULL,NULL),(2090,2,19,2,'Billing 2014-0888','2014-02-20 17:00:32','Branch',66,'BillingPeriodRef'),(2091,2,19,2,'Billing 2015-01','2014-02-20 17:00:32','Branch',67,'BillingPeriodRef'),(2092,2,19,2,'Billing 2016-01','2014-02-20 17:00:32','Branch',68,'BillingPeriodRef'),(2093,2,19,2,'Billing 2017-01','2014-02-20 17:00:32','Branch',69,'BillingPeriodRef'),(2094,2,19,2,'Billing 2018-01','2014-02-20 17:00:32','Branch',70,'BillingPeriodRef'),(2095,2,19,2,'Billing 2019-01','2014-02-20 17:00:32','Branch',71,'BillingPeriodRef'),(2096,2,19,2,'Billing 2020-01','2014-02-20 17:00:32','Branch',72,'BillingPeriodRef'),(2097,2,19,2,'Billing 2021-01','2014-02-20 17:00:32','Branch',73,'BillingPeriodRef'),(2098,2,19,2,'Billing 2022-01','2014-02-20 17:00:32','Branch',74,'BillingPeriodRef'),(2099,2,19,2,'Billing 2023-01','2014-02-20 17:00:32','Branch',75,'BillingPeriodRef'),(2100,2,19,2,'last 2','2014-02-20 17:01:00','Branch',NULL,NULL),(2101,2,19,2,'Billing 2014-0888','2014-02-20 17:01:00','Branch',66,'BillingPeriodRef'),(2102,2,19,2,'Billing 2015-01','2014-02-20 17:01:00','Branch',67,'BillingPeriodRef'),(2103,2,19,2,'Billing 2016-01','2014-02-20 17:01:00','Branch',68,'BillingPeriodRef'),(2104,2,19,2,'Billing 2017-01','2014-02-20 17:01:00','Branch',69,'BillingPeriodRef'),(2105,2,19,2,'Billing 2018-01','2014-02-20 17:01:00','Branch',70,'BillingPeriodRef'),(2106,2,19,2,'Billing 2019-01','2014-02-20 17:01:00','Branch',71,'BillingPeriodRef'),(2107,2,19,2,'Billing 2020-01','2014-02-20 17:01:00','Branch',72,'BillingPeriodRef'),(2108,2,19,2,'Billing 2021-01','2014-02-20 17:01:00','Branch',73,'BillingPeriodRef'),(2109,2,19,2,'Billing 2022-01','2014-02-20 17:01:00','Branch',74,'BillingPeriodRef'),(2110,2,19,2,'Billing 2023-01','2014-02-20 17:01:00','Branch',75,'BillingPeriodRef'),(2111,2,19,2,'last 2','2014-02-20 17:01:26','Branch',NULL,NULL),(2112,2,19,2,'Billing 2014-0888','2014-02-20 17:01:26','Branch',66,'BillingPeriodRef'),(2113,2,19,2,'Billing 2015-01','2014-02-20 17:01:26','Branch',67,'BillingPeriodRef'),(2114,2,19,2,'Billing 2016-01','2014-02-20 17:01:26','Branch',68,'BillingPeriodRef'),(2115,2,19,2,'Billing 2017-01','2014-02-20 17:01:26','Branch',69,'BillingPeriodRef'),(2116,2,19,2,'Billing 2018-01','2014-02-20 17:01:26','Branch',70,'BillingPeriodRef'),(2117,2,19,2,'Billing 2019-01','2014-02-20 17:01:26','Branch',71,'BillingPeriodRef'),(2118,2,19,2,'Billing 2020-01','2014-02-20 17:01:26','Branch',72,'BillingPeriodRef'),(2119,2,19,2,'Billing 2021-01','2014-02-20 17:01:26','Branch',73,'BillingPeriodRef'),(2120,2,19,2,'Billing 2022-01','2014-02-20 17:01:26','Branch',74,'BillingPeriodRef'),(2121,2,19,2,'Billing 2023-01','2014-02-20 17:01:26','Branch',75,'BillingPeriodRef'),(2122,2,19,2,'last 2','2014-02-20 17:06:19','Branch',NULL,NULL),(2123,2,19,2,'Billing 2014-0888','2014-02-20 17:06:19','Branch',66,'BillingPeriodRef'),(2124,2,19,2,'Billing 2015-01','2014-02-20 17:06:19','Branch',67,'BillingPeriodRef'),(2125,2,19,2,'Billing 2016-01','2014-02-20 17:06:19','Branch',68,'BillingPeriodRef'),(2126,2,19,2,'Billing 2017-01','2014-02-20 17:06:19','Branch',69,'BillingPeriodRef'),(2127,2,19,2,'Billing 2018-01','2014-02-20 17:06:19','Branch',70,'BillingPeriodRef'),(2128,2,19,2,'Billing 2019-01','2014-02-20 17:06:19','Branch',71,'BillingPeriodRef'),(2129,2,19,2,'Billing 2020-01','2014-02-20 17:06:19','Branch',72,'BillingPeriodRef'),(2130,2,19,2,'Billing 2021-01','2014-02-20 17:06:19','Branch',73,'BillingPeriodRef'),(2131,2,19,2,'Billing 2022-01','2014-02-20 17:06:19','Branch',74,'BillingPeriodRef'),(2132,2,19,2,'Billing 2023-01','2014-02-20 17:06:19','Branch',75,'BillingPeriodRef'),(2133,2,19,2,'last 2','2014-02-20 17:08:31','Branch',NULL,NULL),(2134,2,19,2,'Billing 2014-0888','2014-02-20 17:08:31','Branch',66,'BillingPeriodRef'),(2135,2,19,2,'Billing 2015-01','2014-02-20 17:08:31','Branch',67,'BillingPeriodRef'),(2136,2,19,2,'Billing 2016-01','2014-02-20 17:08:31','Branch',68,'BillingPeriodRef'),(2137,2,19,2,'Billing 2017-01','2014-02-20 17:08:31','Branch',69,'BillingPeriodRef'),(2138,2,19,2,'Billing 2018-01','2014-02-20 17:08:31','Branch',70,'BillingPeriodRef'),(2139,2,19,2,'Billing 2019-01','2014-02-20 17:08:31','Branch',71,'BillingPeriodRef'),(2140,2,19,2,'Billing 2020-01','2014-02-20 17:08:31','Branch',72,'BillingPeriodRef'),(2141,2,19,2,'Billing 2021-01','2014-02-20 17:08:31','Branch',73,'BillingPeriodRef'),(2142,2,19,2,'Billing 2022-01','2014-02-20 17:08:31','Branch',74,'BillingPeriodRef'),(2143,2,19,2,'Billing 2023-01','2014-02-20 17:08:31','Branch',75,'BillingPeriodRef'),(2144,2,19,2,'last 2','2014-02-20 17:09:33','Branch',NULL,NULL),(2145,2,19,2,'Billing 2014-0888','2014-02-20 17:09:33','Branch',66,'BillingPeriodRef'),(2146,2,19,2,'Billing 2015-01','2014-02-20 17:09:33','Branch',67,'BillingPeriodRef'),(2147,2,19,2,'Billing 2016-01','2014-02-20 17:09:33','Branch',68,'BillingPeriodRef'),(2148,2,19,2,'Billing 2017-01','2014-02-20 17:09:33','Branch',69,'BillingPeriodRef'),(2149,2,19,2,'Billing 2018-01','2014-02-20 17:09:33','Branch',70,'BillingPeriodRef'),(2150,2,19,2,'Billing 2019-01','2014-02-20 17:09:33','Branch',71,'BillingPeriodRef'),(2151,2,19,2,'Billing 2020-01','2014-02-20 17:09:33','Branch',72,'BillingPeriodRef'),(2152,2,19,2,'Billing 2021-01','2014-02-20 17:09:33','Branch',73,'BillingPeriodRef'),(2153,2,19,2,'Billing 2022-01','2014-02-20 17:09:33','Branch',74,'BillingPeriodRef'),(2154,2,19,2,'Billing 2023-01','2014-02-20 17:09:33','Branch',75,'BillingPeriodRef'),(2155,2,19,2,'last 2','2014-02-20 17:12:06','Branch',NULL,NULL),(2156,2,19,2,'Billing 2014-0888','2014-02-20 17:12:06','Branch',66,'BillingPeriodRef'),(2157,2,19,2,'Billing 2015-01','2014-02-20 17:12:06','Branch',67,'BillingPeriodRef'),(2158,2,19,2,'Billing 2016-01','2014-02-20 17:12:06','Branch',68,'BillingPeriodRef'),(2159,2,19,2,'Billing 2017-01','2014-02-20 17:12:06','Branch',69,'BillingPeriodRef'),(2160,2,19,2,'Billing 2018-01','2014-02-20 17:12:06','Branch',70,'BillingPeriodRef'),(2161,2,19,2,'Billing 2019-01','2014-02-20 17:12:06','Branch',71,'BillingPeriodRef'),(2162,2,19,2,'Billing 2020-01','2014-02-20 17:12:06','Branch',72,'BillingPeriodRef'),(2163,2,19,2,'Billing 2021-01','2014-02-20 17:12:06','Branch',73,'BillingPeriodRef'),(2164,2,19,2,'Billing 2022-01','2014-02-20 17:12:06','Branch',74,'BillingPeriodRef'),(2165,2,19,2,'Billing 2023-01','2014-02-20 17:12:06','Branch',75,'BillingPeriodRef'),(2166,2,19,2,'last 2','2014-02-20 17:16:31','Branch',NULL,NULL),(2167,2,19,2,'Billing 2014-0888','2014-02-20 17:16:31','Branch',66,'BillingPeriodRef'),(2168,2,19,2,'Billing 2015-01','2014-02-20 17:16:31','Branch',67,'BillingPeriodRef'),(2169,2,19,2,'Billing 2016-01','2014-02-20 17:16:31','Branch',68,'BillingPeriodRef'),(2170,2,19,2,'Billing 2017-01','2014-02-20 17:16:31','Branch',69,'BillingPeriodRef'),(2171,2,19,2,'Billing 2018-01','2014-02-20 17:16:31','Branch',70,'BillingPeriodRef'),(2172,2,19,2,'Billing 2019-01','2014-02-20 17:16:31','Branch',71,'BillingPeriodRef'),(2173,2,19,2,'Billing 2020-01','2014-02-20 17:16:31','Branch',72,'BillingPeriodRef'),(2174,2,19,2,'Billing 2021-01','2014-02-20 17:16:31','Branch',73,'BillingPeriodRef'),(2175,2,19,2,'Billing 2022-01','2014-02-20 17:16:31','Branch',74,'BillingPeriodRef'),(2176,2,19,2,'Billing 2023-01','2014-02-20 17:16:31','Branch',75,'BillingPeriodRef'),(2177,2,19,2,'last 2','2014-02-20 17:17:05','Branch',NULL,NULL),(2178,2,19,2,'Billing 2014-0888','2014-02-20 17:17:05','Branch',66,'BillingPeriodRef'),(2179,2,19,2,'Billing 2015-01','2014-02-20 17:17:05','Branch',67,'BillingPeriodRef'),(2180,2,19,2,'Billing 2016-01','2014-02-20 17:17:05','Branch',68,'BillingPeriodRef'),(2181,2,19,2,'Billing 2017-01','2014-02-20 17:17:05','Branch',69,'BillingPeriodRef'),(2182,2,19,2,'Billing 2018-01','2014-02-20 17:17:05','Branch',70,'BillingPeriodRef'),(2183,2,19,2,'Billing 2019-01','2014-02-20 17:17:05','Branch',71,'BillingPeriodRef'),(2184,2,19,2,'Billing 2020-01','2014-02-20 17:17:05','Branch',72,'BillingPeriodRef'),(2185,2,19,2,'Billing 2021-01','2014-02-20 17:17:05','Branch',73,'BillingPeriodRef'),(2186,2,19,2,'Billing 2022-01','2014-02-20 17:17:05','Branch',74,'BillingPeriodRef'),(2187,2,19,2,'Billing 2023-01','2014-02-20 17:17:05','Branch',75,'BillingPeriodRef'),(2188,2,19,2,'last 2','2014-02-20 17:22:06','Branch',NULL,NULL),(2189,2,19,2,'Billing 2014-0888','2014-02-20 17:22:06','Branch',66,'BillingPeriodRef'),(2190,2,19,2,'Billing 2015-01','2014-02-20 17:22:06','Branch',67,'BillingPeriodRef'),(2191,2,19,2,'Billing 2016-01','2014-02-20 17:22:06','Branch',68,'BillingPeriodRef'),(2192,2,19,2,'Billing 2017-01','2014-02-20 17:22:06','Branch',69,'BillingPeriodRef'),(2193,2,19,2,'Billing 2018-01','2014-02-20 17:22:06','Branch',70,'BillingPeriodRef'),(2194,2,19,2,'Billing 2019-01','2014-02-20 17:22:06','Branch',71,'BillingPeriodRef'),(2195,2,19,2,'Billing 2020-01','2014-02-20 17:22:06','Branch',72,'BillingPeriodRef'),(2196,2,19,2,'Billing 2021-01','2014-02-20 17:22:06','Branch',73,'BillingPeriodRef'),(2197,2,19,2,'Billing 2022-01','2014-02-20 17:22:06','Branch',74,'BillingPeriodRef'),(2198,2,19,2,'Billing 2023-01','2014-02-20 17:22:06','Branch',75,'BillingPeriodRef'),(2199,2,19,2,'last 2','2014-02-20 17:23:18','Branch',NULL,NULL),(2200,2,19,2,'Billing 2014-0888','2014-02-20 17:23:18','Branch',66,'BillingPeriodRef'),(2201,2,19,2,'Billing 2015-01','2014-02-20 17:23:18','Branch',67,'BillingPeriodRef'),(2202,2,19,2,'Billing 2016-01','2014-02-20 17:23:18','Branch',68,'BillingPeriodRef'),(2203,2,19,2,'Billing 2017-01','2014-02-20 17:23:18','Branch',69,'BillingPeriodRef'),(2204,2,19,2,'Billing 2018-01','2014-02-20 17:23:18','Branch',70,'BillingPeriodRef'),(2205,2,19,2,'Billing 2019-01','2014-02-20 17:23:18','Branch',71,'BillingPeriodRef'),(2206,2,19,2,'Billing 2020-01','2014-02-20 17:23:18','Branch',72,'BillingPeriodRef'),(2207,2,19,2,'Billing 2021-01','2014-02-20 17:23:18','Branch',73,'BillingPeriodRef'),(2208,2,19,2,'Billing 2022-01','2014-02-20 17:23:18','Branch',74,'BillingPeriodRef'),(2209,2,19,2,'Billing 2023-01','2014-02-20 17:23:18','Branch',75,'BillingPeriodRef'),(2210,2,19,2,'last 2','2014-02-20 17:25:08','Branch',NULL,NULL),(2211,2,19,2,'Billing 2014-0888','2014-02-20 17:25:08','Branch',66,'BillingPeriodRef'),(2212,2,19,2,'Billing 2015-01','2014-02-20 17:25:08','Branch',67,'BillingPeriodRef'),(2213,2,19,2,'Billing 2016-01','2014-02-20 17:25:08','Branch',68,'BillingPeriodRef'),(2214,2,19,2,'Billing 2017-01','2014-02-20 17:25:08','Branch',69,'BillingPeriodRef'),(2215,2,19,2,'Billing 2018-01','2014-02-20 17:25:08','Branch',70,'BillingPeriodRef'),(2216,2,19,2,'Billing 2019-01','2014-02-20 17:25:08','Branch',71,'BillingPeriodRef'),(2217,2,19,2,'Billing 2020-01','2014-02-20 17:25:08','Branch',72,'BillingPeriodRef'),(2218,2,19,2,'Billing 2021-01','2014-02-20 17:25:08','Branch',73,'BillingPeriodRef'),(2219,2,19,2,'Billing 2022-01','2014-02-20 17:25:08','Branch',74,'BillingPeriodRef'),(2220,2,19,2,'Billing 2023-01','2014-02-20 17:25:08','Branch',75,'BillingPeriodRef'),(2221,2,19,2,'last 2','2014-02-20 17:25:29','Branch',NULL,NULL),(2222,2,19,2,'Billing 2014-0888','2014-02-20 17:25:29','Branch',66,'BillingPeriodRef'),(2223,2,19,2,'Billing 2015-01','2014-02-20 17:25:29','Branch',67,'BillingPeriodRef'),(2224,2,19,2,'Billing 2016-01','2014-02-20 17:25:29','Branch',68,'BillingPeriodRef'),(2225,2,19,2,'Billing 2017-01','2014-02-20 17:25:29','Branch',69,'BillingPeriodRef'),(2226,2,19,2,'Billing 2018-01','2014-02-20 17:25:29','Branch',70,'BillingPeriodRef'),(2227,2,19,2,'Billing 2019-01','2014-02-20 17:25:29','Branch',71,'BillingPeriodRef'),(2228,2,19,2,'Billing 2020-01','2014-02-20 17:25:29','Branch',72,'BillingPeriodRef'),(2229,2,19,2,'Billing 2021-01','2014-02-20 17:25:29','Branch',73,'BillingPeriodRef'),(2230,2,19,2,'Billing 2022-01','2014-02-20 17:25:29','Branch',74,'BillingPeriodRef'),(2231,2,19,2,'Billing 2023-01','2014-02-20 17:25:29','Branch',75,'BillingPeriodRef'),(2232,2,19,2,'last 2','2014-02-20 17:34:41','Branch',NULL,NULL),(2233,2,19,2,'Billing 2014-0888','2014-02-20 17:34:41','Branch',66,'BillingPeriodRef'),(2234,2,19,2,'Billing 2015-01','2014-02-20 17:34:41','Branch',67,'BillingPeriodRef'),(2235,2,19,2,'Billing 2016-01','2014-02-20 17:34:41','Branch',68,'BillingPeriodRef'),(2236,2,19,2,'Billing 2017-01','2014-02-20 17:34:41','Branch',69,'BillingPeriodRef'),(2237,2,19,2,'Billing 2018-01','2014-02-20 17:34:41','Branch',70,'BillingPeriodRef'),(2238,2,19,2,'Billing 2019-01','2014-02-20 17:34:41','Branch',71,'BillingPeriodRef'),(2239,2,19,2,'Billing 2020-01','2014-02-20 17:34:41','Branch',72,'BillingPeriodRef'),(2240,2,19,2,'Billing 2021-01','2014-02-20 17:34:41','Branch',73,'BillingPeriodRef'),(2241,2,19,2,'Billing 2022-01','2014-02-20 17:34:41','Branch',74,'BillingPeriodRef'),(2242,2,19,2,'Billing 2023-01','2014-02-20 17:34:41','Branch',75,'BillingPeriodRef'),(2243,2,19,2,'last 2','2014-02-20 17:35:00','Branch',NULL,NULL),(2244,2,19,2,'Billing 2014-0888','2014-02-20 17:35:00','Branch',66,'BillingPeriodRef'),(2245,2,19,2,'Billing 2015-01','2014-02-20 17:35:00','Branch',67,'BillingPeriodRef'),(2246,2,19,2,'Billing 2016-01','2014-02-20 17:35:00','Branch',68,'BillingPeriodRef'),(2247,2,19,2,'Billing 2017-01','2014-02-20 17:35:00','Branch',69,'BillingPeriodRef'),(2248,2,19,2,'Billing 2018-01','2014-02-20 17:35:00','Branch',70,'BillingPeriodRef'),(2249,2,19,2,'Billing 2019-01','2014-02-20 17:35:00','Branch',71,'BillingPeriodRef'),(2250,2,19,2,'Billing 2020-01','2014-02-20 17:35:00','Branch',72,'BillingPeriodRef'),(2251,2,19,2,'Billing 2021-01','2014-02-20 17:35:00','Branch',73,'BillingPeriodRef'),(2252,2,19,2,'Billing 2022-01','2014-02-20 17:35:00','Branch',74,'BillingPeriodRef'),(2253,2,19,2,'Billing 2023-01','2014-02-20 17:35:00','Branch',75,'BillingPeriodRef'),(2254,2,10,2,'300.000','2014-02-21 11:18:20','BandwidthAssignee',NULL,NULL),(2255,2,10,2,'300.000 kbit/s','2014-02-21 11:19:13','BandwidthAssignee',NULL,NULL),(2256,2,5,2,'5454','2014-02-21 16:27:16','ComplexModel',NULL,NULL),(2257,2,26,2,'Super Model XXL Desc','2014-02-21 16:27:55','ComplexModel',NULL,NULL),(2258,2,27,2,'SAR -8 completely equiped','2014-02-21 16:43:23','ComplexModel',NULL,NULL),(2259,2,497,2,'SAR-8_99','2014-02-21 16:45:37','Equipment',NULL,NULL),(2260,2,26,2,'Super Model XXL Desc','2014-02-21 16:50:29','ComplexModel',NULL,NULL),(2261,2,19,2,'S19','2014-02-23 10:47:03','Service',NULL,NULL),(2262,2,19,2,'test','2014-02-23 10:47:03','Service',73,'ServiceCaracs'),(2263,2,19,2,'test','2014-02-23 10:47:03','Service',74,'ServiceCaracs'),(2264,2,19,2,'test','2014-02-23 10:47:03','Service',76,'ServiceCaracs'),(2265,2,10,2,'A1','2014-02-23 10:47:55','ServiceExtremity',NULL,NULL),(2266,2,10,2,'test','2014-02-23 10:47:55','ServiceExtremity',81,'ServiceCaracs'),(2267,2,6,2,'23 : German Customer A','2014-02-23 10:49:22','BillingService',NULL,NULL),(2268,2,6,2,'S19:A1','2014-02-23 10:49:22','BillingService',9,'BillingServiceLine'),(2269,2,6,2,'23 : German Customer A','2014-02-23 10:50:31','BillingService',NULL,NULL),(2270,2,6,2,'S19:A1','2014-02-23 10:50:32','BillingService',9,'BillingServiceLine'),(2271,2,10,2,'A1','2014-02-23 10:52:25','ServiceExtremity',NULL,NULL),(2272,2,10,2,'test','2014-02-23 10:52:25','ServiceExtremity',82,'ServiceCaracs'),(2273,2,19,2,'S19','2014-02-23 10:52:37','Service',NULL,NULL),(2274,2,19,2,'test','2014-02-23 10:52:37','Service',73,'ServiceCaracs'),(2275,2,19,2,'test','2014-02-23 10:52:37','Service',76,'ServiceCaracs'),(2276,2,19,2,'S19','2014-02-23 10:52:56','Service',NULL,NULL),(2277,2,19,2,'test','2014-02-23 10:52:57','Service',73,'ServiceCaracs'),(2278,2,19,2,'test','2014-02-23 10:52:57','Service',76,'ServiceCaracs'),(2279,2,12,2,'C3','2014-02-23 11:03:49','ServiceExtremity',NULL,NULL),(2280,2,12,2,'test','2014-02-23 11:03:49','ServiceExtremity',99,'ServiceCaracs'),(2281,2,19,2,'S19','2014-02-23 11:05:50','Service',NULL,NULL),(2282,2,19,2,'test','2014-02-23 11:05:50','Service',73,'ServiceCaracs'),(2283,2,19,2,'test','2014-02-23 11:05:50','Service',76,'ServiceCaracs'),(2284,2,12,2,'C3','2014-02-24 00:21:21','ServiceExtremity',NULL,NULL),(2285,2,12,2,'test','2014-02-24 00:21:21','ServiceExtremity',99,'ServiceCaracs'),(2286,2,12,2,'C3','2014-02-24 00:25:26','ServiceExtremity',NULL,NULL),(2287,2,12,2,'test','2014-02-24 00:25:26','ServiceExtremity',99,'ServiceCaracs'),(2288,2,12,2,'C3','2014-02-24 00:26:45','ServiceExtremity',NULL,NULL),(2289,2,12,2,'C3','2014-02-24 00:27:31','ServiceExtremity',NULL,NULL),(2290,2,19,2,'S19','2014-02-24 00:45:50','Service',NULL,NULL),(2291,2,19,2,'test','2014-02-24 00:45:50','Service',73,'ServiceCaracs'),(2292,2,19,2,'test','2014-02-24 00:45:50','Service',76,'ServiceCaracs'),(2293,2,19,2,'S19','2014-02-24 00:55:17','Service',NULL,NULL),(2294,2,19,2,'test','2014-02-24 00:55:17','Service',73,'ServiceCaracs'),(2295,2,19,2,'test','2014-02-24 00:55:17','Service',76,'ServiceCaracs'),(2296,2,13,2,'D4','2014-02-24 01:42:22','ServiceExtremity',NULL,NULL),(2297,2,13,2,'D4','2014-02-24 01:43:40','ServiceExtremity',NULL,NULL),(2298,2,10,2,'A1','2014-02-24 01:44:22','ServiceExtremity',NULL,NULL),(2299,2,10,2,'test','2014-02-24 01:44:22','ServiceExtremity',82,'ServiceCaracs'),(2300,2,10,2,'A1','2014-02-24 01:45:07','ServiceExtremity',NULL,NULL),(2301,2,10,2,'A1','2014-02-24 01:45:46','ServiceExtremity',NULL,NULL),(2302,2,10,2,'A1','2014-02-24 01:47:19','ServiceExtremity',NULL,NULL),(2303,2,12,2,'C3','2014-02-24 01:55:43','ServiceExtremity',NULL,NULL),(2304,2,12,2,'test','2014-02-24 01:55:43','ServiceExtremity',100,'ServiceCaracs'),(2305,2,19,2,'S19','2014-02-24 01:55:52','Service',NULL,NULL),(2306,2,19,2,'test','2014-02-24 01:55:52','Service',73,'ServiceCaracs'),(2307,2,19,2,'test','2014-02-24 01:55:52','Service',76,'ServiceCaracs'),(2308,2,10,2,'TETC:TradExtra Talk City','2014-02-24 11:56:00','ProductType',NULL,NULL),(2309,2,11,2,'TETA:TradExtra Talk Area','2014-02-24 11:56:27','ProductType',NULL,NULL),(2310,2,12,2,'TETIA:TradExtra Talk Inter-Area','2014-02-24 11:56:46','ProductType',NULL,NULL),(2311,2,11,2,'TETA:TradExtra Talk Area','2014-02-24 11:57:02','ProductType',NULL,NULL),(2312,2,12,2,'TETIA:TradExtra Talk Inter-Area','2014-02-24 11:57:20','ProductType',NULL,NULL),(2313,2,14,2,'TEOS:TradExtra One system','2014-02-24 11:58:50','ProductType',NULL,NULL),(2314,2,10,2,'TETC:TradExtra Talk City','2014-02-24 12:06:29','ProductType',NULL,NULL),(2315,2,11,2,'TETA:TradExtra Talk Area','2014-02-24 12:07:12','ProductType',NULL,NULL),(2316,2,12,2,'TETIA:TradExtra Talk Inter-Area','2014-02-24 12:07:45','ProductType',NULL,NULL),(2317,2,13,2,'TEP:TradExtra Plug','2014-02-24 12:14:18','ProductType',NULL,NULL),(2318,2,14,2,'TEOS:TradExtra One system','2014-02-24 12:14:36','ProductType',NULL,NULL),(2319,2,19,2,'TEF:TradExtra Fix','2014-02-24 12:15:31','ProductType',NULL,NULL),(2320,2,27,2,'TEDL:TradExtra Datalink','2014-02-24 12:16:42','ProductType',NULL,NULL),(2321,2,15,2,'MET:Metrics','2014-02-24 12:18:08','ProductType',NULL,NULL),(2322,2,7,2,'BUC:Bundle City','2014-02-24 12:19:27','ProductType',NULL,NULL),(2323,2,8,2,'BUA:Bundle Area','2014-02-24 12:19:54','ProductType',NULL,NULL),(2324,2,9,2,'BUI:Bundle Inter-Area','2014-02-24 12:20:17','ProductType',NULL,NULL),(2325,2,4,2,'BC:Business Conference','2014-02-24 12:22:38','ProductType',NULL,NULL),(2326,2,3,2,'TD:Trade Data','2014-02-24 12:23:12','ProductType',NULL,NULL),(2327,2,2,2,'TVI:Trade Voice Intercity','2014-02-24 12:23:34','ProductType',NULL,NULL),(2328,2,1,2,'TVC:Trade Voice City','2014-02-24 12:23:54','ProductType',NULL,NULL),(2329,2,48,2,'Billing Billing Address of German Customer A 70564 STUTTGART','2014-02-24 17:43:33','Address',NULL,NULL),(2330,2,48,2,'98217654','2014-02-24 17:43:33','Address',NULL,'BillingGroup'),(2331,2,48,2,'32165','2014-02-24 17:43:33','Address',NULL,'BillingGroup'),(2332,2,48,2,'65438765','2014-02-24 17:43:33','Address',NULL,'BillingGroup'),(2333,2,21,2,'S21','2014-02-24 19:21:27','Service',NULL,NULL),(2334,2,10,2,'TETC:TradExtra Talk City','2014-02-24 23:20:27','ProductType',NULL,NULL),(2335,2,11,2,'TETA:TradExtra Talk Area','2014-02-24 23:21:02','ProductType',NULL,NULL),(2336,2,14,2,'TEOS:TradExtra One system','2014-02-24 23:21:34','ProductType',NULL,NULL),(2337,2,27,2,'TEDL:TradExtra Datalink','2014-02-24 23:22:02','ProductType',NULL,NULL),(2338,2,19,2,'S19','2014-02-24 23:41:38','Service',NULL,NULL),(2339,2,19,2,'test','2014-02-24 23:41:38','Service',73,'ServiceCaracs'),(2340,2,19,2,'test','2014-02-24 23:41:38','Service',76,'ServiceCaracs'),(2341,2,19,2,'S19','2014-02-24 23:42:47','Service',NULL,NULL),(2342,2,19,2,'test','2014-02-24 23:42:47','Service',73,'ServiceCaracs'),(2343,2,19,2,'test','2014-02-24 23:42:47','Service',76,'ServiceCaracs'),(2344,2,19,2,'S19','2014-02-24 23:44:02','Service',NULL,NULL),(2345,2,19,2,'test','2014-02-24 23:44:02','Service',73,'ServiceCaracs'),(2346,2,19,2,'test','2014-02-24 23:44:02','Service',76,'ServiceCaracs'),(2347,2,19,2,'S19','2014-02-24 23:44:27','Service',NULL,NULL),(2348,2,19,2,'test','2014-02-24 23:44:27','Service',73,'ServiceCaracs'),(2349,2,19,2,'test','2014-02-24 23:44:27','Service',76,'ServiceCaracs'),(2350,2,19,2,'S19','2014-02-24 23:45:16','Service',NULL,NULL),(2351,2,19,2,'test','2014-02-24 23:45:16','Service',73,'ServiceCaracs'),(2352,2,19,2,'test','2014-02-24 23:45:16','Service',76,'ServiceCaracs'),(2353,2,19,2,'S19','2014-02-24 23:45:58','Service',NULL,NULL),(2354,2,19,2,'test','2014-02-24 23:45:58','Service',73,'ServiceCaracs'),(2355,2,19,2,'test','2014-02-24 23:45:58','Service',76,'ServiceCaracs'),(2356,2,12,2,'','2014-02-24 23:47:06','ServiceExtremityTech',NULL,NULL),(2357,2,10,2,'','2014-02-24 23:47:29','ServiceExtremityTech',NULL,NULL),(2358,2,11,2,'','2014-02-24 23:47:49','ServiceExtremityTech',NULL,NULL),(2359,2,13,2,'','2014-02-24 23:48:26','ServiceExtremityTech',NULL,NULL),(2360,2,19,2,'S19','2014-02-24 23:48:35','Service',NULL,NULL),(2361,2,19,2,'test','2014-02-24 23:48:35','Service',73,'ServiceCaracs'),(2362,2,19,2,'test','2014-02-24 23:48:35','Service',76,'ServiceCaracs'),(2363,2,10,2,'','2014-02-24 23:48:54','ServiceExtremityTech',NULL,NULL),(2364,2,19,2,'S19','2014-02-24 23:49:31','Service',NULL,NULL),(2365,2,19,2,'S19','2014-02-25 00:03:23','Service',NULL,NULL),(2366,2,19,2,'S19','2014-02-25 00:09:02','Service',NULL,NULL),(2367,2,19,2,'S19','2014-02-25 00:09:42','Service',NULL,NULL),(2368,2,19,2,'S19','2014-02-25 00:09:51','Service',NULL,NULL),(2369,2,19,2,'test','2014-02-25 00:09:51','Service',73,'ServiceCaracs'),(2370,2,19,2,'test','2014-02-25 00:09:51','Service',76,'ServiceCaracs'),(2371,2,19,2,'S19','2014-02-25 00:10:11','Service',NULL,NULL),(2372,2,19,2,'test','2014-02-25 00:10:11','Service',73,'ServiceCaracs'),(2373,2,19,2,'test','2014-02-25 00:10:11','Service',76,'ServiceCaracs'),(2374,2,19,2,'S19','2014-02-25 00:12:07','Service',NULL,NULL),(2375,2,19,2,'test','2014-02-25 00:12:07','Service',73,'ServiceCaracs'),(2376,2,19,2,'test','2014-02-25 00:12:07','Service',76,'ServiceCaracs'),(2377,2,19,2,'S19','2014-02-25 00:16:07','Service',NULL,NULL),(2378,2,19,2,'test','2014-02-25 00:16:07','Service',73,'ServiceCaracs'),(2379,2,19,2,'test','2014-02-25 00:16:07','Service',76,'ServiceCaracs'),(2380,2,35,2,'LL35','2014-02-25 14:56:57','LocalLoop',NULL,NULL),(2381,2,101,2,'A1New','2014-02-25 14:57:05','LocalLoopExtremity',NULL,NULL),(2382,2,35,2,'LL35','2014-02-25 14:57:44','LocalLoop',NULL,NULL),(2383,2,102,2,'B2New','2014-02-25 14:58:33','LocalLoopExtremity',NULL,NULL),(2384,2,47,2,'LL47','2014-02-25 14:58:37','LocalLoop',NULL,NULL),(2385,2,90,2,'B2','2014-02-25 14:59:20','LocalLoopExtremity',NULL,NULL),(2386,2,47,2,'LL47','2014-02-25 14:59:24','LocalLoop',NULL,NULL),(2387,2,47,2,'LL47','2014-02-25 14:59:53','LocalLoop',NULL,NULL),(2388,2,102,2,'B2New','2014-02-25 15:00:12','LocalLoopExtremity',NULL,NULL),(2389,2,47,2,'LL47','2014-02-25 15:00:15','LocalLoop',NULL,NULL),(2390,2,47,2,'LL47','2014-02-25 15:00:36','LocalLoop',NULL,NULL),(2391,2,102,2,'B2New','2014-02-25 15:00:50','LocalLoopExtremity',NULL,NULL),(2392,2,47,2,'LL47','2014-02-25 15:00:57','LocalLoop',NULL,NULL),(2393,2,100,2,'IKNOWEVERYTHING Yeswecan','2014-02-25 15:01:14','LocalLoopExtremityTech',NULL,NULL),(2394,2,47,2,'LL47','2014-02-25 15:01:27','LocalLoop',NULL,NULL),(2395,2,47,2,'LL47','2014-02-25 15:21:28','LocalLoop',NULL,NULL),(2396,2,103,2,'A1New','2014-02-25 15:22:59','LocalLoopExtremity',NULL,NULL),(2397,2,47,2,'LL47','2014-02-25 15:23:03','LocalLoop',NULL,NULL),(2398,2,47,2,'LL47','2014-02-25 15:42:39','LocalLoop',NULL,NULL),(2399,2,15,2,'A1','2014-02-25 16:09:01','ServiceExtremity',NULL,NULL),(2400,2,23,2,'S23','2014-02-25 16:10:17','Service',NULL,NULL),(2401,2,23,2,'test','2014-02-25 16:10:17','Service',151,'ServiceCaracs'),(2402,2,23,2,'test','2014-02-25 16:10:17','Service',154,'ServiceCaracs'),(2403,2,7,2,'23 : German Customer A','2014-02-25 16:21:01','BillingService',NULL,NULL),(2404,2,7,2,'S23:A1','2014-02-25 16:21:01','BillingService',10,'BillingServiceLine'),(2405,2,23,2,'S23','2014-02-25 16:21:04','Service',NULL,NULL),(2406,2,23,2,'test','2014-02-25 16:21:04','Service',151,'ServiceCaracs'),(2407,2,23,2,'test','2014-02-25 16:21:04','Service',154,'ServiceCaracs'),(2408,2,23,2,'S23','2014-02-25 16:21:55','Service',NULL,NULL),(2409,2,23,2,'test','2014-02-25 16:21:55','Service',151,'ServiceCaracs'),(2410,2,23,2,'test','2014-02-25 16:21:55','Service',152,'ServiceCaracs'),(2411,2,23,2,'test','2014-02-25 16:21:55','Service',154,'ServiceCaracs'),(2412,2,15,2,'A1','2014-02-25 16:22:20','ServiceExtremity',NULL,NULL),(2413,2,15,2,'test','2014-02-25 16:22:20','ServiceExtremity',170,'ServiceCaracs'),(2414,2,23,2,'S23','2014-02-25 16:22:32','Service',NULL,NULL),(2415,2,23,2,'test','2014-02-25 16:22:32','Service',151,'ServiceCaracs'),(2416,2,23,2,'test','2014-02-25 16:22:32','Service',154,'ServiceCaracs'),(2417,2,15,2,'A1','2014-02-25 16:22:55','ServiceExtremity',NULL,NULL),(2418,2,15,2,'test','2014-02-25 16:22:55','ServiceExtremity',171,'ServiceCaracs'),(2419,2,23,2,'S23','2014-02-25 16:23:16','Service',NULL,NULL),(2420,2,23,2,'test','2014-02-25 16:23:16','Service',151,'ServiceCaracs'),(2421,2,23,2,'test','2014-02-25 16:23:16','Service',154,'ServiceCaracs'),(2422,2,23,2,'S23','2014-02-25 16:23:27','Service',NULL,NULL),(2423,2,23,2,'test','2014-02-25 16:23:27','Service',151,'ServiceCaracs'),(2424,2,23,2,'test','2014-02-25 16:23:27','Service',154,'ServiceCaracs'),(2425,2,15,2,'','2014-02-25 16:24:31','ServiceExtremityTech',NULL,NULL),(2426,2,15,2,'test','2014-02-25 16:24:31','ServiceExtremityTech',178,'ServiceCaracs'),(2427,2,16,2,'','2014-02-25 16:24:50','ServiceExtremityTech',NULL,NULL),(2428,2,16,2,'test','2014-02-25 16:24:50','ServiceExtremityTech',179,'ServiceCaracs'),(2429,2,23,2,'S23','2014-02-25 16:24:53','Service',NULL,NULL),(2430,2,23,2,'test','2014-02-25 16:24:54','Service',151,'ServiceCaracs'),(2431,2,23,2,'test','2014-02-25 16:24:54','Service',154,'ServiceCaracs'),(2432,2,23,2,'S23','2014-02-25 16:25:04','Service',NULL,NULL),(2433,2,23,2,'test','2014-02-25 16:25:05','Service',151,'ServiceCaracs'),(2434,2,23,2,'test','2014-02-25 16:25:05','Service',154,'ServiceCaracs'),(2435,2,452,2,'GFGG','2014-02-25 16:46:29','Equipment',NULL,NULL),(2436,2,452,2,'GFGG','2014-02-25 16:46:43','Equipment',NULL,NULL),(2437,2,452,2,'GFGG','2014-02-25 16:51:56','Equipment',NULL,NULL),(2438,2,50,2,'LL50','2014-02-26 13:16:03','LocalLoop',NULL,NULL),(2439,2,37,2,'BB37:','2014-02-26 13:21:25','BackboneLink',NULL,NULL),(2440,2,37,2,'BB37:','2014-02-26 13:22:06','BackboneLink',NULL,NULL),(2441,2,19,2,'S19','2014-02-28 12:01:14','Service',NULL,NULL),(2442,2,19,2,'test','2014-02-28 12:01:14','Service',73,'ServiceCaracs'),(2443,2,19,2,'test','2014-02-28 12:01:14','Service',76,'ServiceCaracs'),(2444,2,19,2,'S19','2014-02-28 12:01:57','Service',NULL,NULL),(2445,2,19,2,'test','2014-02-28 12:01:57','Service',73,'ServiceCaracs'),(2446,2,19,2,'test','2014-02-28 12:01:57','Service',76,'ServiceCaracs'),(2447,2,19,2,'S19','2014-02-28 12:03:57','Service',NULL,NULL),(2448,2,19,2,'test','2014-02-28 12:03:57','Service',73,'ServiceCaracs'),(2449,2,19,2,'test','2014-02-28 12:03:57','Service',76,'ServiceCaracs'),(2450,2,19,2,'S19','2014-02-28 12:04:18','Service',NULL,NULL),(2451,2,19,2,'test','2014-02-28 12:04:18','Service',73,'ServiceCaracs'),(2452,2,19,2,'test','2014-02-28 12:04:18','Service',76,'ServiceCaracs'),(2453,2,19,2,'S19','2014-02-28 12:06:07','Service',NULL,NULL),(2454,2,19,2,'test','2014-02-28 12:06:07','Service',73,'ServiceCaracs'),(2455,2,19,2,'test','2014-02-28 12:06:07','Service',76,'ServiceCaracs'),(2456,2,1,2,'TVC:Trade Voice City','2014-02-28 16:34:31','ProductType',NULL,NULL),(2457,2,2,2,'TVI:Trade Voice Intercity','2014-02-28 16:34:46','ProductType',NULL,NULL),(2458,2,3,2,'TD:Trade Data','2014-02-28 16:35:07','ProductType',NULL,NULL),(2459,2,4,2,'BC:Business Conference','2014-02-28 16:35:34','ProductType',NULL,NULL),(2460,2,5,2,'NVA:NetRecova','2014-02-28 16:35:58','ProductType',NULL,NULL),(2461,2,13,2,'TEP:TradExtra Plug','2014-02-28 16:36:48','ProductType',NULL,NULL),(2462,2,14,2,'TEOS:TradExtra One system','2014-02-28 16:37:29','ProductType',NULL,NULL),(2463,2,16,2,'RA:Remote Access','2014-02-28 16:37:47','ProductType',NULL,NULL),(2464,2,17,2,'LLSCR:Live-Live Smart Call Routing','2014-02-28 16:38:14','ProductType',NULL,NULL),(2465,2,11,2,'TETA:TradExtra Talk Area','2014-02-28 16:38:45','ProductType',NULL,NULL),(2466,2,18,2,'FTSSCR:Follow-The-Sun Smart Call Routing','2014-02-28 16:39:26','ProductType',NULL,NULL),(2467,2,19,2,'TEF:TradExtra Fix','2014-02-28 16:40:02','ProductType',NULL,NULL),(2468,2,22,2,'FLCN:Flexible Connect','2014-02-28 16:40:29','ProductType',NULL,NULL),(2469,2,23,2,'FLRE:Flexible Retrieve','2014-02-28 16:40:50','ProductType',NULL,NULL),(2470,2,27,2,'TEDL:TradExtra Datalink','2014-02-28 16:41:17','ProductType',NULL,NULL),(2471,2,81,2,'A1','2014-02-28 16:42:09','BackboneLinkExtremity',NULL,NULL),(2472,2,82,2,'B2','2014-02-28 16:42:26','BackboneLinkExtremity',NULL,NULL),(2473,2,45,2,'BB45:','2014-02-28 16:42:32','BackboneLink',NULL,NULL),(2474,2,21,2,'BB45::','2014-02-28 17:26:40','CostingBackboneLinkLine',NULL,NULL),(2475,2,45,2,'BB45:','2014-02-28 17:26:56','BackboneLink',NULL,NULL),(2476,2,45,2,'BB45:','2014-02-28 17:34:20','BackboneLink',NULL,NULL),(2477,2,19,2,'S19','2014-02-28 20:27:48','Service',NULL,NULL),(2478,2,19,2,'test','2014-02-28 20:27:49','Service',73,'ServiceCaracs'),(2479,2,19,2,'test','2014-02-28 20:27:49','Service',76,'ServiceCaracs'),(2480,2,19,2,'S19','2014-02-28 20:28:14','Service',NULL,NULL),(2481,2,19,2,'test','2014-02-28 20:28:14','Service',73,'ServiceCaracs'),(2482,2,19,2,'test','2014-02-28 20:28:14','Service',76,'ServiceCaracs'),(2483,2,12,2,'','2014-02-28 21:41:11','ServiceExtremityTech',NULL,NULL),(2484,2,11,2,'','2014-02-28 21:41:33','ServiceExtremityTech',NULL,NULL),(2485,2,13,2,'','2014-02-28 21:42:05','ServiceExtremityTech',NULL,NULL),(2486,2,19,2,'S19','2014-02-28 21:42:16','Service',NULL,NULL),(2487,2,19,2,'test','2014-02-28 21:42:16','Service',73,'ServiceCaracs'),(2488,2,19,2,'test','2014-02-28 21:42:16','Service',76,'ServiceCaracs'),(2489,2,10,2,'','2014-02-28 21:43:04','ServiceExtremityTech',NULL,NULL),(2490,2,19,2,'S19','2014-02-28 21:43:28','Service',NULL,NULL),(2491,2,19,2,'test','2014-02-28 21:43:28','Service',73,'ServiceCaracs'),(2492,2,19,2,'test','2014-02-28 21:43:28','Service',76,'ServiceCaracs'),(2493,2,19,2,'S19','2014-02-28 21:47:28','Service',NULL,NULL),(2494,2,19,2,'test','2014-02-28 21:47:29','Service',73,'ServiceCaracs'),(2495,2,19,2,'test','2014-02-28 21:47:29','Service',76,'ServiceCaracs'),(2496,2,49,2,'LL49','2014-02-28 21:51:01','LocalLoop',NULL,NULL),(2497,2,49,2,'LL49','2014-02-28 21:51:43','LocalLoop',NULL,NULL),(2498,2,49,2,'LL49','2014-02-28 21:52:04','LocalLoop',NULL,NULL),(2499,2,1,2,'TVC:Trade Voice City','2014-03-04 14:10:36','ProductType',NULL,NULL),(2500,2,27,2,'TEDL:TradExtra Datalink','2014-03-04 14:20:46','ProductType',NULL,NULL),(2501,2,16,2,'RA:Remote Access','2014-03-06 17:02:24','ProductType',NULL,NULL),(2502,2,24,2,'BRS30:BET Remote System (Gateway 30 channels)','2014-03-06 17:03:37','ProductType',NULL,NULL),(2503,2,26,2,'BRT:BET Remote Turret (Etranet Remote Trading)','2014-03-06 17:03:49','ProductType',NULL,NULL),(2504,2,25,2,'BRS64:BET Remote System (Gateway 64)','2014-03-06 17:04:01','ProductType',NULL,NULL),(2505,2,5,2,'NVA:NetRecova','2014-03-06 17:05:19','ProductType',NULL,NULL),(2506,2,6,2,'TEM:TradExtra Membership','2014-03-06 17:05:48','ProductType',NULL,NULL),(2507,2,5,2,'NVA:NetRecova','2014-03-06 17:06:53','ProductType',NULL,NULL),(2508,2,7,2,'BUC:Bundle City','2014-03-06 17:09:03','ProductType',NULL,NULL),(2509,2,8,2,'BUA:Bundle Area','2014-03-06 17:09:38','ProductType',NULL,NULL),(2510,2,9,2,'BUI:Bundle Inter-Area','2014-03-06 17:09:53','ProductType',NULL,NULL),(2511,2,10,2,'TETC:TradExtra Talk City','2014-03-06 17:10:10','ProductType',NULL,NULL),(2512,2,11,2,'TETA:TradExtra Talk Area','2014-03-06 17:10:29','ProductType',NULL,NULL),(2513,2,12,2,'TETIA:TradExtra Talk Inter-Area','2014-03-06 17:10:42','ProductType',NULL,NULL),(2514,2,4,2,'BC:Business Conference','2014-03-06 17:12:18','ProductType',NULL,NULL),(2515,2,7,2,'BUC:Bundle City','2014-03-06 17:13:07','ProductType',NULL,NULL),(2516,2,8,2,'BUA:Bundle Area','2014-03-06 17:13:19','ProductType',NULL,NULL),(2517,2,9,2,'BUI:Bundle Inter-Area','2014-03-06 17:13:32','ProductType',NULL,NULL),(2518,2,27,2,'TEDL:TradExtra Datalink','2014-03-06 17:14:23','ProductType',NULL,NULL),(2519,2,20,2,'FLT:Flexible Trading','2014-03-06 17:14:56','ProductType',NULL,NULL),(2520,2,10,2,'S','2014-03-06 17:19:14','Service',NULL,NULL),(2521,2,4,2,'BC:Business Conference','2014-03-06 17:22:39','ProductType',NULL,NULL),(2522,2,5,2,'NVA:NetRecova','2014-03-06 17:22:52','ProductType',NULL,NULL),(2523,2,27,2,'TEDL:TradExtra Datalink','2014-03-06 17:23:54','ProductType',NULL,NULL),(2524,2,44,2,'Netrecova ref','2014-03-07 08:06:07','ProductCaracs',NULL,NULL),(2525,2,21,2,'FLTU:Flexible Turrets','2014-03-07 08:16:48','ProductType',NULL,NULL),(2526,2,22,2,'FLCN:Flexible Connect','2014-03-07 08:17:19','ProductType',NULL,NULL),(2527,2,14,2,'TEOS:TradExtra One system','2014-03-07 08:18:21','ProductType',NULL,NULL),(2528,2,19,2,'TEF:TradExtra Fix','2014-03-07 08:19:12','ProductType',NULL,NULL),(2529,2,15,2,'MET:Metrics','2014-03-07 08:20:59','ProductType',NULL,NULL),(2530,2,13,2,'TEP:TradExtra Plug','2014-03-07 08:22:21','ProductType',NULL,NULL),(2531,2,27,2,'TEDL:TradExtra Datalink','2014-03-07 08:22:51','ProductType',NULL,NULL),(2532,2,7,2,'BUC:Bundle City','2014-03-07 08:23:36','ProductType',NULL,NULL),(2533,2,8,2,'BUA:Bundle Area','2014-03-07 08:24:04','ProductType',NULL,NULL),(2534,2,9,2,'BUI:Bundle Inter-Area','2014-03-07 08:24:32','ProductType',NULL,NULL),(2535,2,4,2,'BC:Business Conference','2014-03-07 08:24:51','ProductType',NULL,NULL),(2536,2,3,2,'TD:Trade Data','2014-03-07 08:25:16','ProductType',NULL,NULL),(2537,2,2,2,'TVI:Trade Voice Intercity','2014-03-07 08:25:33','ProductType',NULL,NULL),(2538,2,10,2,'TETC:TradExtra Talk City','2014-03-07 08:26:28','ProductType',NULL,NULL),(2539,2,11,2,'TETA:TradExtra Talk Area','2014-03-07 08:26:54','ProductType',NULL,NULL),(2540,2,12,2,'TETIA:TradExtra Talk Inter-Area','2014-03-07 08:27:13','ProductType',NULL,NULL),(2541,2,50,2,'Flexible trading ref','2014-03-07 10:29:22','ProductCaracs',NULL,NULL),(2542,2,46,2,'Membership ref','2014-03-07 10:31:46','ProductCaracs',NULL,NULL),(2543,2,44,2,'Netrecova ref','2014-03-07 10:32:56','ProductCaracs',NULL,NULL),(2544,2,50,2,'Flexible trading ref','2014-03-07 10:33:26','ProductCaracs',NULL,NULL),(2545,2,43,2,'BB43:','2014-03-10 11:33:09','BackboneLink',NULL,NULL),(2546,2,77,2,'B2New','2014-03-10 11:33:33','BackboneLinkExtremity',NULL,NULL),(2547,2,43,2,'BB43:','2014-03-10 11:33:42','BackboneLink',NULL,NULL),(2548,2,77,2,'B2New','2014-03-10 11:34:39','BackboneLinkExtremity',NULL,NULL),(2549,2,43,2,'BB43:','2014-03-10 11:34:52','BackboneLink',NULL,NULL),(2550,2,43,2,'BB43:','2014-03-10 11:35:08','BackboneLink',NULL,NULL),(2551,2,77,2,'B2New','2014-03-10 11:35:58','BackboneLinkExtremity',NULL,NULL),(2552,2,69,2,'SPEEDO ALONSO','2014-03-10 11:36:18','BackboneLinkExtremityTech',NULL,NULL),(2553,2,43,2,'BB43:','2014-03-10 11:36:41','BackboneLink',NULL,NULL),(2554,2,7,2,'BDL:Bundle City','2014-03-10 12:37:16','ProductType',NULL,NULL),(2555,2,8,2,'BDL:Bundle Area','2014-03-10 12:37:31','ProductType',NULL,NULL),(2556,2,9,2,'BDL:Bundle Inter-Area','2014-03-10 12:37:47','ProductType',NULL,NULL),(2557,2,6,2,'MSP:TradExtra Membership','2014-03-10 12:38:02','ProductType',NULL,NULL),(2558,2,5,2,'RCV:NetRecova','2014-03-10 12:38:18','ProductType',NULL,NULL),(2559,2,4,2,'BCO:Business Conference','2014-03-10 12:38:41','ProductType',NULL,NULL),(2560,2,27,2,'PMP:TradExtra Datalink','2014-03-10 12:39:17','ProductType',NULL,NULL),(2561,2,21,2,'FTU:Flexible Turrets','2014-03-10 12:39:53','ProductType',NULL,NULL),(2562,2,20,2,'FTR:Flexible Trading','2014-03-10 12:40:31','ProductType',NULL,NULL),(2563,2,17,2,'SCR:Live-Live Smart Call Routing','2014-03-10 12:40:45','ProductType',NULL,NULL),(2564,2,18,2,'SCR:Follow-The-Sun Smart Call Routing','2014-03-10 12:40:59','ProductType',NULL,NULL),(2565,2,23,2,'BCOF23','2014-03-10 13:10:47','Service',NULL,NULL),(2566,2,23,2,'test','2014-03-10 13:10:47','Service',151,'ServiceCaracs'),(2567,2,23,2,'test','2014-03-10 13:10:47','Service',154,'ServiceCaracs'),(2568,2,13,2,'F_PARAUB_345 : POP Paris Aubervilliers','2014-03-10 15:55:42','Pop',NULL,NULL),(2569,2,5,2,'EQUINIX GERMANY','2014-03-10 16:00:48','CostingPop',NULL,NULL),(2570,2,NULL,2,'COLT Frankfurt','2014-03-10 16:06:30','CostingPop',NULL,NULL),(2571,2,NULL,2,'COLT Frankfurt','2014-03-10 16:14:28','CostingPop',NULL,NULL),(2572,2,NULL,2,'COLT Frankfurt','2014-03-10 16:16:12','CostingPop',NULL,NULL),(2573,2,NULL,2,'COLT Frankfurt','2014-03-10 16:17:01','CostingPop',NULL,NULL),(2574,2,NULL,2,'COLT Frankfurt','2014-03-10 16:18:46','CostingPop',NULL,NULL),(2575,2,NULL,2,'COLT Frankfurt','2014-03-10 16:20:25','CostingPop',NULL,NULL),(2576,2,NULL,2,'COLT Frankfurt','2014-03-10 16:24:08','CostingPop',NULL,NULL),(2577,2,NULL,2,'COLT Frankfurt','2014-03-10 16:24:52','CostingPop',NULL,NULL),(2578,2,NULL,2,'COLT Frankfurt','2014-03-10 16:26:23','CostingPop',NULL,NULL),(2579,2,NULL,2,'COLT Frankfurt','2014-03-10 16:29:14','CostingPop',NULL,NULL),(2580,2,NULL,2,'COLT Frankfurt','2014-03-10 16:31:00','CostingPop',NULL,NULL),(2581,2,NULL,2,'COLT Frankfurt','2014-03-10 16:31:50','CostingPop',NULL,NULL),(2582,2,NULL,2,'COLT Frankfurt','2014-03-10 16:35:28','CostingPop',NULL,NULL),(2583,2,NULL,2,'COLT Frankfurt','2014-03-10 16:38:34','CostingPop',NULL,NULL),(2584,2,NULL,2,'COLT Frankfurt','2014-03-10 16:40:09','CostingPop',NULL,NULL),(2585,2,NULL,2,'COLT Frankfurt','2014-03-10 16:42:40','CostingPop',NULL,NULL),(2586,2,NULL,2,'COLT Frankfurt','2014-03-10 16:44:43','CostingPop',NULL,NULL),(2587,2,NULL,2,'COLT Frankfurt','2014-03-10 16:46:04','CostingPop',NULL,NULL),(2588,2,NULL,2,'COLT Frankfurt','2014-03-10 16:46:48','CostingPop',NULL,NULL),(2589,2,NULL,2,'COLT Frankfurt','2014-03-10 16:47:56','CostingPop',NULL,NULL),(2590,2,NULL,2,'COLT Frankfurt','2014-03-10 16:58:02','CostingPop',NULL,NULL),(2591,2,NULL,2,'EQUINIX GERMANY','2014-03-10 17:11:48','CostingPop',NULL,NULL),(2592,2,NULL,2,'EQUINIX GERMANY','2014-03-10 17:12:18','CostingPop',NULL,NULL),(2593,1,9,2,'dfgdfgdgdg 45455 Perl Harbour England','2014-03-10 17:24:25','AddressPop',NULL,NULL),(2594,2,10,2,'54545 5454 LONDON Troie','2014-03-10 17:53:41','AddressPop',NULL,NULL),(2595,1,NULL,2,'545454 565656 Perl Harbour England','2014-03-10 18:13:42','AddressPop',NULL,NULL),(2596,1,NULL,2,'54545 4545 LONDON England','2014-03-10 18:14:54','AddressPop',NULL,NULL),(2597,1,14,2,'54545 4545 LONDON England','2014-03-10 18:16:15','AddressPop',NULL,NULL),(2598,1,15,2,'gfgfdhdfh 855 LONDON England','2014-03-10 18:18:29','AddressPop',NULL,NULL);

--
