--
-- Host: localhost    Database: ginang
-- ------------------------------------------------------


--
-- Table structure for table `BackboneLinkTransactions`
--

CREATE TABLE `BackboneLinkTransactions` (
  `id_backbone_link_transactions` int(11) NOT NULL AUTO_INCREMENT,
  `id_transaction_type` int(11) DEFAULT NULL,
  `id_transaction_status` int(11) DEFAULT NULL,
  `dt_create` datetime DEFAULT NULL,
  `cd_extremity_ref` varchar(45) COLLATE utf8_unicode_ci DEFAULT NULL,
  `id_backbone_link` int(11) DEFAULT NULL,
  `lb_operation` varchar(45) COLLATE utf8_unicode_ci DEFAULT NULL,
  PRIMARY KEY (`id_backbone_link_transactions`),
  KEY `IDX_A842D8178D173C59` (`id_transaction_type`),
  KEY `IDX_A842D8178E5FA5F3` (`id_transaction_status`),
  KEY `IDX_A842D817D9707BB8` (`id_backbone_link`),
  CONSTRAINT `FK_A842D8178D173C59` FOREIGN KEY (`id_transaction_type`) REFERENCES `TransactionType` (`id_transaction_type`),
  CONSTRAINT `FK_A842D8178E5FA5F3` FOREIGN KEY (`id_transaction_status`) REFERENCES `TransactionStatus` (`id_transaction_status`),
  CONSTRAINT `FK_A842D817D9707BB8` FOREIGN KEY (`id_backbone_link`) REFERENCES `backbone_link` (`id_backbone_link`)
) ENGINE=InnoDB AUTO_INCREMENT=171 DEFAULT CHARSET=utf8 COLLATE=utf8_unicode_ci;

--
-- Dumping data for table `BackboneLinkTransactions`
--


--
-- Table structure for table `LocalLoopTransactions`
--

CREATE TABLE `LocalLoopTransactions` (
  `id_local_loop_transactions` int(11) NOT NULL AUTO_INCREMENT,
  `id_transaction_type` int(11) DEFAULT NULL,
  `id_transaction_status` int(11) DEFAULT NULL,
  `id_local_loop` int(11) DEFAULT NULL,
  `dt_create` datetime DEFAULT NULL,
  `cd_extremity_ref` varchar(45) COLLATE utf8_unicode_ci DEFAULT NULL,
  `lb_operation` varchar(45) COLLATE utf8_unicode_ci DEFAULT NULL,
  PRIMARY KEY (`id_local_loop_transactions`),
  KEY `IDX_81D0BB3C8D173C59` (`id_transaction_type`),
  KEY `IDX_81D0BB3C8E5FA5F3` (`id_transaction_status`),
  KEY `IDX_81D0BB3C38CAF7EA` (`id_local_loop`),
  CONSTRAINT `FK_81D0BB3C38CAF7EA` FOREIGN KEY (`id_local_loop`) REFERENCES `local_loop` (`id_local_loop`),
  CONSTRAINT `FK_81D0BB3C8D173C59` FOREIGN KEY (`id_transaction_type`) REFERENCES `TransactionType` (`id_transaction_type`),
  CONSTRAINT `FK_81D0BB3C8E5FA5F3` FOREIGN KEY (`id_transaction_status`) REFERENCES `TransactionStatus` (`id_transaction_status`)
) ENGINE=InnoDB AUTO_INCREMENT=268 DEFAULT CHARSET=utf8 COLLATE=utf8_unicode_ci;

--
-- Dumping data for table `LocalLoopTransactions`
--


--
-- Table structure for table `PreferenceColonne`
--

CREATE TABLE `PreferenceColonne` (
  `id` int(11) NOT NULL AUTO_INCREMENT,
  `id_user` int(11) DEFAULT NULL,
  `entite` varchar(255) COLLATE utf8_unicode_ci NOT NULL,
  `colonne` varchar(255) COLLATE utf8_unicode_ci NOT NULL,
  `visible` tinyint(1) NOT NULL,
  `position` int(11) NOT NULL,
  PRIMARY KEY (`id`),
  KEY `IDX_2154553E6B3CA4B` (`id_user`),
  CONSTRAINT `FK_2154553E6B3CA4B` FOREIGN KEY (`id_user`) REFERENCES `myuser` (`id`)
) ENGINE=InnoDB AUTO_INCREMENT=9226 DEFAULT CHARSET=utf8 COLLATE=utf8_unicode_ci;

--
-- Dumping data for table `PreferenceColonne`
--

INSERT INTO `PreferenceColonne` VALUES (7896,2,'Branch','idBranch',1,1),(7897,2,'Branch','col-actions',1,2),(7898,2,'Branch','cdBranch',1,3),(7899,2,'Branch','lbBranch',1,4),(7900,2,'Branch','idAddressSimple',1,5),(7901,2,'Branch','idBranchCluster',1,6),(7902,2,'Branch','blDeactivated',1,7),(7903,2,'NoticePeriod','idNoticePeriod',1,1),(7904,2,'NoticePeriod','col-actions',1,2),(7905,2,'NoticePeriod','cdNoticePeriod',1,3),(7906,2,'NoticePeriod','lbNoticePeriod',1,4),(7921,2,'CompanyType','col-actions',1,1),(7922,2,'CompanyType','idCompanyType',1,2),(7923,2,'CompanyType','cdCompanyType',1,3),(7924,2,'CompanyType','lbCompanyType',1,4),(7925,2,'CompanyType','blDeactivated',1,5),(7926,2,'CompanyType','dtCreate',1,6),(7927,2,'CompanyType','dtUpdate',1,7),(8253,2,'BackboneLink','col-actions',1,1),(8254,2,'BackboneLink','idBackboneLink',1,2),(8255,2,'BackboneLink','cdBackboneLink',1,3),(8256,2,'BackboneLink','lbBackboneLink',1,4),(8257,2,'BackboneLink','idTransactionStatus',1,5),(8258,2,'BackboneLink','cdTechnicalRef',1,6),(8259,2,'BackboneLink','dtCreate',1,7),(8260,2,'BackboneLink','blDeactivated',1,8),(8485,2,'Provider','idProvider',1,1),(8486,2,'Provider','cdProvider',1,2),(8487,2,'Provider','lbProvider',1,3),(8488,2,'Provider','nbContractualPeriod',1,4),(8489,2,'Provider','cdProviderAccount',1,5),(8490,2,'Provider','idNoticePeriod',1,6),(8491,2,'Provider','carrierName',1,7),(8492,2,'Provider','idCountryProviderGroup',1,8),(8493,2,'Provider','idCompanyType',1,9),(8494,2,'Provider','idBillingFrequency',1,10),(8495,2,'Provider','idCurrency',1,11),(8496,2,'Provider','blDeactivated',1,12),(8497,2,'Provider','dtCreate',1,13),(8498,2,'Provider','dtUpdate',1,14),(8527,2,'LocalLoop','col-actions',1,1),(8528,2,'LocalLoop','idLocalLoop',1,2),(8529,2,'LocalLoop','cdLocalLoop',1,3),(8530,2,'LocalLoop','idTransactionStatus',1,4),(8531,2,'LocalLoop','cdTechnicalRef',1,5),(8532,2,'LocalLoop','dtCreate',1,6),(8533,2,'LocalLoop','blDeactivated',1,7),(9059,2,'Customer','col-actions',1,1),(9060,2,'Customer','idBranch',1,2),(9061,2,'Customer','idCustomer',1,3),(9062,2,'Customer','cdMagellan',1,4),(9063,2,'Customer','cdCustomer',1,5),(9064,2,'Customer','idCustomerManager',1,6),(9065,2,'Customer','lbCustomer',1,7),(9066,2,'Customer','idCustomerNature',1,8),(9067,2,'Customer','idFirmType',1,9),(9068,2,'Customer','idAccountManager',1,10),(9069,2,'Customer','idActivity',1,11),(9070,2,'Customer','blDeactivated',1,12),(9071,2,'Customer','dtDeactivated',1,13),(9072,2,'Customer','dtCreate',1,14),(9073,2,'Customer','dtUpdate',1,15),(9218,2,'Service','col-actions',1,1),(9219,2,'Service','idService',1,2),(9220,2,'Service','cdService',1,3),(9221,2,'Service','idProduct',1,4),(9222,2,'Service','idTransactionStatus',1,5),(9223,2,'Service','dtCreate',1,6),(9224,2,'Service','blDeactivated',1,7),(9225,2,'Service','col-actions',1,8);

--
-- Table structure for table `ServiceTransactions`
--

CREATE TABLE `ServiceTransactions` (
  `id_service_transactions` int(11) NOT NULL AUTO_INCREMENT,
  `id_transaction_type` int(11) DEFAULT NULL,
  `id_transaction_status` int(11) DEFAULT NULL,
  `id_service` int(11) DEFAULT NULL,
  `dt_create` datetime DEFAULT NULL,
  `cd_extremity_ref` varchar(45) COLLATE utf8_unicode_ci DEFAULT NULL,
  `lb_operation` varchar(45) COLLATE utf8_unicode_ci DEFAULT NULL,
  PRIMARY KEY (`id_service_transactions`),
  KEY `IDX_463A23F28D173C59` (`id_transaction_type`),
  KEY `IDX_463A23F28E5FA5F3` (`id_transaction_status`),
  KEY `IDX_463A23F23F0033A2` (`id_service`),
  CONSTRAINT `FK_463A23F23F0033A2` FOREIGN KEY (`id_service`) REFERENCES `service` (`id_service`),
  CONSTRAINT `FK_463A23F28D173C59` FOREIGN KEY (`id_transaction_type`) REFERENCES `TransactionType` (`id_transaction_type`),
  CONSTRAINT `FK_463A23F28E5FA5F3` FOREIGN KEY (`id_transaction_status`) REFERENCES `TransactionStatus` (`id_transaction_status`)
) ENGINE=InnoDB AUTO_INCREMENT=249 DEFAULT CHARSET=utf8 COLLATE=utf8_unicode_ci;

--
-- Dumping data for table `ServiceTransactions`
--


--
-- Table structure for table `TransactionStatus`
--

CREATE TABLE `TransactionStatus` (
  `id_transaction_status` int(11) NOT NULL AUTO_INCREMENT,
  `lb_transaction_status` varchar(45) COLLATE utf8_unicode_ci DEFAULT NULL,
  PRIMARY KEY (`id_transaction_status`)
) ENGINE=InnoDB AUTO_INCREMENT=109 DEFAULT CHARSET=utf8 COLLATE=utf8_unicode_ci;

--
-- Dumping data for table `TransactionStatus`
--

INSERT INTO `TransactionStatus` VALUES (0,'BB start'),(1,'Inititated order'),(2,'Carrier confirmation'),(3,'BB delivered'),(4,'BB tested'),(5,'In service'),(6,'BB transfer start'),(7,'In Service/Transfer Initiated '),(8,'In Service/Transfer Carrier conf'),(9,'In Service/ Transfer BB Delivered'),(10,'In Service/ Transfer BB Tested'),(11,'In Service'),(12,'BB start up/downgrade'),(13,'In Service/ Up/Downgrade Initiated '),(14,'In Service/ Up/Downgrade Carrier conf'),(15,'In Service/ Up/Down BB Delivered'),(16,'In Service/ Up/Downgrade BB Tested'),(17,'In Service'),(18,'Start termination'),(19,'In Service/Termination in progress'),(20,'Terminated'),(21,'In process'),(22,'LL start'),(23,'Initiated order'),(24,'Carrier confirmation'),(25,'Local loop delivered'),(26,'Local loop tested'),(27,'In Service'),(28,'LL transfer start'),(29,'In Service/Transfer Initiated '),(30,'In Service/Transfer Carrier conf'),(31,'In Service/ Transfer LL Delivered'),(32,'In Service/ Transfer LL Tested'),(33,'In Service'),(34,'LL start up/downgrade'),(35,'In Service/ Up/Downgrade Initiated '),(36,'In Service/ Up/Downgrade Carrier conf'),(37,'In Service/ Up/Down LL Delivered'),(38,'In Service/ Up/Downgrade LL Tested'),(39,'In Service'),(40,'Start termination'),(41,'In Service/Termination in progress'),(42,'Terminated'),(43,'In process'),(44,'Start Create'),(45,'Initiated order'),(46,'Acceptance sent'),(47,'Acceptance received'),(48,'Validated order'),(49,'Order in progress'),(50,'Backbone programmed'),(51,'Local loops tested'),(52,'Frame-to-frame'),(53,'End-to-end'),(54,'In-service'),(55,'Transfer extremity start'),(56,'In Service/Initiated transfer'),(57,'In Service/Transfer acceptance sent'),(58,'In Service/Transfer acceptance received'),(59,'In Service/Validated transfer'),(60,'In Service/Transfer in progress'),(61,'In Service/Transfer backbone programmed'),(62,'In Service/Transfer local loops tested'),(63,'In Service/Transfer frame-to-frame'),(64,'In Service/Transfer end-to-end'),(65,'In Service'),(66,'Service up/downgrade start '),(67,'In-service / Initiated service up/downgrade'),(68,'In-service / Service up/downgrade acceptance '),(69,'In-service / Service up/downgrade acceptance '),(70,'In-service / Validated service upgrade/downgr'),(71,'In-service / Service up/downgrade in progress'),(72,'In-service / Service up/down backbone program'),(73,'In-service / Service up/downgrade local loops'),(74,'In-service / Service up/down end-to-end'),(75,'In Service'),(76,'Extremity up/downgrade start'),(77,'In Service/Initiated extremity up/downgrade'),(78,'In Service/Extremity up/downgrade acceptance '),(79,'In Service/Extremity up/downgrade acceptance '),(80,'In Service/Validated extremity up/downgrade'),(81,'In Service/Extremity up/downgrade in progress'),(82,'In Service/Extremity up/downgrade backbone pr'),(83,'In Service/Extremity up/downgrade local loop '),(84,'In Service/Extremity up/downgrade end-to-end'),(85,'In Service'),(86,'Extremity Order start'),(87,'In Service/Extremity order'),(88,'In Service/Extr. acceptance sent'),(89,'In Service/Extr. acceptance received'),(90,'In Service/Validated extr. order'),(91,'In Service/Extr. order in progress'),(92,'In Service/Extr. backbone programmed'),(93,'In Service/Extr. local loop tested'),(94,'In Service/Extr. frame-to-frame'),(95,'In Service/Extr. end-to-end'),(96,'In Service'),(97,'Extremity termination start'),(98,'In-service / Extremity termination'),(99,'In Service'),(100,'Device modification start'),(101,'In-service / Device modification '),(102,'In Service'),(103,'Device termination start'),(104,'In-service / Device termination'),(105,'In Service'),(106,'Start termination'),(107,'In Service/Termination in progress'),(108,'Terminated');

--
-- Table structure for table `TransactionType`
--

CREATE TABLE `TransactionType` (
  `id_transaction_type` int(11) NOT NULL AUTO_INCREMENT,
  `lb_transaction_type` varchar(45) COLLATE utf8_unicode_ci DEFAULT NULL,
  PRIMARY KEY (`id_transaction_type`)
) ENGINE=InnoDB AUTO_INCREMENT=18 DEFAULT CHARSET=utf8 COLLATE=utf8_unicode_ci;

--
-- Dumping data for table `TransactionType`
--

INSERT INTO `TransactionType` VALUES (1,'Backbone Link : Create'),(2,'Backbone Link : Transfer'),(3,'Backbone Link : Up/Downgrade'),(4,'Backbone Link : Terminate'),(5,'Local Loop : Create'),(6,'Local Loop : Transfer'),(7,'Local Loop : Up/Downgrade'),(8,'Local Loop : Terminate'),(9,'Service : Create'),(10,'Service : Extremity transfer'),(11,'Service : Up/Downgrade'),(12,'Service : Extremity Up/Downgrade'),(13,'Service : Add extremity'),(14,'Service : Add devices'),(15,'Service : Terminate devices'),(16,'Service : Terminate extremity'),(17,'Service : Terminate');

--
-- Table structure for table `access`
--

CREATE TABLE `access` (
  `id_access` int(11) NOT NULL AUTO_INCREMENT,
  `cd_access` varchar(100) DEFAULT NULL,
  `lb_access` varchar(255) DEFAULT NULL,
  `id_branch` int(11) DEFAULT NULL,
  `bl_deactivated` tinyint(1) DEFAULT NULL,
  `id_address` int(11) DEFAULT NULL,
  `cm_comment` text,
  `dt_deactivated` datetime DEFAULT NULL,
  `dt_create` datetime DEFAULT NULL,
  `dt_update` datetime DEFAULT NULL,
  PRIMARY KEY (`id_access`),
  KEY `id_branch` (`id_branch`),
  KEY `id_address` (`id_address`),
  CONSTRAINT `access_ibfk_2` FOREIGN KEY (`id_address`) REFERENCES `address` (`id_address`) ON DELETE NO ACTION ON UPDATE NO ACTION,
  CONSTRAINT `FK_6692B549DB1AEF2` FOREIGN KEY (`id_branch`) REFERENCES `branch` (`id_branch`)
) ENGINE=InnoDB AUTO_INCREMENT=3 DEFAULT CHARSET=utf8;

--
-- Dumping data for table `access`
--


--
-- Table structure for table `access_address`
--

CREATE TABLE `access_address` (
  `id_access_address` int(11) NOT NULL AUTO_INCREMENT,
  `id_address` int(11) DEFAULT NULL,
  `id_access` int(11) DEFAULT NULL,
  `bl_deactivated` tinyint(1) DEFAULT NULL,
  PRIMARY KEY (`id_access_address`),
  KEY `id_address` (`id_address`),
  KEY `id_access` (`id_access`),
  CONSTRAINT `FK_C56BB594205E9EB9` FOREIGN KEY (`id_access`) REFERENCES `access` (`id_access`),
  CONSTRAINT `FK_C56BB594D3D3C6F1` FOREIGN KEY (`id_address`) REFERENCES `address` (`id_address`)
) ENGINE=InnoDB DEFAULT CHARSET=utf8;

--
-- Dumping data for table `access_address`
--


--
-- Table structure for table `access_customer`
--

CREATE TABLE `access_customer` (
  `id_access_customer` int(11) NOT NULL AUTO_INCREMENT,
  `id_customer` int(11) DEFAULT NULL,
  `id_access` int(11) DEFAULT NULL,
  `bl_deactivated` tinyint(1) DEFAULT NULL,
  PRIMARY KEY (`id_access_customer`),
  KEY `idx_access` (`id_access`),
  KEY `idx_customer` (`id_customer`),
  CONSTRAINT `FK_EC2C4F38205E9EB9` FOREIGN KEY (`id_access`) REFERENCES `access` (`id_access`),
  CONSTRAINT `FK_EC2C4F38D1E2629C` FOREIGN KEY (`id_customer`) REFERENCES `customer` (`id_customer`)
) ENGINE=InnoDB DEFAULT CHARSET=utf8;

--
-- Dumping data for table `access_customer`
--


--
-- Table structure for table `access_pop`
--

CREATE TABLE `access_pop` (
  `id_access_pop` int(11) NOT NULL AUTO_INCREMENT,
  `id_access` int(11) DEFAULT NULL,
  `id_pop` int(11) DEFAULT NULL,
  `bl_deactivated` tinyint(1) DEFAULT NULL,
  PRIMARY KEY (`id_access_pop`),
  KEY `idx_access` (`id_access`),
  KEY `idx_pop` (`id_pop`),
  CONSTRAINT `kidx_access` FOREIGN KEY (`id_access`) REFERENCES `access` (`id_access`) ON DELETE NO ACTION ON UPDATE NO ACTION,
  CONSTRAINT `kidx_poip` FOREIGN KEY (`id_pop`) REFERENCES `pop` (`id_pop`) ON DELETE NO ACTION ON UPDATE NO ACTION
) ENGINE=InnoDB DEFAULT CHARSET=utf8;

--
-- Dumping data for table `access_pop`
--


--
-- Table structure for table `access_service`
--

CREATE TABLE `access_service` (
  `id_access_service` int(11) NOT NULL AUTO_INCREMENT,
  `id_access` int(11) DEFAULT NULL,
  `id_service` int(11) DEFAULT NULL,
  `bl_deactivated` tinyint(1) DEFAULT NULL,
  PRIMARY KEY (`id_access_service`),
  KEY `id_access` (`id_access`),
  KEY `id_service` (`id_service`),
  CONSTRAINT `FK_29B840C7205E9EB9` FOREIGN KEY (`id_access`) REFERENCES `access` (`id_access`),
  CONSTRAINT `FK_29B840C73F0033A2` FOREIGN KEY (`id_service`) REFERENCES `service` (`id_service`)
) ENGINE=InnoDB DEFAULT CHARSET=utf8;

--
-- Dumping data for table `access_service`
--


--
-- Table structure for table `activity`
--

CREATE TABLE `activity` (
  `id_activity` int(11) NOT NULL AUTO_INCREMENT,
  `cd_activity` varchar(15) NOT NULL,
  `lb_activity` varchar(100) DEFAULT NULL,
  `bl_deactivated` tinyint(1) DEFAULT NULL,
  `dt_create` datetime DEFAULT NULL,
  `dt_update` datetime DEFAULT NULL,
  `id_user_create_by` int(11) DEFAULT NULL,
  `id_user_update_by` int(11) DEFAULT NULL,
  `dt_deactivated` datetime DEFAULT NULL,
  PRIMARY KEY (`id_activity`),
  KEY `id_user_create_by` (`id_user_create_by`),
  KEY `id_user_update_by` (`id_user_update_by`),
  CONSTRAINT `FK_AC74095A536A5873` FOREIGN KEY (`id_user_create_by`) REFERENCES `myuser` (`id`),
  CONSTRAINT `FK_AC74095A68E26F41` FOREIGN KEY (`id_user_update_by`) REFERENCES `myuser` (`id`)
) ENGINE=InnoDB AUTO_INCREMENT=4 DEFAULT CHARSET=utf8;

--
-- Dumping data for table `activity`
--


--
-- Table structure for table `address`
--

CREATE TABLE `address` (
  `id_address` int(11) NOT NULL AUTO_INCREMENT,
  `id_user_update_by` int(11) DEFAULT NULL,
  `dt_update` datetime DEFAULT NULL,
  `id_user_create_by` int(11) DEFAULT NULL,
  `dt_create` datetime DEFAULT NULL,
  `lb_address` varchar(255) NOT NULL,
  `cd_zip_code` varchar(15) DEFAULT NULL,
  `id_city` int(11) DEFAULT NULL,
  `id_country` int(11) DEFAULT NULL,
  `lb_phone` varchar(20) DEFAULT NULL,
  `lb_fax` varchar(20) DEFAULT NULL,
  `lb_email` varchar(100) DEFAULT NULL,
  `bl_status` tinyint(1) DEFAULT NULL,
  `comment` text,
  `bl_french_local_loop` tinyint(1) DEFAULT NULL,
  `cd_magellan` varchar(15) DEFAULT NULL,
  `bl_on_net_voice` tinyint(1) DEFAULT NULL,
  `bl_on_net_data` tinyint(1) DEFAULT NULL,
  `lb_siret` varchar(20) DEFAULT NULL,
  `lb_ls_account` varchar(20) DEFAULT NULL,
  `lb_private_installer` varchar(100) DEFAULT NULL,
  `lb_ptt_head` varchar(100) DEFAULT NULL,
  `bl_maintenance` tinyint(1) DEFAULT NULL,
  `room` varchar(255) DEFAULT NULL,
  `floor` varchar(255) DEFAULT NULL,
  `lb_pi_address` varchar(255) DEFAULT NULL,
  `lb_pi_phone` varchar(20) DEFAULT NULL,
  `lb_pi_fax` varchar(20) DEFAULT NULL,
  `lb_pi_corres` varchar(255) DEFAULT NULL,
  `lb_entretien` varchar(255) DEFAULT NULL,
  `id_address_type` int(11) DEFAULT NULL,
  `cd_account_magellan` varchar(15) DEFAULT NULL,
  `id_customer` int(11) DEFAULT NULL,
  `dt_deactivated` datetime DEFAULT NULL,
  PRIMARY KEY (`id_address`),
  KEY `id_user_update_by` (`id_user_update_by`),
  KEY `id_user_create_by` (`id_user_create_by`),
  KEY `id_city` (`id_city`),
  KEY `id_country` (`id_country`),
  KEY `id_address_type` (`id_address_type`),
  KEY `IDX_D4E6F81D1E2629C` (`id_customer`),
  CONSTRAINT `FK_D4E6F81536A5873` FOREIGN KEY (`id_user_create_by`) REFERENCES `myuser` (`id`),
  CONSTRAINT `FK_D4E6F8168E26F41` FOREIGN KEY (`id_user_update_by`) REFERENCES `myuser` (`id`),
  CONSTRAINT `FK_D4E6F818DEE6016` FOREIGN KEY (`id_country`) REFERENCES `country` (`id_country`),
  CONSTRAINT `FK_D4E6F81A67B1E36` FOREIGN KEY (`id_city`) REFERENCES `city` (`id_city`),
  CONSTRAINT `FK_D4E6F81D1E2629C` FOREIGN KEY (`id_customer`) REFERENCES `customer` (`id_customer`),
  CONSTRAINT `FK_D4E6F81D253F2B0` FOREIGN KEY (`id_address_type`) REFERENCES `address_type` (`id_address_type`)
) ENGINE=InnoDB AUTO_INCREMENT=62 DEFAULT CHARSET=utf8;

--
-- Dumping data for table `address`
--


--
-- Table structure for table `address_contact`
--

CREATE TABLE `address_contact` (
  `id_address_contact` int(11) NOT NULL AUTO_INCREMENT,
  `id_city` int(11) DEFAULT NULL,
  `id_country` int(11) DEFAULT NULL,
  `id_user_update_by` int(11) DEFAULT NULL,
  `id_user_create_by` int(11) DEFAULT NULL,
  `dt_update` datetime DEFAULT NULL,
  `dt_create` datetime DEFAULT NULL,
  `lb_address` varchar(255) COLLATE utf8_unicode_ci NOT NULL,
  `cd_zip_code` varchar(15) COLLATE utf8_unicode_ci DEFAULT NULL,
  `lb_phone` varchar(20) COLLATE utf8_unicode_ci DEFAULT NULL,
  PRIMARY KEY (`id_address_contact`),
  KEY `IDX_178711A0A67B1E36` (`id_city`),
  KEY `IDX_178711A08DEE6016` (`id_country`),
  KEY `IDX_178711A068E26F41` (`id_user_update_by`),
  KEY `IDX_178711A0536A5873` (`id_user_create_by`),
  CONSTRAINT `FK_178711A0536A5873` FOREIGN KEY (`id_user_create_by`) REFERENCES `myuser` (`id`),
  CONSTRAINT `FK_178711A068E26F41` FOREIGN KEY (`id_user_update_by`) REFERENCES `myuser` (`id`),
  CONSTRAINT `FK_178711A08DEE6016` FOREIGN KEY (`id_country`) REFERENCES `country` (`id_country`),
  CONSTRAINT `FK_178711A0A67B1E36` FOREIGN KEY (`id_city`) REFERENCES `city` (`id_city`)
) ENGINE=InnoDB AUTO_INCREMENT=4 DEFAULT CHARSET=utf8 COLLATE=utf8_unicode_ci;

--
-- Dumping data for table `address_contact`
--


--
-- Table structure for table `address_magellan`
--

CREATE TABLE `address_magellan` (
  `id_address_magellan` int(11) NOT NULL AUTO_INCREMENT,
  `id_address_gina` int(11) DEFAULT NULL,
  `id_branch` int(11) DEFAULT NULL,
  `cd_account_magellan` varchar(15) DEFAULT NULL,
  `id_customer_gina` int(11) DEFAULT NULL,
  `id_type_address` int(11) DEFAULT NULL,
  PRIMARY KEY (`id_address_magellan`),
  KEY `id_branch` (`id_branch`),
  KEY `id_customer_gina` (`id_customer_gina`),
  KEY `id_type_address` (`id_type_address`),
  CONSTRAINT `FK_5F70784A6AE7506` FOREIGN KEY (`id_type_address`) REFERENCES `address_type` (`id_address_type`),
  CONSTRAINT `FK_5F70784A9DB1AEF2` FOREIGN KEY (`id_branch`) REFERENCES `branch` (`id_branch`),
  CONSTRAINT `FK_5F70784AEBC182FC` FOREIGN KEY (`id_customer_gina`) REFERENCES `customer` (`id_customer`)
) ENGINE=InnoDB DEFAULT CHARSET=utf8;

--
-- Dumping data for table `address_magellan`
--


--
-- Table structure for table `address_pop`
--

CREATE TABLE `address_pop` (
  `id_address_pop` int(11) NOT NULL AUTO_INCREMENT,
  `id_city` int(11) DEFAULT NULL,
  `id_country` int(11) DEFAULT NULL,
  `id_user_update_by` int(11) DEFAULT NULL,
  `id_user_create_by` int(11) DEFAULT NULL,
  `id_pop` int(11) DEFAULT NULL,
  `dt_update` datetime DEFAULT NULL,
  `dt_create` datetime DEFAULT NULL,
  `lb_address` varchar(255) COLLATE utf8_unicode_ci NOT NULL,
  `cd_zip_code` varchar(15) COLLATE utf8_unicode_ci DEFAULT NULL,
  `lb_phone` varchar(20) COLLATE utf8_unicode_ci DEFAULT NULL,
  `lb_localisation` varchar(255) COLLATE utf8_unicode_ci DEFAULT NULL,
  `lb_building` varchar(100) COLLATE utf8_unicode_ci DEFAULT NULL,
  `id_address_type` int(11) DEFAULT NULL,
  `bl_status` tinyint(1) DEFAULT NULL,
  `dt_deactivated` datetime DEFAULT NULL,
  PRIMARY KEY (`id_address_pop`),
  KEY `IDX_529EED99A67B1E36` (`id_city`),
  KEY `IDX_529EED998DEE6016` (`id_country`),
  KEY `IDX_529EED9968E26F41` (`id_user_update_by`),
  KEY `IDX_529EED99536A5873` (`id_user_create_by`),
  KEY `IDX_529EED9987745F4C` (`id_pop`),
  KEY `IDX_529EED99D253F2B0` (`id_address_type`),
  CONSTRAINT `FK_529EED99536A5873` FOREIGN KEY (`id_user_create_by`) REFERENCES `myuser` (`id`),
  CONSTRAINT `FK_529EED9968E26F41` FOREIGN KEY (`id_user_update_by`) REFERENCES `myuser` (`id`),
  CONSTRAINT `FK_529EED9987745F4C` FOREIGN KEY (`id_pop`) REFERENCES `pop` (`id_pop`),
  CONSTRAINT `FK_529EED998DEE6016` FOREIGN KEY (`id_country`) REFERENCES `country` (`id_country`),
  CONSTRAINT `FK_529EED99A67B1E36` FOREIGN KEY (`id_city`) REFERENCES `city` (`id_city`),
  CONSTRAINT `FK_529EED99D253F2B0` FOREIGN KEY (`id_address_type`) REFERENCES `address_type` (`id_address_type`)
) ENGINE=InnoDB AUTO_INCREMENT=24 DEFAULT CHARSET=utf8 COLLATE=utf8_unicode_ci;

--
-- Dumping data for table `address_pop`
--

INSERT INTO `address_pop` VALUES (18,573,36,2,2,22,'2014-10-22 00:00:00','2014-10-22 00:00:00','114 rue Ambroise Croizat','93200',NULL,NULL,NULL,2,1,NULL),(19,574,36,2,2,23,'2014-10-22 00:00:00','2014-10-22 00:00:00','110 bis Avenue du Général Leclerc','93500','+ 33 6 23 05 42 38',NULL,NULL,2,1,NULL),(20,536,43,2,2,25,'2014-10-22 00:00:00','2014-10-22 00:00:00','Wezembeekstraat 2 --- Ground Floor 115 - Etrali Room 216','1930',NULL,'Ground Floor 115','BRUS1',2,1,'2014-10-22 00:00:00'),(21,575,36,2,2,26,'2014-10-22 00:00:00','2014-10-22 00:00:00','55 Avenue des Champs Pierreux','92000',NULL,NULL,'Le Capitole',2,1,NULL),(22,560,169,2,2,29,'2014-10-22 19:15:23','2014-10-22 19:15:23','Gyroscoopweg 58-60','1042 AC',NULL,'Room 103',NULL,2,1,NULL),(23,531,36,2,2,27,'2014-11-10 12:55:14','2014-11-10 12:55:14','33 rue Poncelet','75017',NULL,'4 étage salle 402','PONCELET',2,1,NULL);

--
-- Table structure for table `address_provider`
--

CREATE TABLE `address_provider` (
  `id_address_provider` int(11) NOT NULL AUTO_INCREMENT,
  `id_city` int(11) DEFAULT NULL,
  `id_country` int(11) DEFAULT NULL,
  `id_user_update_by` int(11) DEFAULT NULL,
  `id_user_create_by` int(11) DEFAULT NULL,
  `id_provider` int(11) DEFAULT NULL,
  `dt_update` datetime DEFAULT NULL,
  `dt_create` datetime DEFAULT NULL,
  `lb_address` varchar(255) COLLATE utf8_unicode_ci NOT NULL,
  `cd_zip_code` varchar(15) COLLATE utf8_unicode_ci DEFAULT NULL,
  `lb_phone` varchar(20) COLLATE utf8_unicode_ci DEFAULT NULL,
  `lb_fax` varchar(20) COLLATE utf8_unicode_ci DEFAULT NULL,
  `lb_email` varchar(100) COLLATE utf8_unicode_ci DEFAULT NULL,
  `bl_status` tinyint(1) DEFAULT NULL,
  `comment` longtext COLLATE utf8_unicode_ci,
  `room` varchar(255) COLLATE utf8_unicode_ci DEFAULT NULL,
  `floor` varchar(255) COLLATE utf8_unicode_ci DEFAULT NULL,
  `id_address_type` int(11) DEFAULT NULL,
  `dt_deactivated` datetime DEFAULT NULL,
  PRIMARY KEY (`id_address_provider`),
  KEY `IDX_6C4B8D1DA67B1E36` (`id_city`),
  KEY `IDX_6C4B8D1D8DEE6016` (`id_country`),
  KEY `IDX_6C4B8D1D68E26F41` (`id_user_update_by`),
  KEY `IDX_6C4B8D1D536A5873` (`id_user_create_by`),
  KEY `IDX_6C4B8D1DC21F9F09` (`id_provider`),
  KEY `IDX_6C4B8D1DD253F2B0` (`id_address_type`),
  CONSTRAINT `FK_6C4B8D1D536A5873` FOREIGN KEY (`id_user_create_by`) REFERENCES `myuser` (`id`),
  CONSTRAINT `FK_6C4B8D1D68E26F41` FOREIGN KEY (`id_user_update_by`) REFERENCES `myuser` (`id`),
  CONSTRAINT `FK_6C4B8D1D8DEE6016` FOREIGN KEY (`id_country`) REFERENCES `country` (`id_country`),
  CONSTRAINT `FK_6C4B8D1DA67B1E36` FOREIGN KEY (`id_city`) REFERENCES `city` (`id_city`),
  CONSTRAINT `FK_6C4B8D1DC21F9F09` FOREIGN KEY (`id_provider`) REFERENCES `provider` (`id_provider`),
  CONSTRAINT `FK_6C4B8D1DD253F2B0` FOREIGN KEY (`id_address_type`) REFERENCES `address_type` (`id_address_type`)
) ENGINE=InnoDB AUTO_INCREMENT=37 DEFAULT CHARSET=utf8 COLLATE=utf8_unicode_ci;

--
-- Dumping data for table `address_provider`
--

INSERT INTO `address_provider` VALUES (26,NULL,NULL,2,2,19,'2014-10-21 11:12:46','2014-10-21 11:12:46','','',NULL,NULL,NULL,1,NULL,NULL,NULL,1,NULL),(27,531,36,2,2,19,'2014-10-21 11:14:34','2014-10-21 11:14:34','rue de Paris','92000',NULL,NULL,NULL,1,NULL,NULL,NULL,3,NULL),(28,NULL,NULL,2,2,20,'2014-10-22 19:24:35','2014-10-22 19:24:35','','',NULL,NULL,NULL,1,NULL,NULL,NULL,1,NULL),(29,NULL,NULL,2,2,21,'2014-10-22 19:28:01','2014-10-22 19:28:01','','',NULL,NULL,NULL,1,NULL,NULL,NULL,1,NULL),(30,536,43,2,2,22,'2014-10-24 00:00:00','2014-10-24 00:00:00','Place des Bienfaiteurs 7','1030','+32 2 240 64 64',NULL,NULL,1,NULL,NULL,NULL,1,NULL),(31,536,43,2,2,22,'2014-10-24 00:00:00','2014-10-24 00:00:00','Place des Bienfaiteurs 7','1030','+32 2 240 64 64',NULL,NULL,1,NULL,NULL,NULL,3,NULL),(32,536,43,2,2,22,'2014-10-24 11:16:35','2014-10-24 11:16:35','Place des Bienfaiteurs 7','1030',NULL,NULL,NULL,1,NULL,NULL,NULL,2,NULL),(33,576,36,2,2,23,'2014-10-24 00:00:00','2014-10-24 00:00:00','95 avenue de Bretagne','76035','+33 2 35 35 74 59',NULL,NULL,1,NULL,NULL,NULL,1,NULL),(34,576,36,2,2,23,'2014-10-24 00:00:00','2014-10-24 00:00:00','(OBS 2365 - DFT 2470) - CSPCF/COMPTA ACHATS FOURNISSEURS - 95 avenue de Bretagne','76035','+33 2 35 35 74 59',NULL,NULL,1,NULL,NULL,NULL,3,NULL),(35,531,36,2,2,23,'2014-10-24 00:00:00','2014-10-24 00:00:00','212 Rue Raymond Losserand','75014','+33 1 44 44 86 92','+33 1 44 44 92 51',NULL,1,NULL,NULL,NULL,2,NULL),(36,576,36,2,2,23,'2014-10-24 00:00:00','2014-10-24 00:00:00','5 Avenue du General Sarrail','76035','+33 1 44 44 86 92','+33 1 44 44 92 51',NULL,1,NULL,NULL,NULL,2,NULL);

--
-- Table structure for table `address_simple`
--

CREATE TABLE `address_simple` (
  `id_address_simple` int(11) NOT NULL AUTO_INCREMENT,
  `id_city` int(11) DEFAULT NULL,
  `id_country` int(11) DEFAULT NULL,
  `id_user_update_by` int(11) DEFAULT NULL,
  `id_user_create_by` int(11) DEFAULT NULL,
  `dt_update` datetime DEFAULT NULL,
  `dt_create` datetime DEFAULT NULL,
  `lb_address` varchar(255) COLLATE utf8_unicode_ci NOT NULL,
  `cd_zip_code` varchar(15) COLLATE utf8_unicode_ci DEFAULT NULL,
  `lb_phone` varchar(20) COLLATE utf8_unicode_ci DEFAULT NULL,
  PRIMARY KEY (`id_address_simple`),
  KEY `IDX_FA22B8BDA67B1E36` (`id_city`),
  KEY `IDX_FA22B8BD8DEE6016` (`id_country`),
  KEY `IDX_FA22B8BD68E26F41` (`id_user_update_by`),
  KEY `IDX_FA22B8BD536A5873` (`id_user_create_by`),
  CONSTRAINT `FK_FA22B8BD536A5873` FOREIGN KEY (`id_user_create_by`) REFERENCES `myuser` (`id`),
  CONSTRAINT `FK_FA22B8BD68E26F41` FOREIGN KEY (`id_user_update_by`) REFERENCES `myuser` (`id`),
  CONSTRAINT `FK_FA22B8BD8DEE6016` FOREIGN KEY (`id_country`) REFERENCES `country` (`id_country`),
  CONSTRAINT `FK_FA22B8BDA67B1E36` FOREIGN KEY (`id_city`) REFERENCES `city` (`id_city`)
) ENGINE=InnoDB AUTO_INCREMENT=27 DEFAULT CHARSET=utf8 COLLATE=utf8_unicode_ci;

--
-- Dumping data for table `address_simple`
--

INSERT INTO `address_simple` VALUES (23,535,200,2,2,'2014-09-23 19:13:22','2014-09-23 19:13:22','Sydney, New South Wales','xxxxxxxx',NULL),(24,531,36,2,2,'2014-09-29 16:39:47','2014-09-29 16:39:47','15 Rue Henri Rol Tanguy','93100','+33 1 56 84 55'),(25,532,62,2,2,'2014-09-29 16:49:54','2014-09-29 16:49:54','Tabernacle Court 16-28 Tabernacle Street London','EC2A4DD','+44  207 903 9300'),(26,571,72,2,2,'2014-09-29 17:02:22','2014-09-29 17:02:22','Via Fieno, 3','20123','+390230303000');

--
-- Table structure for table `address_type`
--

CREATE TABLE `address_type` (
  `id_address_type` int(11) NOT NULL AUTO_INCREMENT,
  `lb_address_type` varchar(100) DEFAULT NULL,
  `cd_address_type` varchar(15) DEFAULT NULL,
  `bl_deactivated` tinyint(1) DEFAULT NULL,
  `dt_create` datetime DEFAULT NULL,
  `dt_update` datetime DEFAULT NULL,
  `id_user_create_by` int(11) DEFAULT NULL,
  `id_user_update_by` int(11) DEFAULT NULL,
  `dt_deactivated` datetime DEFAULT NULL,
  PRIMARY KEY (`id_address_type`),
  KEY `id_user_create_by` (`id_user_create_by`),
  KEY `id_user_update_by` (`id_user_update_by`),
  CONSTRAINT `FK_F19287C2536A5873` FOREIGN KEY (`id_user_create_by`) REFERENCES `myuser` (`id`),
  CONSTRAINT `FK_F19287C268E26F41` FOREIGN KEY (`id_user_update_by`) REFERENCES `myuser` (`id`)
) ENGINE=InnoDB AUTO_INCREMENT=5 DEFAULT CHARSET=utf8;

--
-- Dumping data for table `address_type`
--

INSERT INTO `address_type` VALUES (1,'Head office','Head office',1,'2013-05-27 00:00:00','2013-05-27 00:00:00',2,2,NULL),(2,'Delivery','Delivery',1,'2013-06-25 09:38:58','2013-06-26 14:09:40',2,2,NULL),(3,'Billing','Billing',1,'2013-06-26 18:07:12','2013-06-26 18:07:12',2,2,NULL);

--
-- Table structure for table `application_type`
--

CREATE TABLE `application_type` (
  `id_application_type` int(11) NOT NULL AUTO_INCREMENT,
  `lb_application_type` varchar(45) NOT NULL,
  PRIMARY KEY (`id_application_type`)
) ENGINE=InnoDB AUTO_INCREMENT=4 DEFAULT CHARSET=utf8;

--
-- Dumping data for table `application_type`
--

INSERT INTO `application_type` VALUES (1,'Backbone link'),(2,'Local loop'),(3,'Service');

--
-- Table structure for table `backbone_link`
--

CREATE TABLE `backbone_link` (
  `id_backbone_link` int(11) NOT NULL AUTO_INCREMENT,
  `cd_backbone_link` varchar(15) DEFAULT NULL,
  `lb_backbone_link` varchar(100) DEFAULT NULL,
  `cd_administrative_ref` varchar(15) DEFAULT NULL,
  `cd_technical_ref` varchar(30) DEFAULT NULL,
  `id_provider_of_carrier` int(11) DEFAULT NULL,
  `id_bandwidth` int(11) DEFAULT NULL,
  `dt_create` datetime DEFAULT NULL,
  `dt_order` datetime DEFAULT NULL,
  `dt_delivery_requested` datetime DEFAULT NULL,
  `dt_delivery` datetime DEFAULT NULL,
  `id_branch` int(11) DEFAULT NULL,
  `cm_backbone_link` varchar(255) DEFAULT NULL,
  `bl_deactivated` tinyint(1) DEFAULT NULL,
  `cd_rtd` varchar(45) DEFAULT NULL,
  `id_interface` int(11) DEFAULT NULL,
  `id_link_function` int(11) DEFAULT NULL,
  `cd_technical_ref2` varchar(255) DEFAULT NULL,
  `id_protocol` int(11) DEFAULT NULL,
  `nb_sla_percent` float DEFAULT NULL,
  `cd_routing` varchar(45) DEFAULT NULL,
  `cd_etrali_order_ref` varchar(30) DEFAULT NULL,
  `dt_init_terminate` datetime DEFAULT NULL,
  `dt_init_updown` datetime DEFAULT NULL,
  `dt_requested_updown` datetime DEFAULT NULL,
  `dt_scheduled_delivery` datetime DEFAULT NULL,
  `dt_real_terminate` datetime DEFAULT NULL,
  `dt_real_updown` datetime DEFAULT NULL,
  `id_old_bandwidth` int(11) DEFAULT NULL,
  `id_transaction_status` int(11) DEFAULT NULL,
  `dt_requested_terminate` datetime DEFAULT NULL,
  `id_transaction_type` int(11) DEFAULT NULL,
  `nb_operation` int(11) DEFAULT NULL,
  `id_transfer_extremity` int(11) DEFAULT NULL,
  `dt_scheduled_updown_delivery` datetime DEFAULT NULL,
  `dt_deactivated` datetime DEFAULT NULL,
  PRIMARY KEY (`id_backbone_link`),
  KEY `id_provider_of_carrier` (`id_provider_of_carrier`),
  KEY `id_branch` (`id_branch`),
  KEY `id_interface` (`id_interface`),
  KEY `id_link_function` (`id_link_function`),
  KEY `id_protocol` (`id_protocol`),
  KEY `IDX_6758AADD719540BB` (`id_old_bandwidth`),
  KEY `IDX_6758AADD8E5FA5F3` (`id_transaction_status`),
  KEY `IDX_6758AADD8D173C59` (`id_transaction_type`),
  KEY `IDX_6758AADD4233DB70` (`id_transfer_extremity`),
  KEY `IDX_6758AADDA3C6948` (`id_bandwidth`),
  CONSTRAINT `backbone_link_ibfk_33` FOREIGN KEY (`id_protocol`) REFERENCES `protocol` (`id_protocol`) ON DELETE NO ACTION ON UPDATE NO ACTION,
  CONSTRAINT `FK_6758AADD4233DB70` FOREIGN KEY (`id_transfer_extremity`) REFERENCES `backbone_link_extremity` (`id_backbone_link_extremity`),
  CONSTRAINT `FK_6758AADD719540BB` FOREIGN KEY (`id_old_bandwidth`) REFERENCES `bandwidth_assignee` (`id_bandwidth_assignee`),
  CONSTRAINT `FK_6758AADD8D173C59` FOREIGN KEY (`id_transaction_type`) REFERENCES `TransactionType` (`id_transaction_type`),
  CONSTRAINT `FK_6758AADD8E5FA5F3` FOREIGN KEY (`id_transaction_status`) REFERENCES `TransactionStatus` (`id_transaction_status`),
  CONSTRAINT `FK_6758AADD9DB1AEF2` FOREIGN KEY (`id_branch`) REFERENCES `branch` (`id_branch`),
  CONSTRAINT `FK_6758AADDA3C6948` FOREIGN KEY (`id_bandwidth`) REFERENCES `bandwidth_assignee` (`id_bandwidth_assignee`),
  CONSTRAINT `FK_6758AADDB4C150FA` FOREIGN KEY (`id_interface`) REFERENCES `interfaces` (`id_interface`),
  CONSTRAINT `FK_6758AADDB92CA791` FOREIGN KEY (`id_link_function`) REFERENCES `link_function` (`id_link_function`),
  CONSTRAINT `FK_6758AADDD910D0DE` FOREIGN KEY (`id_provider_of_carrier`) REFERENCES `provider` (`id_provider`)
) ENGINE=InnoDB AUTO_INCREMENT=47 DEFAULT CHARSET=utf8;

--
-- Dumping data for table `backbone_link`
--

INSERT INTO `backbone_link` VALUES (46,'BB46',NULL,NULL,NULL,NULL,18,'2014-10-28 19:01:23',NULL,NULL,NULL,23,NULL,1,NULL,NULL,NULL,NULL,NULL,NULL,NULL,NULL,NULL,NULL,NULL,NULL,NULL,NULL,NULL,0,NULL,1,1,NULL,NULL,NULL);

--
-- Table structure for table `backbone_link_extremity`
--

CREATE TABLE `backbone_link_extremity` (
  `id_backbone_link_extremity` int(11) NOT NULL AUTO_INCREMENT,
  `id_pop` int(11) DEFAULT NULL,
  `cm_comment` text,
  `dt_init_transfer` datetime DEFAULT NULL,
  `dt_request_transfer` datetime DEFAULT NULL,
  `dt_schedule_delivery` datetime DEFAULT NULL,
  `dt_transfer_real_delivery` datetime DEFAULT NULL,
  `dt_transfer_complete` datetime DEFAULT NULL,
  `dt_old_terminate` datetime DEFAULT NULL,
  `cd_backbone_link_extremity_ref` varchar(45) DEFAULT NULL,
  `id_backbone_link` int(11) DEFAULT NULL,
  `id_old_extremity` int(11) DEFAULT NULL,
  `bl_old` tinyint(1) DEFAULT NULL,
  `id_admin_contact` int(11) DEFAULT NULL,
  `id_delivery_address` int(11) DEFAULT NULL,
  `bl_transferred` tinyint(1) DEFAULT NULL,
  PRIMARY KEY (`id_backbone_link_extremity`),
  UNIQUE KEY `UNIQ_32BC673A970BC560` (`id_old_extremity`),
  KEY `idx2` (`id_pop`),
  KEY `IDX_32BC673AD9707BB8` (`id_backbone_link`),
  KEY `IDX_32BC673A3676B5D4` (`id_admin_contact`),
  KEY `IDX_32BC673AE4DA858E` (`id_delivery_address`),
  CONSTRAINT `FK_32BC673A3676B5D4` FOREIGN KEY (`id_admin_contact`) REFERENCES `contact_pop` (`id_contact_pop`),
  CONSTRAINT `FK_32BC673A970BC560` FOREIGN KEY (`id_old_extremity`) REFERENCES `backbone_link_extremity` (`id_backbone_link_extremity`),
  CONSTRAINT `FK_32BC673AD9707BB8` FOREIGN KEY (`id_backbone_link`) REFERENCES `backbone_link` (`id_backbone_link`),
  CONSTRAINT `FK_32BC673AE4DA858E` FOREIGN KEY (`id_delivery_address`) REFERENCES `address_pop` (`id_address_pop`),
  CONSTRAINT `key_idx2` FOREIGN KEY (`id_pop`) REFERENCES `pop` (`id_pop`) ON DELETE NO ACTION ON UPDATE NO ACTION
) ENGINE=InnoDB AUTO_INCREMENT=85 DEFAULT CHARSET=utf8;

--
-- Dumping data for table `backbone_link_extremity`
--

INSERT INTO `backbone_link_extremity` VALUES (83,NULL,NULL,NULL,NULL,NULL,NULL,NULL,NULL,'A1',46,NULL,0,NULL,NULL,0),(84,NULL,NULL,NULL,NULL,NULL,NULL,NULL,NULL,'B2',46,NULL,0,NULL,NULL,0);

--
-- Table structure for table `backbone_link_extremity_tech`
--

CREATE TABLE `backbone_link_extremity_tech` (
  `id_backbone_link_extremity_tech` int(11) NOT NULL AUTO_INCREMENT,
  `id_backbone_link` int(11) DEFAULT NULL,
  `id_backbone_link_extremity` int(11) DEFAULT NULL,
  `dt_bb_tested` datetime DEFAULT NULL,
  `cm_comment_technical` longtext COLLATE utf8_unicode_ci,
  `id_technical_contact` int(11) DEFAULT NULL,
  `id_pop` int(11) DEFAULT NULL,
  `dt_old_bb_tested` datetime DEFAULT NULL,
  `bl_old` tinyint(1) DEFAULT NULL,
  `bl_transferred` tinyint(1) DEFAULT NULL,
  `id_port_instance` int(11) DEFAULT NULL,
  `lb_connection_path` varchar(1000) COLLATE utf8_unicode_ci DEFAULT NULL,
  PRIMARY KEY (`id_backbone_link_extremity_tech`),
  UNIQUE KEY `UNIQ_B7CD7C915CD7B06A` (`id_backbone_link_extremity`),
  KEY `IDX_B7CD7C91D9707BB8` (`id_backbone_link`),
  KEY `IDX_B7CD7C91D1192B9E` (`id_technical_contact`),
  KEY `IDX_B7CD7C9187745F4C` (`id_pop`),
  KEY `IDX_B7CD7C91827B36DA` (`id_port_instance`),
  CONSTRAINT `FK_B7CD7C915CD7B06A` FOREIGN KEY (`id_backbone_link_extremity`) REFERENCES `backbone_link_extremity` (`id_backbone_link_extremity`),
  CONSTRAINT `FK_B7CD7C91827B36DA` FOREIGN KEY (`id_port_instance`) REFERENCES `port_instance` (`id_port_instance`),
  CONSTRAINT `FK_B7CD7C9187745F4C` FOREIGN KEY (`id_pop`) REFERENCES `pop` (`id_pop`),
  CONSTRAINT `FK_B7CD7C91D1192B9E` FOREIGN KEY (`id_technical_contact`) REFERENCES `contact_pop` (`id_contact_pop`),
  CONSTRAINT `FK_B7CD7C91D9707BB8` FOREIGN KEY (`id_backbone_link`) REFERENCES `backbone_link` (`id_backbone_link`)
) ENGINE=InnoDB AUTO_INCREMENT=77 DEFAULT CHARSET=utf8 COLLATE=utf8_unicode_ci;

--
-- Dumping data for table `backbone_link_extremity_tech`
--

INSERT INTO `backbone_link_extremity_tech` VALUES (75,46,83,NULL,NULL,NULL,NULL,NULL,0,0,NULL,NULL),(76,46,84,NULL,NULL,NULL,NULL,NULL,0,0,NULL,NULL);

--
-- Table structure for table `backbone_link_extremity_tech_outport`
--

CREATE TABLE `backbone_link_extremity_tech_outport` (
  `id_backbone_link_extremity_tech` int(11) NOT NULL,
  `id_out_port` int(11) NOT NULL,
  PRIMARY KEY (`id_backbone_link_extremity_tech`,`id_out_port`),
  KEY `IDX_66C18DFC8BA15092` (`id_backbone_link_extremity_tech`),
  KEY `IDX_66C18DFCCA47EB7A` (`id_out_port`),
  CONSTRAINT `FK_66C18DFC8BA15092` FOREIGN KEY (`id_backbone_link_extremity_tech`) REFERENCES `backbone_link_extremity_tech` (`id_backbone_link_extremity_tech`),
  CONSTRAINT `FK_66C18DFCCA47EB7A` FOREIGN KEY (`id_out_port`) REFERENCES `port` (`id_port`)
) ENGINE=InnoDB DEFAULT CHARSET=utf8 COLLATE=utf8_unicode_ci;

--
-- Dumping data for table `backbone_link_extremity_tech_outport`
--


--
-- Table structure for table `backbone_link_extremity_tech_outport_instance`
--

CREATE TABLE `backbone_link_extremity_tech_outport_instance` (
  `id_backbone_link_extremity_tech` int(11) NOT NULL,
  `id_out_port_instance` int(11) NOT NULL,
  PRIMARY KEY (`id_backbone_link_extremity_tech`,`id_out_port_instance`),
  KEY `IDX_60CB2C438BA15092` (`id_backbone_link_extremity_tech`),
  KEY `IDX_60CB2C43E618F2E7` (`id_out_port_instance`),
  CONSTRAINT `FK_60CB2C438BA15092` FOREIGN KEY (`id_backbone_link_extremity_tech`) REFERENCES `backbone_link_extremity_tech` (`id_backbone_link_extremity_tech`),
  CONSTRAINT `FK_60CB2C43E618F2E7` FOREIGN KEY (`id_out_port_instance`) REFERENCES `port_instance` (`id_port_instance`)
) ENGINE=InnoDB DEFAULT CHARSET=utf8 COLLATE=utf8_unicode_ci;

--
-- Dumping data for table `backbone_link_extremity_tech_outport_instance`
--


--
-- Table structure for table `backbone_link_extremity_tech_ts`
--

CREATE TABLE `backbone_link_extremity_tech_ts` (
  `id_backbone_link_extremity_tech` int(11) NOT NULL,
  `id_out_ts` int(11) NOT NULL,
  PRIMARY KEY (`id_backbone_link_extremity_tech`,`id_out_ts`),
  KEY `IDX_8070766C8BA15092` (`id_backbone_link_extremity_tech`),
  KEY `IDX_8070766C5E87044C` (`id_out_ts`),
  CONSTRAINT `FK_8070766C5E87044C` FOREIGN KEY (`id_out_ts`) REFERENCES `ts` (`id_ts`),
  CONSTRAINT `FK_8070766C8BA15092` FOREIGN KEY (`id_backbone_link_extremity_tech`) REFERENCES `backbone_link_extremity_tech` (`id_backbone_link_extremity_tech`)
) ENGINE=InnoDB DEFAULT CHARSET=utf8 COLLATE=utf8_unicode_ci;

--
-- Dumping data for table `backbone_link_extremity_tech_ts`
--


--
-- Table structure for table `backbone_link_extremity_tech_vlan`
--

CREATE TABLE `backbone_link_extremity_tech_vlan` (
  `id_backbone_link_extremity_tech` int(11) NOT NULL,
  `id_out_vlan` int(11) NOT NULL,
  PRIMARY KEY (`id_backbone_link_extremity_tech`,`id_out_vlan`),
  KEY `IDX_5A6858528BA15092` (`id_backbone_link_extremity_tech`),
  KEY `IDX_5A68585271E7B217` (`id_out_vlan`),
  CONSTRAINT `FK_5A68585271E7B217` FOREIGN KEY (`id_out_vlan`) REFERENCES `vlan` (`id_vlan`),
  CONSTRAINT `FK_5A6858528BA15092` FOREIGN KEY (`id_backbone_link_extremity_tech`) REFERENCES `backbone_link_extremity_tech` (`id_backbone_link_extremity_tech`)
) ENGINE=InnoDB DEFAULT CHARSET=utf8 COLLATE=utf8_unicode_ci;

--
-- Dumping data for table `backbone_link_extremity_tech_vlan`
--


--
-- Table structure for table `backbone_link_interface_settings`
--

CREATE TABLE `backbone_link_interface_settings` (
  `id_backbone_link_interface_settings` int(11) NOT NULL AUTO_INCREMENT,
  `id_transaction_type` int(11) DEFAULT NULL,
  `id_transaction_status` int(11) DEFAULT NULL,
  `bl_hide` tinyint(1) NOT NULL,
  `bl_mandatory` tinyint(1) NOT NULL,
  `lbField` varchar(45) COLLATE utf8_unicode_ci DEFAULT NULL,
  `lbEntity` varchar(45) COLLATE utf8_unicode_ci DEFAULT NULL,
  `bl_editable` tinyint(1) NOT NULL,
  `bl_old_extremity` tinyint(1) NOT NULL,
  PRIMARY KEY (`id_backbone_link_interface_settings`),
  KEY `IDX_2FC9ADCC8D173C59` (`id_transaction_type`),
  KEY `IDX_2FC9ADCC8E5FA5F3` (`id_transaction_status`),
  CONSTRAINT `FK_2FC9ADCC8D173C59` FOREIGN KEY (`id_transaction_type`) REFERENCES `TransactionType` (`id_transaction_type`),
  CONSTRAINT `FK_2FC9ADCC8E5FA5F3` FOREIGN KEY (`id_transaction_status`) REFERENCES `TransactionStatus` (`id_transaction_status`)
) ENGINE=InnoDB AUTO_INCREMENT=728 DEFAULT CHARSET=utf8 COLLATE=utf8_unicode_ci;

--
-- Dumping data for table `backbone_link_interface_settings`
--

INSERT INTO `backbone_link_interface_settings` VALUES (1,1,1,0,1,'idBranch','BackboneLink',1,0),(2,1,1,0,1,'idProviderOfCarrier','BackboneLink',1,0),(3,1,1,0,1,'idBandwidth','BackboneLink',1,0),(4,1,1,0,1,'idLinkFunction','BackboneLink',1,0),(5,1,1,0,1,'dtOrder','BackboneLink',1,0),(6,1,1,0,1,'dtDeliveryRequested','BackboneLink',1,0),(7,1,1,0,1,'idPop','BackboneLinkExtremity',1,0),(10,1,2,0,1,'dtScheduledDelivery','BackboneLink',1,0),(11,1,3,0,1,'cdTechnicalRef','BackboneLink',1,0),(12,1,3,0,1,'dtDelivery','BackboneLink',1,0),(13,1,4,0,1,'idTechnicalContact','BackboneLinkExtremityTech',1,0),(14,1,4,0,1,'dtBbTested','BackboneLinkExtremityTech',1,0),(15,2,7,0,1,'idPop','BackboneLinkExtremity',1,0),(19,2,9,0,1,'dtTransferRealDelivery','BackboneLinkExtremity',1,0),(20,2,10,0,1,'idTechnicalContact','BackboneLinkExtremityTech',1,0),(21,2,10,0,1,'dtBbTested','BackboneLinkExtremityTech',1,0),(28,4,19,0,1,'dtInitTerminate','BackboneLink',1,0),(29,4,19,0,1,'dtRequestedTerminate','BackboneLink',1,0),(30,4,19,0,1,'dtRealTerminate','BackboneLink',1,0),(32,1,NULL,1,0,'dtRealTerminate','BackboneLink',0,0),(33,1,NULL,1,0,'dtRealUpdown','BackboneLink',0,0),(35,1,NULL,1,0,'dtRequestedUpdown','BackboneLink',0,0),(36,1,NULL,0,0,'dtScheduledDelivery','BackboneLink',0,0),(39,1,NULL,1,0,'dtInitTerminate','BackboneLink',0,0),(40,1,NULL,1,0,'dtInitUpdown','BackboneLink',0,0),(41,2,NULL,1,0,'dtOrder','BackboneLink',0,0),(42,2,NULL,1,0,'dtRealTerminate','BackboneLink',0,0),(43,2,NULL,1,0,'dtRealUpdown','BackboneLink',0,0),(45,2,NULL,1,0,'dtRequestedUpdown','BackboneLink',0,0),(46,2,NULL,1,0,'dtScheduledDelivery','BackboneLink',0,0),(47,2,NULL,1,0,'dtDelivery','BackboneLink',0,0),(48,2,NULL,1,0,'dtDeliveryRequested','BackboneLink',0,0),(49,2,NULL,1,0,'dtInitTerminate','BackboneLink',0,0),(50,2,NULL,1,0,'dtInitUpdown','BackboneLink',0,0),(72,1,NULL,1,0,'dtRequestedTerminate','BackboneLink',0,0),(73,2,NULL,1,0,'dtRequestedTerminate','BackboneLink',0,0),(74,3,NULL,0,0,'dtRequestedTerminate','BackboneLink',0,0),(75,2,7,0,1,'dtInitTransfer','BackboneLinkExtremity',1,1),(76,2,7,0,1,'dtRequestTransfer','BackboneLinkExtremity',1,1),(77,2,7,0,0,'dtOldTerminate','BackboneLinkExtremity',0,0),(78,2,7,0,0,'dtScheduleDelivery','BackboneLinkExtremity',0,0),(80,2,NULL,0,0,'dtTransferComplete','BackboneLinkExtremity',0,0),(81,2,7,0,0,'dtTransferRealDelivery','BackboneLinkExtremity',0,0),(82,2,8,0,0,'dtInitTransfer','BackboneLinkExtremity',0,0),(83,2,8,0,0,'dtRequestTransfer','BackboneLinkExtremity',0,0),(84,2,8,0,0,'dtOldTerminate','BackboneLinkExtremity',0,0),(85,2,8,0,1,'dtScheduleDelivery','BackboneLinkExtremity',1,0),(87,2,8,0,0,'dtTransferRealDelivery','BackboneLinkExtremity',0,0),(88,2,9,0,0,'dtInitTransfer','BackboneLinkExtremity',0,0),(89,2,9,0,0,'dtRequestTransfer','BackboneLinkExtremity',0,0),(90,2,9,0,0,'dtOldTerminate','BackboneLinkExtremity',0,0),(91,2,9,0,0,'dtScheduleDelivery','BackboneLinkExtremity',0,0),(94,2,10,0,0,'dtInitTransfer','BackboneLinkExtremity',0,0),(95,2,10,0,0,'dtRequestTransfer','BackboneLinkExtremity',0,0),(96,2,10,0,0,'dtOldTerminate','BackboneLinkExtremity',0,0),(97,2,10,0,0,'dtScheduleDelivery','BackboneLinkExtremity',0,0),(99,2,10,0,0,'dtTransferRealDelivery','BackboneLinkExtremity',0,0),(100,1,NULL,0,0,'dtDelivery','BackboneLink',0,0),(101,1,NULL,0,0,'dtOrder','BackboneLink',0,0),(102,1,NULL,0,0,'dtDeliveryRequested','BackboneLink',0,0),(103,2,NULL,0,0,'dtInitTransfer','BackboneLinkExtremity',0,0),(104,2,NULL,0,0,'dtRequestTransfer','BackboneLinkExtremity',0,0),(105,2,NULL,0,0,'dtOldTerminate','BackboneLinkExtremity',0,0),(106,2,NULL,0,0,'dtScheduleDelivery','BackboneLinkExtremity',0,0),(107,2,NULL,0,0,'dtTransferComplete','BackboneLinkExtremity',0,0),(108,2,NULL,0,0,'dtTransferRealDelivery','BackboneLinkExtremity',0,0),(111,2,NULL,0,0,'dtInitTransfer','BackboneLinkExtremity',0,1),(112,2,NULL,0,0,'dtRequestTransfer','BackboneLinkExtremity',0,1),(113,2,NULL,0,0,'dtOldTerminate','BackboneLinkExtremity',0,1),(114,2,NULL,0,0,'dtScheduleDelivery','BackboneLinkExtremity',0,1),(115,2,NULL,0,0,'dtTransferComplete','BackboneLinkExtremity',0,1),(116,2,NULL,0,0,'dtTransferRealDelivery','BackboneLinkExtremity',0,1),(117,2,NULL,0,0,'dtBbTested','BackboneLinkExtremityTech',0,1),(118,3,NULL,0,0,'dtOrder','BackboneLink',0,0),(119,3,NULL,0,0,'dtRealTerminate','BackboneLink',0,0),(120,3,NULL,0,0,'dtRealUpdown','BackboneLink',0,0),(121,3,NULL,0,0,'dtRequestedUpdown','BackboneLink',0,0),(122,3,NULL,0,0,'dtScheduledDelivery','BackboneLink',0,0),(123,3,NULL,0,0,'dtDelivery','BackboneLink',0,0),(124,3,NULL,0,0,'dtDeliveryRequested','BackboneLink',0,0),(125,3,NULL,0,0,'dtInitTerminate','BackboneLink',0,0),(126,3,NULL,0,0,'dtInitUpdown','BackboneLink',0,0),(127,3,13,0,1,'idBandwidth','BackboneLink',1,0),(128,3,13,0,1,'dtInitUpdown','BackboneLink',1,0),(129,3,13,0,1,'dtRequestedUpdown','BackboneLink',1,0),(131,3,14,0,1,'dtScheduledUpdownDelivery','BackboneLink',1,0),(132,3,15,0,1,'dtRealUpdown','BackboneLink',1,0),(133,3,16,0,1,'dtBbTested','BackboneLinkExtremityTech',1,0),(134,4,NULL,0,0,'dtOrder','BackboneLink',0,0),(135,4,NULL,0,0,'dtRealTerminate','BackboneLink',0,0),(136,4,NULL,0,0,'dtRealUpdown','BackboneLink',0,0),(137,4,NULL,0,0,'dtRequestedUpdown','BackboneLink',0,0),(138,4,NULL,0,0,'dtScheduledDelivery','BackboneLink',0,0),(139,4,NULL,0,0,'dtDelivery','BackboneLink',0,0),(140,4,NULL,0,0,'dtDeliveryRequested','BackboneLink',0,0),(141,4,NULL,0,0,'dtInitTerminate','BackboneLink',0,0),(142,4,NULL,0,0,'dtInitUpdown','BackboneLink',0,0),(520,5,23,0,1,'idBranch','LocalLoop',1,0),(521,5,23,0,1,'idProviderOfCarrier','LocalLoop',1,0),(522,5,23,0,1,'idBandwidth','LocalLoop',1,0),(523,5,23,0,1,'idLinkFunction','LocalLoop',1,0),(524,5,23,0,1,'dtOrder','LocalLoop',1,0),(525,5,23,0,1,'dtDeliveryRequested','LocalLoop',1,0),(527,5,24,0,1,'dtScheduledDelivery','LocalLoop',1,0),(528,5,25,0,1,'cdTechnicalRef','LocalLoop',1,0),(529,5,25,0,1,'dtDelivery','LocalLoop',1,0),(531,5,26,0,1,'dtLlTested','LocalLoopExtremityTech',1,0),(533,6,31,0,1,'dtTransferRealDelivery','LocalLoopExtremity',1,0),(535,6,32,0,1,'dtLlTested','LocalLoopExtremityTech',1,0),(536,8,41,0,1,'dtInitTerminate','LocalLoop',1,0),(537,8,41,0,1,'dtRequestTerminate','LocalLoop',1,0),(538,8,41,0,1,'dtRealTerminate','LocalLoop',1,0),(539,5,NULL,1,0,'dtRealTerminate','LocalLoop',0,0),(540,5,NULL,1,0,'dtRealUpdown','LocalLoop',0,0),(541,5,NULL,1,0,'dtRequestedUpdown','LocalLoop',0,0),(542,5,NULL,0,0,'dtScheduledDelivery','LocalLoop',0,0),(543,5,NULL,1,0,'dtInitTerminate','LocalLoop',0,0),(544,5,NULL,1,0,'dtInitUpdown','LocalLoop',0,0),(545,6,NULL,1,0,'dtOrder','LocalLoop',0,0),(546,6,NULL,1,0,'dtRealTerminate','LocalLoop',0,0),(547,6,NULL,1,0,'dtRealUpdown','LocalLoop',0,0),(548,6,NULL,1,0,'dtRequestedUpdown','LocalLoop',0,0),(549,6,NULL,1,0,'dtScheduledDelivery','LocalLoop',0,0),(550,6,NULL,1,0,'dtDelivery','LocalLoop',0,0),(551,6,NULL,1,0,'dtDeliveryRequested','LocalLoop',0,0),(552,6,NULL,1,0,'dtInitTerminate','LocalLoop',0,0),(553,6,NULL,1,0,'dtInitUpdown','LocalLoop',0,0),(554,5,NULL,1,0,'dtRequestTerminate','LocalLoop',0,0),(555,6,NULL,1,0,'dtRequestTerminate','LocalLoop',0,0),(556,7,NULL,0,0,'dtRequestTerminate','LocalLoop',0,0),(557,6,29,0,1,'dtInitTransfer','LocalLoopExtremity',1,1),(558,6,29,0,1,'dtRequestTransfer','LocalLoopExtremity',1,1),(559,6,29,0,0,'dtOldTerminate','LocalLoopExtremity',0,0),(560,6,29,0,0,'dtScheduleDelivery','LocalLoopExtremity',0,0),(562,6,29,0,0,'dtTransferRealDelivery','LocalLoopExtremity',0,0),(563,6,30,0,0,'dtInitTransfer','LocalLoopExtremity',0,0),(564,6,30,0,0,'dtRequestTransfer','LocalLoopExtremity',0,0),(565,6,30,0,0,'dtOldTerminate','LocalLoopExtremity',0,0),(566,6,30,0,1,'dtScheduleDelivery','LocalLoopExtremity',1,0),(568,6,30,0,0,'dtTransferRealDelivery','LocalLoopExtremity',0,0),(569,6,31,0,0,'dtInitTransfer','LocalLoopExtremity',0,0),(570,6,31,0,0,'dtRequestTransfer','LocalLoopExtremity',0,0),(571,6,31,0,0,'dtOldTerminate','LocalLoopExtremity',0,0),(572,6,31,0,0,'dtScheduleDelivery','LocalLoopExtremity',0,0),(575,6,32,0,0,'dtInitTransfer','LocalLoopExtremity',0,0),(576,6,32,0,0,'dtRequestTransfer','LocalLoopExtremity',0,0),(577,6,32,0,0,'dtOldTerminate','LocalLoopExtremity',0,0),(578,6,32,0,0,'dtScheduleDelivery','LocalLoopExtremity',0,0),(580,6,32,0,0,'dtTransferRealDelivery','LocalLoopExtremity',0,0),(581,5,NULL,0,0,'dtDelivery','LocalLoop',0,0),(582,5,NULL,0,0,'dtOrder','LocalLoop',0,0),(583,5,NULL,0,0,'dtDeliveryRequested','LocalLoop',0,0),(584,6,NULL,0,0,'dtInitTransfer','LocalLoopExtremity',0,0),(585,6,NULL,0,0,'dtRequestTransfer','LocalLoopExtremity',0,0),(586,6,NULL,0,0,'dtOldTerminate','LocalLoopExtremity',0,0),(587,6,NULL,0,0,'dtScheduleDelivery','LocalLoopExtremity',0,0),(588,6,NULL,0,0,'dtTransferComplete','LocalLoopExtremity',0,0),(589,6,NULL,0,0,'dtTransferRealDelivery','LocalLoopExtremity',0,0),(590,6,NULL,0,0,'dtInitTransfer','LocalLoopExtremity',0,1),(591,6,NULL,0,0,'dtRequestTransfer','LocalLoopExtremity',0,1),(592,6,NULL,0,0,'dtOldTerminate','LocalLoopExtremity',0,1),(593,6,NULL,0,0,'dtScheduleDelivery','LocalLoopExtremity',0,1),(594,6,NULL,0,0,'dtTransferComplete','LocalLoopExtremity',0,1),(595,6,NULL,0,0,'dtTransferRealDelivery','LocalLoopExtremity',0,1),(596,6,NULL,0,0,'dtLlTested','LocalLoopExtremityTech',0,1),(597,7,NULL,0,0,'dtOrder','LocalLoop',0,0),(598,7,NULL,0,0,'dtRealTerminate','LocalLoop',0,0),(599,7,NULL,0,0,'dtRealUpdown','LocalLoop',0,0),(600,7,NULL,0,0,'dtRequestedUpdown','LocalLoop',0,0),(601,7,NULL,0,0,'dtScheduledDelivery','LocalLoop',0,0),(602,7,NULL,0,0,'dtDelivery','LocalLoop',0,0),(603,7,NULL,0,0,'dtDeliveryRequested','LocalLoop',0,0),(604,7,NULL,0,0,'dtInitTerminate','LocalLoop',0,0),(605,7,NULL,0,0,'dtInitUpdown','LocalLoop',0,0),(606,7,35,0,1,'idBandwidth','LocalLoop',1,0),(607,7,35,0,1,'dtInitUpdown','LocalLoop',1,0),(608,7,35,0,1,'dtRequestedUpdown','LocalLoop',1,0),(609,7,36,0,1,'dtScheduledUpdownDelivery','LocalLoop',1,0),(610,7,37,0,1,'dtRealUpdown','LocalLoop',1,0),(611,7,38,0,1,'dtLlTested','LocalLoopExtremityTech',1,0),(612,8,NULL,0,0,'dtOrder','LocalLoop',0,0),(613,8,NULL,0,0,'dtRealTerminate','LocalLoop',0,0),(614,8,NULL,0,0,'dtRealUpdown','LocalLoop',0,0),(615,8,NULL,0,0,'dtRequestedUpdown','LocalLoop',0,0),(616,8,NULL,0,0,'dtScheduledDelivery','LocalLoop',0,0),(617,8,NULL,0,0,'dtDelivery','LocalLoop',0,0),(618,8,NULL,0,0,'dtDeliveryRequested','LocalLoop',0,0),(619,8,NULL,0,0,'dtInitTerminate','LocalLoop',0,0),(620,8,NULL,0,0,'dtInitUpdown','LocalLoop',0,0),(621,1,NULL,0,0,'dtInitTransfer','BackboneLinkExtremity',0,0),(622,1,NULL,0,0,'dtRequestTransfer','BackboneLinkExtremity',0,0),(623,1,NULL,0,0,'dtOldTerminate','BackboneLinkExtremity',0,0),(624,1,NULL,0,0,'dtScheduleDelivery','BackboneLinkExtremity',0,0),(625,1,NULL,0,0,'dtTransferComplete','BackboneLinkExtremity',0,0),(626,1,NULL,0,0,'dtTransferRealDelivery','BackboneLinkExtremity',0,0),(627,1,NULL,0,0,'dtInitTransfer','BackboneLinkExtremity',0,1),(628,1,NULL,0,0,'dtRequestTransfer','BackboneLinkExtremity',0,1),(629,1,NULL,0,0,'dtOldTerminate','BackboneLinkExtremity',0,1),(630,1,NULL,0,0,'dtScheduleDelivery','BackboneLinkExtremity',0,1),(631,1,NULL,0,0,'dtTransferComplete','BackboneLinkExtremity',0,1),(632,1,NULL,0,0,'dtTransferRealDelivery','BackboneLinkExtremity',0,1),(633,3,NULL,0,0,'dtInitTransfer','BackboneLinkExtremity',0,0),(634,3,NULL,0,0,'dtRequestTransfer','BackboneLinkExtremity',0,0),(635,3,NULL,0,0,'dtOldTerminate','BackboneLinkExtremity',0,0),(636,3,NULL,0,0,'dtScheduleDelivery','BackboneLinkExtremity',0,0),(637,3,NULL,0,0,'dtTransferComplete','BackboneLinkExtremity',0,0),(638,3,NULL,0,0,'dtTransferRealDelivery','BackboneLinkExtremity',0,0),(639,3,NULL,0,0,'dtInitTransfer','BackboneLinkExtremity',0,1),(640,3,NULL,0,0,'dtRequestTransfer','BackboneLinkExtremity',0,1),(641,3,NULL,0,0,'dtOldTerminate','BackboneLinkExtremity',0,1),(642,3,NULL,0,0,'dtScheduleDelivery','BackboneLinkExtremity',0,1),(643,3,NULL,0,0,'dtTransferComplete','BackboneLinkExtremity',0,1),(644,3,NULL,0,0,'dtTransferRealDelivery','BackboneLinkExtremity',0,1),(645,4,NULL,0,0,'dtInitTransfer','BackboneLinkExtremity',0,0),(646,4,NULL,0,0,'dtRequestTransfer','BackboneLinkExtremity',0,0),(647,4,NULL,0,0,'dtOldTerminate','BackboneLinkExtremity',0,0),(648,4,NULL,0,0,'dtScheduleDelivery','BackboneLinkExtremity',0,0),(649,4,NULL,0,0,'dtTransferComplete','BackboneLinkExtremity',0,0),(650,4,NULL,0,0,'dtTransferRealDelivery','BackboneLinkExtremity',0,0),(651,4,NULL,0,0,'dtInitTransfer','BackboneLinkExtremity',0,1),(652,4,NULL,0,0,'dtRequestTransfer','BackboneLinkExtremity',0,1),(653,4,NULL,0,0,'dtOldTerminate','BackboneLinkExtremity',0,1),(654,4,NULL,0,0,'dtScheduleDelivery','BackboneLinkExtremity',0,1),(655,4,NULL,0,0,'dtTransferComplete','BackboneLinkExtremity',0,1),(656,4,NULL,0,0,'dtTransferRealDelivery','BackboneLinkExtremity',0,1),(657,5,NULL,0,0,'dtInitTransfer','LocalLoopExtremity',0,0),(658,5,NULL,0,0,'dtRequestTransfer','LocalLoopExtremity',0,0),(659,5,NULL,0,0,'dtOldTerminate','LocalLoopExtremity',0,0),(660,5,NULL,0,0,'dtScheduleDelivery','LocalLoopExtremity',0,0),(661,5,NULL,0,0,'dtTransferComplete','LocalLoopExtremity',0,0),(662,5,NULL,0,0,'dtTransferRealDelivery','LocalLoopExtremity',0,0),(663,5,NULL,0,0,'dtInitTransfer','LocalLoopExtremity',0,1),(664,5,NULL,0,0,'dtRequestTransfer','LocalLoopExtremity',0,1),(665,5,NULL,0,0,'dtOldTerminate','LocalLoopExtremity',0,1),(666,5,NULL,0,0,'dtScheduleDelivery','LocalLoopExtremity',0,1),(667,5,NULL,0,0,'dtTransferComplete','LocalLoopExtremity',0,1),(668,5,NULL,0,0,'dtTransferRealDelivery','LocalLoopExtremity',0,1),(669,8,NULL,0,0,'dtInitTransfer','LocalLoopExtremity',0,0),(670,8,NULL,0,0,'dtRequestTransfer','LocalLoopExtremity',0,0),(671,8,NULL,0,0,'dtOldTerminate','LocalLoopExtremity',0,0),(672,8,NULL,0,0,'dtScheduleDelivery','LocalLoopExtremity',0,0),(673,8,NULL,0,0,'dtTransferComplete','LocalLoopExtremity',0,0),(674,8,NULL,0,0,'dtTransferRealDelivery','LocalLoopExtremity',0,0),(675,8,NULL,0,0,'dtInitTransfer','LocalLoopExtremity',0,1),(676,8,NULL,0,0,'dtRequestTransfer','LocalLoopExtremity',0,1),(677,8,NULL,0,0,'dtOldTerminate','LocalLoopExtremity',0,1),(678,8,NULL,0,0,'dtScheduleDelivery','LocalLoopExtremity',0,1),(679,8,NULL,0,0,'dtTransferComplete','LocalLoopExtremity',0,1),(680,8,NULL,0,0,'dtTransferRealDelivery','LocalLoopExtremity',0,1),(681,7,NULL,0,0,'dtInitTransfer','LocalLoopExtremity',0,0),(682,7,NULL,0,0,'dtRequestTransfer','LocalLoopExtremity',0,0),(683,7,NULL,0,0,'dtOldTerminate','LocalLoopExtremity',0,0),(684,7,NULL,0,0,'dtScheduleDelivery','LocalLoopExtremity',0,0),(685,7,NULL,0,0,'dtTransferComplete','LocalLoopExtremity',0,0),(686,7,NULL,0,0,'dtTransferRealDelivery','LocalLoopExtremity',0,0),(687,7,NULL,0,0,'dtInitTransfer','LocalLoopExtremity',0,1),(688,7,NULL,0,0,'dtRequestTransfer','LocalLoopExtremity',0,1),(689,7,NULL,0,0,'dtOldTerminate','LocalLoopExtremity',0,1),(690,7,NULL,0,0,'dtScheduleDelivery','LocalLoopExtremity',0,1),(691,7,NULL,0,0,'dtTransferComplete','LocalLoopExtremity',0,1),(692,7,NULL,0,0,'dtTransferRealDelivery','LocalLoopExtremity',0,1),(693,5,23,0,1,'idCapacity','LocalLoop',1,0),(696,1,1,0,1,'idAdminContact','BackboneLinkExtremity',1,0),(697,1,1,0,1,'idDeliveryAddress','BackboneLinkExtremity',1,0),(698,2,7,0,1,'idAdminContact','BackboneLinkExtremity',1,0),(699,2,7,0,1,'idDeliveryAddress','BackboneLinkExtremity',1,0),(700,1,NULL,1,0,'idOldBandwidth','BackboneLink',0,0),(701,2,NULL,1,0,'idOldBandwidth','BackboneLink',0,0),(702,4,NULL,1,0,'idOldBandwidth','BackboneLink',0,0),(703,5,NULL,1,0,'idOldBandwidth','LocalLoop',0,0),(704,6,NULL,1,0,'idOldBandwidth','LocalLoop',0,0),(705,8,NULL,1,0,'idOldBandwidth','LocalLoop',0,0),(706,1,NULL,1,0,'dtOldBbTested','BackboneLinkExtremityTech',0,0),(707,2,NULL,1,0,'dtOldBbTested','BackboneLinkExtremityTech',0,0),(708,4,NULL,1,0,'dtOldBbTested','BackboneLinkExtremityTech',0,0),(709,5,NULL,1,0,'dtOldLlTested','LocalLoopExtremityTech',0,0),(710,6,NULL,1,0,'dtOldLlTested','LocalLoopExtremityTech',0,0),(711,8,NULL,1,0,'dtOldLlTested','LocalLoopExtremityTech',0,0),(712,1,NULL,0,0,'dtScheduledUpdownDelivery','BackboneLink',0,0),(713,2,NULL,1,0,'dtScheduledUpdownDelivery','BackboneLink',0,0),(714,3,NULL,0,0,'dtScheduledUpdownDelivery','BackboneLink',0,0),(715,4,NULL,0,0,'dtScheduledUpdownDelivery','BackboneLink',0,0),(716,5,NULL,0,0,'dtScheduledUpdownDelivery','LocalLoop',0,0),(717,6,NULL,1,0,'dtScheduledUpdownDelivery','LocalLoop',0,0),(718,7,NULL,0,0,'dtScheduledUpdownDelivery','LocalLoop',0,0),(719,8,NULL,0,0,'dtScheduledUpdownDelivery','LocalLoop',0,0),(726,3,NULL,0,0,'dtBbTested','BackboneLinkExtremityTech',0,0),(727,7,NULL,0,0,'dtLlTested','LocalLoopExtremityTech',0,0);

--
-- Table structure for table `backbone_link_option`
--

CREATE TABLE `backbone_link_option` (
  `id_backbone_link_option` int(11) NOT NULL AUTO_INCREMENT,
  `id_option_type` int(11) DEFAULT NULL,
  `nb_quantity` int(11) DEFAULT NULL,
  `dt_create` datetime DEFAULT NULL,
  `dt_update` datetime DEFAULT NULL,
  `bl_deactivated` tinyint(1) NOT NULL,
  `id_backbone_link` int(11) DEFAULT NULL,
  `cd_option` varchar(255) DEFAULT NULL,
  `lb_option` varchar(255) DEFAULT NULL,
  `dt_deactivated` datetime DEFAULT NULL,
  PRIMARY KEY (`id_backbone_link_option`),
  KEY `id_option_type` (`id_option_type`),
  KEY `id_backbone_link` (`id_backbone_link`),
  CONSTRAINT `key_backbone_link` FOREIGN KEY (`id_backbone_link`) REFERENCES `backbone_link` (`id_backbone_link`) ON DELETE NO ACTION ON UPDATE NO ACTION,
  CONSTRAINT `key_option_type` FOREIGN KEY (`id_option_type`) REFERENCES `option_type` (`id_option_type`) ON DELETE NO ACTION ON UPDATE NO ACTION
) ENGINE=InnoDB AUTO_INCREMENT=20 DEFAULT CHARSET=utf8;

--
-- Dumping data for table `backbone_link_option`
--


--
-- Table structure for table `backup`
--

CREATE TABLE `backup` (
  `id_backup` int(11) NOT NULL AUTO_INCREMENT,
  `lb_backup` varchar(255) DEFAULT NULL,
  `bl_deactivated` tinyint(1) DEFAULT NULL,
  PRIMARY KEY (`id_backup`)
) ENGINE=InnoDB DEFAULT CHARSET=utf8;

--
-- Dumping data for table `backup`
--


--
-- Table structure for table `bandwidth`
--

CREATE TABLE `bandwidth` (
  `id_bandwidth` int(11) NOT NULL AUTO_INCREMENT,
  `cd_bandwidth` varchar(15) DEFAULT NULL,
  `lb_bandwidth` varchar(100) NOT NULL,
  `nb_bandwidth` decimal(10,0) DEFAULT NULL,
  `bl_deactivated` tinyint(1) DEFAULT NULL,
  `dt_create` datetime DEFAULT NULL,
  `dt_update` datetime DEFAULT NULL,
  `dt_deactivated` datetime DEFAULT NULL,
  `dt_reactivated` datetime DEFAULT NULL,
  PRIMARY KEY (`id_bandwidth`)
) ENGINE=InnoDB AUTO_INCREMENT=7 DEFAULT CHARSET=utf8;

--
-- Dumping data for table `bandwidth`
--


--
-- Table structure for table `bandwidth_assignee`
--

CREATE TABLE `bandwidth_assignee` (
  `id_bandwidth_assignee` int(11) NOT NULL AUTO_INCREMENT,
  `lb_bandwidth_assignee` varchar(100) COLLATE utf8_unicode_ci NOT NULL,
  `bl_product` tinyint(1) DEFAULT NULL,
  `bl_local_loop` tinyint(1) DEFAULT NULL,
  `bl_backbone_link` tinyint(1) DEFAULT NULL,
  `bl_timeslot` tinyint(1) DEFAULT NULL,
  `cd_bandwidth_assignee` varchar(15) COLLATE utf8_unicode_ci DEFAULT NULL,
  `nb_bandwidth` decimal(10,0) DEFAULT NULL,
  `bl_deactivated` tinyint(1) DEFAULT NULL,
  `dt_create` datetime DEFAULT NULL,
  `dt_update` datetime DEFAULT NULL,
  `dt_deactivated` datetime DEFAULT NULL,
  `bl_device` tinyint(1) DEFAULT NULL,
  PRIMARY KEY (`id_bandwidth_assignee`)
) ENGINE=InnoDB AUTO_INCREMENT=24 DEFAULT CHARSET=utf8 COLLATE=utf8_unicode_ci;

--
-- Dumping data for table `bandwidth_assignee`
--

INSERT INTO `bandwidth_assignee` VALUES (14,'1 Tera',1,0,0,0,'1T',NULL,1,'2014-03-17 10:18:01','2014-03-17 10:18:01',NULL,NULL),(15,'64kbi/s',1,1,0,1,'64 kbit/s',NULL,1,'2014-07-21 00:00:00','2014-07-21 00:00:00',NULL,0),(16,'15 Mbit/s',1,1,1,0,'15 Mbit/s',NULL,0,'2014-07-21 00:00:00','2014-07-21 00:00:00','2014-10-02 00:00:00',0),(17,'5Mbit/s',1,1,0,0,'5 Mbit/s',NULL,1,'2014-07-21 17:46:19','2014-07-21 17:46:19',NULL,0),(18,'15 Mbit/s',1,1,1,0,'15 Mbit/s',NULL,1,'2014-07-21 00:00:00','2014-07-21 00:00:00',NULL,0),(21,'1 Gbit/s',0,0,0,1,'1Gb',NULL,1,'2014-10-21 11:37:11','2014-10-21 11:37:11',NULL,0),(22,'100 Mbit/s',0,0,0,1,'100Mbit',NULL,1,'2014-10-21 11:56:00','2014-10-21 11:56:00',NULL,0),(23,'10GigE-10000Mb/s',0,1,1,0,'10GigE',NULL,1,'2014-11-10 00:00:00','2014-11-10 00:00:00',NULL,1);

--
-- Table structure for table `bandwidth_assignee_bandwidth`
--

CREATE TABLE `bandwidth_assignee_bandwidth` (
  `id_bandwidth_assignee` int(11) NOT NULL,
  `id_bandwidth` int(11) NOT NULL,
  PRIMARY KEY (`id_bandwidth_assignee`,`id_bandwidth`),
  KEY `IDX_ADB48C2A36EB4FA3` (`id_bandwidth_assignee`),
  KEY `IDX_ADB48C2AA3C6948` (`id_bandwidth`),
  CONSTRAINT `FK_ADB48C2A36EB4FA3` FOREIGN KEY (`id_bandwidth_assignee`) REFERENCES `bandwidth_assignee` (`id_bandwidth_assignee`),
  CONSTRAINT `FK_ADB48C2AA3C6948` FOREIGN KEY (`id_bandwidth`) REFERENCES `bandwidth` (`id_bandwidth`)
) ENGINE=InnoDB DEFAULT CHARSET=utf8 COLLATE=utf8_unicode_ci;

--
-- Dumping data for table `bandwidth_assignee_bandwidth`
--


--
-- Table structure for table `bandwidth_assignee_product_type`
--

CREATE TABLE `bandwidth_assignee_product_type` (
  `id_bandwidth_assignee` int(11) NOT NULL,
  `id_product_type` int(11) NOT NULL,
  PRIMARY KEY (`id_bandwidth_assignee`,`id_product_type`),
  KEY `IDX_A9CE13A836EB4FA3` (`id_bandwidth_assignee`),
  KEY `IDX_A9CE13A822F700FA` (`id_product_type`),
  CONSTRAINT `FK_A9CE13A822F700FA` FOREIGN KEY (`id_product_type`) REFERENCES `product_type` (`id_product_type`),
  CONSTRAINT `FK_A9CE13A836EB4FA3` FOREIGN KEY (`id_bandwidth_assignee`) REFERENCES `bandwidth_assignee` (`id_bandwidth_assignee`)
) ENGINE=InnoDB DEFAULT CHARSET=utf8 COLLATE=utf8_unicode_ci;

--
-- Dumping data for table `bandwidth_assignee_product_type`
--


--
-- Table structure for table `bandwidth_by_product`
--

CREATE TABLE `bandwidth_by_product` (
  `id_bandwidth_by_product` int(11) NOT NULL AUTO_INCREMENT,
  `id_product` int(11) DEFAULT NULL,
  `id_bandwidth` int(11) DEFAULT NULL,
  `bl_deactivated` tinyint(1) DEFAULT NULL,
  `dt_create` datetime DEFAULT NULL,
  `dt_update` datetime DEFAULT NULL,
  `id_user_create_by` int(11) DEFAULT NULL,
  `id_user_update_by` int(11) DEFAULT NULL,
  `dt_deactivated` datetime DEFAULT NULL,
  PRIMARY KEY (`id_bandwidth_by_product`),
  KEY `id_user_create_by` (`id_user_create_by`),
  KEY `id_user_update_by` (`id_user_update_by`),
  KEY `id_product` (`id_product`),
  KEY `id_bandwidth` (`id_bandwidth`),
  CONSTRAINT `FK_DFBF0ACE536A5873` FOREIGN KEY (`id_user_create_by`) REFERENCES `myuser` (`id`),
  CONSTRAINT `FK_DFBF0ACE68E26F41` FOREIGN KEY (`id_user_update_by`) REFERENCES `myuser` (`id`),
  CONSTRAINT `FK_DFBF0ACEA3C6948` FOREIGN KEY (`id_bandwidth`) REFERENCES `bandwidth` (`id_bandwidth`),
  CONSTRAINT `FK_DFBF0ACEDD7ADDD` FOREIGN KEY (`id_product`) REFERENCES `product` (`id_product`)
) ENGINE=InnoDB DEFAULT CHARSET=utf8;

--
-- Dumping data for table `bandwidth_by_product`
--


--
-- Table structure for table `billing_frequency`
--

CREATE TABLE `billing_frequency` (
  `id_billing_frequency` int(11) NOT NULL AUTO_INCREMENT,
  `cd_frequency` varchar(15) DEFAULT NULL,
  `lb_frequency` varchar(255) DEFAULT NULL,
  `interval` int(11) NOT NULL,
  PRIMARY KEY (`id_billing_frequency`)
) ENGINE=InnoDB AUTO_INCREMENT=7 DEFAULT CHARSET=utf8;

--
-- Dumping data for table `billing_frequency`
--

INSERT INTO `billing_frequency` VALUES (1,'M','Monthly',1),(2,'B','Bimonthly',2),(3,'Q','Quarterly',3),(4,'4M','4 months',4),(5,'SA','Semi-Annual',6),(6,'Y','Yearly',12);

--
-- Table structure for table `billing_group`
--

CREATE TABLE `billing_group` (
  `id_billing_group` int(11) NOT NULL AUTO_INCREMENT,
  `id_address` int(11) DEFAULT NULL,
  `lb_group` varchar(255) COLLATE utf8_unicode_ci DEFAULT NULL,
  PRIMARY KEY (`id_billing_group`),
  KEY `IDX_68BF61E8D3D3C6F1` (`id_address`),
  CONSTRAINT `FK_68BF61E8D3D3C6F1` FOREIGN KEY (`id_address`) REFERENCES `address` (`id_address`)
) ENGINE=InnoDB AUTO_INCREMENT=17 DEFAULT CHARSET=utf8 COLLATE=utf8_unicode_ci;

--
-- Dumping data for table `billing_group`
--


--
-- Table structure for table `billing_one_shot`
--

CREATE TABLE `billing_one_shot` (
  `id_billing_one_shot` int(11) NOT NULL AUTO_INCREMENT,
  `id_currency` int(11) DEFAULT NULL,
  `id_billing_service` int(11) DEFAULT NULL,
  `id_service_extremity_option` int(11) DEFAULT NULL,
  `mt_nrc` decimal(10,0) DEFAULT NULL,
  `mt_nrc_euro` int(11) DEFAULT NULL,
  `id_billing_period` int(11) DEFAULT NULL,
  `id_service_option` int(11) DEFAULT NULL,
  PRIMARY KEY (`id_billing_one_shot`),
  KEY `IDX_C785A26E398D64AA` (`id_currency`),
  KEY `IDX_C785A26EA5972AFE` (`id_service_extremity_option`),
  KEY `IDX_C785A26EBD048098` (`id_billing_period`),
  KEY `IDX_C785A26E63EDD28D` (`id_billing_service`),
  KEY `IDX_C785A26E5927B880` (`id_service_option`),
  CONSTRAINT `FK_C785A26E398D64AA` FOREIGN KEY (`id_currency`) REFERENCES `currency` (`id_currency`),
  CONSTRAINT `FK_C785A26E5927B880` FOREIGN KEY (`id_service_option`) REFERENCES `service_option` (`id_service_option`),
  CONSTRAINT `FK_C785A26E63EDD28D` FOREIGN KEY (`id_billing_service`) REFERENCES `billing_service` (`id_billing_service`),
  CONSTRAINT `FK_C785A26EA5972AFE` FOREIGN KEY (`id_service_extremity_option`) REFERENCES `service_extremity_option` (`id_service_extremity_option`),
  CONSTRAINT `FK_C785A26EBD048098` FOREIGN KEY (`id_billing_period`) REFERENCES `billing_period` (`id_billing_period`)
) ENGINE=InnoDB AUTO_INCREMENT=11 DEFAULT CHARSET=utf8 COLLATE=utf8_unicode_ci;

--
-- Dumping data for table `billing_one_shot`
--


--
-- Table structure for table `billing_one_shot_service_extremity`
--

CREATE TABLE `billing_one_shot_service_extremity` (
  `id_billing_one_shot` int(11) NOT NULL,
  `id_service_extremity` int(11) NOT NULL,
  PRIMARY KEY (`id_billing_one_shot`,`id_service_extremity`),
  KEY `IDX_7F8FDB2C240FF7BF` (`id_billing_one_shot`),
  KEY `IDX_7F8FDB2CC53102E9` (`id_service_extremity`),
  CONSTRAINT `FK_7F8FDB2CC53102E9` FOREIGN KEY (`id_service_extremity`) REFERENCES `service_extremity` (`id_service_extremity`),
  CONSTRAINT `FK_7F8FDB2C240FF7BF` FOREIGN KEY (`id_billing_one_shot`) REFERENCES `billing_one_shot` (`id_billing_one_shot`) ON DELETE CASCADE
) ENGINE=InnoDB DEFAULT CHARSET=utf8 COLLATE=utf8_unicode_ci;

--
-- Dumping data for table `billing_one_shot_service_extremity`
--


--
-- Table structure for table `billing_period`
--

CREATE TABLE `billing_period` (
  `id_billing_period` int(11) NOT NULL AUTO_INCREMENT,
  `dt_billing_end` datetime NOT NULL,
  `id_branch` int(11) DEFAULT NULL,
  `id_billing_period_ref` int(11) DEFAULT NULL,
  `id_billing_frequency` int(11) DEFAULT NULL,
  `dt_ref_end` datetime NOT NULL,
  `dt_ref_start` datetime NOT NULL,
  `dt_billing_start` datetime NOT NULL,
  `lb_billing_period` varchar(100) DEFAULT NULL,
  PRIMARY KEY (`id_billing_period`),
  KEY `IDX_80623D9E9DB1AEF2` (`id_branch`),
  KEY `IDX_80623D9E1179FFA7` (`id_billing_period_ref`),
  KEY `IDX_80623D9E635BB25A` (`id_billing_frequency`),
  CONSTRAINT `FK_80623D9E1179FFA7` FOREIGN KEY (`id_billing_period_ref`) REFERENCES `billing_period_ref` (`id_billing_period_ref`) ON DELETE CASCADE,
  CONSTRAINT `FK_80623D9E635BB25A` FOREIGN KEY (`id_billing_frequency`) REFERENCES `billing_frequency` (`id_billing_frequency`),
  CONSTRAINT `FK_80623D9E9DB1AEF2` FOREIGN KEY (`id_branch`) REFERENCES `branch` (`id_branch`) ON DELETE CASCADE
) ENGINE=InnoDB AUTO_INCREMENT=1596 DEFAULT CHARSET=utf8;

--
-- Dumping data for table `billing_period`
--

INSERT INTO `billing_period` VALUES (1116,'2014-01-31 19:13:22',22,126,1,'2013-12-31 19:13:22','2013-12-01 19:13:22','2014-01-01 19:13:22','2014-01'),(1117,'2014-02-28 19:13:22',22,126,1,'2014-01-31 19:13:22','2014-01-01 19:13:22','2014-02-01 19:13:22','2014-02'),(1118,'2014-03-31 19:13:22',22,126,1,'2014-02-28 19:13:22','2014-02-01 19:13:22','2014-03-01 19:13:22','2014-03'),(1119,'2014-04-30 19:13:22',22,126,1,'2014-03-31 19:13:22','2014-03-01 19:13:22','2014-04-01 19:13:22','2014-04'),(1120,'2014-05-31 19:13:22',22,126,1,'2014-04-30 19:13:22','2014-04-01 19:13:22','2014-05-01 19:13:22','2014-05'),(1121,'2014-06-30 19:13:22',22,126,1,'2014-05-31 19:13:22','2014-05-01 19:13:22','2014-06-01 19:13:22','2014-06'),(1122,'2014-07-31 19:13:22',22,126,1,'2014-06-30 19:13:22','2014-06-01 19:13:22','2014-07-01 19:13:22','2014-07'),(1123,'2014-08-31 19:13:22',22,126,1,'2014-07-31 19:13:22','2014-07-01 19:13:22','2014-08-01 19:13:22','2014-08'),(1124,'2014-09-30 19:13:22',22,126,1,'2014-08-31 19:13:22','2014-08-01 19:13:22','2014-09-01 19:13:22','2014-09'),(1125,'2014-10-31 19:13:22',22,126,1,'2014-09-30 19:13:22','2014-09-01 19:13:22','2014-10-01 19:13:22','2014-10'),(1126,'2014-11-30 19:13:22',22,126,1,'2014-10-31 19:13:22','2014-10-01 19:13:22','2014-11-01 19:13:22','2014-11'),(1127,'2014-12-31 19:13:22',22,126,1,'2014-11-30 19:13:22','2014-11-01 19:13:22','2014-12-01 19:13:22','2014-12'),(1128,'2015-01-31 19:13:22',22,127,1,'2014-12-31 19:13:22','2014-12-01 19:13:22','2015-01-01 19:13:22','2015-01'),(1129,'2015-02-28 19:13:22',22,127,1,'2015-01-31 19:13:22','2015-01-01 19:13:22','2015-02-01 19:13:22','2015-02'),(1130,'2015-03-31 19:13:22',22,127,1,'2015-02-28 19:13:22','2015-02-01 19:13:22','2015-03-01 19:13:22','2015-03'),(1131,'2015-04-30 19:13:22',22,127,1,'2015-03-31 19:13:22','2015-03-01 19:13:22','2015-04-01 19:13:22','2015-04'),(1132,'2015-05-31 19:13:22',22,127,1,'2015-04-30 19:13:22','2015-04-01 19:13:22','2015-05-01 19:13:22','2015-05'),(1133,'2015-06-30 19:13:22',22,127,1,'2015-05-31 19:13:22','2015-05-01 19:13:22','2015-06-01 19:13:22','2015-06'),(1134,'2015-07-31 19:13:22',22,127,1,'2015-06-30 19:13:22','2015-06-01 19:13:22','2015-07-01 19:13:22','2015-07'),(1135,'2015-08-31 19:13:22',22,127,1,'2015-07-31 19:13:22','2015-07-01 19:13:22','2015-08-01 19:13:22','2015-08'),(1136,'2015-09-30 19:13:22',22,127,1,'2015-08-31 19:13:22','2015-08-01 19:13:22','2015-09-01 19:13:22','2015-09'),(1137,'2015-10-31 19:13:22',22,127,1,'2015-09-30 19:13:22','2015-09-01 19:13:22','2015-10-01 19:13:22','2015-10'),(1138,'2015-11-30 19:13:22',22,127,1,'2015-10-31 19:13:22','2015-10-01 19:13:22','2015-11-01 19:13:22','2015-11'),(1139,'2015-12-31 19:13:22',22,127,1,'2015-11-30 19:13:22','2015-11-01 19:13:22','2015-12-01 19:13:22','2015-12'),(1140,'2016-01-31 19:13:22',22,128,1,'2015-12-31 19:13:22','2015-12-01 19:13:22','2016-01-01 19:13:22','2016-01'),(1141,'2016-02-29 19:13:22',22,128,1,'2016-01-31 19:13:22','2016-01-01 19:13:22','2016-02-01 19:13:22','2016-02'),(1142,'2016-03-31 19:13:22',22,128,1,'2016-02-29 19:13:22','2016-02-01 19:13:22','2016-03-01 19:13:22','2016-03'),(1143,'2016-04-30 19:13:22',22,128,1,'2016-03-31 19:13:22','2016-03-01 19:13:22','2016-04-01 19:13:22','2016-04'),(1144,'2016-05-31 19:13:22',22,128,1,'2016-04-30 19:13:22','2016-04-01 19:13:22','2016-05-01 19:13:22','2016-05'),(1145,'2016-06-30 19:13:22',22,128,1,'2016-05-31 19:13:22','2016-05-01 19:13:22','2016-06-01 19:13:22','2016-06'),(1146,'2016-07-31 19:13:22',22,128,1,'2016-06-30 19:13:22','2016-06-01 19:13:22','2016-07-01 19:13:22','2016-07'),(1147,'2016-08-31 19:13:22',22,128,1,'2016-07-31 19:13:22','2016-07-01 19:13:22','2016-08-01 19:13:22','2016-08'),(1148,'2016-09-30 19:13:22',22,128,1,'2016-08-31 19:13:22','2016-08-01 19:13:22','2016-09-01 19:13:22','2016-09'),(1149,'2016-10-31 19:13:22',22,128,1,'2016-09-30 19:13:22','2016-09-01 19:13:22','2016-10-01 19:13:22','2016-10'),(1150,'2016-11-30 19:13:22',22,128,1,'2016-10-31 19:13:22','2016-10-01 19:13:22','2016-11-01 19:13:22','2016-11'),(1151,'2016-12-31 19:13:22',22,128,1,'2016-11-30 19:13:22','2016-11-01 19:13:22','2016-12-01 19:13:22','2016-12'),(1152,'2017-01-31 19:13:22',22,129,1,'2016-12-31 19:13:22','2016-12-01 19:13:22','2017-01-01 19:13:22','2017-01'),(1153,'2017-02-28 19:13:22',22,129,1,'2017-01-31 19:13:22','2017-01-01 19:13:22','2017-02-01 19:13:22','2017-02'),(1154,'2017-03-31 19:13:22',22,129,1,'2017-02-28 19:13:22','2017-02-01 19:13:22','2017-03-01 19:13:22','2017-03'),(1155,'2017-04-30 19:13:22',22,129,1,'2017-03-31 19:13:22','2017-03-01 19:13:22','2017-04-01 19:13:22','2017-04'),(1156,'2017-05-31 19:13:22',22,129,1,'2017-04-30 19:13:22','2017-04-01 19:13:22','2017-05-01 19:13:22','2017-05'),(1157,'2017-06-30 19:13:22',22,129,1,'2017-05-31 19:13:22','2017-05-01 19:13:22','2017-06-01 19:13:22','2017-06'),(1158,'2017-07-31 19:13:22',22,129,1,'2017-06-30 19:13:22','2017-06-01 19:13:22','2017-07-01 19:13:22','2017-07'),(1159,'2017-08-31 19:13:22',22,129,1,'2017-07-31 19:13:22','2017-07-01 19:13:22','2017-08-01 19:13:22','2017-08'),(1160,'2017-09-30 19:13:22',22,129,1,'2017-08-31 19:13:22','2017-08-01 19:13:22','2017-09-01 19:13:22','2017-09'),(1161,'2017-10-31 19:13:22',22,129,1,'2017-09-30 19:13:22','2017-09-01 19:13:22','2017-10-01 19:13:22','2017-10'),(1162,'2017-11-30 19:13:22',22,129,1,'2017-10-31 19:13:22','2017-10-01 19:13:22','2017-11-01 19:13:22','2017-11'),(1163,'2017-12-31 19:13:22',22,129,1,'2017-11-30 19:13:22','2017-11-01 19:13:22','2017-12-01 19:13:22','2017-12'),(1164,'2018-01-31 19:13:22',22,130,1,'2017-12-31 19:13:22','2017-12-01 19:13:22','2018-01-01 19:13:22','2018-01'),(1165,'2018-02-28 19:13:22',22,130,1,'2018-01-31 19:13:22','2018-01-01 19:13:22','2018-02-01 19:13:22','2018-02'),(1166,'2018-03-31 19:13:22',22,130,1,'2018-02-28 19:13:22','2018-02-01 19:13:22','2018-03-01 19:13:22','2018-03'),(1167,'2018-04-30 19:13:22',22,130,1,'2018-03-31 19:13:22','2018-03-01 19:13:22','2018-04-01 19:13:22','2018-04'),(1168,'2018-05-31 19:13:22',22,130,1,'2018-04-30 19:13:22','2018-04-01 19:13:22','2018-05-01 19:13:22','2018-05'),(1169,'2018-06-30 19:13:22',22,130,1,'2018-05-31 19:13:22','2018-05-01 19:13:22','2018-06-01 19:13:22','2018-06'),(1170,'2018-07-31 19:13:22',22,130,1,'2018-06-30 19:13:22','2018-06-01 19:13:22','2018-07-01 19:13:22','2018-07'),(1171,'2018-08-31 19:13:22',22,130,1,'2018-07-31 19:13:22','2018-07-01 19:13:22','2018-08-01 19:13:22','2018-08'),(1172,'2018-09-30 19:13:22',22,130,1,'2018-08-31 19:13:22','2018-08-01 19:13:22','2018-09-01 19:13:22','2018-09'),(1173,'2018-10-31 19:13:22',22,130,1,'2018-09-30 19:13:22','2018-09-01 19:13:22','2018-10-01 19:13:22','2018-10'),(1174,'2018-11-30 19:13:22',22,130,1,'2018-10-31 19:13:22','2018-10-01 19:13:22','2018-11-01 19:13:22','2018-11'),(1175,'2018-12-31 19:13:22',22,130,1,'2018-11-30 19:13:22','2018-11-01 19:13:22','2018-12-01 19:13:22','2018-12'),(1176,'2019-01-31 19:13:22',22,131,1,'2018-12-31 19:13:22','2018-12-01 19:13:22','2019-01-01 19:13:22','2019-01'),(1177,'2019-02-28 19:13:22',22,131,1,'2019-01-31 19:13:22','2019-01-01 19:13:22','2019-02-01 19:13:22','2019-02'),(1178,'2019-03-31 19:13:22',22,131,1,'2019-02-28 19:13:22','2019-02-01 19:13:22','2019-03-01 19:13:22','2019-03'),(1179,'2019-04-30 19:13:22',22,131,1,'2019-03-31 19:13:22','2019-03-01 19:13:22','2019-04-01 19:13:22','2019-04'),(1180,'2019-05-31 19:13:22',22,131,1,'2019-04-30 19:13:22','2019-04-01 19:13:22','2019-05-01 19:13:22','2019-05'),(1181,'2019-06-30 19:13:22',22,131,1,'2019-05-31 19:13:22','2019-05-01 19:13:22','2019-06-01 19:13:22','2019-06'),(1182,'2019-07-31 19:13:22',22,131,1,'2019-06-30 19:13:22','2019-06-01 19:13:22','2019-07-01 19:13:22','2019-07'),(1183,'2019-08-31 19:13:22',22,131,1,'2019-07-31 19:13:22','2019-07-01 19:13:22','2019-08-01 19:13:22','2019-08'),(1184,'2019-09-30 19:13:22',22,131,1,'2019-08-31 19:13:22','2019-08-01 19:13:22','2019-09-01 19:13:22','2019-09'),(1185,'2019-10-31 19:13:22',22,131,1,'2019-09-30 19:13:22','2019-09-01 19:13:22','2019-10-01 19:13:22','2019-10'),(1186,'2019-11-30 19:13:22',22,131,1,'2019-10-31 19:13:22','2019-10-01 19:13:22','2019-11-01 19:13:22','2019-11'),(1187,'2019-12-31 19:13:22',22,131,1,'2019-11-30 19:13:22','2019-11-01 19:13:22','2019-12-01 19:13:22','2019-12'),(1188,'2020-01-31 19:13:22',22,132,1,'2019-12-31 19:13:22','2019-12-01 19:13:22','2020-01-01 19:13:22','2020-01'),(1189,'2020-02-29 19:13:22',22,132,1,'2020-01-31 19:13:22','2020-01-01 19:13:22','2020-02-01 19:13:22','2020-02'),(1190,'2020-03-31 19:13:22',22,132,1,'2020-02-29 19:13:22','2020-02-01 19:13:22','2020-03-01 19:13:22','2020-03'),(1191,'2020-04-30 19:13:22',22,132,1,'2020-03-31 19:13:22','2020-03-01 19:13:22','2020-04-01 19:13:22','2020-04'),(1192,'2020-05-31 19:13:22',22,132,1,'2020-04-30 19:13:22','2020-04-01 19:13:22','2020-05-01 19:13:22','2020-05'),(1193,'2020-06-30 19:13:22',22,132,1,'2020-05-31 19:13:22','2020-05-01 19:13:22','2020-06-01 19:13:22','2020-06'),(1194,'2020-07-31 19:13:22',22,132,1,'2020-06-30 19:13:22','2020-06-01 19:13:22','2020-07-01 19:13:22','2020-07'),(1195,'2020-08-31 19:13:22',22,132,1,'2020-07-31 19:13:22','2020-07-01 19:13:22','2020-08-01 19:13:22','2020-08'),(1196,'2020-09-30 19:13:22',22,132,1,'2020-08-31 19:13:22','2020-08-01 19:13:22','2020-09-01 19:13:22','2020-09'),(1197,'2020-10-31 19:13:22',22,132,1,'2020-09-30 19:13:22','2020-09-01 19:13:22','2020-10-01 19:13:22','2020-10'),(1198,'2020-11-30 19:13:22',22,132,1,'2020-10-31 19:13:22','2020-10-01 19:13:22','2020-11-01 19:13:22','2020-11'),(1199,'2020-12-31 19:13:22',22,132,1,'2020-11-30 19:13:22','2020-11-01 19:13:22','2020-12-01 19:13:22','2020-12'),(1200,'2021-01-31 19:13:22',22,133,1,'2020-12-31 19:13:22','2020-12-01 19:13:22','2021-01-01 19:13:22','2021-01'),(1201,'2021-02-28 19:13:22',22,133,1,'2021-01-31 19:13:22','2021-01-01 19:13:22','2021-02-01 19:13:22','2021-02'),(1202,'2021-03-31 19:13:22',22,133,1,'2021-02-28 19:13:22','2021-02-01 19:13:22','2021-03-01 19:13:22','2021-03'),(1203,'2021-04-30 19:13:22',22,133,1,'2021-03-31 19:13:22','2021-03-01 19:13:22','2021-04-01 19:13:22','2021-04'),(1204,'2021-05-31 19:13:22',22,133,1,'2021-04-30 19:13:22','2021-04-01 19:13:22','2021-05-01 19:13:22','2021-05'),(1205,'2021-06-30 19:13:22',22,133,1,'2021-05-31 19:13:22','2021-05-01 19:13:22','2021-06-01 19:13:22','2021-06'),(1206,'2021-07-31 19:13:22',22,133,1,'2021-06-30 19:13:22','2021-06-01 19:13:22','2021-07-01 19:13:22','2021-07'),(1207,'2021-08-31 19:13:22',22,133,1,'2021-07-31 19:13:22','2021-07-01 19:13:22','2021-08-01 19:13:22','2021-08'),(1208,'2021-09-30 19:13:22',22,133,1,'2021-08-31 19:13:22','2021-08-01 19:13:22','2021-09-01 19:13:22','2021-09'),(1209,'2021-10-31 19:13:22',22,133,1,'2021-09-30 19:13:22','2021-09-01 19:13:22','2021-10-01 19:13:22','2021-10'),(1210,'2021-11-30 19:13:22',22,133,1,'2021-10-31 19:13:22','2021-10-01 19:13:22','2021-11-01 19:13:22','2021-11'),(1211,'2021-12-31 19:13:22',22,133,1,'2021-11-30 19:13:22','2021-11-01 19:13:22','2021-12-01 19:13:22','2021-12'),(1212,'2022-01-31 19:13:22',22,134,1,'2021-12-31 19:13:22','2021-12-01 19:13:22','2022-01-01 19:13:22','2022-01'),(1213,'2022-02-28 19:13:22',22,134,1,'2022-01-31 19:13:22','2022-01-01 19:13:22','2022-02-01 19:13:22','2022-02'),(1214,'2022-03-31 19:13:22',22,134,1,'2022-02-28 19:13:22','2022-02-01 19:13:22','2022-03-01 19:13:22','2022-03'),(1215,'2022-04-30 19:13:22',22,134,1,'2022-03-31 19:13:22','2022-03-01 19:13:22','2022-04-01 19:13:22','2022-04'),(1216,'2022-05-31 19:13:22',22,134,1,'2022-04-30 19:13:22','2022-04-01 19:13:22','2022-05-01 19:13:22','2022-05'),(1217,'2022-06-30 19:13:22',22,134,1,'2022-05-31 19:13:22','2022-05-01 19:13:22','2022-06-01 19:13:22','2022-06'),(1218,'2022-07-31 19:13:22',22,134,1,'2022-06-30 19:13:22','2022-06-01 19:13:22','2022-07-01 19:13:22','2022-07'),(1219,'2022-08-31 19:13:22',22,134,1,'2022-07-31 19:13:22','2022-07-01 19:13:22','2022-08-01 19:13:22','2022-08'),(1220,'2022-09-30 19:13:22',22,134,1,'2022-08-31 19:13:22','2022-08-01 19:13:22','2022-09-01 19:13:22','2022-09'),(1221,'2022-10-31 19:13:22',22,134,1,'2022-09-30 19:13:22','2022-09-01 19:13:22','2022-10-01 19:13:22','2022-10'),(1222,'2022-11-30 19:13:22',22,134,1,'2022-10-31 19:13:22','2022-10-01 19:13:22','2022-11-01 19:13:22','2022-11'),(1223,'2022-12-31 19:13:22',22,134,1,'2022-11-30 19:13:22','2022-11-01 19:13:22','2022-12-01 19:13:22','2022-12'),(1224,'2023-01-31 19:13:22',22,135,1,'2022-12-31 19:13:22','2022-12-01 19:13:22','2023-01-01 19:13:22','2023-01'),(1225,'2023-02-28 19:13:22',22,135,1,'2023-01-31 19:13:22','2023-01-01 19:13:22','2023-02-01 19:13:22','2023-02'),(1226,'2023-03-31 19:13:22',22,135,1,'2023-02-28 19:13:22','2023-02-01 19:13:22','2023-03-01 19:13:22','2023-03'),(1227,'2023-04-30 19:13:22',22,135,1,'2023-03-31 19:13:22','2023-03-01 19:13:22','2023-04-01 19:13:22','2023-04'),(1228,'2023-05-31 19:13:22',22,135,1,'2023-04-30 19:13:22','2023-04-01 19:13:22','2023-05-01 19:13:22','2023-05'),(1229,'2023-06-30 19:13:22',22,135,1,'2023-05-31 19:13:22','2023-05-01 19:13:22','2023-06-01 19:13:22','2023-06'),(1230,'2023-07-31 19:13:22',22,135,1,'2023-06-30 19:13:22','2023-06-01 19:13:22','2023-07-01 19:13:22','2023-07'),(1231,'2023-08-31 19:13:22',22,135,1,'2023-07-31 19:13:22','2023-07-01 19:13:22','2023-08-01 19:13:22','2023-08'),(1232,'2023-09-30 19:13:22',22,135,1,'2023-08-31 19:13:22','2023-08-01 19:13:22','2023-09-01 19:13:22','2023-09'),(1233,'2023-10-31 19:13:22',22,135,1,'2023-09-30 19:13:22','2023-09-01 19:13:22','2023-10-01 19:13:22','2023-10'),(1234,'2023-11-30 19:13:22',22,135,1,'2023-10-31 19:13:22','2023-10-01 19:13:22','2023-11-01 19:13:22','2023-11'),(1235,'2023-12-31 19:13:22',22,135,1,'2023-11-30 19:13:22','2023-11-01 19:13:22','2023-12-01 19:13:22','2023-12'),(1236,'2014-01-31 16:39:47',23,136,1,'2013-12-31 16:39:47','2013-12-01 16:39:47','2014-01-01 16:39:47','2014-01'),(1237,'2014-02-28 16:39:47',23,136,1,'2014-01-31 16:39:47','2014-01-01 16:39:47','2014-02-01 16:39:47','2014-02'),(1238,'2014-03-31 16:39:47',23,136,1,'2014-02-28 16:39:47','2014-02-01 16:39:47','2014-03-01 16:39:47','2014-03'),(1239,'2014-04-30 16:39:47',23,136,1,'2014-03-31 16:39:47','2014-03-01 16:39:47','2014-04-01 16:39:47','2014-04'),(1240,'2014-05-31 16:39:47',23,136,1,'2014-04-30 16:39:47','2014-04-01 16:39:47','2014-05-01 16:39:47','2014-05'),(1241,'2014-06-30 16:39:47',23,136,1,'2014-05-31 16:39:47','2014-05-01 16:39:47','2014-06-01 16:39:47','2014-06'),(1242,'2014-07-31 16:39:47',23,136,1,'2014-06-30 16:39:47','2014-06-01 16:39:47','2014-07-01 16:39:47','2014-07'),(1243,'2014-08-31 16:39:47',23,136,1,'2014-07-31 16:39:47','2014-07-01 16:39:47','2014-08-01 16:39:47','2014-08'),(1244,'2014-09-30 16:39:47',23,136,1,'2014-08-31 16:39:47','2014-08-01 16:39:47','2014-09-01 16:39:47','2014-09'),(1245,'2014-10-31 16:39:47',23,136,1,'2014-09-30 16:39:47','2014-09-01 16:39:47','2014-10-01 16:39:47','2014-10'),(1246,'2014-11-30 16:39:47',23,136,1,'2014-10-31 16:39:47','2014-10-01 16:39:47','2014-11-01 16:39:47','2014-11'),(1247,'2014-12-31 16:39:47',23,136,1,'2014-11-30 16:39:47','2014-11-01 16:39:47','2014-12-01 16:39:47','2014-12'),(1248,'2015-01-31 16:39:47',23,137,1,'2014-12-31 16:39:47','2014-12-01 16:39:47','2015-01-01 16:39:47','2015-01'),(1249,'2015-02-28 16:39:47',23,137,1,'2015-01-31 16:39:47','2015-01-01 16:39:47','2015-02-01 16:39:47','2015-02'),(1250,'2015-03-31 16:39:47',23,137,1,'2015-02-28 16:39:47','2015-02-01 16:39:47','2015-03-01 16:39:47','2015-03'),(1251,'2015-04-30 16:39:47',23,137,1,'2015-03-31 16:39:47','2015-03-01 16:39:47','2015-04-01 16:39:47','2015-04'),(1252,'2015-05-31 16:39:47',23,137,1,'2015-04-30 16:39:47','2015-04-01 16:39:47','2015-05-01 16:39:47','2015-05'),(1253,'2015-06-30 16:39:47',23,137,1,'2015-05-31 16:39:47','2015-05-01 16:39:47','2015-06-01 16:39:47','2015-06'),(1254,'2015-07-31 16:39:47',23,137,1,'2015-06-30 16:39:47','2015-06-01 16:39:47','2015-07-01 16:39:47','2015-07'),(1255,'2015-08-31 16:39:47',23,137,1,'2015-07-31 16:39:47','2015-07-01 16:39:47','2015-08-01 16:39:47','2015-08'),(1256,'2015-09-30 16:39:47',23,137,1,'2015-08-31 16:39:47','2015-08-01 16:39:47','2015-09-01 16:39:47','2015-09'),(1257,'2015-10-31 16:39:47',23,137,1,'2015-09-30 16:39:47','2015-09-01 16:39:47','2015-10-01 16:39:47','2015-10'),(1258,'2015-11-30 16:39:47',23,137,1,'2015-10-31 16:39:47','2015-10-01 16:39:47','2015-11-01 16:39:47','2015-11'),(1259,'2015-12-31 16:39:47',23,137,1,'2015-11-30 16:39:47','2015-11-01 16:39:47','2015-12-01 16:39:47','2015-12'),(1260,'2016-01-31 16:39:47',23,138,1,'2015-12-31 16:39:47','2015-12-01 16:39:47','2016-01-01 16:39:47','2016-01'),(1261,'2016-02-29 16:39:47',23,138,1,'2016-01-31 16:39:47','2016-01-01 16:39:47','2016-02-01 16:39:47','2016-02'),(1262,'2016-03-31 16:39:47',23,138,1,'2016-02-29 16:39:47','2016-02-01 16:39:47','2016-03-01 16:39:47','2016-03'),(1263,'2016-04-30 16:39:47',23,138,1,'2016-03-31 16:39:47','2016-03-01 16:39:47','2016-04-01 16:39:47','2016-04'),(1264,'2016-05-31 16:39:47',23,138,1,'2016-04-30 16:39:47','2016-04-01 16:39:47','2016-05-01 16:39:47','2016-05'),(1265,'2016-06-30 16:39:47',23,138,1,'2016-05-31 16:39:47','2016-05-01 16:39:47','2016-06-01 16:39:47','2016-06'),(1266,'2016-07-31 16:39:47',23,138,1,'2016-06-30 16:39:47','2016-06-01 16:39:47','2016-07-01 16:39:47','2016-07'),(1267,'2016-08-31 16:39:47',23,138,1,'2016-07-31 16:39:47','2016-07-01 16:39:47','2016-08-01 16:39:47','2016-08'),(1268,'2016-09-30 16:39:47',23,138,1,'2016-08-31 16:39:47','2016-08-01 16:39:47','2016-09-01 16:39:47','2016-09'),(1269,'2016-10-31 16:39:47',23,138,1,'2016-09-30 16:39:47','2016-09-01 16:39:47','2016-10-01 16:39:47','2016-10'),(1270,'2016-11-30 16:39:47',23,138,1,'2016-10-31 16:39:47','2016-10-01 16:39:47','2016-11-01 16:39:47','2016-11'),(1271,'2016-12-31 16:39:47',23,138,1,'2016-11-30 16:39:47','2016-11-01 16:39:47','2016-12-01 16:39:47','2016-12'),(1272,'2017-01-31 16:39:47',23,139,1,'2016-12-31 16:39:47','2016-12-01 16:39:47','2017-01-01 16:39:47','2017-01'),(1273,'2017-02-28 16:39:47',23,139,1,'2017-01-31 16:39:47','2017-01-01 16:39:47','2017-02-01 16:39:47','2017-02'),(1274,'2017-03-31 16:39:47',23,139,1,'2017-02-28 16:39:47','2017-02-01 16:39:47','2017-03-01 16:39:47','2017-03'),(1275,'2017-04-30 16:39:47',23,139,1,'2017-03-31 16:39:47','2017-03-01 16:39:47','2017-04-01 16:39:47','2017-04'),(1276,'2017-05-31 16:39:47',23,139,1,'2017-04-30 16:39:47','2017-04-01 16:39:47','2017-05-01 16:39:47','2017-05'),(1277,'2017-06-30 16:39:47',23,139,1,'2017-05-31 16:39:47','2017-05-01 16:39:47','2017-06-01 16:39:47','2017-06'),(1278,'2017-07-31 16:39:47',23,139,1,'2017-06-30 16:39:47','2017-06-01 16:39:47','2017-07-01 16:39:47','2017-07'),(1279,'2017-08-31 16:39:47',23,139,1,'2017-07-31 16:39:47','2017-07-01 16:39:47','2017-08-01 16:39:47','2017-08'),(1280,'2017-09-30 16:39:47',23,139,1,'2017-08-31 16:39:47','2017-08-01 16:39:47','2017-09-01 16:39:47','2017-09'),(1281,'2017-10-31 16:39:47',23,139,1,'2017-09-30 16:39:47','2017-09-01 16:39:47','2017-10-01 16:39:47','2017-10'),(1282,'2017-11-30 16:39:47',23,139,1,'2017-10-31 16:39:47','2017-10-01 16:39:47','2017-11-01 16:39:47','2017-11'),(1283,'2017-12-31 16:39:47',23,139,1,'2017-11-30 16:39:47','2017-11-01 16:39:47','2017-12-01 16:39:47','2017-12'),(1284,'2018-01-31 16:39:47',23,140,1,'2017-12-31 16:39:47','2017-12-01 16:39:47','2018-01-01 16:39:47','2018-01'),(1285,'2018-02-28 16:39:47',23,140,1,'2018-01-31 16:39:47','2018-01-01 16:39:47','2018-02-01 16:39:47','2018-02'),(1286,'2018-03-31 16:39:47',23,140,1,'2018-02-28 16:39:47','2018-02-01 16:39:47','2018-03-01 16:39:47','2018-03'),(1287,'2018-04-30 16:39:47',23,140,1,'2018-03-31 16:39:47','2018-03-01 16:39:47','2018-04-01 16:39:47','2018-04'),(1288,'2018-05-31 16:39:47',23,140,1,'2018-04-30 16:39:47','2018-04-01 16:39:47','2018-05-01 16:39:47','2018-05'),(1289,'2018-06-30 16:39:47',23,140,1,'2018-05-31 16:39:47','2018-05-01 16:39:47','2018-06-01 16:39:47','2018-06'),(1290,'2018-07-31 16:39:47',23,140,1,'2018-06-30 16:39:47','2018-06-01 16:39:47','2018-07-01 16:39:47','2018-07'),(1291,'2018-08-31 16:39:47',23,140,1,'2018-07-31 16:39:47','2018-07-01 16:39:47','2018-08-01 16:39:47','2018-08'),(1292,'2018-09-30 16:39:47',23,140,1,'2018-08-31 16:39:47','2018-08-01 16:39:47','2018-09-01 16:39:47','2018-09'),(1293,'2018-10-31 16:39:47',23,140,1,'2018-09-30 16:39:47','2018-09-01 16:39:47','2018-10-01 16:39:47','2018-10'),(1294,'2018-11-30 16:39:47',23,140,1,'2018-10-31 16:39:47','2018-10-01 16:39:47','2018-11-01 16:39:47','2018-11'),(1295,'2018-12-31 16:39:47',23,140,1,'2018-11-30 16:39:47','2018-11-01 16:39:47','2018-12-01 16:39:47','2018-12'),(1296,'2019-01-31 16:39:47',23,141,1,'2018-12-31 16:39:47','2018-12-01 16:39:47','2019-01-01 16:39:47','2019-01'),(1297,'2019-02-28 16:39:47',23,141,1,'2019-01-31 16:39:47','2019-01-01 16:39:47','2019-02-01 16:39:47','2019-02'),(1298,'2019-03-31 16:39:47',23,141,1,'2019-02-28 16:39:47','2019-02-01 16:39:47','2019-03-01 16:39:47','2019-03'),(1299,'2019-04-30 16:39:47',23,141,1,'2019-03-31 16:39:47','2019-03-01 16:39:47','2019-04-01 16:39:47','2019-04'),(1300,'2019-05-31 16:39:47',23,141,1,'2019-04-30 16:39:47','2019-04-01 16:39:47','2019-05-01 16:39:47','2019-05'),(1301,'2019-06-30 16:39:47',23,141,1,'2019-05-31 16:39:47','2019-05-01 16:39:47','2019-06-01 16:39:47','2019-06'),(1302,'2019-07-31 16:39:47',23,141,1,'2019-06-30 16:39:47','2019-06-01 16:39:47','2019-07-01 16:39:47','2019-07'),(1303,'2019-08-31 16:39:47',23,141,1,'2019-07-31 16:39:47','2019-07-01 16:39:47','2019-08-01 16:39:47','2019-08'),(1304,'2019-09-30 16:39:47',23,141,1,'2019-08-31 16:39:47','2019-08-01 16:39:47','2019-09-01 16:39:47','2019-09'),(1305,'2019-10-31 16:39:47',23,141,1,'2019-09-30 16:39:47','2019-09-01 16:39:47','2019-10-01 16:39:47','2019-10'),(1306,'2019-11-30 16:39:47',23,141,1,'2019-10-31 16:39:47','2019-10-01 16:39:47','2019-11-01 16:39:47','2019-11'),(1307,'2019-12-31 16:39:47',23,141,1,'2019-11-30 16:39:47','2019-11-01 16:39:47','2019-12-01 16:39:47','2019-12'),(1308,'2020-01-31 16:39:47',23,142,1,'2019-12-31 16:39:47','2019-12-01 16:39:47','2020-01-01 16:39:47','2020-01'),(1309,'2020-02-29 16:39:47',23,142,1,'2020-01-31 16:39:47','2020-01-01 16:39:47','2020-02-01 16:39:47','2020-02'),(1310,'2020-03-31 16:39:47',23,142,1,'2020-02-29 16:39:47','2020-02-01 16:39:47','2020-03-01 16:39:47','2020-03'),(1311,'2020-04-30 16:39:47',23,142,1,'2020-03-31 16:39:47','2020-03-01 16:39:47','2020-04-01 16:39:47','2020-04'),(1312,'2020-05-31 16:39:47',23,142,1,'2020-04-30 16:39:47','2020-04-01 16:39:47','2020-05-01 16:39:47','2020-05'),(1313,'2020-06-30 16:39:47',23,142,1,'2020-05-31 16:39:47','2020-05-01 16:39:47','2020-06-01 16:39:47','2020-06'),(1314,'2020-07-31 16:39:47',23,142,1,'2020-06-30 16:39:47','2020-06-01 16:39:47','2020-07-01 16:39:47','2020-07'),(1315,'2020-08-31 16:39:47',23,142,1,'2020-07-31 16:39:47','2020-07-01 16:39:47','2020-08-01 16:39:47','2020-08'),(1316,'2020-09-30 16:39:47',23,142,1,'2020-08-31 16:39:47','2020-08-01 16:39:47','2020-09-01 16:39:47','2020-09'),(1317,'2020-10-31 16:39:47',23,142,1,'2020-09-30 16:39:47','2020-09-01 16:39:47','2020-10-01 16:39:47','2020-10'),(1318,'2020-11-30 16:39:47',23,142,1,'2020-10-31 16:39:47','2020-10-01 16:39:47','2020-11-01 16:39:47','2020-11'),(1319,'2020-12-31 16:39:47',23,142,1,'2020-11-30 16:39:47','2020-11-01 16:39:47','2020-12-01 16:39:47','2020-12'),(1320,'2021-01-31 16:39:47',23,143,1,'2020-12-31 16:39:47','2020-12-01 16:39:47','2021-01-01 16:39:47','2021-01'),(1321,'2021-02-28 16:39:47',23,143,1,'2021-01-31 16:39:47','2021-01-01 16:39:47','2021-02-01 16:39:47','2021-02'),(1322,'2021-03-31 16:39:47',23,143,1,'2021-02-28 16:39:47','2021-02-01 16:39:47','2021-03-01 16:39:47','2021-03'),(1323,'2021-04-30 16:39:47',23,143,1,'2021-03-31 16:39:47','2021-03-01 16:39:47','2021-04-01 16:39:47','2021-04'),(1324,'2021-05-31 16:39:47',23,143,1,'2021-04-30 16:39:47','2021-04-01 16:39:47','2021-05-01 16:39:47','2021-05'),(1325,'2021-06-30 16:39:47',23,143,1,'2021-05-31 16:39:47','2021-05-01 16:39:47','2021-06-01 16:39:47','2021-06'),(1326,'2021-07-31 16:39:47',23,143,1,'2021-06-30 16:39:47','2021-06-01 16:39:47','2021-07-01 16:39:47','2021-07'),(1327,'2021-08-31 16:39:47',23,143,1,'2021-07-31 16:39:47','2021-07-01 16:39:47','2021-08-01 16:39:47','2021-08'),(1328,'2021-09-30 16:39:47',23,143,1,'2021-08-31 16:39:47','2021-08-01 16:39:47','2021-09-01 16:39:47','2021-09'),(1329,'2021-10-31 16:39:47',23,143,1,'2021-09-30 16:39:47','2021-09-01 16:39:47','2021-10-01 16:39:47','2021-10'),(1330,'2021-11-30 16:39:47',23,143,1,'2021-10-31 16:39:47','2021-10-01 16:39:47','2021-11-01 16:39:47','2021-11'),(1331,'2021-12-31 16:39:47',23,143,1,'2021-11-30 16:39:47','2021-11-01 16:39:47','2021-12-01 16:39:47','2021-12'),(1332,'2022-01-31 16:39:47',23,144,1,'2021-12-31 16:39:47','2021-12-01 16:39:47','2022-01-01 16:39:47','2022-01'),(1333,'2022-02-28 16:39:47',23,144,1,'2022-01-31 16:39:47','2022-01-01 16:39:47','2022-02-01 16:39:47','2022-02'),(1334,'2022-03-31 16:39:47',23,144,1,'2022-02-28 16:39:47','2022-02-01 16:39:47','2022-03-01 16:39:47','2022-03'),(1335,'2022-04-30 16:39:47',23,144,1,'2022-03-31 16:39:47','2022-03-01 16:39:47','2022-04-01 16:39:47','2022-04'),(1336,'2022-05-31 16:39:47',23,144,1,'2022-04-30 16:39:47','2022-04-01 16:39:47','2022-05-01 16:39:47','2022-05'),(1337,'2022-06-30 16:39:47',23,144,1,'2022-05-31 16:39:47','2022-05-01 16:39:47','2022-06-01 16:39:47','2022-06'),(1338,'2022-07-31 16:39:47',23,144,1,'2022-06-30 16:39:47','2022-06-01 16:39:47','2022-07-01 16:39:47','2022-07'),(1339,'2022-08-31 16:39:47',23,144,1,'2022-07-31 16:39:47','2022-07-01 16:39:47','2022-08-01 16:39:47','2022-08'),(1340,'2022-09-30 16:39:47',23,144,1,'2022-08-31 16:39:47','2022-08-01 16:39:47','2022-09-01 16:39:47','2022-09'),(1341,'2022-10-31 16:39:47',23,144,1,'2022-09-30 16:39:47','2022-09-01 16:39:47','2022-10-01 16:39:47','2022-10'),(1342,'2022-11-30 16:39:47',23,144,1,'2022-10-31 16:39:47','2022-10-01 16:39:47','2022-11-01 16:39:47','2022-11'),(1343,'2022-12-31 16:39:47',23,144,1,'2022-11-30 16:39:47','2022-11-01 16:39:47','2022-12-01 16:39:47','2022-12'),(1344,'2023-01-31 16:39:47',23,145,1,'2022-12-31 16:39:47','2022-12-01 16:39:47','2023-01-01 16:39:47','2023-01'),(1345,'2023-02-28 16:39:47',23,145,1,'2023-01-31 16:39:47','2023-01-01 16:39:47','2023-02-01 16:39:47','2023-02'),(1346,'2023-03-31 16:39:47',23,145,1,'2023-02-28 16:39:47','2023-02-01 16:39:47','2023-03-01 16:39:47','2023-03'),(1347,'2023-04-30 16:39:47',23,145,1,'2023-03-31 16:39:47','2023-03-01 16:39:47','2023-04-01 16:39:47','2023-04'),(1348,'2023-05-31 16:39:47',23,145,1,'2023-04-30 16:39:47','2023-04-01 16:39:47','2023-05-01 16:39:47','2023-05'),(1349,'2023-06-30 16:39:47',23,145,1,'2023-05-31 16:39:47','2023-05-01 16:39:47','2023-06-01 16:39:47','2023-06'),(1350,'2023-07-31 16:39:47',23,145,1,'2023-06-30 16:39:47','2023-06-01 16:39:47','2023-07-01 16:39:47','2023-07'),(1351,'2023-08-31 16:39:47',23,145,1,'2023-07-31 16:39:47','2023-07-01 16:39:47','2023-08-01 16:39:47','2023-08'),(1352,'2023-09-30 16:39:47',23,145,1,'2023-08-31 16:39:47','2023-08-01 16:39:47','2023-09-01 16:39:47','2023-09'),(1353,'2023-10-31 16:39:47',23,145,1,'2023-09-30 16:39:47','2023-09-01 16:39:47','2023-10-01 16:39:47','2023-10'),(1354,'2023-11-30 16:39:47',23,145,1,'2023-10-31 16:39:47','2023-10-01 16:39:47','2023-11-01 16:39:47','2023-11'),(1355,'2023-12-31 16:39:47',23,145,1,'2023-11-30 16:39:47','2023-11-01 16:39:47','2023-12-01 16:39:47','2023-12'),(1356,'2014-01-31 16:49:54',24,146,1,'2013-12-31 16:49:54','2013-12-01 16:49:54','2014-01-01 16:49:54','2014-01'),(1357,'2014-02-28 16:49:54',24,146,1,'2014-01-31 16:49:54','2014-01-01 16:49:54','2014-02-01 16:49:54','2014-02'),(1358,'2014-03-31 16:49:54',24,146,1,'2014-02-28 16:49:54','2014-02-01 16:49:54','2014-03-01 16:49:54','2014-03'),(1359,'2014-04-30 16:49:54',24,146,1,'2014-03-31 16:49:54','2014-03-01 16:49:54','2014-04-01 16:49:54','2014-04'),(1360,'2014-05-31 16:49:54',24,146,1,'2014-04-30 16:49:54','2014-04-01 16:49:54','2014-05-01 16:49:54','2014-05'),(1361,'2014-06-30 16:49:54',24,146,1,'2014-05-31 16:49:54','2014-05-01 16:49:54','2014-06-01 16:49:54','2014-06'),(1362,'2014-07-31 16:49:54',24,146,1,'2014-06-30 16:49:54','2014-06-01 16:49:54','2014-07-01 16:49:54','2014-07'),(1363,'2014-08-31 16:49:54',24,146,1,'2014-07-31 16:49:54','2014-07-01 16:49:54','2014-08-01 16:49:54','2014-08'),(1364,'2014-09-30 16:49:54',24,146,1,'2014-08-31 16:49:54','2014-08-01 16:49:54','2014-09-01 16:49:54','2014-09'),(1365,'2014-10-31 16:49:54',24,146,1,'2014-09-30 16:49:54','2014-09-01 16:49:54','2014-10-01 16:49:54','2014-10'),(1366,'2014-11-30 16:49:54',24,146,1,'2014-10-31 16:49:54','2014-10-01 16:49:54','2014-11-01 16:49:54','2014-11'),(1367,'2014-12-31 16:49:54',24,146,1,'2014-11-30 16:49:54','2014-11-01 16:49:54','2014-12-01 16:49:54','2014-12'),(1368,'2015-01-31 16:49:54',24,147,1,'2014-12-31 16:49:54','2014-12-01 16:49:54','2015-01-01 16:49:54','2015-01'),(1369,'2015-02-28 16:49:54',24,147,1,'2015-01-31 16:49:54','2015-01-01 16:49:54','2015-02-01 16:49:54','2015-02'),(1370,'2015-03-31 16:49:54',24,147,1,'2015-02-28 16:49:54','2015-02-01 16:49:54','2015-03-01 16:49:54','2015-03'),(1371,'2015-04-30 16:49:54',24,147,1,'2015-03-31 16:49:54','2015-03-01 16:49:54','2015-04-01 16:49:54','2015-04'),(1372,'2015-05-31 16:49:54',24,147,1,'2015-04-30 16:49:54','2015-04-01 16:49:54','2015-05-01 16:49:54','2015-05'),(1373,'2015-06-30 16:49:54',24,147,1,'2015-05-31 16:49:54','2015-05-01 16:49:54','2015-06-01 16:49:54','2015-06'),(1374,'2015-07-31 16:49:54',24,147,1,'2015-06-30 16:49:54','2015-06-01 16:49:54','2015-07-01 16:49:54','2015-07'),(1375,'2015-08-31 16:49:54',24,147,1,'2015-07-31 16:49:54','2015-07-01 16:49:54','2015-08-01 16:49:54','2015-08'),(1376,'2015-09-30 16:49:54',24,147,1,'2015-08-31 16:49:54','2015-08-01 16:49:54','2015-09-01 16:49:54','2015-09'),(1377,'2015-10-31 16:49:54',24,147,1,'2015-09-30 16:49:54','2015-09-01 16:49:54','2015-10-01 16:49:54','2015-10'),(1378,'2015-11-30 16:49:54',24,147,1,'2015-10-31 16:49:54','2015-10-01 16:49:54','2015-11-01 16:49:54','2015-11'),(1379,'2015-12-31 16:49:54',24,147,1,'2015-11-30 16:49:54','2015-11-01 16:49:54','2015-12-01 16:49:54','2015-12'),(1380,'2016-01-31 16:49:54',24,148,1,'2015-12-31 16:49:54','2015-12-01 16:49:54','2016-01-01 16:49:54','2016-01'),(1381,'2016-02-29 16:49:54',24,148,1,'2016-01-31 16:49:54','2016-01-01 16:49:54','2016-02-01 16:49:54','2016-02'),(1382,'2016-03-31 16:49:54',24,148,1,'2016-02-29 16:49:54','2016-02-01 16:49:54','2016-03-01 16:49:54','2016-03'),(1383,'2016-04-30 16:49:54',24,148,1,'2016-03-31 16:49:54','2016-03-01 16:49:54','2016-04-01 16:49:54','2016-04'),(1384,'2016-05-31 16:49:54',24,148,1,'2016-04-30 16:49:54','2016-04-01 16:49:54','2016-05-01 16:49:54','2016-05'),(1385,'2016-06-30 16:49:54',24,148,1,'2016-05-31 16:49:54','2016-05-01 16:49:54','2016-06-01 16:49:54','2016-06'),(1386,'2016-07-31 16:49:54',24,148,1,'2016-06-30 16:49:54','2016-06-01 16:49:54','2016-07-01 16:49:54','2016-07'),(1387,'2016-08-31 16:49:54',24,148,1,'2016-07-31 16:49:54','2016-07-01 16:49:54','2016-08-01 16:49:54','2016-08'),(1388,'2016-09-30 16:49:54',24,148,1,'2016-08-31 16:49:54','2016-08-01 16:49:54','2016-09-01 16:49:54','2016-09'),(1389,'2016-10-31 16:49:54',24,148,1,'2016-09-30 16:49:54','2016-09-01 16:49:54','2016-10-01 16:49:54','2016-10'),(1390,'2016-11-30 16:49:54',24,148,1,'2016-10-31 16:49:54','2016-10-01 16:49:54','2016-11-01 16:49:54','2016-11'),(1391,'2016-12-31 16:49:54',24,148,1,'2016-11-30 16:49:54','2016-11-01 16:49:54','2016-12-01 16:49:54','2016-12'),(1392,'2017-01-31 16:49:54',24,149,1,'2016-12-31 16:49:54','2016-12-01 16:49:54','2017-01-01 16:49:54','2017-01'),(1393,'2017-02-28 16:49:54',24,149,1,'2017-01-31 16:49:54','2017-01-01 16:49:54','2017-02-01 16:49:54','2017-02'),(1394,'2017-03-31 16:49:54',24,149,1,'2017-02-28 16:49:54','2017-02-01 16:49:54','2017-03-01 16:49:54','2017-03'),(1395,'2017-04-30 16:49:54',24,149,1,'2017-03-31 16:49:54','2017-03-01 16:49:54','2017-04-01 16:49:54','2017-04'),(1396,'2017-05-31 16:49:54',24,149,1,'2017-04-30 16:49:54','2017-04-01 16:49:54','2017-05-01 16:49:54','2017-05'),(1397,'2017-06-30 16:49:54',24,149,1,'2017-05-31 16:49:54','2017-05-01 16:49:54','2017-06-01 16:49:54','2017-06'),(1398,'2017-07-31 16:49:54',24,149,1,'2017-06-30 16:49:54','2017-06-01 16:49:54','2017-07-01 16:49:54','2017-07'),(1399,'2017-08-31 16:49:54',24,149,1,'2017-07-31 16:49:54','2017-07-01 16:49:54','2017-08-01 16:49:54','2017-08'),(1400,'2017-09-30 16:49:54',24,149,1,'2017-08-31 16:49:54','2017-08-01 16:49:54','2017-09-01 16:49:54','2017-09'),(1401,'2017-10-31 16:49:54',24,149,1,'2017-09-30 16:49:54','2017-09-01 16:49:54','2017-10-01 16:49:54','2017-10'),(1402,'2017-11-30 16:49:54',24,149,1,'2017-10-31 16:49:54','2017-10-01 16:49:54','2017-11-01 16:49:54','2017-11'),(1403,'2017-12-31 16:49:54',24,149,1,'2017-11-30 16:49:54','2017-11-01 16:49:54','2017-12-01 16:49:54','2017-12'),(1404,'2018-01-31 16:49:54',24,150,1,'2017-12-31 16:49:54','2017-12-01 16:49:54','2018-01-01 16:49:54','2018-01'),(1405,'2018-02-28 16:49:54',24,150,1,'2018-01-31 16:49:54','2018-01-01 16:49:54','2018-02-01 16:49:54','2018-02'),(1406,'2018-03-31 16:49:54',24,150,1,'2018-02-28 16:49:54','2018-02-01 16:49:54','2018-03-01 16:49:54','2018-03'),(1407,'2018-04-30 16:49:54',24,150,1,'2018-03-31 16:49:54','2018-03-01 16:49:54','2018-04-01 16:49:54','2018-04'),(1408,'2018-05-31 16:49:54',24,150,1,'2018-04-30 16:49:54','2018-04-01 16:49:54','2018-05-01 16:49:54','2018-05'),(1409,'2018-06-30 16:49:54',24,150,1,'2018-05-31 16:49:54','2018-05-01 16:49:54','2018-06-01 16:49:54','2018-06'),(1410,'2018-07-31 16:49:54',24,150,1,'2018-06-30 16:49:54','2018-06-01 16:49:54','2018-07-01 16:49:54','2018-07'),(1411,'2018-08-31 16:49:54',24,150,1,'2018-07-31 16:49:54','2018-07-01 16:49:54','2018-08-01 16:49:54','2018-08'),(1412,'2018-09-30 16:49:54',24,150,1,'2018-08-31 16:49:54','2018-08-01 16:49:54','2018-09-01 16:49:54','2018-09'),(1413,'2018-10-31 16:49:54',24,150,1,'2018-09-30 16:49:54','2018-09-01 16:49:54','2018-10-01 16:49:54','2018-10'),(1414,'2018-11-30 16:49:54',24,150,1,'2018-10-31 16:49:54','2018-10-01 16:49:54','2018-11-01 16:49:54','2018-11'),(1415,'2018-12-31 16:49:54',24,150,1,'2018-11-30 16:49:54','2018-11-01 16:49:54','2018-12-01 16:49:54','2018-12'),(1416,'2019-01-31 16:49:54',24,151,1,'2018-12-31 16:49:54','2018-12-01 16:49:54','2019-01-01 16:49:54','2019-01'),(1417,'2019-02-28 16:49:54',24,151,1,'2019-01-31 16:49:54','2019-01-01 16:49:54','2019-02-01 16:49:54','2019-02'),(1418,'2019-03-31 16:49:54',24,151,1,'2019-02-28 16:49:54','2019-02-01 16:49:54','2019-03-01 16:49:54','2019-03'),(1419,'2019-04-30 16:49:54',24,151,1,'2019-03-31 16:49:54','2019-03-01 16:49:54','2019-04-01 16:49:54','2019-04'),(1420,'2019-05-31 16:49:54',24,151,1,'2019-04-30 16:49:54','2019-04-01 16:49:54','2019-05-01 16:49:54','2019-05'),(1421,'2019-06-30 16:49:54',24,151,1,'2019-05-31 16:49:54','2019-05-01 16:49:54','2019-06-01 16:49:54','2019-06'),(1422,'2019-07-31 16:49:54',24,151,1,'2019-06-30 16:49:54','2019-06-01 16:49:54','2019-07-01 16:49:54','2019-07'),(1423,'2019-08-31 16:49:54',24,151,1,'2019-07-31 16:49:54','2019-07-01 16:49:54','2019-08-01 16:49:54','2019-08'),(1424,'2019-09-30 16:49:54',24,151,1,'2019-08-31 16:49:54','2019-08-01 16:49:54','2019-09-01 16:49:54','2019-09'),(1425,'2019-10-31 16:49:54',24,151,1,'2019-09-30 16:49:54','2019-09-01 16:49:54','2019-10-01 16:49:54','2019-10'),(1426,'2019-11-30 16:49:54',24,151,1,'2019-10-31 16:49:54','2019-10-01 16:49:54','2019-11-01 16:49:54','2019-11'),(1427,'2019-12-31 16:49:54',24,151,1,'2019-11-30 16:49:54','2019-11-01 16:49:54','2019-12-01 16:49:54','2019-12'),(1428,'2020-01-31 16:49:54',24,152,1,'2019-12-31 16:49:54','2019-12-01 16:49:54','2020-01-01 16:49:54','2020-01'),(1429,'2020-02-29 16:49:54',24,152,1,'2020-01-31 16:49:54','2020-01-01 16:49:54','2020-02-01 16:49:54','2020-02'),(1430,'2020-03-31 16:49:54',24,152,1,'2020-02-29 16:49:54','2020-02-01 16:49:54','2020-03-01 16:49:54','2020-03'),(1431,'2020-04-30 16:49:54',24,152,1,'2020-03-31 16:49:54','2020-03-01 16:49:54','2020-04-01 16:49:54','2020-04'),(1432,'2020-05-31 16:49:54',24,152,1,'2020-04-30 16:49:54','2020-04-01 16:49:54','2020-05-01 16:49:54','2020-05'),(1433,'2020-06-30 16:49:54',24,152,1,'2020-05-31 16:49:54','2020-05-01 16:49:54','2020-06-01 16:49:54','2020-06'),(1434,'2020-07-31 16:49:54',24,152,1,'2020-06-30 16:49:54','2020-06-01 16:49:54','2020-07-01 16:49:54','2020-07'),(1435,'2020-08-31 16:49:54',24,152,1,'2020-07-31 16:49:54','2020-07-01 16:49:54','2020-08-01 16:49:54','2020-08'),(1436,'2020-09-30 16:49:54',24,152,1,'2020-08-31 16:49:54','2020-08-01 16:49:54','2020-09-01 16:49:54','2020-09'),(1437,'2020-10-31 16:49:54',24,152,1,'2020-09-30 16:49:54','2020-09-01 16:49:54','2020-10-01 16:49:54','2020-10'),(1438,'2020-11-30 16:49:54',24,152,1,'2020-10-31 16:49:54','2020-10-01 16:49:54','2020-11-01 16:49:54','2020-11'),(1439,'2020-12-31 16:49:54',24,152,1,'2020-11-30 16:49:54','2020-11-01 16:49:54','2020-12-01 16:49:54','2020-12'),(1440,'2021-01-31 16:49:54',24,153,1,'2020-12-31 16:49:54','2020-12-01 16:49:54','2021-01-01 16:49:54','2021-01'),(1441,'2021-02-28 16:49:54',24,153,1,'2021-01-31 16:49:54','2021-01-01 16:49:54','2021-02-01 16:49:54','2021-02'),(1442,'2021-03-31 16:49:54',24,153,1,'2021-02-28 16:49:54','2021-02-01 16:49:54','2021-03-01 16:49:54','2021-03'),(1443,'2021-04-30 16:49:54',24,153,1,'2021-03-31 16:49:54','2021-03-01 16:49:54','2021-04-01 16:49:54','2021-04'),(1444,'2021-05-31 16:49:54',24,153,1,'2021-04-30 16:49:54','2021-04-01 16:49:54','2021-05-01 16:49:54','2021-05'),(1445,'2021-06-30 16:49:54',24,153,1,'2021-05-31 16:49:54','2021-05-01 16:49:54','2021-06-01 16:49:54','2021-06'),(1446,'2021-07-31 16:49:54',24,153,1,'2021-06-30 16:49:54','2021-06-01 16:49:54','2021-07-01 16:49:54','2021-07'),(1447,'2021-08-31 16:49:54',24,153,1,'2021-07-31 16:49:54','2021-07-01 16:49:54','2021-08-01 16:49:54','2021-08'),(1448,'2021-09-30 16:49:54',24,153,1,'2021-08-31 16:49:54','2021-08-01 16:49:54','2021-09-01 16:49:54','2021-09'),(1449,'2021-10-31 16:49:54',24,153,1,'2021-09-30 16:49:54','2021-09-01 16:49:54','2021-10-01 16:49:54','2021-10'),(1450,'2021-11-30 16:49:54',24,153,1,'2021-10-31 16:49:54','2021-10-01 16:49:54','2021-11-01 16:49:54','2021-11'),(1451,'2021-12-31 16:49:54',24,153,1,'2021-11-30 16:49:54','2021-11-01 16:49:54','2021-12-01 16:49:54','2021-12'),(1452,'2022-01-31 16:49:54',24,154,1,'2021-12-31 16:49:54','2021-12-01 16:49:54','2022-01-01 16:49:54','2022-01'),(1453,'2022-02-28 16:49:54',24,154,1,'2022-01-31 16:49:54','2022-01-01 16:49:54','2022-02-01 16:49:54','2022-02'),(1454,'2022-03-31 16:49:54',24,154,1,'2022-02-28 16:49:54','2022-02-01 16:49:54','2022-03-01 16:49:54','2022-03'),(1455,'2022-04-30 16:49:54',24,154,1,'2022-03-31 16:49:54','2022-03-01 16:49:54','2022-04-01 16:49:54','2022-04'),(1456,'2022-05-31 16:49:54',24,154,1,'2022-04-30 16:49:54','2022-04-01 16:49:54','2022-05-01 16:49:54','2022-05'),(1457,'2022-06-30 16:49:54',24,154,1,'2022-05-31 16:49:54','2022-05-01 16:49:54','2022-06-01 16:49:54','2022-06'),(1458,'2022-07-31 16:49:54',24,154,1,'2022-06-30 16:49:54','2022-06-01 16:49:54','2022-07-01 16:49:54','2022-07'),(1459,'2022-08-31 16:49:54',24,154,1,'2022-07-31 16:49:54','2022-07-01 16:49:54','2022-08-01 16:49:54','2022-08'),(1460,'2022-09-30 16:49:54',24,154,1,'2022-08-31 16:49:54','2022-08-01 16:49:54','2022-09-01 16:49:54','2022-09'),(1461,'2022-10-31 16:49:54',24,154,1,'2022-09-30 16:49:54','2022-09-01 16:49:54','2022-10-01 16:49:54','2022-10'),(1462,'2022-11-30 16:49:54',24,154,1,'2022-10-31 16:49:54','2022-10-01 16:49:54','2022-11-01 16:49:54','2022-11'),(1463,'2022-12-31 16:49:54',24,154,1,'2022-11-30 16:49:54','2022-11-01 16:49:54','2022-12-01 16:49:54','2022-12'),(1464,'2023-01-31 16:49:54',24,155,1,'2022-12-31 16:49:54','2022-12-01 16:49:54','2023-01-01 16:49:54','2023-01'),(1465,'2023-02-28 16:49:54',24,155,1,'2023-01-31 16:49:54','2023-01-01 16:49:54','2023-02-01 16:49:54','2023-02'),(1466,'2023-03-31 16:49:54',24,155,1,'2023-02-28 16:49:54','2023-02-01 16:49:54','2023-03-01 16:49:54','2023-03'),(1467,'2023-04-30 16:49:54',24,155,1,'2023-03-31 16:49:54','2023-03-01 16:49:54','2023-04-01 16:49:54','2023-04'),(1468,'2023-05-31 16:49:54',24,155,1,'2023-04-30 16:49:54','2023-04-01 16:49:54','2023-05-01 16:49:54','2023-05'),(1469,'2023-06-30 16:49:54',24,155,1,'2023-05-31 16:49:54','2023-05-01 16:49:54','2023-06-01 16:49:54','2023-06'),(1470,'2023-07-31 16:49:54',24,155,1,'2023-06-30 16:49:54','2023-06-01 16:49:54','2023-07-01 16:49:54','2023-07'),(1471,'2023-08-31 16:49:54',24,155,1,'2023-07-31 16:49:54','2023-07-01 16:49:54','2023-08-01 16:49:54','2023-08'),(1472,'2023-09-30 16:49:54',24,155,1,'2023-08-31 16:49:54','2023-08-01 16:49:54','2023-09-01 16:49:54','2023-09'),(1473,'2023-10-31 16:49:54',24,155,1,'2023-09-30 16:49:54','2023-09-01 16:49:54','2023-10-01 16:49:54','2023-10'),(1474,'2023-11-30 16:49:54',24,155,1,'2023-10-31 16:49:54','2023-10-01 16:49:54','2023-11-01 16:49:54','2023-11'),(1475,'2023-12-31 16:49:54',24,155,1,'2023-11-30 16:49:54','2023-11-01 16:49:54','2023-12-01 16:49:54','2023-12'),(1476,'2014-01-31 17:02:22',25,156,1,'2013-12-31 17:02:22','2013-12-01 17:02:22','2014-01-01 17:02:22','2014-01'),(1477,'2014-02-28 17:02:22',25,156,1,'2014-01-31 17:02:22','2014-01-01 17:02:22','2014-02-01 17:02:22','2014-02'),(1478,'2014-03-31 17:02:22',25,156,1,'2014-02-28 17:02:22','2014-02-01 17:02:22','2014-03-01 17:02:22','2014-03'),(1479,'2014-04-30 17:02:22',25,156,1,'2014-03-31 17:02:22','2014-03-01 17:02:22','2014-04-01 17:02:22','2014-04'),(1480,'2014-05-31 17:02:22',25,156,1,'2014-04-30 17:02:22','2014-04-01 17:02:22','2014-05-01 17:02:22','2014-05'),(1481,'2014-06-30 17:02:22',25,156,1,'2014-05-31 17:02:22','2014-05-01 17:02:22','2014-06-01 17:02:22','2014-06'),(1482,'2014-07-31 17:02:22',25,156,1,'2014-06-30 17:02:22','2014-06-01 17:02:22','2014-07-01 17:02:22','2014-07'),(1483,'2014-08-31 17:02:22',25,156,1,'2014-07-31 17:02:22','2014-07-01 17:02:22','2014-08-01 17:02:22','2014-08'),(1484,'2014-09-30 17:02:22',25,156,1,'2014-08-31 17:02:22','2014-08-01 17:02:22','2014-09-01 17:02:22','2014-09'),(1485,'2014-10-31 17:02:22',25,156,1,'2014-09-30 17:02:22','2014-09-01 17:02:22','2014-10-01 17:02:22','2014-10'),(1486,'2014-11-30 17:02:22',25,156,1,'2014-10-31 17:02:22','2014-10-01 17:02:22','2014-11-01 17:02:22','2014-11'),(1487,'2014-12-31 17:02:22',25,156,1,'2014-11-30 17:02:22','2014-11-01 17:02:22','2014-12-01 17:02:22','2014-12'),(1488,'2015-01-31 17:02:22',25,157,1,'2014-12-31 17:02:22','2014-12-01 17:02:22','2015-01-01 17:02:22','2015-01'),(1489,'2015-02-28 17:02:22',25,157,1,'2015-01-31 17:02:22','2015-01-01 17:02:22','2015-02-01 17:02:22','2015-02'),(1490,'2015-03-31 17:02:22',25,157,1,'2015-02-28 17:02:22','2015-02-01 17:02:22','2015-03-01 17:02:22','2015-03'),(1491,'2015-04-30 17:02:22',25,157,1,'2015-03-31 17:02:22','2015-03-01 17:02:22','2015-04-01 17:02:22','2015-04'),(1492,'2015-05-31 17:02:22',25,157,1,'2015-04-30 17:02:22','2015-04-01 17:02:22','2015-05-01 17:02:22','2015-05'),(1493,'2015-06-30 17:02:22',25,157,1,'2015-05-31 17:02:22','2015-05-01 17:02:22','2015-06-01 17:02:22','2015-06'),(1494,'2015-07-31 17:02:22',25,157,1,'2015-06-30 17:02:22','2015-06-01 17:02:22','2015-07-01 17:02:22','2015-07'),(1495,'2015-08-31 17:02:22',25,157,1,'2015-07-31 17:02:22','2015-07-01 17:02:22','2015-08-01 17:02:22','2015-08'),(1496,'2015-09-30 17:02:22',25,157,1,'2015-08-31 17:02:22','2015-08-01 17:02:22','2015-09-01 17:02:22','2015-09'),(1497,'2015-10-31 17:02:22',25,157,1,'2015-09-30 17:02:22','2015-09-01 17:02:22','2015-10-01 17:02:22','2015-10'),(1498,'2015-11-30 17:02:22',25,157,1,'2015-10-31 17:02:22','2015-10-01 17:02:22','2015-11-01 17:02:22','2015-11'),(1499,'2015-12-31 17:02:22',25,157,1,'2015-11-30 17:02:22','2015-11-01 17:02:22','2015-12-01 17:02:22','2015-12'),(1500,'2016-01-31 17:02:22',25,158,1,'2015-12-31 17:02:22','2015-12-01 17:02:22','2016-01-01 17:02:22','2016-01'),(1501,'2016-02-29 17:02:22',25,158,1,'2016-01-31 17:02:22','2016-01-01 17:02:22','2016-02-01 17:02:22','2016-02'),(1502,'2016-03-31 17:02:22',25,158,1,'2016-02-29 17:02:22','2016-02-01 17:02:22','2016-03-01 17:02:22','2016-03'),(1503,'2016-04-30 17:02:22',25,158,1,'2016-03-31 17:02:22','2016-03-01 17:02:22','2016-04-01 17:02:22','2016-04'),(1504,'2016-05-31 17:02:22',25,158,1,'2016-04-30 17:02:22','2016-04-01 17:02:22','2016-05-01 17:02:22','2016-05'),(1505,'2016-06-30 17:02:22',25,158,1,'2016-05-31 17:02:22','2016-05-01 17:02:22','2016-06-01 17:02:22','2016-06'),(1506,'2016-07-31 17:02:22',25,158,1,'2016-06-30 17:02:22','2016-06-01 17:02:22','2016-07-01 17:02:22','2016-07'),(1507,'2016-08-31 17:02:22',25,158,1,'2016-07-31 17:02:22','2016-07-01 17:02:22','2016-08-01 17:02:22','2016-08'),(1508,'2016-09-30 17:02:22',25,158,1,'2016-08-31 17:02:22','2016-08-01 17:02:22','2016-09-01 17:02:22','2016-09'),(1509,'2016-10-31 17:02:22',25,158,1,'2016-09-30 17:02:22','2016-09-01 17:02:22','2016-10-01 17:02:22','2016-10'),(1510,'2016-11-30 17:02:22',25,158,1,'2016-10-31 17:02:22','2016-10-01 17:02:22','2016-11-01 17:02:22','2016-11'),(1511,'2016-12-31 17:02:22',25,158,1,'2016-11-30 17:02:22','2016-11-01 17:02:22','2016-12-01 17:02:22','2016-12'),(1512,'2017-01-31 17:02:22',25,159,1,'2016-12-31 17:02:22','2016-12-01 17:02:22','2017-01-01 17:02:22','2017-01'),(1513,'2017-02-28 17:02:22',25,159,1,'2017-01-31 17:02:22','2017-01-01 17:02:22','2017-02-01 17:02:22','2017-02'),(1514,'2017-03-31 17:02:22',25,159,1,'2017-02-28 17:02:22','2017-02-01 17:02:22','2017-03-01 17:02:22','2017-03'),(1515,'2017-04-30 17:02:22',25,159,1,'2017-03-31 17:02:22','2017-03-01 17:02:22','2017-04-01 17:02:22','2017-04'),(1516,'2017-05-31 17:02:22',25,159,1,'2017-04-30 17:02:22','2017-04-01 17:02:22','2017-05-01 17:02:22','2017-05'),(1517,'2017-06-30 17:02:22',25,159,1,'2017-05-31 17:02:22','2017-05-01 17:02:22','2017-06-01 17:02:22','2017-06'),(1518,'2017-07-31 17:02:22',25,159,1,'2017-06-30 17:02:22','2017-06-01 17:02:22','2017-07-01 17:02:22','2017-07'),(1519,'2017-08-31 17:02:22',25,159,1,'2017-07-31 17:02:22','2017-07-01 17:02:22','2017-08-01 17:02:22','2017-08'),(1520,'2017-09-30 17:02:22',25,159,1,'2017-08-31 17:02:22','2017-08-01 17:02:22','2017-09-01 17:02:22','2017-09'),(1521,'2017-10-31 17:02:22',25,159,1,'2017-09-30 17:02:22','2017-09-01 17:02:22','2017-10-01 17:02:22','2017-10'),(1522,'2017-11-30 17:02:22',25,159,1,'2017-10-31 17:02:22','2017-10-01 17:02:22','2017-11-01 17:02:22','2017-11'),(1523,'2017-12-31 17:02:22',25,159,1,'2017-11-30 17:02:22','2017-11-01 17:02:22','2017-12-01 17:02:22','2017-12'),(1524,'2018-01-31 17:02:22',25,160,1,'2017-12-31 17:02:22','2017-12-01 17:02:22','2018-01-01 17:02:22','2018-01'),(1525,'2018-02-28 17:02:22',25,160,1,'2018-01-31 17:02:22','2018-01-01 17:02:22','2018-02-01 17:02:22','2018-02'),(1526,'2018-03-31 17:02:22',25,160,1,'2018-02-28 17:02:22','2018-02-01 17:02:22','2018-03-01 17:02:22','2018-03'),(1527,'2018-04-30 17:02:22',25,160,1,'2018-03-31 17:02:22','2018-03-01 17:02:22','2018-04-01 17:02:22','2018-04'),(1528,'2018-05-31 17:02:22',25,160,1,'2018-04-30 17:02:22','2018-04-01 17:02:22','2018-05-01 17:02:22','2018-05'),(1529,'2018-06-30 17:02:22',25,160,1,'2018-05-31 17:02:22','2018-05-01 17:02:22','2018-06-01 17:02:22','2018-06'),(1530,'2018-07-31 17:02:22',25,160,1,'2018-06-30 17:02:22','2018-06-01 17:02:22','2018-07-01 17:02:22','2018-07'),(1531,'2018-08-31 17:02:22',25,160,1,'2018-07-31 17:02:22','2018-07-01 17:02:22','2018-08-01 17:02:22','2018-08'),(1532,'2018-09-30 17:02:22',25,160,1,'2018-08-31 17:02:22','2018-08-01 17:02:22','2018-09-01 17:02:22','2018-09'),(1533,'2018-10-31 17:02:22',25,160,1,'2018-09-30 17:02:22','2018-09-01 17:02:22','2018-10-01 17:02:22','2018-10'),(1534,'2018-11-30 17:02:22',25,160,1,'2018-10-31 17:02:22','2018-10-01 17:02:22','2018-11-01 17:02:22','2018-11'),(1535,'2018-12-31 17:02:22',25,160,1,'2018-11-30 17:02:22','2018-11-01 17:02:22','2018-12-01 17:02:22','2018-12'),(1536,'2019-01-31 17:02:22',25,161,1,'2018-12-31 17:02:22','2018-12-01 17:02:22','2019-01-01 17:02:22','2019-01'),(1537,'2019-02-28 17:02:22',25,161,1,'2019-01-31 17:02:22','2019-01-01 17:02:22','2019-02-01 17:02:22','2019-02'),(1538,'2019-03-31 17:02:22',25,161,1,'2019-02-28 17:02:22','2019-02-01 17:02:22','2019-03-01 17:02:22','2019-03'),(1539,'2019-04-30 17:02:22',25,161,1,'2019-03-31 17:02:22','2019-03-01 17:02:22','2019-04-01 17:02:22','2019-04'),(1540,'2019-05-31 17:02:22',25,161,1,'2019-04-30 17:02:22','2019-04-01 17:02:22','2019-05-01 17:02:22','2019-05'),(1541,'2019-06-30 17:02:22',25,161,1,'2019-05-31 17:02:22','2019-05-01 17:02:22','2019-06-01 17:02:22','2019-06'),(1542,'2019-07-31 17:02:22',25,161,1,'2019-06-30 17:02:22','2019-06-01 17:02:22','2019-07-01 17:02:22','2019-07'),(1543,'2019-08-31 17:02:22',25,161,1,'2019-07-31 17:02:22','2019-07-01 17:02:22','2019-08-01 17:02:22','2019-08'),(1544,'2019-09-30 17:02:22',25,161,1,'2019-08-31 17:02:22','2019-08-01 17:02:22','2019-09-01 17:02:22','2019-09'),(1545,'2019-10-31 17:02:22',25,161,1,'2019-09-30 17:02:22','2019-09-01 17:02:22','2019-10-01 17:02:22','2019-10'),(1546,'2019-11-30 17:02:22',25,161,1,'2019-10-31 17:02:22','2019-10-01 17:02:22','2019-11-01 17:02:22','2019-11'),(1547,'2019-12-31 17:02:22',25,161,1,'2019-11-30 17:02:22','2019-11-01 17:02:22','2019-12-01 17:02:22','2019-12'),(1548,'2020-01-31 17:02:22',25,162,1,'2019-12-31 17:02:22','2019-12-01 17:02:22','2020-01-01 17:02:22','2020-01'),(1549,'2020-02-29 17:02:22',25,162,1,'2020-01-31 17:02:22','2020-01-01 17:02:22','2020-02-01 17:02:22','2020-02'),(1550,'2020-03-31 17:02:22',25,162,1,'2020-02-29 17:02:22','2020-02-01 17:02:22','2020-03-01 17:02:22','2020-03'),(1551,'2020-04-30 17:02:22',25,162,1,'2020-03-31 17:02:22','2020-03-01 17:02:22','2020-04-01 17:02:22','2020-04'),(1552,'2020-05-31 17:02:22',25,162,1,'2020-04-30 17:02:22','2020-04-01 17:02:22','2020-05-01 17:02:22','2020-05'),(1553,'2020-06-30 17:02:22',25,162,1,'2020-05-31 17:02:22','2020-05-01 17:02:22','2020-06-01 17:02:22','2020-06'),(1554,'2020-07-31 17:02:22',25,162,1,'2020-06-30 17:02:22','2020-06-01 17:02:22','2020-07-01 17:02:22','2020-07'),(1555,'2020-08-31 17:02:22',25,162,1,'2020-07-31 17:02:22','2020-07-01 17:02:22','2020-08-01 17:02:22','2020-08'),(1556,'2020-09-30 17:02:22',25,162,1,'2020-08-31 17:02:22','2020-08-01 17:02:22','2020-09-01 17:02:22','2020-09'),(1557,'2020-10-31 17:02:22',25,162,1,'2020-09-30 17:02:22','2020-09-01 17:02:22','2020-10-01 17:02:22','2020-10'),(1558,'2020-11-30 17:02:22',25,162,1,'2020-10-31 17:02:22','2020-10-01 17:02:22','2020-11-01 17:02:22','2020-11'),(1559,'2020-12-31 17:02:22',25,162,1,'2020-11-30 17:02:22','2020-11-01 17:02:22','2020-12-01 17:02:22','2020-12'),(1560,'2021-01-31 17:02:22',25,163,1,'2020-12-31 17:02:22','2020-12-01 17:02:22','2021-01-01 17:02:22','2021-01'),(1561,'2021-02-28 17:02:22',25,163,1,'2021-01-31 17:02:22','2021-01-01 17:02:22','2021-02-01 17:02:22','2021-02'),(1562,'2021-03-31 17:02:22',25,163,1,'2021-02-28 17:02:22','2021-02-01 17:02:22','2021-03-01 17:02:22','2021-03'),(1563,'2021-04-30 17:02:22',25,163,1,'2021-03-31 17:02:22','2021-03-01 17:02:22','2021-04-01 17:02:22','2021-04'),(1564,'2021-05-31 17:02:22',25,163,1,'2021-04-30 17:02:22','2021-04-01 17:02:22','2021-05-01 17:02:22','2021-05'),(1565,'2021-06-30 17:02:22',25,163,1,'2021-05-31 17:02:22','2021-05-01 17:02:22','2021-06-01 17:02:22','2021-06'),(1566,'2021-07-31 17:02:22',25,163,1,'2021-06-30 17:02:22','2021-06-01 17:02:22','2021-07-01 17:02:22','2021-07'),(1567,'2021-08-31 17:02:22',25,163,1,'2021-07-31 17:02:22','2021-07-01 17:02:22','2021-08-01 17:02:22','2021-08'),(1568,'2021-09-30 17:02:22',25,163,1,'2021-08-31 17:02:22','2021-08-01 17:02:22','2021-09-01 17:02:22','2021-09'),(1569,'2021-10-31 17:02:22',25,163,1,'2021-09-30 17:02:22','2021-09-01 17:02:22','2021-10-01 17:02:22','2021-10'),(1570,'2021-11-30 17:02:22',25,163,1,'2021-10-31 17:02:22','2021-10-01 17:02:22','2021-11-01 17:02:22','2021-11'),(1571,'2021-12-31 17:02:22',25,163,1,'2021-11-30 17:02:22','2021-11-01 17:02:22','2021-12-01 17:02:22','2021-12'),(1572,'2022-01-31 17:02:22',25,164,1,'2021-12-31 17:02:22','2021-12-01 17:02:22','2022-01-01 17:02:22','2022-01'),(1573,'2022-02-28 17:02:22',25,164,1,'2022-01-31 17:02:22','2022-01-01 17:02:22','2022-02-01 17:02:22','2022-02'),(1574,'2022-03-31 17:02:22',25,164,1,'2022-02-28 17:02:22','2022-02-01 17:02:22','2022-03-01 17:02:22','2022-03'),(1575,'2022-04-30 17:02:22',25,164,1,'2022-03-31 17:02:22','2022-03-01 17:02:22','2022-04-01 17:02:22','2022-04'),(1576,'2022-05-31 17:02:22',25,164,1,'2022-04-30 17:02:22','2022-04-01 17:02:22','2022-05-01 17:02:22','2022-05'),(1577,'2022-06-30 17:02:22',25,164,1,'2022-05-31 17:02:22','2022-05-01 17:02:22','2022-06-01 17:02:22','2022-06'),(1578,'2022-07-31 17:02:22',25,164,1,'2022-06-30 17:02:22','2022-06-01 17:02:22','2022-07-01 17:02:22','2022-07'),(1579,'2022-08-31 17:02:22',25,164,1,'2022-07-31 17:02:22','2022-07-01 17:02:22','2022-08-01 17:02:22','2022-08'),(1580,'2022-09-30 17:02:22',25,164,1,'2022-08-31 17:02:22','2022-08-01 17:02:22','2022-09-01 17:02:22','2022-09'),(1581,'2022-10-31 17:02:22',25,164,1,'2022-09-30 17:02:22','2022-09-01 17:02:22','2022-10-01 17:02:22','2022-10'),(1582,'2022-11-30 17:02:22',25,164,1,'2022-10-31 17:02:22','2022-10-01 17:02:22','2022-11-01 17:02:22','2022-11'),(1583,'2022-12-31 17:02:22',25,164,1,'2022-11-30 17:02:22','2022-11-01 17:02:22','2022-12-01 17:02:22','2022-12'),(1584,'2023-01-31 17:02:22',25,165,1,'2022-12-31 17:02:22','2022-12-01 17:02:22','2023-01-01 17:02:22','2023-01'),(1585,'2023-02-28 17:02:22',25,165,1,'2023-01-31 17:02:22','2023-01-01 17:02:22','2023-02-01 17:02:22','2023-02'),(1586,'2023-03-31 17:02:22',25,165,1,'2023-02-28 17:02:22','2023-02-01 17:02:22','2023-03-01 17:02:22','2023-03'),(1587,'2023-04-30 17:02:22',25,165,1,'2023-03-31 17:02:22','2023-03-01 17:02:22','2023-04-01 17:02:22','2023-04'),(1588,'2023-05-31 17:02:22',25,165,1,'2023-04-30 17:02:22','2023-04-01 17:02:22','2023-05-01 17:02:22','2023-05'),(1589,'2023-06-30 17:02:22',25,165,1,'2023-05-31 17:02:22','2023-05-01 17:02:22','2023-06-01 17:02:22','2023-06'),(1590,'2023-07-31 17:02:22',25,165,1,'2023-06-30 17:02:22','2023-06-01 17:02:22','2023-07-01 17:02:22','2023-07'),(1591,'2023-08-31 17:02:22',25,165,1,'2023-07-31 17:02:22','2023-07-01 17:02:22','2023-08-01 17:02:22','2023-08'),(1592,'2023-09-30 17:02:22',25,165,1,'2023-08-31 17:02:22','2023-08-01 17:02:22','2023-09-01 17:02:22','2023-09'),(1593,'2023-10-31 17:02:22',25,165,1,'2023-09-30 17:02:22','2023-09-01 17:02:22','2023-10-01 17:02:22','2023-10'),(1594,'2023-11-30 17:02:22',25,165,1,'2023-10-31 17:02:22','2023-10-01 17:02:22','2023-11-01 17:02:22','2023-11'),(1595,'2023-12-31 17:02:22',25,165,1,'2023-11-30 17:02:22','2023-11-01 17:02:22','2023-12-01 17:02:22','2023-12');

--
-- Table structure for table `billing_period_billing_frequency`
--

CREATE TABLE `billing_period_billing_frequency` (
  `id_billing_period_ref` int(11) NOT NULL,
  `id_billing_frequency` int(11) NOT NULL,
  PRIMARY KEY (`id_billing_period_ref`,`id_billing_frequency`),
  KEY `IDX_1C069477635BB25A` (`id_billing_frequency`),
  KEY `IDX_1C0694771179FFA7` (`id_billing_period_ref`),
  CONSTRAINT `FK_1C0694771179FFA7` FOREIGN KEY (`id_billing_period_ref`) REFERENCES `billing_period_ref` (`id_billing_period_ref`) ON DELETE CASCADE,
  CONSTRAINT `FK_1C069477635BB25A` FOREIGN KEY (`id_billing_frequency`) REFERENCES `billing_frequency` (`id_billing_frequency`)
) ENGINE=InnoDB DEFAULT CHARSET=utf8 COLLATE=utf8_unicode_ci;

--
-- Dumping data for table `billing_period_billing_frequency`
--

INSERT INTO `billing_period_billing_frequency` VALUES (126,1),(127,1),(128,1),(129,1),(130,1),(131,1),(132,1),(133,1),(134,1),(135,1),(136,1),(137,1),(138,1),(139,1),(140,1),(141,1),(142,1),(143,1),(144,1),(145,1),(146,1),(147,1),(148,1),(149,1),(150,1),(151,1),(152,1),(153,1),(154,1),(155,1),(156,1),(157,1),(158,1),(159,1),(160,1),(161,1),(162,1),(163,1),(164,1),(165,1);

--
-- Table structure for table `billing_period_ref`
--

CREATE TABLE `billing_period_ref` (
  `id_billing_period_ref` int(11) NOT NULL AUTO_INCREMENT,
  `id_branch` int(11) DEFAULT NULL,
  `cd_billing_period` varchar(15) COLLATE utf8_unicode_ci NOT NULL,
  `lb_billing_period` varchar(100) COLLATE utf8_unicode_ci DEFAULT NULL,
  `dt_billing_start` datetime NOT NULL,
  `bl_deactivated` tinyint(1) DEFAULT NULL,
  `dt_deactivated` datetime DEFAULT NULL,
  PRIMARY KEY (`id_billing_period_ref`),
  KEY `IDX_925B4D089DB1AEF2` (`id_branch`),
  CONSTRAINT `FK_925B4D089DB1AEF2` FOREIGN KEY (`id_branch`) REFERENCES `branch` (`id_branch`) ON DELETE CASCADE
) ENGINE=InnoDB AUTO_INCREMENT=166 DEFAULT CHARSET=utf8 COLLATE=utf8_unicode_ci;

--
-- Dumping data for table `billing_period_ref`
--

INSERT INTO `billing_period_ref` VALUES (126,22,'2014-01','Billing 2014-01','2014-01-01 19:13:22',1,NULL),(127,22,'2015-01','Billing 2015-01','2015-01-01 19:13:22',1,NULL),(128,22,'2016-01','Billing 2016-01','2016-01-01 19:13:22',1,NULL),(129,22,'2017-01','Billing 2017-01','2017-01-01 19:13:22',1,NULL),(130,22,'2018-01','Billing 2018-01','2018-01-01 19:13:22',1,NULL),(131,22,'2019-01','Billing 2019-01','2019-01-01 19:13:22',1,NULL),(132,22,'2020-01','Billing 2020-01','2020-01-01 19:13:22',1,NULL),(133,22,'2021-01','Billing 2021-01','2021-01-01 19:13:22',1,NULL),(134,22,'2022-01','Billing 2022-01','2022-01-01 19:13:22',1,NULL),(135,22,'2023-01','Billing 2023-01','2023-01-01 19:13:22',1,NULL),(136,23,'2014-01','Billing 2014-01','2014-01-01 16:39:47',1,NULL),(137,23,'2015-01','Billing 2015-01','2015-01-01 16:39:47',1,NULL),(138,23,'2016-01','Billing 2016-01','2016-01-01 16:39:47',1,NULL),(139,23,'2017-01','Billing 2017-01','2017-01-01 16:39:47',1,NULL),(140,23,'2018-01','Billing 2018-01','2018-01-01 16:39:47',1,NULL),(141,23,'2019-01','Billing 2019-01','2019-01-01 16:39:47',1,NULL),(142,23,'2020-01','Billing 2020-01','2020-01-01 16:39:47',1,NULL),(143,23,'2021-01','Billing 2021-01','2021-01-01 16:39:47',1,NULL),(144,23,'2022-01','Billing 2022-01','2022-01-01 16:39:47',1,NULL),(145,23,'2023-01','Billing 2023-01','2023-01-01 16:39:47',1,NULL),(146,24,'2014-01','Billing 2014-01','2014-01-01 16:49:54',1,NULL),(147,24,'2015-01','Billing 2015-01','2015-01-01 16:49:54',1,NULL),(148,24,'2016-01','Billing 2016-01','2016-01-01 16:49:54',1,NULL),(149,24,'2017-01','Billing 2017-01','2017-01-01 16:49:54',1,NULL),(150,24,'2018-01','Billing 2018-01','2018-01-01 16:49:54',1,NULL),(151,24,'2019-01','Billing 2019-01','2019-01-01 16:49:54',1,NULL),(152,24,'2020-01','Billing 2020-01','2020-01-01 16:49:54',1,NULL),(153,24,'2021-01','Billing 2021-01','2021-01-01 16:49:54',1,NULL),(154,24,'2022-01','Billing 2022-01','2022-01-01 16:49:54',1,NULL),(155,24,'2023-01','Billing 2023-01','2023-01-01 16:49:54',1,NULL),(156,25,'2014-01','Billing 2014-01','2014-01-01 17:02:22',1,NULL),(157,25,'2015-01','Billing 2015-01','2015-01-01 17:02:22',1,NULL),(158,25,'2016-01','Billing 2016-01','2016-01-01 17:02:22',1,NULL),(159,25,'2017-01','Billing 2017-01','2017-01-01 17:02:22',1,NULL),(160,25,'2018-01','Billing 2018-01','2018-01-01 17:02:22',1,NULL),(161,25,'2019-01','Billing 2019-01','2019-01-01 17:02:22',1,NULL),(162,25,'2020-01','Billing 2020-01','2020-01-01 17:02:22',1,NULL),(163,25,'2021-01','Billing 2021-01','2021-01-01 17:02:22',1,NULL),(164,25,'2022-01','Billing 2022-01','2022-01-01 17:02:22',1,NULL),(165,25,'2023-01','Billing 2023-01','2023-01-01 17:02:22',1,NULL);

--
-- Table structure for table `billing_service`
--

CREATE TABLE `billing_service` (
  `id_billing_service` int(11) NOT NULL AUTO_INCREMENT,
  `id_customer` int(11) DEFAULT NULL,
  `id_address` int(11) DEFAULT NULL,
  `id_contact` int(11) DEFAULT NULL,
  `id_branch` int(11) DEFAULT NULL,
  `id_customer_manager` int(11) DEFAULT NULL,
  `id_service` int(11) DEFAULT NULL,
  `cd_contract` varchar(15) DEFAULT NULL,
  `cd_account` varchar(15) DEFAULT NULL,
  `cm_billing` varchar(255) DEFAULT NULL,
  `dt_create` datetime DEFAULT NULL,
  `bl_deactivated` tinyint(1) DEFAULT NULL,
  `id_billing_frequency` int(11) DEFAULT NULL,
  `id_notice_period` int(11) DEFAULT NULL,
  `id_billing_group` int(11) DEFAULT NULL,
  `dt_start` datetime DEFAULT NULL,
  `dt_end` datetime DEFAULT NULL,
  `nb_contract_duration` int(11) DEFAULT NULL,
  `nb_percent` decimal(10,0) DEFAULT NULL,
  `dt_deactivated` datetime DEFAULT NULL,
  PRIMARY KEY (`id_billing_service`),
  KEY `id_customer` (`id_customer`),
  KEY `id_address` (`id_address`),
  KEY `id_contact` (`id_contact`),
  KEY `id_branch` (`id_branch`),
  KEY `id_service` (`id_service`),
  KEY `id_billing_frequency` (`id_billing_frequency`),
  KEY `IDX_8AB31105573D4D6` (`id_customer_manager`),
  KEY `IDX_8AB31105D697B08D` (`id_billing_group`),
  KEY `IDX_8AB3110520848936` (`id_notice_period`),
  CONSTRAINT `billing_servce_ibfk_11` FOREIGN KEY (`id_billing_frequency`) REFERENCES `billing_frequency` (`id_billing_frequency`) ON DELETE NO ACTION ON UPDATE NO ACTION,
  CONSTRAINT `FK_8AB3110520848936` FOREIGN KEY (`id_notice_period`) REFERENCES `notice_period` (`id_notice_period`),
  CONSTRAINT `FK_8AB311053F0033A2` FOREIGN KEY (`id_service`) REFERENCES `service` (`id_service`),
  CONSTRAINT `FK_8AB31105573D4D6` FOREIGN KEY (`id_customer_manager`) REFERENCES `myuser` (`id`),
  CONSTRAINT `FK_8AB3110592FF4F48` FOREIGN KEY (`id_contact`) REFERENCES `contact` (`id_contact`),
  CONSTRAINT `FK_8AB311059DB1AEF2` FOREIGN KEY (`id_branch`) REFERENCES `branch` (`id_branch`),
  CONSTRAINT `FK_8AB31105D1E2629C` FOREIGN KEY (`id_customer`) REFERENCES `customer` (`id_customer`),
  CONSTRAINT `FK_8AB31105D3D3C6F1` FOREIGN KEY (`id_address`) REFERENCES `address` (`id_address`),
  CONSTRAINT `FK_8AB31105D697B08D` FOREIGN KEY (`id_billing_group`) REFERENCES `billing_group` (`id_billing_group`)
) ENGINE=InnoDB AUTO_INCREMENT=62 DEFAULT CHARSET=utf8;

--
-- Dumping data for table `billing_service`
--

INSERT INTO `billing_service` VALUES (60,NULL,NULL,NULL,NULL,NULL,74,NULL,NULL,NULL,'2014-10-02 18:14:48',1,NULL,NULL,NULL,NULL,NULL,NULL,NULL,NULL),(61,NULL,NULL,NULL,NULL,NULL,75,NULL,NULL,NULL,'2014-10-02 18:25:15',1,NULL,NULL,NULL,NULL,NULL,NULL,NULL,NULL);

--
-- Table structure for table `billing_service_line`
--

CREATE TABLE `billing_service_line` (
  `id_billing_service_line` int(11) NOT NULL AUTO_INCREMENT,
  `id_service` int(11) DEFAULT NULL,
  `id_service_option` int(11) DEFAULT NULL,
  `id_service_extremity_option` int(11) DEFAULT NULL,
  `id_billing_service` int(11) DEFAULT NULL,
  `cd_customer_service` varchar(45) COLLATE utf8_unicode_ci DEFAULT NULL,
  `mt_nrc` decimal(10,0) DEFAULT NULL,
  `mt_mrc` decimal(10,0) DEFAULT NULL,
  `mt_nrc_euro` int(11) DEFAULT NULL,
  `mt_mrc_euro` decimal(10,0) DEFAULT NULL,
  `dt_start_mrc` datetime DEFAULT NULL,
  `dt_end_mrc` datetime DEFAULT NULL,
  `id_currency` int(11) DEFAULT NULL,
  PRIMARY KEY (`id_billing_service_line`),
  KEY `IDX_AA004BEF3F0033A2` (`id_service`),
  KEY `IDX_AA004BEFA5972AFE` (`id_service_extremity_option`),
  KEY `IDX_AA004BEF63EDD28D` (`id_billing_service`),
  KEY `IDX_AA004BEF5927B880` (`id_service_option`),
  KEY `IDX_AA004BEF398D64AA` (`id_currency`),
  CONSTRAINT `FK_AA004BEF398D64AA` FOREIGN KEY (`id_currency`) REFERENCES `currency` (`id_currency`),
  CONSTRAINT `FK_AA004BEF3F0033A2` FOREIGN KEY (`id_service`) REFERENCES `service` (`id_service`),
  CONSTRAINT `FK_AA004BEF5927B880` FOREIGN KEY (`id_service_option`) REFERENCES `service_option` (`id_service_option`),
  CONSTRAINT `FK_AA004BEF63EDD28D` FOREIGN KEY (`id_billing_service`) REFERENCES `billing_service` (`id_billing_service`),
  CONSTRAINT `FK_AA004BEFA5972AFE` FOREIGN KEY (`id_service_extremity_option`) REFERENCES `service_extremity_option` (`id_service_extremity_option`)
) ENGINE=InnoDB AUTO_INCREMENT=74 DEFAULT CHARSET=utf8 COLLATE=utf8_unicode_ci;

--
-- Dumping data for table `billing_service_line`
--

INSERT INTO `billing_service_line` VALUES (72,74,NULL,NULL,60,NULL,NULL,NULL,NULL,NULL,NULL,NULL,NULL),(73,75,NULL,NULL,61,NULL,NULL,NULL,NULL,NULL,NULL,NULL,NULL);

--
-- Table structure for table `billing_service_line_service_device`
--

CREATE TABLE `billing_service_line_service_device` (
  `id_billing_service_line` int(11) NOT NULL,
  `id_service_device` int(11) NOT NULL,
  PRIMARY KEY (`id_billing_service_line`,`id_service_device`),
  KEY `IDX_2FE00897A6F0BA4B` (`id_billing_service_line`),
  KEY `IDX_2FE00897A8E0EBE` (`id_service_device`),
  CONSTRAINT `FK_2FE00897A8E0EBE` FOREIGN KEY (`id_service_device`) REFERENCES `service_device` (`id_service_device`),
  CONSTRAINT `FK_2FE00897A6F0BA4B` FOREIGN KEY (`id_billing_service_line`) REFERENCES `billing_service_line` (`id_billing_service_line`) ON DELETE CASCADE
) ENGINE=InnoDB DEFAULT CHARSET=utf8 COLLATE=utf8_unicode_ci;

--
-- Dumping data for table `billing_service_line_service_device`
--


--
-- Table structure for table `billing_service_line_service_extremity`
--

CREATE TABLE `billing_service_line_service_extremity` (
  `id_billing_service_line` int(11) NOT NULL,
  `id_service_extremity` int(11) NOT NULL,
  PRIMARY KEY (`id_billing_service_line`,`id_service_extremity`),
  KEY `IDX_EFD947AA6F0BA4B` (`id_billing_service_line`),
  KEY `IDX_EFD947AC53102E9` (`id_service_extremity`),
  CONSTRAINT `FK_EFD947AC53102E9` FOREIGN KEY (`id_service_extremity`) REFERENCES `service_extremity` (`id_service_extremity`),
  CONSTRAINT `FK_EFD947AA6F0BA4B` FOREIGN KEY (`id_billing_service_line`) REFERENCES `billing_service_line` (`id_billing_service_line`) ON DELETE CASCADE
) ENGINE=InnoDB DEFAULT CHARSET=utf8 COLLATE=utf8_unicode_ci;

--
-- Dumping data for table `billing_service_line_service_extremity`
--

INSERT INTO `billing_service_line_service_extremity` VALUES (72,128),(72,129),(73,130),(73,131);

--
-- Table structure for table `branch`
--

CREATE TABLE `branch` (
  `id_branch` int(11) NOT NULL AUTO_INCREMENT,
  `cd_branch` varchar(15) NOT NULL,
  `lb_branch` varchar(100) NOT NULL,
  `nb_gmt` varchar(15) DEFAULT NULL,
  `nb_day_in_service` decimal(10,0) DEFAULT NULL,
  `bl_deactivated` tinyint(1) DEFAULT NULL,
  `dt_create` datetime DEFAULT NULL,
  `dt_update` datetime DEFAULT NULL,
  `id_user_create_by` int(11) DEFAULT NULL,
  `id_user_update_by` int(11) DEFAULT NULL,
  `dt_end` datetime DEFAULT NULL,
  `id_branch_cluster` int(11) DEFAULT NULL,
  `id_address_simple` int(11) DEFAULT NULL,
  `dt_deactivated` datetime DEFAULT NULL,
  PRIMARY KEY (`id_branch`),
  KEY `id_user_create_by` (`id_user_create_by`),
  KEY `id_user_update_by` (`id_user_update_by`),
  KEY `IDX_BB861B1FC357109C` (`id_branch_cluster`),
  KEY `IDX_BB861B1FC74405BB` (`id_address_simple`),
  CONSTRAINT `FK_BB861B1F536A5873` FOREIGN KEY (`id_user_create_by`) REFERENCES `myuser` (`id`),
  CONSTRAINT `FK_BB861B1F68E26F41` FOREIGN KEY (`id_user_update_by`) REFERENCES `myuser` (`id`),
  CONSTRAINT `FK_BB861B1FC357109C` FOREIGN KEY (`id_branch_cluster`) REFERENCES `branch_cluster` (`id_branch_cluster`),
  CONSTRAINT `FK_BB861B1FC74405BB` FOREIGN KEY (`id_address_simple`) REFERENCES `address_simple` (`id_address_simple`)
) ENGINE=InnoDB AUTO_INCREMENT=26 DEFAULT CHARSET=utf8;

--
-- Dumping data for table `branch`
--

INSERT INTO `branch` VALUES (22,'AUSTRALIA','ETRALI Sydney Office',NULL,NULL,1,'2014-09-23 19:13:22','2014-09-23 19:13:22',2,2,NULL,9,23,NULL),(23,'FRANCE','ETRALI FRANCE','1',7,1,'2014-09-29 16:39:47','2014-09-29 16:39:47',2,2,NULL,11,24,NULL),(24,'LONDON','ETRALI London Office','0',14,1,'2014-09-29 16:49:54','2014-09-29 16:49:54',2,2,NULL,14,25,NULL),(25,'MILANO','ETRALI Milano Office','1',2,1,'2014-09-29 17:02:22','2014-09-29 17:02:22',2,2,NULL,11,26,NULL);

--
-- Table structure for table `branch_cluster`
--

CREATE TABLE `branch_cluster` (
  `id_branch_cluster` int(11) NOT NULL AUTO_INCREMENT,
  `id_user_create_by` int(11) DEFAULT NULL,
  `id_user_update_by` int(11) DEFAULT NULL,
  `cd_cluster` varchar(15) COLLATE utf8_unicode_ci NOT NULL,
  `lb_cluster` varchar(100) COLLATE utf8_unicode_ci NOT NULL,
  `bl_deactivated` tinyint(1) DEFAULT NULL,
  `dt_create` datetime DEFAULT NULL,
  `dt_update` datetime DEFAULT NULL,
  `comment` longtext COLLATE utf8_unicode_ci,
  `dt_deactivated` datetime DEFAULT NULL,
  PRIMARY KEY (`id_branch_cluster`),
  KEY `IDX_FE31AD9A536A5873` (`id_user_create_by`),
  KEY `IDX_FE31AD9A68E26F41` (`id_user_update_by`),
  CONSTRAINT `FK_FE31AD9A536A5873` FOREIGN KEY (`id_user_create_by`) REFERENCES `myuser` (`id`),
  CONSTRAINT `FK_FE31AD9A68E26F41` FOREIGN KEY (`id_user_update_by`) REFERENCES `myuser` (`id`)
) ENGINE=InnoDB AUTO_INCREMENT=16 DEFAULT CHARSET=utf8 COLLATE=utf8_unicode_ci;

--
-- Dumping data for table `branch_cluster`
--

INSERT INTO `branch_cluster` VALUES (9,2,2,'APAC','Cluster Asia-Pacific',1,'2014-09-23 19:02:45','2014-09-23 19:02:45','This cluster includes Beijing, Australia, Hong-Kong, Shangai, Singapore and Tokyo',NULL),(10,2,2,'CENTRAL','Cluster Central',1,'2014-09-23 19:02:45','2014-09-23 19:02:45',NULL,NULL),(11,2,2,'FR','Cluster France',1,'2014-09-23 00:00:00','2014-09-23 00:00:00','This cluster includes France and Italy',NULL),(12,2,2,'NEE','Cluster North Europe',1,'2014-09-23 19:02:45','2014-09-23 19:02:45','This cluster includes Frankfurt, Geneva and Zurich',NULL),(13,2,2,'SEE','Cluster South Europe',1,'2014-09-23 19:02:45','2014-09-23 19:02:45','This cluster includes Spain',NULL),(14,2,2,'UK','Cluster United Kingdom',1,'2014-09-23 19:02:45','2014-09-23 19:02:45',NULL,NULL),(15,2,2,'US','Cluster USA',1,'2014-09-23 19:02:45','2014-09-23 19:02:45',NULL,NULL);

--
-- Table structure for table `business_conference_group`
--

CREATE TABLE `business_conference_group` (
  `id_business_conference_group` int(11) NOT NULL AUTO_INCREMENT,
  `bl_deactivated` tinyint(1) DEFAULT NULL,
  `dt_create` datetime DEFAULT NULL,
  `dt_update` datetime DEFAULT NULL,
  `lb_business_conference_group` varchar(255) COLLATE utf8_unicode_ci DEFAULT NULL,
  `cd_business_conference_group` varchar(255) COLLATE utf8_unicode_ci DEFAULT NULL,
  `dt_deactivated` datetime DEFAULT NULL,
  PRIMARY KEY (`id_business_conference_group`)
) ENGINE=InnoDB AUTO_INCREMENT=7 DEFAULT CHARSET=utf8 COLLATE=utf8_unicode_ci;

--
-- Dumping data for table `business_conference_group`
--

INSERT INTO `business_conference_group` VALUES (2,1,'2014-11-13 16:33:38','2014-11-13 16:33:38','Regroupement de Conférence pour client SG, service facturé 12345','SG_CONF_12345',NULL),(3,1,'2014-11-14 00:00:00','2014-11-14 00:00:00','TEST GROUP DESCRIPTION','TEST GROUP CODE',NULL),(5,1,'2014-11-14 00:00:00','2014-11-14 00:00:00',NULL,NULL,NULL),(6,1,'2014-11-14 18:49:01','2014-11-14 18:49:01',NULL,NULL,NULL);

--
-- Table structure for table `cabinet`
--

CREATE TABLE `cabinet` (
  `id_cabinet` int(11) NOT NULL AUTO_INCREMENT,
  `id_cabinet_type` int(11) DEFAULT NULL,
  `cd_cabinet` varchar(15) NOT NULL,
  `lb_cabinet` varchar(100) NOT NULL,
  `cm_cabinet` varchar(255) DEFAULT NULL,
  `bl_deactivated` tinyint(1) DEFAULT NULL,
  `dt_create` datetime DEFAULT NULL,
  `dt_update` datetime DEFAULT NULL,
  `id_user_create_by` int(11) DEFAULT NULL,
  `id_user_update_by` int(11) DEFAULT NULL,
  `url_image` varchar(100) DEFAULT NULL,
  `dt_deactivated` datetime DEFAULT NULL,
  `bl_frontback` tinyint(1) DEFAULT NULL,
  `bl_model` tinyint(1) DEFAULT NULL,
  `id_provider_address` int(11) DEFAULT NULL,
  `id_contact` int(11) DEFAULT NULL,
  `id_cabinet_size` int(11) DEFAULT NULL,
  `id_provider` int(11) DEFAULT NULL,
  `nb_units` int(11) DEFAULT NULL,
  `id_complex_model` int(11) DEFAULT NULL,
  PRIMARY KEY (`id_cabinet`),
  KEY `IDX_4CED05B01E9C98F7` (`id_provider_address`),
  KEY `IDX_4CED05B092FF4F48` (`id_contact`),
  KEY `IDX_4CED05B053CB9ADF` (`id_cabinet_size`),
  KEY `IDX_4CED05B028D5E99C` (`id_cabinet_type`),
  KEY `IDX_4CED05B0C21F9F09` (`id_provider`),
  KEY `IDX_4CED05B0241EF16C` (`id_complex_model`),
  CONSTRAINT `FK_4CED05B01E9C98F7` FOREIGN KEY (`id_provider_address`) REFERENCES `address_provider` (`id_address_provider`),
  CONSTRAINT `FK_4CED05B0241EF16C` FOREIGN KEY (`id_complex_model`) REFERENCES `complex_model` (`id_complex_model`),
  CONSTRAINT `FK_4CED05B028D5E99C` FOREIGN KEY (`id_cabinet_type`) REFERENCES `cabinet_type` (`id_cabinet_type`),
  CONSTRAINT `FK_4CED05B053CB9ADF` FOREIGN KEY (`id_cabinet_size`) REFERENCES `cabinet_size` (`id_cabinet_size`),
  CONSTRAINT `FK_4CED05B092FF4F48` FOREIGN KEY (`id_contact`) REFERENCES `contact_provider` (`id_contact_provider`),
  CONSTRAINT `FK_4CED05B0C21F9F09` FOREIGN KEY (`id_provider`) REFERENCES `provider` (`id_provider`)
) ENGINE=InnoDB AUTO_INCREMENT=38 DEFAULT CHARSET=utf8;

--
-- Dumping data for table `cabinet`
--

INSERT INTO `cabinet` VALUES (37,34,'FULLCAB47U','Full Cabinet 47U',NULL,1,'2014-10-21 13:13:34','2014-10-21 13:13:34',NULL,NULL,NULL,NULL,0,1,27,19,5,19,NULL,35);

--
-- Table structure for table `cabinet_instance`
--

CREATE TABLE `cabinet_instance` (
  `id_cabinet_instance` int(11) NOT NULL AUTO_INCREMENT,
  `id_pop` int(11) DEFAULT NULL,
  `cd_cabinet_instance` varchar(15) COLLATE utf8_unicode_ci NOT NULL,
  `lb_cabinet_instance` varchar(100) COLLATE utf8_unicode_ci DEFAULT NULL,
  `cd_serial_number` varchar(50) COLLATE utf8_unicode_ci DEFAULT NULL,
  `cm_cabinet_instance` varchar(255) COLLATE utf8_unicode_ci DEFAULT NULL,
  `bl_deactivated` tinyint(1) DEFAULT NULL,
  `dt_create` datetime DEFAULT NULL,
  `dt_update` datetime DEFAULT NULL,
  `id_user_create_by` int(11) DEFAULT NULL,
  `id_user_update_by` int(11) DEFAULT NULL,
  `dt_deactivated` datetime DEFAULT NULL,
  `id_cabinet` int(11) DEFAULT NULL,
  `id_complex_model` int(11) DEFAULT NULL,
  `id_provider` int(11) DEFAULT NULL,
  `id_provider_address` int(11) DEFAULT NULL,
  `id_contact` int(11) DEFAULT NULL,
  `cd_provider_account` varchar(45) COLLATE utf8_unicode_ci DEFAULT NULL,
  PRIMARY KEY (`id_cabinet_instance`),
  KEY `IDX_7699378787745F4C` (`id_pop`),
  KEY `IDX_769937879270ACC0` (`id_cabinet`),
  KEY `IDX_76993787241EF16C` (`id_complex_model`),
  KEY `IDX_76993787C21F9F09` (`id_provider`),
  KEY `IDX_769937871E9C98F7` (`id_provider_address`),
  KEY `IDX_7699378792FF4F48` (`id_contact`),
  CONSTRAINT `FK_769937871E9C98F7` FOREIGN KEY (`id_provider_address`) REFERENCES `address_provider` (`id_address_provider`),
  CONSTRAINT `FK_76993787241EF16C` FOREIGN KEY (`id_complex_model`) REFERENCES `complex_model` (`id_complex_model`),
  CONSTRAINT `FK_7699378787745F4C` FOREIGN KEY (`id_pop`) REFERENCES `pop` (`id_pop`),
  CONSTRAINT `FK_769937879270ACC0` FOREIGN KEY (`id_cabinet`) REFERENCES `cabinet` (`id_cabinet`),
  CONSTRAINT `FK_7699378792FF4F48` FOREIGN KEY (`id_contact`) REFERENCES `contact_provider` (`id_contact_provider`),
  CONSTRAINT `FK_76993787C21F9F09` FOREIGN KEY (`id_provider`) REFERENCES `provider` (`id_provider`)
) ENGINE=InnoDB AUTO_INCREMENT=36 DEFAULT CHARSET=utf8 COLLATE=utf8_unicode_ci;

--
-- Dumping data for table `cabinet_instance`
--

INSERT INTO `cabinet_instance` VALUES (33,26,'C11.10',NULL,NULL,NULL,0,'2014-10-24 12:09:39','2014-10-24 12:09:39',NULL,NULL,NULL,37,35,19,27,19,NULL),(34,24,'test',NULL,NULL,NULL,1,'2014-10-24 12:25:36','2014-10-24 12:25:36',NULL,NULL,NULL,37,35,19,27,19,NULL),(35,30,'cab 42u',NULL,NULL,NULL,1,'2014-11-10 12:47:21','2014-11-10 12:47:21',NULL,NULL,NULL,37,35,23,34,20,NULL);

--
-- Table structure for table `cabinet_size`
--

CREATE TABLE `cabinet_size` (
  `id_cabinet_size` int(11) NOT NULL AUTO_INCREMENT,
  `id_user_create_by` int(11) DEFAULT NULL,
  `id_user_update_by` int(11) DEFAULT NULL,
  `cd_cabinet_size` varchar(15) COLLATE utf8_unicode_ci NOT NULL,
  `lb_cabinet_size` varchar(100) COLLATE utf8_unicode_ci NOT NULL,
  `bl_deactivated` tinyint(1) DEFAULT NULL,
  `dt_deactivated` datetime DEFAULT NULL,
  PRIMARY KEY (`id_cabinet_size`),
  KEY `IDX_700AEFAD536A5873` (`id_user_create_by`),
  KEY `IDX_700AEFAD68E26F41` (`id_user_update_by`),
  CONSTRAINT `FK_700AEFAD536A5873` FOREIGN KEY (`id_user_create_by`) REFERENCES `myuser` (`id`),
  CONSTRAINT `FK_700AEFAD68E26F41` FOREIGN KEY (`id_user_update_by`) REFERENCES `myuser` (`id`)
) ENGINE=InnoDB AUTO_INCREMENT=6 DEFAULT CHARSET=utf8 COLLATE=utf8_unicode_ci;

--
-- Dumping data for table `cabinet_size`
--

INSERT INTO `cabinet_size` VALUES (5,2,2,'47U','47 Unit',1,NULL);

--
-- Table structure for table `cabinet_slot`
--

CREATE TABLE `cabinet_slot` (
  `id_cabinet_slot` int(11) NOT NULL AUTO_INCREMENT,
  `id_user_create_by` int(11) DEFAULT NULL,
  `id_user_update_by` int(11) DEFAULT NULL,
  `id_equipment` int(11) DEFAULT NULL,
  `id_complex_model` int(11) DEFAULT NULL,
  `id_cabinet` int(11) DEFAULT NULL,
  `cd_cabinet_slot` varchar(15) COLLATE utf8_unicode_ci DEFAULT NULL,
  `lb_cabinet_slot` varchar(100) COLLATE utf8_unicode_ci DEFAULT NULL,
  `url_image` varchar(100) COLLATE utf8_unicode_ci DEFAULT NULL,
  `bl_deactivated` tinyint(1) DEFAULT NULL,
  `dt_deactivated` datetime DEFAULT NULL,
  `bl_slot_for_ref` tinyint(1) DEFAULT NULL,
  `nb_number` int(11) DEFAULT NULL,
  `bl_card_horizontal` tinyint(1) DEFAULT NULL,
  `nb_cards` int(11) DEFAULT NULL,
  `bl_model` tinyint(1) DEFAULT NULL,
  PRIMARY KEY (`id_cabinet_slot`),
  KEY `IDX_2BC4EBA0536A5873` (`id_user_create_by`),
  KEY `IDX_2BC4EBA068E26F41` (`id_user_update_by`),
  KEY `IDX_2BC4EBA0530D69A4` (`id_equipment`),
  KEY `IDX_2BC4EBA0241EF16C` (`id_complex_model`),
  KEY `IDX_2BC4EBA09270ACC0` (`id_cabinet`),
  CONSTRAINT `FK_2BC4EBA0241EF16C` FOREIGN KEY (`id_complex_model`) REFERENCES `complex_model` (`id_complex_model`),
  CONSTRAINT `FK_2BC4EBA0530D69A4` FOREIGN KEY (`id_equipment`) REFERENCES `equipment` (`id_equipment`),
  CONSTRAINT `FK_2BC4EBA0536A5873` FOREIGN KEY (`id_user_create_by`) REFERENCES `myuser` (`id`),
  CONSTRAINT `FK_2BC4EBA068E26F41` FOREIGN KEY (`id_user_update_by`) REFERENCES `myuser` (`id`),
  CONSTRAINT `FK_2BC4EBA09270ACC0` FOREIGN KEY (`id_cabinet`) REFERENCES `cabinet` (`id_cabinet`)
) ENGINE=InnoDB DEFAULT CHARSET=utf8 COLLATE=utf8_unicode_ci;

--
-- Dumping data for table `cabinet_slot`
--


--
-- Table structure for table `cabinet_template`
--

CREATE TABLE `cabinet_template` (
  `id_cabinet` int(11) NOT NULL AUTO_INCREMENT,
  `id_cabinet_type` int(11) NOT NULL,
  `id_pop` int(11) NOT NULL,
  `id_row` int(11) DEFAULT NULL,
  `cd_cabinet` varchar(15) NOT NULL,
  `lb_cabinet` varchar(100) NOT NULL,
  `nb_cabinet` decimal(10,0) DEFAULT NULL,
  `cd_serial_number` varchar(15) DEFAULT NULL,
  `cm_cabinet` varchar(255) DEFAULT NULL,
  `dt_start` datetime DEFAULT NULL,
  `dt_end` datetime DEFAULT NULL,
  `bl_deactivated` tinyint(1) DEFAULT NULL,
  `nb_position` int(11) DEFAULT NULL,
  `dt_create` datetime DEFAULT NULL,
  `dt_update` datetime DEFAULT NULL,
  `id_user_create_by` int(11) DEFAULT NULL,
  `id_user_update_by` int(11) DEFAULT NULL,
  PRIMARY KEY (`id_cabinet`),
  KEY `id_cabinet` (`id_cabinet`)
) ENGINE=InnoDB DEFAULT CHARSET=utf8;

--
-- Dumping data for table `cabinet_template`
--


--
-- Table structure for table `cabinet_type`
--

CREATE TABLE `cabinet_type` (
  `id_cabinet_type` int(11) NOT NULL AUTO_INCREMENT,
  `cd_cabinet_type` varchar(15) DEFAULT NULL,
  `lb_cabinet_type` varchar(100) DEFAULT NULL,
  `nb_height` decimal(10,0) DEFAULT NULL,
  `nb_width` decimal(10,0) DEFAULT NULL,
  `url_image` varchar(100) DEFAULT NULL,
  `url_document` varchar(100) DEFAULT NULL,
  `dt_start` datetime DEFAULT NULL,
  `dt_end` datetime DEFAULT NULL,
  `bl_deactivated` tinyint(1) DEFAULT NULL,
  `dt_deactivated` datetime DEFAULT NULL,
  PRIMARY KEY (`id_cabinet_type`)
) ENGINE=InnoDB AUTO_INCREMENT=35 DEFAULT CHARSET=utf8;

--
-- Dumping data for table `cabinet_type`
--

INSERT INTO `cabinet_type` VALUES (34,'FULL','Full Cabinet',2500,800,NULL,NULL,NULL,NULL,1,NULL);

--
-- Table structure for table `cable`
--

CREATE TABLE `cable` (
  `id_cable` int(11) NOT NULL AUTO_INCREMENT,
  `cd_cable` varchar(100) DEFAULT NULL,
  `lb_cable` varchar(255) DEFAULT NULL,
  `id_cable_type` int(11) DEFAULT NULL,
  `id_provider` int(11) DEFAULT NULL,
  `nb_capacity` int(11) DEFAULT NULL,
  `bl_deactivated` tinyint(1) DEFAULT NULL,
  `id_provider_address` int(11) DEFAULT NULL,
  `id_contact` int(11) DEFAULT NULL,
  `cm_cable` varchar(255) DEFAULT NULL,
  `dt_create` datetime DEFAULT NULL,
  `dt_update` datetime DEFAULT NULL,
  `id_user_create_by` int(11) DEFAULT NULL,
  `id_user_update_by` int(11) DEFAULT NULL,
  PRIMARY KEY (`id_cable`),
  KEY `IDX_24E9C4D41E9C98F7` (`id_provider_address`),
  KEY `IDX_24E9C4D492FF4F48` (`id_contact`),
  KEY `IDX_24E9C4D4A6F00DA4` (`id_cable_type`),
  CONSTRAINT `FK_24E9C4D41E9C98F7` FOREIGN KEY (`id_provider_address`) REFERENCES `address_provider` (`id_address_provider`),
  CONSTRAINT `FK_24E9C4D492FF4F48` FOREIGN KEY (`id_contact`) REFERENCES `contact_provider` (`id_contact_provider`),
  CONSTRAINT `FK_24E9C4D4A6F00DA4` FOREIGN KEY (`id_cable_type`) REFERENCES `cable_type` (`id_cable_type`)
) ENGINE=InnoDB DEFAULT CHARSET=utf8;

--
-- Dumping data for table `cable`
--


--
-- Table structure for table `cable_template`
--

CREATE TABLE `cable_template` (
  `id_cable` int(11) NOT NULL AUTO_INCREMENT,
  `cd_cable` varchar(100) DEFAULT NULL,
  `lb_cable` varchar(255) DEFAULT NULL,
  `id_cable_type` int(11) DEFAULT NULL,
  `id_branch` int(11) DEFAULT NULL,
  `id_provider` int(11) DEFAULT NULL,
  `id_port_1` int(11) DEFAULT NULL,
  `id_port_2` int(11) DEFAULT NULL,
  `nb_capacity` int(11) DEFAULT NULL,
  `bl_deactivated` tinyint(1) DEFAULT NULL,
  PRIMARY KEY (`id_cable`),
  KEY `id_cable` (`id_cable`)
) ENGINE=InnoDB DEFAULT CHARSET=utf8;

--
-- Dumping data for table `cable_template`
--


--
-- Table structure for table `cable_type`
--

CREATE TABLE `cable_type` (
  `id_cable_type` int(11) NOT NULL AUTO_INCREMENT,
  `cd_cable_type` varchar(100) DEFAULT NULL,
  `lb_cable_type` varchar(250) DEFAULT NULL,
  `bl_deactivated` tinyint(1) DEFAULT NULL,
  `id_user_create_by` int(11) DEFAULT NULL,
  `id_user_update_by` int(11) DEFAULT NULL,
  `dt_create` datetime DEFAULT NULL,
  `dt_update` datetime DEFAULT NULL,
  `dt_deactivated` datetime DEFAULT NULL,
  PRIMARY KEY (`id_cable_type`),
  KEY `IDX_37A8D73536A5873` (`id_user_create_by`),
  KEY `IDX_37A8D7368E26F41` (`id_user_update_by`),
  CONSTRAINT `FK_37A8D73536A5873` FOREIGN KEY (`id_user_create_by`) REFERENCES `myuser` (`id`),
  CONSTRAINT `FK_37A8D7368E26F41` FOREIGN KEY (`id_user_update_by`) REFERENCES `myuser` (`id`)
) ENGINE=InnoDB AUTO_INCREMENT=43 DEFAULT CHARSET=utf8;

--
-- Dumping data for table `cable_type`
--


--
-- Table structure for table `calendar`
--

CREATE TABLE `calendar` (
  `id_calendar` int(11) NOT NULL AUTO_INCREMENT,
  `cd_calendar` varchar(15) DEFAULT NULL,
  `lb_calendar` varchar(100) DEFAULT NULL,
  `id_branch` int(11) DEFAULT NULL,
  `dt_day_name` datetime DEFAULT NULL,
  `dt_calendar_date` datetime DEFAULT NULL,
  `dt_begin_hour` datetime DEFAULT NULL,
  `dt_end_hour` datetime DEFAULT NULL,
  `bl_deactivated` tinyint(1) DEFAULT NULL,
  PRIMARY KEY (`id_calendar`)
) ENGINE=InnoDB DEFAULT CHARSET=utf8;

--
-- Dumping data for table `calendar`
--


--
-- Table structure for table `capacity`
--

CREATE TABLE `capacity` (
  `id_capacity` int(11) NOT NULL AUTO_INCREMENT,
  `cd_capacity` varchar(15) DEFAULT NULL,
  `lb_capacity` varchar(255) DEFAULT NULL,
  `max_capacity` int(11) DEFAULT NULL,
  `bl_deactivated` tinyint(1) DEFAULT NULL,
  `dt_create` datetime DEFAULT NULL,
  `dt_update` datetime DEFAULT NULL,
  `dt_deactivated` datetime DEFAULT NULL,
  PRIMARY KEY (`id_capacity`)
) ENGINE=InnoDB AUTO_INCREMENT=373 DEFAULT CHARSET=utf8;

--
-- Dumping data for table `capacity`
--

INSERT INTO `capacity` VALUES (372,'CapacityCode','NewCapacityDescription',1,1,'2014-10-28 13:12:54','2014-10-28 13:12:54',NULL);

--
-- Table structure for table `card`
--

CREATE TABLE `card` (
  `id_card` int(11) NOT NULL AUTO_INCREMENT,
  `nb_rows` int(11) DEFAULT NULL,
  `cd_card` varchar(15) NOT NULL,
  `lb_card` varchar(100) NOT NULL,
  `bl_deactivated` tinyint(1) DEFAULT NULL,
  `dt_create` datetime DEFAULT NULL,
  `dt_update` datetime DEFAULT NULL,
  `id_user_create_by` int(11) DEFAULT NULL,
  `id_user_update_by` int(11) DEFAULT NULL,
  `dt_deactivated` datetime DEFAULT NULL,
  `url_image` varchar(100) DEFAULT NULL,
  `bl_daughter` tinyint(1) DEFAULT NULL,
  `bl_virtual` tinyint(1) DEFAULT NULL,
  `bl_card_for_ref` tinyint(1) DEFAULT NULL,
  `bl_model` tinyint(1) DEFAULT NULL,
  `id_provider_address` int(11) DEFAULT NULL,
  `id_contact` int(11) DEFAULT NULL,
  `id_provider` int(11) DEFAULT NULL,
  `nbNumber` int(11) DEFAULT NULL,
  `nb_ports` int(11) DEFAULT NULL,
  `id_complex_model` int(11) DEFAULT NULL,
  `id_slot` int(11) DEFAULT NULL,
  `id_equipment` int(11) DEFAULT NULL,
  `id_mother_card` int(11) DEFAULT NULL,
  PRIMARY KEY (`id_card`),
  KEY `FK_161498D3536A5873` (`id_user_create_by`),
  KEY `FK_161498D368E26F41` (`id_user_update_by`),
  KEY `IDX_161498D31E9C98F7` (`id_provider_address`),
  KEY `IDX_161498D392FF4F48` (`id_contact`),
  KEY `IDX_161498D3C21F9F09` (`id_provider`),
  KEY `IDX_161498D3241EF16C` (`id_complex_model`),
  KEY `IDX_161498D3272E3C65` (`id_slot`),
  KEY `IDX_161498D3530D69A4` (`id_equipment`),
  KEY `IDX_161498D3740F0153` (`id_mother_card`),
  CONSTRAINT `FK_161498D31E9C98F7` FOREIGN KEY (`id_provider_address`) REFERENCES `address_provider` (`id_address_provider`),
  CONSTRAINT `FK_161498D3241EF16C` FOREIGN KEY (`id_complex_model`) REFERENCES `complex_model` (`id_complex_model`),
  CONSTRAINT `FK_161498D3272E3C65` FOREIGN KEY (`id_slot`) REFERENCES `slot` (`id_slot`),
  CONSTRAINT `FK_161498D3530D69A4` FOREIGN KEY (`id_equipment`) REFERENCES `equipment` (`id_equipment`),
  CONSTRAINT `FK_161498D3536A5873` FOREIGN KEY (`id_user_create_by`) REFERENCES `myuser` (`id`),
  CONSTRAINT `FK_161498D368E26F41` FOREIGN KEY (`id_user_update_by`) REFERENCES `myuser` (`id`),
  CONSTRAINT `FK_161498D3740F0153` FOREIGN KEY (`id_mother_card`) REFERENCES `card` (`id_card`),
  CONSTRAINT `FK_161498D392FF4F48` FOREIGN KEY (`id_contact`) REFERENCES `contact_provider` (`id_contact_provider`),
  CONSTRAINT `FK_161498D3C21F9F09` FOREIGN KEY (`id_provider`) REFERENCES `provider` (`id_provider`)
) ENGINE=InnoDB AUTO_INCREMENT=181 DEFAULT CHARSET=utf8;

--
-- Dumping data for table `card`
--

INSERT INTO `card` VALUES (170,1,'MRV-OS912','MRV-OS912',1,'2014-10-21 11:25:41','2014-10-21 11:25:41',2,2,NULL,NULL,NULL,1,0,1,27,19,19,1,12,NULL,NULL,505,NULL),(172,0,'IOM-3 XP','IOM-3 XP',1,'2014-10-24 00:00:00','2014-10-24 00:00:00',2,2,NULL,NULL,NULL,0,1,1,27,19,19,1,0,NULL,142,NULL,NULL),(173,5,'m60-10/100eth_t','60 ports Ethernet/10-100',1,'2014-10-24 13:09:35','2014-10-24 13:09:35',2,2,NULL,NULL,1,0,1,1,27,19,19,1000000,60,NULL,NULL,NULL,172),(174,2,'m20-1gb-xp-sfp','20 ports GE/10-100-1000',1,'2014-10-24 13:11:15','2014-10-24 13:11:15',2,2,NULL,NULL,1,0,0,1,27,19,19,1000000,20,NULL,NULL,NULL,172),(176,1,'4 port 10G','m4-10gb-xp-xfp',1,'2014-11-10 11:38:39','2014-11-10 11:38:39',2,2,NULL,NULL,NULL,0,1,1,27,19,19,1000000,4,NULL,NULL,NULL,NULL),(178,1,'m4-10gb-xp-xfp','Card 4*10gig-EP-XFP',1,'2014-11-10 12:01:07','2014-11-10 12:01:07',2,2,NULL,NULL,NULL,0,1,1,27,19,19,1000000,4,38,NULL,NULL,NULL),(179,0,'IOM-3 XP','2*XP MDA IOM 3',1,'2014-11-10 12:43:51','2014-11-10 12:43:51',2,2,NULL,NULL,NULL,0,1,1,27,19,19,1,0,NULL,147,NULL,NULL),(180,1,'m4-10gb-xp-xfp','Card 4*10gig-EP-XFP',1,'2014-11-10 12:01:07','2014-11-10 12:01:07',2,2,NULL,NULL,NULL,0,1,1,27,19,19,1000000,4,37,NULL,NULL,NULL);

--
-- Table structure for table `card_instance`
--

CREATE TABLE `card_instance` (
  `id_card_instance` int(11) NOT NULL AUTO_INCREMENT,
  `id_user_create_by` int(11) DEFAULT NULL,
  `id_user_update_by` int(11) DEFAULT NULL,
  `id_slot_instance` int(11) DEFAULT NULL,
  `id_equipment_instance` int(11) DEFAULT NULL,
  `id_mother_card` int(11) DEFAULT NULL,
  `cd_card_instance` varchar(15) COLLATE utf8_unicode_ci NOT NULL,
  `lb_card_instance` varchar(100) COLLATE utf8_unicode_ci DEFAULT NULL,
  `cd_serial_number` varchar(15) COLLATE utf8_unicode_ci DEFAULT NULL,
  `bl_deactivated` tinyint(1) DEFAULT NULL,
  `dt_create` datetime DEFAULT NULL,
  `dt_update` datetime DEFAULT NULL,
  `dt_deactivated` datetime DEFAULT NULL,
  `id_card` int(11) DEFAULT NULL,
  `nbNumber` int(11) DEFAULT NULL,
  `id_complex_model` int(11) DEFAULT NULL,
  `id_provider` int(11) DEFAULT NULL,
  `id_provider_address` int(11) DEFAULT NULL,
  `id_contact` int(11) DEFAULT NULL,
  `cd_provider_account` varchar(45) COLLATE utf8_unicode_ci DEFAULT NULL,
  PRIMARY KEY (`id_card_instance`),
  KEY `IDX_FB017F5D536A5873` (`id_user_create_by`),
  KEY `IDX_FB017F5D68E26F41` (`id_user_update_by`),
  KEY `IDX_FB017F5D2D4D0128` (`id_slot_instance`),
  KEY `IDX_FB017F5DF1D18757` (`id_equipment_instance`),
  KEY `IDX_FB017F5D740F0153` (`id_mother_card`),
  KEY `IDX_FB017F5D9D3484D1` (`id_card`),
  KEY `IDX_FB017F5D241EF16C` (`id_complex_model`),
  KEY `IDX_FB017F5DC21F9F09` (`id_provider`),
  KEY `IDX_FB017F5D1E9C98F7` (`id_provider_address`),
  KEY `IDX_FB017F5D92FF4F48` (`id_contact`),
  CONSTRAINT `FK_FB017F5D1E9C98F7` FOREIGN KEY (`id_provider_address`) REFERENCES `address_provider` (`id_address_provider`),
  CONSTRAINT `FK_FB017F5D241EF16C` FOREIGN KEY (`id_complex_model`) REFERENCES `complex_model` (`id_complex_model`),
  CONSTRAINT `FK_FB017F5D2D4D0128` FOREIGN KEY (`id_slot_instance`) REFERENCES `slot_instance` (`id_slot_instance`),
  CONSTRAINT `FK_FB017F5D536A5873` FOREIGN KEY (`id_user_create_by`) REFERENCES `myuser` (`id`),
  CONSTRAINT `FK_FB017F5D68E26F41` FOREIGN KEY (`id_user_update_by`) REFERENCES `myuser` (`id`),
  CONSTRAINT `FK_FB017F5D740F0153` FOREIGN KEY (`id_mother_card`) REFERENCES `card_instance` (`id_card_instance`),
  CONSTRAINT `FK_FB017F5D92FF4F48` FOREIGN KEY (`id_contact`) REFERENCES `contact_provider` (`id_contact_provider`),
  CONSTRAINT `FK_FB017F5D9D3484D1` FOREIGN KEY (`id_card`) REFERENCES `card` (`id_card`),
  CONSTRAINT `FK_FB017F5DC21F9F09` FOREIGN KEY (`id_provider`) REFERENCES `provider` (`id_provider`),
  CONSTRAINT `FK_FB017F5DF1D18757` FOREIGN KEY (`id_equipment_instance`) REFERENCES `equipment_instance` (`id_equipment_instance`)
) ENGINE=InnoDB AUTO_INCREMENT=73 DEFAULT CHARSET=utf8 COLLATE=utf8_unicode_ci;

--
-- Dumping data for table `card_instance`
--


--
-- Table structure for table `card_template`
--

CREATE TABLE `card_template` (
  `id_card` int(11) NOT NULL AUTO_INCREMENT,
  `id_card_type` int(11) NOT NULL,
  `id_equipment` int(11) NOT NULL,
  `id_iom` int(11) DEFAULT NULL,
  `cd_card` varchar(15) DEFAULT NULL,
  `lb_card` varchar(100) DEFAULT NULL,
  `cm_card` varchar(255) DEFAULT NULL,
  `cd_serial_number` varchar(15) DEFAULT NULL,
  `nb_bp_used` decimal(10,0) DEFAULT NULL,
  `nb_position` decimal(10,0) DEFAULT NULL,
  `dt_start` datetime DEFAULT NULL,
  `dt_end` datetime DEFAULT NULL,
  `bl_deactivated` tinyint(1) DEFAULT NULL,
  `dt_create` datetime DEFAULT NULL,
  `dt_update` datetime DEFAULT NULL,
  `id_user_create_by` int(11) DEFAULT NULL,
  `id_user_update_by` int(11) DEFAULT NULL,
  PRIMARY KEY (`id_card`),
  KEY `id_card` (`id_card`)
) ENGINE=InnoDB DEFAULT CHARSET=utf8;

--
-- Dumping data for table `card_template`
--


--
-- Table structure for table `card_type`
--

CREATE TABLE `card_type` (
  `id_card_type` int(11) NOT NULL AUTO_INCREMENT,
  `cd_card_type` varchar(15) NOT NULL,
  `lb_card_type` varchar(100) NOT NULL,
  `id_orientation` int(11) DEFAULT NULL,
  `nb_height` decimal(10,0) DEFAULT NULL,
  `nb_width` decimal(10,0) DEFAULT NULL,
  `url_image` varchar(100) DEFAULT NULL,
  `url_document` varchar(100) DEFAULT NULL,
  `dt_start` datetime DEFAULT NULL,
  `dt_end` datetime DEFAULT NULL,
  `bl_deactivated` tinyint(1) DEFAULT NULL,
  `dt_create` datetime DEFAULT NULL,
  `dt_update` datetime DEFAULT NULL,
  `id_user_create_by` int(11) DEFAULT NULL,
  `id_user_update_by` int(11) DEFAULT NULL,
  `nb_port` int(11) DEFAULT NULL,
  `dt_deactivated` datetime DEFAULT NULL,
  PRIMARY KEY (`id_card_type`)
) ENGINE=InnoDB DEFAULT CHARSET=utf8;

--
-- Dumping data for table `card_type`
--


--
-- Table structure for table `ci_sessions`
--

CREATE TABLE `ci_sessions` (
  `session_id` varchar(40) NOT NULL,
  `session_user_id` varchar(40) CHARACTER SET utf8 COLLATE utf8_unicode_ci NOT NULL,
  `ip_address` varchar(40) NOT NULL,
  `user_agent` varchar(150) CHARACTER SET utf8 COLLATE utf8_bin NOT NULL,
  `last_page` varchar(150) CHARACTER SET utf8 COLLATE utf8_unicode_ci NOT NULL,
  `last_activity` int(11) NOT NULL,
  `session_data` varchar(250) CHARACTER SET utf8 COLLATE utf8_unicode_ci DEFAULT NULL,
  `user_data` varchar(255) CHARACTER SET utf8 COLLATE utf8_unicode_ci NOT NULL,
  `bl_deactivated` tinyint(1) DEFAULT NULL,
  PRIMARY KEY (`session_id`)
) ENGINE=InnoDB DEFAULT CHARSET=utf8;

--
-- Dumping data for table `ci_sessions`
--


--
-- Table structure for table `city`
--

CREATE TABLE `city` (
  `id_city` int(11) NOT NULL AUTO_INCREMENT,
  `cd_city` varchar(15) NOT NULL,
  `lb_city` varchar(100) NOT NULL,
  `id_country` int(11) DEFAULT NULL,
  `bl_deactivated` tinyint(1) DEFAULT NULL,
  `dt_create` datetime DEFAULT NULL,
  `dt_update` datetime DEFAULT NULL,
  `id_user_create_by` int(11) DEFAULT NULL,
  `id_user_update_by` int(11) DEFAULT NULL,
  `nb_gmt` varchar(15) DEFAULT NULL,
  `dt_deactivated` datetime DEFAULT NULL,
  PRIMARY KEY (`id_city`),
  KEY `fk__city__country1` (`id_country`),
  KEY `id_user_create_by` (`id_user_create_by`),
  KEY `id_user_update_by` (`id_user_update_by`),
  KEY `id_country` (`id_country`),
  CONSTRAINT `FK_2D5B0234536A5873` FOREIGN KEY (`id_user_create_by`) REFERENCES `myuser` (`id`),
  CONSTRAINT `FK_2D5B023468E26F41` FOREIGN KEY (`id_user_update_by`) REFERENCES `myuser` (`id`),
  CONSTRAINT `FK_2D5B02348DEE6016` FOREIGN KEY (`id_country`) REFERENCES `country` (`id_country`)
) ENGINE=InnoDB AUTO_INCREMENT=577 DEFAULT CHARSET=utf8;

--
-- Dumping data for table `city`
--

INSERT INTO `city` VALUES (531,'PAR','Paris',36,1,'2014-09-23 00:00:00','2014-09-23 00:00:00',2,2,NULL,NULL),(532,'GBR-LON','London',62,1,'2014-09-23 00:00:00','2014-09-23 00:00:00',2,2,NULL,NULL),(533,'ARE-DBX','Dubaï',119,1,'2014-09-23 18:35:09','2014-09-23 18:35:09',2,2,NULL,NULL),(534,'AUS-MEL','Melbourne',200,1,'2014-09-23 18:35:09','2014-09-23 18:35:09',2,2,NULL,NULL),(535,'AUS-SYD','Sydney',200,1,'2014-09-23 18:35:09','2014-09-23 18:35:09',2,2,NULL,NULL),(536,'BEL-BRU','Brussels',43,1,'2014-09-23 00:00:00','2014-09-23 00:00:00',2,2,NULL,NULL),(537,'BMU-HAM','Hamilton',126,1,'2014-09-23 18:35:09','2014-09-23 18:35:09',2,2,NULL,NULL),(538,'BRA-SAO','São Paulo',47,1,'2014-09-23 18:35:09','2014-09-23 18:35:09',2,2,NULL,NULL),(539,'CAN-YMQ','Montreal',129,1,'2014-09-23 00:00:00','2014-09-23 00:00:00',2,2,NULL,NULL),(540,'CAN-YTO','Toronto',129,1,'2014-09-23 18:35:09','2014-09-23 18:35:09',2,2,NULL,NULL),(541,'CAN-YVR','Vancouver',129,1,'2014-09-23 18:35:09','2014-09-23 18:35:09',2,2,NULL,NULL),(542,'CHE-GVA','Geneva',50,1,'2014-09-23 00:00:00','2014-09-23 00:00:00',2,2,NULL,NULL),(543,'CHE-ZRH','Zurich',50,1,'2014-09-23 18:35:09','2014-09-23 18:35:09',2,2,NULL,NULL),(544,'CHN-PEK','Pekin',209,1,'2014-09-23 00:00:00','2014-09-23 00:00:00',2,2,NULL,NULL),(545,'CHN-SHA','Shanghai',209,1,'2014-09-23 18:35:09','2014-09-23 18:35:09',2,2,NULL,NULL),(546,'CHN-SRX','Shenzhen',209,1,'2014-09-23 18:35:09','2014-09-23 18:35:09',2,2,NULL,NULL),(547,'CYM-CYM','Caiman Island',134,1,'2014-09-23 00:00:00','2014-09-23 00:00:00',2,2,NULL,NULL),(548,'DEU-FRA','Frankfurt',135,1,'2014-09-23 00:00:00','2014-09-23 00:00:00',2,2,NULL,NULL),(549,'DEU-MUC','Munchen',135,1,'2014-09-23 00:00:00','2014-09-23 00:00:00',2,2,NULL,NULL),(550,'GBR-EDI','Edimbourg',62,1,'2014-09-23 00:00:00','2014-09-23 00:00:00',2,2,NULL,NULL),(551,'GBR-GCI','Guernesey',62,1,'2014-09-23 18:35:09','2014-09-23 18:35:09',2,2,NULL,NULL),(552,'GBR-IOM','Île de Man',62,1,'2014-09-23 18:35:09','2014-09-23 18:35:09',2,2,NULL,NULL),(553,'GBR-JER','Jersey',62,1,'2014-09-23 18:35:09','2014-09-23 18:35:09',2,2,NULL,NULL),(554,'HKG-HKG','Hong Kong',147,1,'2014-09-23 18:35:09','2014-09-23 18:35:09',2,2,NULL,NULL),(555,'IRL-DUB','Dublin',150,1,'2014-09-23 18:35:09','2014-09-23 18:35:09',2,2,NULL,NULL),(556,'JPN-OSA','Osaka',73,1,'2014-09-23 18:35:09','2014-09-23 18:35:09',2,2,NULL,NULL),(557,'JPN-TYO','Tokyo',73,1,'2014-09-23 18:35:09','2014-09-23 18:35:09',2,2,NULL,NULL),(558,'KOR-SEL','Seoul',155,1,'2014-09-23 00:00:00','2014-09-23 00:00:00',2,2,NULL,NULL),(559,'LUX-LUX','Luxemburg',79,1,'2014-09-23 00:00:00','2014-09-23 00:00:00',2,2,NULL,NULL),(560,'NLD-AMS','Amsterdam',169,1,'2014-09-23 18:35:09','2014-09-23 18:35:09',2,2,NULL,NULL),(561,'QAT-DOH','Qatar',254,1,'2014-09-23 18:35:09','2014-09-23 18:35:09',2,2,NULL,NULL),(562,'SGP-SIN','Singapore',178,1,'2014-09-23 00:00:00','2014-09-23 00:00:00',2,2,NULL,NULL),(563,'SWE-STO','Stockholm',103,1,'2014-09-23 18:35:09','2014-09-23 18:35:09',2,2,NULL,NULL),(564,'TWN-TPE','Taipei',267,1,'2014-09-23 18:35:09','2014-09-23 18:35:09',2,2,NULL,NULL),(565,'USA-BOS','Boston',269,1,'2014-09-23 18:35:09','2014-09-23 18:35:09',2,2,NULL,NULL),(566,'USA-CHI','Chicago',269,1,'2014-09-23 18:35:09','2014-09-23 18:35:09',2,2,NULL,NULL),(567,'USA-NYC','New York',269,1,'2014-09-23 18:35:09','2014-09-23 18:35:09',2,2,NULL,NULL),(568,'USA-SFO','San Francisco',269,1,'2014-09-23 18:35:09','2014-09-23 18:35:09',2,2,NULL,NULL),(569,'USA-WAS','Washington',269,1,'2014-09-23 18:35:09','2014-09-23 18:35:09',2,2,NULL,NULL),(570,'VGB-VGB','Îles Vierges britanniques',192,1,'2014-09-23 18:35:09','2014-09-23 18:35:09',2,2,NULL,NULL),(571,'ITA-MIL','Milano',72,1,'2014-09-29 17:00:26','2014-09-29 17:00:26',2,2,'1',NULL),(572,'XXX-XXX','TEST KD',73,1,'2014-09-29 18:34:55','2014-09-29 18:34:55',2,2,'-12',NULL),(573,'FRA-STD','Saint-Denis',36,1,'2014-10-22 17:55:14','2014-10-22 17:55:14',2,2,'1',NULL),(574,'FRA-PTN','Pantin',36,1,'2014-10-22 18:03:09','2014-10-22 18:03:09',2,2,'1',NULL),(575,'FRA-NTE','Nanterre',36,1,'2014-10-22 00:00:00','2014-10-22 00:00:00',2,2,'1',NULL),(576,'ROU','Rouen',36,1,'2014-10-24 13:19:47','2014-10-24 13:19:47',2,2,'1',NULL);

--
-- Table structure for table `civility`
--

CREATE TABLE `civility` (
  `id_civility` int(11) NOT NULL AUTO_INCREMENT,
  `cd_civility` varchar(15) NOT NULL,
  `lb_civility` varchar(100) DEFAULT NULL,
  `bl_deactivated` tinyint(1) DEFAULT NULL,
  `id_user_create_by` int(11) DEFAULT NULL,
  `id_user_update_by` int(11) DEFAULT NULL,
  `dt_create` datetime DEFAULT NULL,
  `dt_update` datetime DEFAULT NULL,
  `dt_deactivated` datetime DEFAULT NULL,
  PRIMARY KEY (`id_civility`),
  KEY `IDX_384D4799536A5873` (`id_user_create_by`),
  KEY `IDX_384D479968E26F41` (`id_user_update_by`),
  CONSTRAINT `FK_384D4799536A5873` FOREIGN KEY (`id_user_create_by`) REFERENCES `myuser` (`id`),
  CONSTRAINT `FK_384D479968E26F41` FOREIGN KEY (`id_user_update_by`) REFERENCES `myuser` (`id`)
) ENGINE=InnoDB AUTO_INCREMENT=17 DEFAULT CHARSET=utf8;

--
-- Dumping data for table `civility`
--

INSERT INTO `civility` VALUES (13,'Miss','an unmarried or young woman',1,2,2,'2014-09-23 17:01:09','2014-09-23 17:01:09',NULL),(14,'Mrs','a married woman',1,2,2,'2014-09-23 17:02:12','2014-09-23 17:02:12',NULL),(15,'Mr','a man',1,2,2,'2014-09-23 17:02:33','2014-09-23 17:02:33',NULL),(16,'GENERIC','Used for Generic Contact',1,2,2,'2014-10-22 00:00:00','2014-10-22 00:00:00',NULL);

--
-- Table structure for table `cluster`
--

CREATE TABLE `cluster` (
  `id_cluster` int(11) NOT NULL AUTO_INCREMENT,
  `cd_cluster` varchar(15) NOT NULL,
  `lb_cluster` varchar(100) NOT NULL,
  `bl_deactivated` tinyint(1) DEFAULT NULL,
  `dt_create` datetime DEFAULT NULL,
  `dt_update` datetime DEFAULT NULL,
  `id_user_create_by` int(11) DEFAULT NULL,
  `id_user_update_by` int(11) DEFAULT NULL,
  `comment` longtext,
  `id_provider_worldwide_group` int(11) DEFAULT NULL,
  `dt_deactivated` datetime DEFAULT NULL,
  PRIMARY KEY (`id_cluster`),
  KEY `id_user_create_by` (`id_user_create_by`),
  KEY `id_user_update_by` (`id_user_update_by`),
  KEY `idx_provider_group` (`id_provider_worldwide_group`),
  CONSTRAINT `FK_E5C56994536A5873` FOREIGN KEY (`id_user_create_by`) REFERENCES `myuser` (`id`),
  CONSTRAINT `FK_E5C5699468E26F41` FOREIGN KEY (`id_user_update_by`) REFERENCES `myuser` (`id`),
  CONSTRAINT `FK_E5C56994B2A41A3` FOREIGN KEY (`id_provider_worldwide_group`) REFERENCES `provider_worldwide_group` (`id_provider_worldwide_group`)
) ENGINE=InnoDB AUTO_INCREMENT=9 DEFAULT CHARSET=utf8;

--
-- Dumping data for table `cluster`
--

INSERT INTO `cluster` VALUES (5,'NewClusterFromP','Test from Provider\\NewCluster',0,'2014-10-28 00:00:00','2014-10-28 00:00:00',2,2,'Test effectué à partir de la fenêtre Providers\\WorldwideGroupProvider\\1 group\\Add',5,'2014-10-28 00:00:00'),(6,'ITA-ETR','ETRALI ITALY',1,'2014-10-28 12:11:46','2014-10-28 12:11:46',2,2,NULL,5,NULL),(7,'FRA-ETR','ETRALI FRANCE',1,'2014-10-28 12:12:15','2014-10-28 12:12:15',2,2,NULL,5,NULL),(8,'DEU-ETR','ETRALI GERMANY',1,'2014-10-28 00:00:00','2014-10-28 00:00:00',2,2,NULL,5,'2014-10-28 00:00:00');

--
-- Table structure for table `commercial_route`
--

CREATE TABLE `commercial_route` (
  `id_commercial_route` int(11) NOT NULL AUTO_INCREMENT,
  `cd_commercial_route` varchar(15) DEFAULT NULL,
  `lb_commercial_route` varchar(100) DEFAULT NULL,
  `bl_deactivated` tinyint(1) DEFAULT NULL,
  `dt_create` datetime DEFAULT NULL,
  `dt_update` datetime DEFAULT NULL,
  `id_user_create_by` int(11) DEFAULT NULL,
  `id_user_update_by` int(11) DEFAULT NULL,
  `id_city_a` int(11) DEFAULT NULL,
  `id_city_b` int(11) DEFAULT NULL,
  `dt_deactivated` datetime DEFAULT NULL,
  PRIMARY KEY (`id_commercial_route`),
  KEY `IDX_2DBA2258536A5873` (`id_user_create_by`),
  KEY `IDX_2DBA225868E26F41` (`id_user_update_by`),
  KEY `IDX_2DBA2258355C08C7` (`id_city_a`),
  KEY `IDX_2DBA2258AC55597D` (`id_city_b`),
  CONSTRAINT `FK_2DBA2258355C08C7` FOREIGN KEY (`id_city_a`) REFERENCES `city` (`id_city`),
  CONSTRAINT `FK_2DBA2258536A5873` FOREIGN KEY (`id_user_create_by`) REFERENCES `myuser` (`id`),
  CONSTRAINT `FK_2DBA225868E26F41` FOREIGN KEY (`id_user_update_by`) REFERENCES `myuser` (`id`),
  CONSTRAINT `FK_2DBA2258AC55597D` FOREIGN KEY (`id_city_b`) REFERENCES `city` (`id_city`)
) ENGINE=InnoDB AUTO_INCREMENT=50 DEFAULT CHARSET=utf8;

--
-- Dumping data for table `commercial_route`
--

INSERT INTO `commercial_route` VALUES (8,NULL,'Departure : PARIS >>> Destination : PARIS',1,'2014-09-29 00:00:00','2014-09-29 00:00:00',2,2,531,531,NULL),(9,NULL,'Departure : PARIS >>> Destination : LONDON',1,'2014-09-29 00:00:00','2014-09-29 00:00:00',2,2,531,532,NULL),(10,NULL,'Departure : PARIS >>> Destination : BRUSSELS',1,'2014-09-29 00:00:00','2014-09-29 00:00:00',2,2,531,536,NULL),(11,NULL,'Departure : PARIS >>> Destination : ZURICH',1,'2014-09-29 15:33:47','2014-09-29 15:33:47',2,2,531,543,NULL),(12,NULL,'Departure : PARIS >>> Destination : DUBLIN',1,'2014-09-29 15:34:22','2014-09-29 15:34:22',2,2,531,555,NULL),(13,NULL,'Departure : PARIS >>> Destination : TOKYO',1,'2014-09-29 15:37:42','2014-09-29 15:37:42',2,2,531,557,NULL),(14,NULL,'Departure : PARIS >>> Destination : LUXEMBOURG',1,'2014-09-29 15:38:10','2014-09-29 15:38:10',2,2,531,559,NULL),(15,NULL,'Departure : PARIS >>> Destination : AMSTERDAM',1,'2014-09-29 15:38:37','2014-09-29 15:38:37',2,2,531,560,NULL),(16,NULL,'Departure : PARIS >>> Destination : NEW YORK',1,'2014-09-29 15:40:23','2014-09-29 15:40:23',2,2,531,567,NULL),(17,NULL,'Departure : HONG KONG >>> Destination : TOKYO',1,'2014-09-29 15:42:03','2014-09-29 15:42:03',2,2,554,557,NULL),(18,NULL,'Departure : LUXEMBURG >>> Destination : AMSTERDAM',1,'2014-09-29 15:42:30','2014-09-29 15:42:30',2,2,559,560,NULL),(19,NULL,'Departure : LONDON >>> Destination : MONTREAL',1,'2014-09-29 15:43:04','2014-09-29 15:43:04',2,2,532,539,NULL),(20,NULL,'Departure : LONDON >>> Destination : PARIS',1,'2014-09-29 15:43:23','2014-09-29 15:43:23',2,2,532,531,NULL),(21,NULL,'Departure : BRUSSELS >>> Destination : PARIS',1,'2014-09-29 15:43:48','2014-09-29 15:43:48',2,2,536,531,NULL),(22,NULL,'Departure : MELBOURNE >>> Destination : LONDON',1,'2014-09-29 15:44:15','2014-09-29 15:44:15',2,2,534,532,NULL),(23,NULL,'Departure : LONDON >>> Destination : SHANGHAI',1,'2014-09-29 15:44:45','2014-09-29 15:44:45',2,2,532,545,NULL),(24,NULL,'Departure : ZURICH >>> Destination : FRANKFURT',1,'2014-09-29 15:45:09','2014-09-29 15:45:09',2,2,543,548,NULL),(25,NULL,'Departure : GENEVA >>> Destination : ZURICH',1,'2014-09-29 15:45:29','2014-09-29 15:45:29',2,2,542,543,NULL),(26,NULL,'Departure : GENEVA >>> Destination : GENEVA',1,'2014-09-29 15:45:48','2014-09-29 15:45:48',2,2,542,542,NULL),(27,NULL,'Departure : ZURICH >>> Destination : ZURICH',1,'2014-09-29 15:46:05','2014-09-29 15:46:05',2,2,543,543,NULL),(28,NULL,'Departure : FRANKFURT >>> Destination : FRANKFURT',1,'2014-09-29 15:46:27','2014-09-29 15:46:27',2,2,548,548,NULL),(29,NULL,'Departure : MUNCHEN >>> Destination : MUNCHEN',1,'2014-09-29 15:46:50','2014-09-29 15:46:50',2,2,549,549,NULL),(30,NULL,'Departure : FRANKFURT >>> Destination : MUNCHEN',1,'2014-09-29 15:47:11','2014-09-29 15:47:11',2,2,548,549,NULL),(31,NULL,'Departure : LONDON >>> Destination : LONDON',1,'2014-09-29 15:47:43','2014-09-29 15:47:43',2,2,532,532,NULL),(32,NULL,'Departure : SYDNEY >>> Destination : SYDNEY',1,'2014-09-29 15:48:03','2014-09-29 15:48:03',2,2,535,535,NULL),(33,NULL,'Departure : BRUSSELS >>> Destination : BRUSSELS',1,'2014-09-29 15:48:58','2014-09-29 15:48:58',2,2,536,536,NULL),(34,NULL,'Departure : DUBAI >>> Destination : DUBAI',1,'2014-09-29 15:49:17','2014-09-29 15:49:17',2,2,533,533,NULL),(35,NULL,'Departure : TOKYO >>> Destination : AMSTERDAM',1,'2014-09-29 15:49:46','2014-09-29 15:49:46',2,2,557,560,NULL),(36,NULL,'Departure : JERSEY >>> Destination : JERSEY',1,'2014-09-29 15:50:06','2014-09-29 15:50:06',2,2,553,553,NULL),(37,NULL,'Departure : HONG KONG >>> Destination : HONG KONG',1,'2014-09-29 15:50:28','2014-09-29 15:50:28',2,2,554,554,NULL),(38,NULL,'Departure : DUBLIN >>> Destination : DUBLIN',1,'2014-09-29 15:50:50','2014-09-29 15:50:50',2,2,555,555,NULL),(39,NULL,'Departure : SINGAPORE >>> Destination : STOCKHOLM',1,'2014-09-29 15:51:19','2014-09-29 15:51:19',2,2,562,563,NULL),(40,NULL,'Departure : SINGAPORE >>> Destination : SINGAPORE',1,'2014-09-29 15:51:38','2014-09-29 15:51:38',2,2,562,562,NULL),(41,NULL,'Departure : NEW YORK >>> Destination : NEW YORK',1,'2014-09-29 15:51:57','2014-09-29 15:51:57',2,2,567,567,NULL),(42,NULL,'Departure : CHICAGO >>> Destination : BOSTON',1,'2014-09-29 15:52:16','2014-09-29 15:52:16',2,2,566,565,NULL),(43,NULL,'Departure : WASHINGTON >>> Destination : SINGAPORE',1,'2014-09-29 15:52:38','2014-09-29 15:52:38',2,2,569,562,NULL),(44,NULL,'Departure : NEW YORK >>> Destination : LUXEMBURG',1,'2014-09-29 15:53:13','2014-09-29 15:53:13',2,2,567,559,NULL),(45,NULL,'Departure : CHICAGO >>> Destination : FRANKFURT',1,'2014-09-29 15:53:54','2014-09-29 15:53:54',2,2,566,548,NULL),(46,NULL,'Departure : NEW YORK >>> Destination : PARIS',1,'2014-09-29 15:54:20','2014-09-29 15:54:20',2,2,567,531,NULL),(47,NULL,'Departure : LONDON >>> Destination : SINGAPORE',1,'2014-09-29 15:54:51','2014-09-29 15:54:51',2,2,532,562,NULL),(48,NULL,'Departure : TOKYO >>> Destination : BRUSSELS',1,'2014-09-29 15:55:21','2014-09-29 15:55:21',2,2,557,536,NULL),(49,NULL,'Departure : CHICAGO >>> Destination : SYDNEY',1,'2014-09-29 15:55:51','2014-09-29 15:55:51',2,2,566,535,NULL);

--
-- Table structure for table `commercial_route_price`
--

CREATE TABLE `commercial_route_price` (
  `id_commercial_price` int(11) NOT NULL AUTO_INCREMENT,
  `id_bandwidth` int(11) DEFAULT NULL,
  `id_product` int(11) DEFAULT NULL,
  `id_commercial_route` int(11) DEFAULT NULL,
  `mt_transfer_price` decimal(10,0) DEFAULT NULL,
  `mt_install_price` decimal(10,0) DEFAULT NULL,
  `dt_start` datetime DEFAULT NULL,
  `dt_end` datetime DEFAULT NULL,
  `bl_deactivated` tinyint(1) DEFAULT NULL,
  `dt_create` datetime DEFAULT NULL,
  `dt_update` datetime DEFAULT NULL,
  `id_user_create_by` int(11) DEFAULT NULL,
  `id_user_update_by` int(11) DEFAULT NULL,
  PRIMARY KEY (`id_commercial_price`),
  KEY `id_commercial_price` (`id_commercial_price`)
) ENGINE=InnoDB DEFAULT CHARSET=utf8;

--
-- Dumping data for table `commercial_route_price`
--


--
-- Table structure for table `company_group`
--

CREATE TABLE `company_group` (
  `id_company_group` int(11) NOT NULL AUTO_INCREMENT,
  `cd_company_group` varchar(15) NOT NULL,
  `lb_company_group` varchar(100) NOT NULL,
  `bl_deactivated` tinyint(1) DEFAULT NULL,
  `dt_create` datetime DEFAULT NULL,
  `dt_update` datetime DEFAULT NULL,
  `id_user_create_by` int(11) DEFAULT NULL,
  `id_user_update_by` int(11) DEFAULT NULL,
  `dt_deactivated` datetime DEFAULT NULL,
  PRIMARY KEY (`id_company_group`),
  KEY `id_user_create_by` (`id_user_create_by`),
  KEY `id_user_update_by` (`id_user_update_by`),
  CONSTRAINT `FK_2A31E6A0536A5873` FOREIGN KEY (`id_user_create_by`) REFERENCES `myuser` (`id`),
  CONSTRAINT `FK_2A31E6A068E26F41` FOREIGN KEY (`id_user_update_by`) REFERENCES `myuser` (`id`)
) ENGINE=InnoDB DEFAULT CHARSET=utf8;

--
-- Dumping data for table `company_group`
--


--
-- Table structure for table `company_type`
--

CREATE TABLE `company_type` (
  `id_company_type` int(11) NOT NULL AUTO_INCREMENT,
  `cd_company_type` varchar(15) DEFAULT NULL,
  `lb_company_type` varchar(100) DEFAULT NULL,
  `bl_deactivated` tinyint(1) DEFAULT NULL,
  `dt_create` datetime DEFAULT NULL,
  `dt_update` datetime DEFAULT NULL,
  `id_user_create_by` int(11) DEFAULT NULL,
  `id_user_update_by` int(11) DEFAULT NULL,
  `dt_deactivated` datetime DEFAULT NULL,
  PRIMARY KEY (`id_company_type`),
  KEY `id_user_create_by` (`id_user_create_by`),
  KEY `id_user_update_by` (`id_user_update_by`),
  CONSTRAINT `FK_CFB34DC7536A5873` FOREIGN KEY (`id_user_create_by`) REFERENCES `myuser` (`id`),
  CONSTRAINT `FK_CFB34DC768E26F41` FOREIGN KEY (`id_user_update_by`) REFERENCES `myuser` (`id`)
) ENGINE=InnoDB AUTO_INCREMENT=24 DEFAULT CHARSET=utf8;

--
-- Dumping data for table `company_type`
--

INSERT INTO `company_type` VALUES (22,'CARRIER','Carrier',1,'2014-10-21 10:53:11','2014-10-21 10:53:11',2,2,NULL),(23,'VENDOR','Vendor/Equipement provider',1,'2014-10-21 11:12:02','2014-10-21 11:12:02',2,2,NULL);

--
-- Table structure for table `complex_model`
--

CREATE TABLE `complex_model` (
  `id_complex_model` int(11) NOT NULL AUTO_INCREMENT,
  `id_user_create_by` int(11) DEFAULT NULL,
  `id_user_update_by` int(11) DEFAULT NULL,
  `cd_complex_model` varchar(15) COLLATE utf8_unicode_ci DEFAULT NULL,
  `lb_complex_model` varchar(100) COLLATE utf8_unicode_ci DEFAULT NULL,
  `url_image` varchar(100) COLLATE utf8_unicode_ci DEFAULT NULL,
  `bl_deactivated` tinyint(1) DEFAULT NULL,
  `dt_deactivated` datetime DEFAULT NULL,
  `one_off_cost` decimal(10,0) DEFAULT NULL,
  `rec_off_cost` decimal(10,0) DEFAULT NULL,
  `bl_model` tinyint(1) NOT NULL,
  `dt_create` datetime DEFAULT NULL,
  `dt_update` datetime DEFAULT NULL,
  PRIMARY KEY (`id_complex_model`),
  KEY `IDX_9A362009536A5873` (`id_user_create_by`),
  KEY `IDX_9A36200968E26F41` (`id_user_update_by`),
  CONSTRAINT `FK_9A362009536A5873` FOREIGN KEY (`id_user_create_by`) REFERENCES `myuser` (`id`),
  CONSTRAINT `FK_9A36200968E26F41` FOREIGN KEY (`id_user_update_by`) REFERENCES `myuser` (`id`)
) ENGINE=InnoDB AUTO_INCREMENT=39 DEFAULT CHARSET=utf8 COLLATE=utf8_unicode_ci;

--
-- Dumping data for table `complex_model`
--

INSERT INTO `complex_model` VALUES (34,2,2,'MRV-OS912','MRV-OS 912',NULL,1,NULL,NULL,NULL,1,'2014-10-21 00:00:00','2014-10-21 00:00:00'),(35,2,2,'FULLCAB_47U','Full cabinet 47U',NULL,1,NULL,NULL,NULL,1,'2014-10-21 13:12:04','2014-10-21 13:12:04'),(36,2,2,'7750 SR-7','7750 SR-7 ALCATEL-LUCENT',NULL,1,NULL,NULL,NULL,1,'2014-10-24 12:51:42','2014-10-24 12:51:42'),(37,2,2,'IOM-3 XP','2*XP MDA IOM 3',NULL,1,NULL,NULL,NULL,1,'2014-11-10 11:35:18','2014-11-21 12:50:32'),(38,2,2,'4 ports 10G','m4-10gb-xp-xfp',NULL,1,NULL,NULL,NULL,1,'2014-11-10 11:53:56','2014-11-10 11:53:56');

--
-- Table structure for table `connection_path`
--

CREATE TABLE `connection_path` (
  `id_connection_path` int(11) NOT NULL AUTO_INCREMENT,
  `id_backbone_link_extremity_tech` int(11) DEFAULT NULL,
  `id_local_loop_extremity_tech` int(11) DEFAULT NULL,
  `lb_connection_path` varchar(1000) COLLATE utf8_unicode_ci NOT NULL,
  PRIMARY KEY (`id_connection_path`),
  KEY `IDX_CD448C358BA15092` (`id_backbone_link_extremity_tech`),
  KEY `IDX_CD448C354A449A67` (`id_local_loop_extremity_tech`),
  CONSTRAINT `FK_CD448C354A449A67` FOREIGN KEY (`id_local_loop_extremity_tech`) REFERENCES `local_loop_extremity_tech` (`id_local_loop_extremity_tech`),
  CONSTRAINT `FK_CD448C358BA15092` FOREIGN KEY (`id_backbone_link_extremity_tech`) REFERENCES `backbone_link_extremity_tech` (`id_backbone_link_extremity_tech`)
) ENGINE=InnoDB AUTO_INCREMENT=4 DEFAULT CHARSET=utf8 COLLATE=utf8_unicode_ci;

--
-- Dumping data for table `connection_path`
--


--
-- Table structure for table `contact`
--

CREATE TABLE `contact` (
  `id_contact` int(11) NOT NULL AUTO_INCREMENT,
  `id_customer` int(11) DEFAULT NULL,
  `id_address` int(11) DEFAULT NULL,
  `lb_title` varchar(255) DEFAULT NULL,
  `id_civility` int(11) DEFAULT NULL,
  `lb_firstname` varchar(50) CHARACTER SET utf8 COLLATE utf8_bin DEFAULT NULL,
  `lb_lastname` varchar(50) CHARACTER SET utf8 COLLATE utf8_bin DEFAULT NULL,
  `lb_email` varchar(100) CHARACTER SET utf8 COLLATE utf8_bin DEFAULT NULL,
  `lb_phone` varchar(20) CHARACTER SET utf8 COLLATE utf8_bin DEFAULT NULL,
  `lb_mobile` varchar(20) CHARACTER SET utf8 COLLATE utf8_bin DEFAULT NULL,
  `lb_fax` varchar(20) CHARACTER SET utf8 COLLATE utf8_bin DEFAULT NULL,
  `bl_deactivated` tinyint(1) DEFAULT NULL,
  `dt_create` datetime DEFAULT NULL,
  `dt_update` datetime DEFAULT NULL,
  `id_user_update_by` int(11) DEFAULT NULL,
  `dt_deactived` datetime DEFAULT NULL,
  `id_user_create_by` int(11) DEFAULT NULL,
  `id_contact_type` int(11) DEFAULT NULL,
  `bl_default` tinyint(1) DEFAULT NULL,
  `comment` text,
  `id_address_custom` int(11) DEFAULT NULL,
  `dt_deactivated` datetime DEFAULT NULL,
  PRIMARY KEY (`id_contact`),
  KEY `id_user_update_by` (`id_user_update_by`),
  KEY `id_user_create_by` (`id_user_create_by`),
  KEY `id_customer` (`id_customer`),
  KEY `id_address` (`id_address`),
  KEY `id_civility` (`id_civility`),
  KEY `id_contact_type` (`id_contact_type`),
  KEY `IDX_4C62E638F3BB2E22` (`id_address_custom`),
  CONSTRAINT `FK_4C62E638536A5873` FOREIGN KEY (`id_user_create_by`) REFERENCES `myuser` (`id`),
  CONSTRAINT `FK_4C62E6386896AB0C` FOREIGN KEY (`id_civility`) REFERENCES `civility` (`id_civility`),
  CONSTRAINT `FK_4C62E63868E26F41` FOREIGN KEY (`id_user_update_by`) REFERENCES `myuser` (`id`),
  CONSTRAINT `FK_4C62E63887E0A0A4` FOREIGN KEY (`id_contact_type`) REFERENCES `contact_type` (`id_contact_type`),
  CONSTRAINT `FK_4C62E638D1E2629C` FOREIGN KEY (`id_customer`) REFERENCES `customer` (`id_customer`),
  CONSTRAINT `FK_4C62E638D3D3C6F1` FOREIGN KEY (`id_address`) REFERENCES `address` (`id_address`),
  CONSTRAINT `FK_4C62E638F3BB2E22` FOREIGN KEY (`id_address_custom`) REFERENCES `address_contact` (`id_address_contact`)
) ENGINE=InnoDB AUTO_INCREMENT=35 DEFAULT CHARSET=utf8;

--
-- Dumping data for table `contact`
--


--
-- Table structure for table `contact_pop`
--

CREATE TABLE `contact_pop` (
  `id_contact_pop` int(11) NOT NULL AUTO_INCREMENT,
  `id_user_update_by` int(11) DEFAULT NULL,
  `id_user_create_by` int(11) DEFAULT NULL,
  `id_pop` int(11) DEFAULT NULL,
  `id_civility` int(11) DEFAULT NULL,
  `lb_title` varchar(255) COLLATE utf8_unicode_ci DEFAULT NULL,
  `lb_firstname` varchar(50) COLLATE utf8_unicode_ci DEFAULT NULL,
  `lb_lastname` varchar(50) COLLATE utf8_unicode_ci DEFAULT NULL,
  `lb_email` varchar(100) COLLATE utf8_unicode_ci DEFAULT NULL,
  `lb_phone` varchar(20) COLLATE utf8_unicode_ci DEFAULT NULL,
  `lb_mobile` varchar(20) COLLATE utf8_unicode_ci DEFAULT NULL,
  `lb_fax` varchar(20) COLLATE utf8_unicode_ci DEFAULT NULL,
  `bl_deactivated` tinyint(1) DEFAULT NULL,
  `dt_create` datetime DEFAULT NULL,
  `dt_update` datetime DEFAULT NULL,
  `dt_deactivated` datetime DEFAULT NULL,
  `bl_default` tinyint(1) DEFAULT NULL,
  `comment` longtext COLLATE utf8_unicode_ci,
  `id_contact_type` int(11) DEFAULT NULL,
  PRIMARY KEY (`id_contact_pop`),
  KEY `IDX_E4EAD62E68E26F41` (`id_user_update_by`),
  KEY `IDX_E4EAD62E536A5873` (`id_user_create_by`),
  KEY `IDX_E4EAD62E87745F4C` (`id_pop`),
  KEY `IDX_E4EAD62E6896AB0C` (`id_civility`),
  KEY `IDX_E4EAD62E87E0A0A4` (`id_contact_type`),
  CONSTRAINT `FK_E4EAD62E536A5873` FOREIGN KEY (`id_user_create_by`) REFERENCES `myuser` (`id`),
  CONSTRAINT `FK_E4EAD62E6896AB0C` FOREIGN KEY (`id_civility`) REFERENCES `civility` (`id_civility`),
  CONSTRAINT `FK_E4EAD62E68E26F41` FOREIGN KEY (`id_user_update_by`) REFERENCES `myuser` (`id`),
  CONSTRAINT `FK_E4EAD62E87745F4C` FOREIGN KEY (`id_pop`) REFERENCES `pop` (`id_pop`),
  CONSTRAINT `FK_E4EAD62E87E0A0A4` FOREIGN KEY (`id_contact_type`) REFERENCES `contact_type` (`id_contact_type`)
) ENGINE=InnoDB AUTO_INCREMENT=24 DEFAULT CHARSET=utf8 COLLATE=utf8_unicode_ci;

--
-- Dumping data for table `contact_pop`
--

INSERT INTO `contact_pop` VALUES (17,2,2,22,13,NULL,'Matthieu','NGALLE','matthieu.ngalle@eu.equinix.com',NULL,'+ 33 6 23 05 42 38',NULL,1,'2014-10-22 00:00:00','2014-10-22 00:00:00','2014-10-22 00:00:00',1,NULL,3),(18,2,2,23,15,NULL,'Matthieu','NGALLE','matthieu.ngalle@eu.equinix.com',NULL,'+ 33 6 23 05 42 38',NULL,1,'2014-10-22 17:58:21','2014-10-22 17:58:21',NULL,1,NULL,3),(19,2,2,25,16,NULL,'Service','Team',NULL,NULL,NULL,NULL,1,'2014-10-22 18:24:59','2014-10-22 18:24:59',NULL,1,NULL,2),(20,2,2,26,16,NULL,'Production','Team',NULL,'+33 1 58 57 23 00',NULL,NULL,1,'2014-10-22 19:02:49','2014-10-22 19:02:49',NULL,1,NULL,3),(21,2,2,29,15,NULL,'R','JUKES','R.JUKES@teintelecom.nl','+31 615838898',NULL,NULL,1,'2014-10-22 19:16:50','2014-10-22 19:16:50',NULL,1,NULL,3),(22,2,2,27,13,NULL,'ETRALI PROD PARIS','ETRALI PROD PARIS',NULL,'33 1 55 82 95 33',NULL,NULL,1,'2014-11-10 12:57:35','2014-11-10 12:57:35',NULL,0,NULL,3),(23,2,2,27,15,NULL,'SYLVAIN','TREFFEL','sylvain.treffel@etrali.com','33 55 82 95 36','33 6 77 69 63 52',NULL,1,'2014-11-10 12:58:55','2014-11-10 12:58:55',NULL,1,NULL,1);

--
-- Table structure for table `contact_provider`
--

CREATE TABLE `contact_provider` (
  `id_contact_provider` int(11) NOT NULL AUTO_INCREMENT,
  `id_user_update_by` int(11) DEFAULT NULL,
  `id_contact_type` int(11) DEFAULT NULL,
  `id_user_create_by` int(11) DEFAULT NULL,
  `id_provider` int(11) DEFAULT NULL,
  `id_address_provider` int(11) DEFAULT NULL,
  `id_civility` int(11) DEFAULT NULL,
  `lb_title` varchar(255) COLLATE utf8_unicode_ci DEFAULT NULL,
  `lb_firstname` varchar(50) COLLATE utf8_unicode_ci DEFAULT NULL,
  `lb_lastname` varchar(50) COLLATE utf8_unicode_ci DEFAULT NULL,
  `lb_email` varchar(100) COLLATE utf8_unicode_ci DEFAULT NULL,
  `lb_phone` varchar(20) COLLATE utf8_unicode_ci DEFAULT NULL,
  `lb_mobile` varchar(20) COLLATE utf8_unicode_ci DEFAULT NULL,
  `lb_fax` varchar(20) COLLATE utf8_unicode_ci DEFAULT NULL,
  `bl_deactivated` tinyint(1) DEFAULT NULL,
  `dt_create` datetime DEFAULT NULL,
  `dt_update` datetime DEFAULT NULL,
  `dt_deactived` datetime DEFAULT NULL,
  `bl_default` tinyint(1) DEFAULT NULL,
  `comment` longtext COLLATE utf8_unicode_ci,
  `dt_deactivated` datetime DEFAULT NULL,
  PRIMARY KEY (`id_contact_provider`),
  KEY `IDX_8E1EF0B68E26F41` (`id_user_update_by`),
  KEY `IDX_8E1EF0B87E0A0A4` (`id_contact_type`),
  KEY `IDX_8E1EF0B536A5873` (`id_user_create_by`),
  KEY `IDX_8E1EF0BC21F9F09` (`id_provider`),
  KEY `IDX_8E1EF0B8FC1D8CC` (`id_address_provider`),
  KEY `IDX_8E1EF0B6896AB0C` (`id_civility`),
  CONSTRAINT `FK_8E1EF0B536A5873` FOREIGN KEY (`id_user_create_by`) REFERENCES `myuser` (`id`),
  CONSTRAINT `FK_8E1EF0B6896AB0C` FOREIGN KEY (`id_civility`) REFERENCES `civility` (`id_civility`),
  CONSTRAINT `FK_8E1EF0B68E26F41` FOREIGN KEY (`id_user_update_by`) REFERENCES `myuser` (`id`),
  CONSTRAINT `FK_8E1EF0B87E0A0A4` FOREIGN KEY (`id_contact_type`) REFERENCES `contact_type` (`id_contact_type`),
  CONSTRAINT `FK_8E1EF0B8FC1D8CC` FOREIGN KEY (`id_address_provider`) REFERENCES `address_provider` (`id_address_provider`),
  CONSTRAINT `FK_8E1EF0BC21F9F09` FOREIGN KEY (`id_provider`) REFERENCES `provider` (`id_provider`)
) ENGINE=InnoDB AUTO_INCREMENT=21 DEFAULT CHARSET=utf8 COLLATE=utf8_unicode_ci;

--
-- Dumping data for table `contact_provider`
--

INSERT INTO `contact_provider` VALUES (19,2,4,2,19,NULL,15,NULL,'Grégoire','Barbeau',NULL,NULL,NULL,NULL,1,'2014-10-21 11:19:42','2014-10-21 11:19:42',NULL,0,NULL,NULL),(20,2,4,2,23,34,15,NULL,'Hélène','LE GALL',NULL,'+33 2 99 01 54 87',NULL,'+ 33 2 99 01 43 01',1,'2014-10-24 00:00:00','2014-10-24 00:00:00',NULL,1,NULL,NULL);

--
-- Table structure for table `contact_type`
--

CREATE TABLE `contact_type` (
  `id_contact_type` int(11) NOT NULL AUTO_INCREMENT,
  `cd_contact_type` varchar(15) NOT NULL,
  `lb_contact_type` varchar(100) NOT NULL,
  `bl_deactivated` tinyint(1) DEFAULT NULL,
  `dt_create` datetime DEFAULT NULL,
  `dt_update` datetime DEFAULT NULL,
  `id_user_create_by` int(11) DEFAULT NULL,
  `id_user_update_by` int(11) DEFAULT NULL,
  `bl_customer` tinyint(1) DEFAULT NULL,
  `dt_deactivated` datetime DEFAULT NULL,
  PRIMARY KEY (`id_contact_type`),
  KEY `id_user_create_by` (`id_user_create_by`),
  KEY `id_user_update_by` (`id_user_update_by`),
  CONSTRAINT `FK_A421D5D6536A5873` FOREIGN KEY (`id_user_create_by`) REFERENCES `myuser` (`id`),
  CONSTRAINT `FK_A421D5D668E26F41` FOREIGN KEY (`id_user_update_by`) REFERENCES `myuser` (`id`)
) ENGINE=InnoDB AUTO_INCREMENT=6 DEFAULT CHARSET=koi8r;

--
-- Dumping data for table `contact_type`
--

INSERT INTO `contact_type` VALUES (1,'M','Managers',1,'2013-05-27 16:53:34','2013-06-26 14:24:55',2,2,1,NULL),(2,'A','Administrative',1,'2013-06-26 00:00:00','2013-07-02 00:00:00',2,2,1,NULL),(3,'T','Technical',1,'2014-01-21 14:29:14','2014-01-21 14:29:14',2,2,1,NULL),(4,'B','Billing',1,NULL,NULL,2,2,1,NULL),(5,'CC','Acceptance contact',1,'2014-02-10 18:04:48','2014-02-10 18:04:48',2,2,1,NULL);

--
-- Table structure for table `continent_group`
--

CREATE TABLE `continent_group` (
  `id_continent_group` int(11) NOT NULL AUTO_INCREMENT,
  `id_user_create_by` int(11) DEFAULT NULL,
  `id_user_update_by` int(11) DEFAULT NULL,
  `id_world_group` int(11) DEFAULT NULL,
  `cd_continent_group` varchar(15) COLLATE utf8_unicode_ci NOT NULL,
  `lb_continent_group` varchar(100) COLLATE utf8_unicode_ci DEFAULT NULL,
  `bl_deactivated` tinyint(1) DEFAULT NULL,
  `dt_create` datetime DEFAULT NULL,
  `dt_update` datetime DEFAULT NULL,
  `dt_deactivated` datetime DEFAULT NULL,
  PRIMARY KEY (`id_continent_group`),
  KEY `IDX_F4BF6C19536A5873` (`id_user_create_by`),
  KEY `IDX_F4BF6C1968E26F41` (`id_user_update_by`),
  KEY `IDX_F4BF6C19F4B25B3D` (`id_world_group`),
  CONSTRAINT `FK_F4BF6C19F4B25B3D` FOREIGN KEY (`id_world_group`) REFERENCES `world_group` (`id_world_group`),
  CONSTRAINT `FK_F4BF6C19536A5873` FOREIGN KEY (`id_user_create_by`) REFERENCES `myuser` (`id`),
  CONSTRAINT `FK_F4BF6C1968E26F41` FOREIGN KEY (`id_user_update_by`) REFERENCES `myuser` (`id`)
) ENGINE=InnoDB AUTO_INCREMENT=4 DEFAULT CHARSET=utf8 COLLATE=utf8_unicode_ci;

--
-- Dumping data for table `continent_group`
--

INSERT INTO `continent_group` VALUES (1,2,2,1,'SOCGEN-EUROPE','SOCIETE GENERALE EUROPE',1,'2014-11-13 00:00:00','2014-11-13 00:00:00',NULL),(2,2,2,1,'SOCGEN-ASIA','SOCIETE GENERALE ASIA',1,'2014-11-13 00:00:00','2014-11-13 00:00:00',NULL),(3,2,2,1,'SOCGEN-NORTH AM','SOCIETE GENERALE NORTH AMERICA',1,'2014-11-13 00:00:00','2014-11-13 00:00:00',NULL);

--
-- Table structure for table `cost_center`
--

CREATE TABLE `cost_center` (
  `id_cost_center` int(11) NOT NULL AUTO_INCREMENT,
  `cd_cost_center` varchar(15) DEFAULT NULL,
  `lb_cost_center` varchar(100) DEFAULT NULL,
  `nb_cost_center` decimal(10,0) DEFAULT NULL,
  `bl_deactivated` tinyint(1) DEFAULT NULL,
  PRIMARY KEY (`id_cost_center`)
) ENGINE=InnoDB DEFAULT CHARSET=utf8;

--
-- Dumping data for table `cost_center`
--


--
-- Table structure for table `costing_backbone_link_line`
--

CREATE TABLE `costing_backbone_link_line` (
  `id_costing_backbone_link_line` int(11) NOT NULL AUTO_INCREMENT,
  `id_backbone_link` int(11) DEFAULT NULL,
  `dt_start` datetime DEFAULT NULL,
  `dt_end` datetime DEFAULT NULL,
  `id_currency` int(11) DEFAULT NULL,
  `id_backbone_link_option` int(11) DEFAULT NULL,
  `id_billing_frequency` int(11) DEFAULT NULL,
  `id_notice_period` int(11) DEFAULT NULL,
  `nb_contract_duration` int(11) DEFAULT NULL,
  `id_provider` int(11) DEFAULT NULL,
  `id_provider_address` int(11) DEFAULT NULL,
  `id_contact` int(11) DEFAULT NULL,
  `mt_nrc` decimal(10,0) DEFAULT NULL,
  `mt_mrc` decimal(10,0) DEFAULT NULL,
  `lb_nrc` varchar(255) DEFAULT NULL,
  `lb_mrc` varchar(255) DEFAULT NULL,
  `mt_nrc_euro` decimal(10,0) DEFAULT NULL,
  `mt_mrc_euro` decimal(10,0) DEFAULT NULL,
  `dt_start_mrc` datetime DEFAULT NULL,
  `dt_end_mrc` datetime DEFAULT NULL,
  `cd_provider_account` varchar(45) DEFAULT NULL,
  PRIMARY KEY (`id_costing_backbone_link_line`),
  KEY `id_currency` (`id_currency`),
  KEY `id_backbone_link_option` (`id_backbone_link_option`),
  KEY `idx_billing_frequency` (`id_billing_frequency`),
  KEY `key_id_backbone_link_idx` (`id_backbone_link`),
  KEY `IDX_79D195B1C21F9F09` (`id_provider`),
  KEY `IDX_79D195B11E9C98F7` (`id_provider_address`),
  KEY `IDX_79D195B192FF4F48` (`id_contact`),
  KEY `IDX_79D195B120848936` (`id_notice_period`),
  CONSTRAINT `FK_79D195B11E9C98F7` FOREIGN KEY (`id_provider_address`) REFERENCES `address_provider` (`id_address_provider`),
  CONSTRAINT `FK_79D195B120848936` FOREIGN KEY (`id_notice_period`) REFERENCES `notice_period` (`id_notice_period`),
  CONSTRAINT `FK_79D195B173440D2A` FOREIGN KEY (`id_backbone_link_option`) REFERENCES `backbone_link_option` (`id_backbone_link_option`),
  CONSTRAINT `FK_79D195B192FF4F48` FOREIGN KEY (`id_contact`) REFERENCES `contact_provider` (`id_contact_provider`),
  CONSTRAINT `FK_79D195B1C21F9F09` FOREIGN KEY (`id_provider`) REFERENCES `provider` (`id_provider`),
  CONSTRAINT `FK_79D195B1D9707BB8` FOREIGN KEY (`id_backbone_link`) REFERENCES `backbone_link` (`id_backbone_link`),
  CONSTRAINT `key2_id_billing_freq` FOREIGN KEY (`id_billing_frequency`) REFERENCES `billing_frequency` (`id_billing_frequency`) ON DELETE NO ACTION ON UPDATE NO ACTION,
  CONSTRAINT `key2_id_currency` FOREIGN KEY (`id_currency`) REFERENCES `currency` (`id_currency`) ON DELETE NO ACTION ON UPDATE NO ACTION
) ENGINE=InnoDB AUTO_INCREMENT=28 DEFAULT CHARSET=utf8;

--
-- Dumping data for table `costing_backbone_link_line`
--


--
-- Table structure for table `costing_cabinet_line`
--

CREATE TABLE `costing_cabinet_line` (
  `id_costing_cabinet_line` int(11) NOT NULL AUTO_INCREMENT,
  `id_billing_frequency` int(11) DEFAULT NULL,
  `id_currency` int(11) DEFAULT NULL,
  `id_cabinet` int(11) DEFAULT NULL,
  `dt_start` datetime DEFAULT NULL,
  `dt_end` datetime DEFAULT NULL,
  `nb_contract_duration` int(11) DEFAULT NULL,
  `id_notice_period` int(11) DEFAULT NULL,
  `id_cabinet_instance` int(11) DEFAULT NULL,
  `mt_nrc` decimal(10,0) DEFAULT NULL,
  `mt_mrc` decimal(10,0) DEFAULT NULL,
  `lb_nrc` varchar(255) COLLATE utf8_unicode_ci DEFAULT NULL,
  `lb_mrc` varchar(255) COLLATE utf8_unicode_ci DEFAULT NULL,
  `mt_nrc_euro` decimal(10,0) DEFAULT NULL,
  `mt_mrc_euro` decimal(10,0) DEFAULT NULL,
  `dt_start_mrc` datetime DEFAULT NULL,
  `dt_end_mrc` datetime DEFAULT NULL,
  `id_billing_period` int(11) DEFAULT NULL,
  PRIMARY KEY (`id_costing_cabinet_line`),
  KEY `IDX_32AF2A02635BB25A` (`id_billing_frequency`),
  KEY `IDX_32AF2A02398D64AA` (`id_currency`),
  KEY `IDX_32AF2A029270ACC0` (`id_cabinet`),
  KEY `IDX_32AF2A0295136256` (`id_cabinet_instance`),
  KEY `IDX_32AF2A0220848936` (`id_notice_period`),
  KEY `IDX_32AF2A02BD048098` (`id_billing_period`),
  CONSTRAINT `FK_32AF2A02BD048098` FOREIGN KEY (`id_billing_period`) REFERENCES `billing_period` (`id_billing_period`),
  CONSTRAINT `FK_32AF2A0220848936` FOREIGN KEY (`id_notice_period`) REFERENCES `notice_period` (`id_notice_period`),
  CONSTRAINT `FK_32AF2A02398D64AA` FOREIGN KEY (`id_currency`) REFERENCES `currency` (`id_currency`),
  CONSTRAINT `FK_32AF2A02635BB25A` FOREIGN KEY (`id_billing_frequency`) REFERENCES `billing_frequency` (`id_billing_frequency`),
  CONSTRAINT `FK_32AF2A029270ACC0` FOREIGN KEY (`id_cabinet`) REFERENCES `cabinet` (`id_cabinet`),
  CONSTRAINT `FK_32AF2A0295136256` FOREIGN KEY (`id_cabinet_instance`) REFERENCES `cabinet_instance` (`id_cabinet_instance`)
) ENGINE=InnoDB AUTO_INCREMENT=51 DEFAULT CHARSET=utf8 COLLATE=utf8_unicode_ci;

--
-- Dumping data for table `costing_cabinet_line`
--


--
-- Table structure for table `costing_cable_line`
--

CREATE TABLE `costing_cable_line` (
  `id_costing_cable_line` int(11) NOT NULL AUTO_INCREMENT,
  `id_billing_frequency` int(11) DEFAULT NULL,
  `id_currency` int(11) DEFAULT NULL,
  `id_cable` int(11) DEFAULT NULL,
  `dt_start` datetime DEFAULT NULL,
  `dt_end` datetime DEFAULT NULL,
  `nb_contract_duration` int(11) DEFAULT NULL,
  `id_notice_period` int(11) DEFAULT NULL,
  `mt_nrc` decimal(10,0) DEFAULT NULL,
  `mt_mrc` decimal(10,0) DEFAULT NULL,
  `lb_nrc` varchar(255) COLLATE utf8_unicode_ci DEFAULT NULL,
  `lb_mrc` varchar(255) COLLATE utf8_unicode_ci DEFAULT NULL,
  `mt_nrc_euro` decimal(10,0) DEFAULT NULL,
  `mt_mrc_euro` decimal(10,0) DEFAULT NULL,
  `dt_start_mrc` datetime DEFAULT NULL,
  `dt_end_mrc` datetime DEFAULT NULL,
  `id_provider` int(11) DEFAULT NULL,
  `id_provider_address` int(11) DEFAULT NULL,
  `id_contact` int(11) DEFAULT NULL,
  `cd_provider_account` varchar(45) COLLATE utf8_unicode_ci DEFAULT NULL,
  PRIMARY KEY (`id_costing_cable_line`),
  KEY `IDX_79970AB8635BB25A` (`id_billing_frequency`),
  KEY `IDX_79970AB8398D64AA` (`id_currency`),
  KEY `IDX_79970AB8CA6C85E4` (`id_cable`),
  KEY `IDX_79970AB8C21F9F09` (`id_provider`),
  KEY `IDX_79970AB81E9C98F7` (`id_provider_address`),
  KEY `IDX_79970AB892FF4F48` (`id_contact`),
  KEY `IDX_79970AB820848936` (`id_notice_period`),
  CONSTRAINT `FK_79970AB81E9C98F7` FOREIGN KEY (`id_provider_address`) REFERENCES `address_provider` (`id_address_provider`),
  CONSTRAINT `FK_79970AB820848936` FOREIGN KEY (`id_notice_period`) REFERENCES `notice_period` (`id_notice_period`),
  CONSTRAINT `FK_79970AB8398D64AA` FOREIGN KEY (`id_currency`) REFERENCES `currency` (`id_currency`),
  CONSTRAINT `FK_79970AB8635BB25A` FOREIGN KEY (`id_billing_frequency`) REFERENCES `billing_frequency` (`id_billing_frequency`),
  CONSTRAINT `FK_79970AB892FF4F48` FOREIGN KEY (`id_contact`) REFERENCES `contact_provider` (`id_contact_provider`),
  CONSTRAINT `FK_79970AB8C21F9F09` FOREIGN KEY (`id_provider`) REFERENCES `provider` (`id_provider`),
  CONSTRAINT `FK_79970AB8CA6C85E4` FOREIGN KEY (`id_cable`) REFERENCES `cable` (`id_cable`)
) ENGINE=InnoDB DEFAULT CHARSET=utf8 COLLATE=utf8_unicode_ci;

--
-- Dumping data for table `costing_cable_line`
--


--
-- Table structure for table `costing_card_line`
--

CREATE TABLE `costing_card_line` (
  `id_costing_card_line` int(11) NOT NULL AUTO_INCREMENT,
  `id_billing_frequency` int(11) DEFAULT NULL,
  `id_currency` int(11) DEFAULT NULL,
  `id_card` int(11) DEFAULT NULL,
  `dt_start` datetime DEFAULT NULL,
  `dt_end` datetime DEFAULT NULL,
  `nb_contract_duration` int(11) DEFAULT NULL,
  `id_notice_period` int(11) DEFAULT NULL,
  `id_card_instance` int(11) DEFAULT NULL,
  `id_billing_period` int(11) DEFAULT NULL,
  `mt_nrc` decimal(10,0) DEFAULT NULL,
  `mt_mrc` decimal(10,0) DEFAULT NULL,
  `lb_nrc` varchar(255) COLLATE utf8_unicode_ci DEFAULT NULL,
  `lb_mrc` varchar(255) COLLATE utf8_unicode_ci DEFAULT NULL,
  `mt_nrc_euro` decimal(10,0) DEFAULT NULL,
  `mt_mrc_euro` decimal(10,0) DEFAULT NULL,
  `dt_start_mrc` datetime DEFAULT NULL,
  `dt_end_mrc` datetime DEFAULT NULL,
  PRIMARY KEY (`id_costing_card_line`),
  KEY `IDX_18020825635BB25A` (`id_billing_frequency`),
  KEY `IDX_18020825398D64AA` (`id_currency`),
  KEY `IDX_180208259D3484D1` (`id_card`),
  KEY `IDX_180208254529AE38` (`id_card_instance`),
  KEY `IDX_18020825BD048098` (`id_billing_period`),
  KEY `IDX_1802082520848936` (`id_notice_period`),
  CONSTRAINT `FK_1802082520848936` FOREIGN KEY (`id_notice_period`) REFERENCES `notice_period` (`id_notice_period`),
  CONSTRAINT `FK_18020825398D64AA` FOREIGN KEY (`id_currency`) REFERENCES `currency` (`id_currency`),
  CONSTRAINT `FK_180208254529AE38` FOREIGN KEY (`id_card_instance`) REFERENCES `card_instance` (`id_card_instance`),
  CONSTRAINT `FK_18020825635BB25A` FOREIGN KEY (`id_billing_frequency`) REFERENCES `billing_frequency` (`id_billing_frequency`),
  CONSTRAINT `FK_180208259D3484D1` FOREIGN KEY (`id_card`) REFERENCES `card` (`id_card`),
  CONSTRAINT `FK_18020825BD048098` FOREIGN KEY (`id_billing_period`) REFERENCES `billing_period` (`id_billing_period`)
) ENGINE=InnoDB AUTO_INCREMENT=47 DEFAULT CHARSET=utf8 COLLATE=utf8_unicode_ci;

--
-- Dumping data for table `costing_card_line`
--


--
-- Table structure for table `costing_equipment_line`
--

CREATE TABLE `costing_equipment_line` (
  `id_costing_equipment_line` int(11) NOT NULL AUTO_INCREMENT,
  `id_billing_frequency` int(11) DEFAULT NULL,
  `id_currency` int(11) DEFAULT NULL,
  `id_equipment` int(11) DEFAULT NULL,
  `dt_start` datetime DEFAULT NULL,
  `dt_end` datetime DEFAULT NULL,
  `nb_contract_duration` int(11) DEFAULT NULL,
  `id_notice_period` int(11) DEFAULT NULL,
  `id_equipment_instance` int(11) DEFAULT NULL,
  `mt_nrc` decimal(10,0) DEFAULT NULL,
  `mt_mrc` decimal(10,0) DEFAULT NULL,
  `lb_nrc` varchar(255) COLLATE utf8_unicode_ci DEFAULT NULL,
  `lb_mrc` varchar(255) COLLATE utf8_unicode_ci DEFAULT NULL,
  `mt_nrc_euro` decimal(10,0) DEFAULT NULL,
  `mt_mrc_euro` decimal(10,0) DEFAULT NULL,
  `dt_start_mrc` datetime DEFAULT NULL,
  `dt_end_mrc` datetime DEFAULT NULL,
  `id_billing_period` int(11) DEFAULT NULL,
  PRIMARY KEY (`id_costing_equipment_line`),
  KEY `IDX_4FAC1CA635BB25A` (`id_billing_frequency`),
  KEY `IDX_4FAC1CA398D64AA` (`id_currency`),
  KEY `IDX_4FAC1CA530D69A4` (`id_equipment`),
  KEY `IDX_4FAC1CAF1D18757` (`id_equipment_instance`),
  KEY `IDX_4FAC1CA20848936` (`id_notice_period`),
  KEY `IDX_4FAC1CABD048098` (`id_billing_period`),
  CONSTRAINT `FK_4FAC1CABD048098` FOREIGN KEY (`id_billing_period`) REFERENCES `billing_period` (`id_billing_period`),
  CONSTRAINT `FK_4FAC1CA20848936` FOREIGN KEY (`id_notice_period`) REFERENCES `notice_period` (`id_notice_period`),
  CONSTRAINT `FK_4FAC1CA398D64AA` FOREIGN KEY (`id_currency`) REFERENCES `currency` (`id_currency`),
  CONSTRAINT `FK_4FAC1CA530D69A4` FOREIGN KEY (`id_equipment`) REFERENCES `equipment` (`id_equipment`),
  CONSTRAINT `FK_4FAC1CA635BB25A` FOREIGN KEY (`id_billing_frequency`) REFERENCES `billing_frequency` (`id_billing_frequency`),
  CONSTRAINT `FK_4FAC1CAF1D18757` FOREIGN KEY (`id_equipment_instance`) REFERENCES `equipment_instance` (`id_equipment_instance`)
) ENGINE=InnoDB AUTO_INCREMENT=30 DEFAULT CHARSET=utf8 COLLATE=utf8_unicode_ci;

--
-- Dumping data for table `costing_equipment_line`
--


--
-- Table structure for table `costing_local_loop_line`
--

CREATE TABLE `costing_local_loop_line` (
  `id_costing_local_loop_line` int(11) NOT NULL AUTO_INCREMENT,
  `id_billing_frequency` int(11) DEFAULT NULL,
  `id_currency` int(11) DEFAULT NULL,
  `id_local_loop` int(11) DEFAULT NULL,
  `id_local_loop_option` int(11) DEFAULT NULL,
  `dt_start` datetime DEFAULT NULL,
  `dt_end` datetime DEFAULT NULL,
  `nb_contract_duration` int(11) DEFAULT NULL,
  `id_notice_period` int(11) DEFAULT NULL,
  `id_provider` int(11) DEFAULT NULL,
  `id_provider_address` int(11) DEFAULT NULL,
  `id_contact` int(11) DEFAULT NULL,
  `mt_nrc` decimal(10,0) DEFAULT NULL,
  `mt_mrc` decimal(10,0) DEFAULT NULL,
  `lb_nrc` varchar(255) COLLATE utf8_unicode_ci DEFAULT NULL,
  `lb_mrc` varchar(255) COLLATE utf8_unicode_ci DEFAULT NULL,
  `mt_nrc_euro` decimal(10,0) DEFAULT NULL,
  `mt_mrc_euro` decimal(10,0) DEFAULT NULL,
  `dt_start_mrc` datetime DEFAULT NULL,
  `dt_end_mrc` datetime DEFAULT NULL,
  `cd_provider_account` varchar(45) COLLATE utf8_unicode_ci DEFAULT NULL,
  PRIMARY KEY (`id_costing_local_loop_line`),
  KEY `IDX_51FEEA7E635BB25A` (`id_billing_frequency`),
  KEY `IDX_51FEEA7E398D64AA` (`id_currency`),
  KEY `IDX_51FEEA7E38CAF7EA` (`id_local_loop`),
  KEY `IDX_51FEEA7E9AC817FF` (`id_local_loop_option`),
  KEY `IDX_51FEEA7EC21F9F09` (`id_provider`),
  KEY `IDX_51FEEA7E1E9C98F7` (`id_provider_address`),
  KEY `IDX_51FEEA7E92FF4F48` (`id_contact`),
  KEY `IDX_51FEEA7E20848936` (`id_notice_period`),
  CONSTRAINT `FK_51FEEA7E1E9C98F7` FOREIGN KEY (`id_provider_address`) REFERENCES `address_provider` (`id_address_provider`),
  CONSTRAINT `FK_51FEEA7E20848936` FOREIGN KEY (`id_notice_period`) REFERENCES `notice_period` (`id_notice_period`),
  CONSTRAINT `FK_51FEEA7E38CAF7EA` FOREIGN KEY (`id_local_loop`) REFERENCES `local_loop` (`id_local_loop`),
  CONSTRAINT `FK_51FEEA7E398D64AA` FOREIGN KEY (`id_currency`) REFERENCES `currency` (`id_currency`),
  CONSTRAINT `FK_51FEEA7E635BB25A` FOREIGN KEY (`id_billing_frequency`) REFERENCES `billing_frequency` (`id_billing_frequency`),
  CONSTRAINT `FK_51FEEA7E92FF4F48` FOREIGN KEY (`id_contact`) REFERENCES `contact_provider` (`id_contact_provider`),
  CONSTRAINT `FK_51FEEA7E9AC817FF` FOREIGN KEY (`id_local_loop_option`) REFERENCES `local_loop_option` (`id_local_loop_option`),
  CONSTRAINT `FK_51FEEA7EC21F9F09` FOREIGN KEY (`id_provider`) REFERENCES `provider` (`id_provider`)
) ENGINE=InnoDB AUTO_INCREMENT=37 DEFAULT CHARSET=utf8 COLLATE=utf8_unicode_ci;

--
-- Dumping data for table `costing_local_loop_line`
--


--
-- Table structure for table `costing_patch_panel_line`
--

CREATE TABLE `costing_patch_panel_line` (
  `id_costing_patch_panel_line` int(11) NOT NULL AUTO_INCREMENT,
  `id_billing_frequency` int(11) DEFAULT NULL,
  `id_currency` int(11) DEFAULT NULL,
  `id_patch_panel` int(11) DEFAULT NULL,
  `dt_start` datetime DEFAULT NULL,
  `dt_end` datetime DEFAULT NULL,
  `nb_contract_duration` int(11) DEFAULT NULL,
  `id_notice_period` int(11) DEFAULT NULL,
  `id_patch_panel_instance` int(11) DEFAULT NULL,
  `mt_nrc` decimal(10,0) DEFAULT NULL,
  `mt_mrc` decimal(10,0) DEFAULT NULL,
  `lb_nrc` varchar(255) COLLATE utf8_unicode_ci DEFAULT NULL,
  `lb_mrc` varchar(255) COLLATE utf8_unicode_ci DEFAULT NULL,
  `mt_nrc_euro` decimal(10,0) DEFAULT NULL,
  `mt_mrc_euro` decimal(10,0) DEFAULT NULL,
  `dt_start_mrc` datetime DEFAULT NULL,
  `dt_end_mrc` datetime DEFAULT NULL,
  `id_billing_period` int(11) DEFAULT NULL,
  PRIMARY KEY (`id_costing_patch_panel_line`),
  KEY `IDX_2D73B41A635BB25A` (`id_billing_frequency`),
  KEY `IDX_2D73B41A398D64AA` (`id_currency`),
  KEY `IDX_2D73B41A61B7E895` (`id_patch_panel`),
  KEY `IDX_2D73B41A9ABD60CA` (`id_patch_panel_instance`),
  KEY `IDX_2D73B41A20848936` (`id_notice_period`),
  KEY `IDX_2D73B41ABD048098` (`id_billing_period`),
  CONSTRAINT `FK_2D73B41ABD048098` FOREIGN KEY (`id_billing_period`) REFERENCES `billing_period` (`id_billing_period`),
  CONSTRAINT `FK_2D73B41A20848936` FOREIGN KEY (`id_notice_period`) REFERENCES `notice_period` (`id_notice_period`),
  CONSTRAINT `FK_2D73B41A398D64AA` FOREIGN KEY (`id_currency`) REFERENCES `currency` (`id_currency`),
  CONSTRAINT `FK_2D73B41A61B7E895` FOREIGN KEY (`id_patch_panel`) REFERENCES `patch_panel` (`id_patch_panel`),
  CONSTRAINT `FK_2D73B41A635BB25A` FOREIGN KEY (`id_billing_frequency`) REFERENCES `billing_frequency` (`id_billing_frequency`),
  CONSTRAINT `FK_2D73B41A9ABD60CA` FOREIGN KEY (`id_patch_panel_instance`) REFERENCES `patch_panel_instance` (`id_patch_panel_instance`)
) ENGINE=InnoDB DEFAULT CHARSET=utf8 COLLATE=utf8_unicode_ci;

--
-- Dumping data for table `costing_patch_panel_line`
--


--
-- Table structure for table `costing_pop`
--

CREATE TABLE `costing_pop` (
  `id_costing_pop` int(11) NOT NULL AUTO_INCREMENT,
  `id_provider` int(11) DEFAULT NULL,
  `id_contact` int(11) DEFAULT NULL,
  `id_address` int(11) DEFAULT NULL,
  `cd_provider_account` varchar(45) COLLATE utf8_unicode_ci DEFAULT NULL,
  `comment` longtext COLLATE utf8_unicode_ci,
  `id_pop` int(11) DEFAULT NULL,
  PRIMARY KEY (`id_costing_pop`),
  KEY `IDX_1154C3E3C21F9F09` (`id_provider`),
  KEY `IDX_1154C3E392FF4F48` (`id_contact`),
  KEY `IDX_1154C3E3D3D3C6F1` (`id_address`),
  KEY `IDX_1154C3E387745F4C` (`id_pop`),
  CONSTRAINT `FK_1154C3E387745F4C` FOREIGN KEY (`id_pop`) REFERENCES `pop` (`id_pop`),
  CONSTRAINT `FK_1154C3E392FF4F48` FOREIGN KEY (`id_contact`) REFERENCES `contact_provider` (`id_contact_provider`),
  CONSTRAINT `FK_1154C3E3C21F9F09` FOREIGN KEY (`id_provider`) REFERENCES `provider` (`id_provider`),
  CONSTRAINT `FK_1154C3E3D3D3C6F1` FOREIGN KEY (`id_address`) REFERENCES `address_provider` (`id_address_provider`)
) ENGINE=InnoDB AUTO_INCREMENT=11 DEFAULT CHARSET=utf8 COLLATE=utf8_unicode_ci;

--
-- Dumping data for table `costing_pop`
--


--
-- Table structure for table `costing_pop_line`
--

CREATE TABLE `costing_pop_line` (
  `id_costing_pop_line` int(11) NOT NULL AUTO_INCREMENT,
  `id_billing_frequency` int(11) DEFAULT NULL,
  `id_currency` int(11) DEFAULT NULL,
  `id_costing_pop` int(11) DEFAULT NULL,
  `dt_start` datetime DEFAULT NULL,
  `dt_end` datetime DEFAULT NULL,
  `nb_contract_duration` int(11) DEFAULT NULL,
  `id_billing_period` int(11) DEFAULT NULL,
  `mt_nrc` decimal(10,0) DEFAULT NULL,
  `mt_mrc` decimal(10,0) DEFAULT NULL,
  `lb_nrc` varchar(255) COLLATE utf8_unicode_ci DEFAULT NULL,
  `lb_mrc` varchar(255) COLLATE utf8_unicode_ci DEFAULT NULL,
  `mt_nrc_euro` decimal(10,0) DEFAULT NULL,
  `mt_mrc_euro` decimal(10,0) DEFAULT NULL,
  `dt_start_mrc` datetime DEFAULT NULL,
  `dt_end_mrc` datetime DEFAULT NULL,
  `id_provider` int(11) DEFAULT NULL,
  `id_provider_address` int(11) DEFAULT NULL,
  `id_contact` int(11) DEFAULT NULL,
  `cd_provider_account` varchar(45) COLLATE utf8_unicode_ci DEFAULT NULL,
  `id_notice_period` int(11) DEFAULT NULL,
  PRIMARY KEY (`id_costing_pop_line`),
  KEY `IDX_BFD19D76635BB25A` (`id_billing_frequency`),
  KEY `IDX_BFD19D76398D64AA` (`id_currency`),
  KEY `IDX_BFD19D769460E14` (`id_costing_pop`),
  KEY `IDX_BFD19D76BD048098` (`id_billing_period`),
  KEY `IDX_BFD19D76C21F9F09` (`id_provider`),
  KEY `IDX_BFD19D761E9C98F7` (`id_provider_address`),
  KEY `IDX_BFD19D7692FF4F48` (`id_contact`),
  KEY `IDX_BFD19D7620848936` (`id_notice_period`),
  CONSTRAINT `FK_BFD19D7620848936` FOREIGN KEY (`id_notice_period`) REFERENCES `notice_period` (`id_notice_period`),
  CONSTRAINT `FK_BFD19D761E9C98F7` FOREIGN KEY (`id_provider_address`) REFERENCES `address_provider` (`id_address_provider`),
  CONSTRAINT `FK_BFD19D76398D64AA` FOREIGN KEY (`id_currency`) REFERENCES `currency` (`id_currency`),
  CONSTRAINT `FK_BFD19D76635BB25A` FOREIGN KEY (`id_billing_frequency`) REFERENCES `billing_frequency` (`id_billing_frequency`),
  CONSTRAINT `FK_BFD19D7692FF4F48` FOREIGN KEY (`id_contact`) REFERENCES `contact_provider` (`id_contact_provider`),
  CONSTRAINT `FK_BFD19D769460E14` FOREIGN KEY (`id_costing_pop`) REFERENCES `costing_pop` (`id_costing_pop`),
  CONSTRAINT `FK_BFD19D76BD048098` FOREIGN KEY (`id_billing_period`) REFERENCES `billing_period` (`id_billing_period`),
  CONSTRAINT `FK_BFD19D76C21F9F09` FOREIGN KEY (`id_provider`) REFERENCES `provider` (`id_provider`)
) ENGINE=InnoDB AUTO_INCREMENT=5 DEFAULT CHARSET=utf8 COLLATE=utf8_unicode_ci;

--
-- Dumping data for table `costing_pop_line`
--


--
-- Table structure for table `costing_port_line`
--

CREATE TABLE `costing_port_line` (
  `id_costing_port_line` int(11) NOT NULL AUTO_INCREMENT,
  `id_billing_frequency` int(11) DEFAULT NULL,
  `id_currency` int(11) DEFAULT NULL,
  `dt_start` datetime DEFAULT NULL,
  `dt_end` datetime DEFAULT NULL,
  `nb_contract_duration` int(11) DEFAULT NULL,
  `id_notice_period` int(11) DEFAULT NULL,
  `id_port_instance` int(11) DEFAULT NULL,
  `id_billing_period` int(11) DEFAULT NULL,
  `mt_nrc` decimal(10,0) DEFAULT NULL,
  `mt_mrc` decimal(10,0) DEFAULT NULL,
  `lb_nrc` varchar(255) COLLATE utf8_unicode_ci DEFAULT NULL,
  `lb_mrc` varchar(255) COLLATE utf8_unicode_ci DEFAULT NULL,
  `mt_nrc_euro` decimal(10,0) DEFAULT NULL,
  `mt_mrc_euro` decimal(10,0) DEFAULT NULL,
  `dt_start_mrc` datetime DEFAULT NULL,
  `dt_end_mrc` datetime DEFAULT NULL,
  PRIMARY KEY (`id_costing_port_line`),
  KEY `IDX_9B136638635BB25A` (`id_billing_frequency`),
  KEY `IDX_9B136638398D64AA` (`id_currency`),
  KEY `IDX_9B136638827B36DA` (`id_port_instance`),
  KEY `IDX_9B136638BD048098` (`id_billing_period`),
  KEY `IDX_9B13663820848936` (`id_notice_period`),
  CONSTRAINT `FK_9B13663820848936` FOREIGN KEY (`id_notice_period`) REFERENCES `notice_period` (`id_notice_period`),
  CONSTRAINT `FK_9B136638398D64AA` FOREIGN KEY (`id_currency`) REFERENCES `currency` (`id_currency`),
  CONSTRAINT `FK_9B136638635BB25A` FOREIGN KEY (`id_billing_frequency`) REFERENCES `billing_frequency` (`id_billing_frequency`),
  CONSTRAINT `FK_9B136638827B36DA` FOREIGN KEY (`id_port_instance`) REFERENCES `port_instance` (`id_port_instance`),
  CONSTRAINT `FK_9B136638BD048098` FOREIGN KEY (`id_billing_period`) REFERENCES `billing_period` (`id_billing_period`)
) ENGINE=InnoDB AUTO_INCREMENT=3 DEFAULT CHARSET=utf8 COLLATE=utf8_unicode_ci;

--
-- Dumping data for table `costing_port_line`
--


--
-- Table structure for table `costing_service_line`
--

CREATE TABLE `costing_service_line` (
  `id_costing_service_line` int(11) NOT NULL AUTO_INCREMENT,
  `id_currency` int(11) DEFAULT NULL,
  `id_service` int(11) DEFAULT NULL,
  `id_service_extremity` int(11) DEFAULT NULL,
  `id_service_extremity_option` int(11) DEFAULT NULL,
  `id_service_option` int(11) DEFAULT NULL,
  `cd_customer_service` varchar(45) COLLATE utf8_unicode_ci DEFAULT NULL,
  `dt_start` datetime DEFAULT NULL,
  `dt_end` datetime DEFAULT NULL,
  `nb_contract_duration` int(11) DEFAULT NULL,
  `nb_percent` decimal(10,0) DEFAULT NULL,
  PRIMARY KEY (`id_costing_service_line`),
  KEY `IDX_7B265529398D64AA` (`id_currency`),
  KEY `IDX_7B2655293F0033A2` (`id_service`),
  KEY `IDX_7B265529C53102E9` (`id_service_extremity`),
  KEY `IDX_7B265529A5972AFE` (`id_service_extremity_option`),
  KEY `IDX_7B2655295927B880` (`id_service_option`),
  CONSTRAINT `FK_7B265529398D64AA` FOREIGN KEY (`id_currency`) REFERENCES `currency` (`id_currency`),
  CONSTRAINT `FK_7B2655293F0033A2` FOREIGN KEY (`id_service`) REFERENCES `service` (`id_service`),
  CONSTRAINT `FK_7B2655295927B880` FOREIGN KEY (`id_service_option`) REFERENCES `service_option` (`id_service_option`),
  CONSTRAINT `FK_7B265529A5972AFE` FOREIGN KEY (`id_service_extremity_option`) REFERENCES `service_extremity_option` (`id_service_extremity_option`),
  CONSTRAINT `FK_7B265529C53102E9` FOREIGN KEY (`id_service_extremity`) REFERENCES `service_extremity` (`id_service_extremity`)
) ENGINE=InnoDB DEFAULT CHARSET=utf8 COLLATE=utf8_unicode_ci;

--
-- Dumping data for table `costing_service_line`
--


--
-- Table structure for table `country`
--

CREATE TABLE `country` (
  `id_country` int(11) NOT NULL AUTO_INCREMENT,
  `cd_country` varchar(15) NOT NULL,
  `lb_country` varchar(100) NOT NULL,
  `bl_deactivated` tinyint(1) DEFAULT NULL,
  `dt_create` datetime DEFAULT NULL,
  `dt_update` datetime DEFAULT NULL,
  `id_user_create_by` int(11) DEFAULT NULL,
  `id_user_update_by` int(11) DEFAULT NULL,
  `dt_deactivated` datetime DEFAULT NULL,
  PRIMARY KEY (`id_country`),
  KEY `id_user_create_by` (`id_user_create_by`),
  KEY `id_user_update_by` (`id_user_update_by`),
  CONSTRAINT `FK_5373C966536A5873` FOREIGN KEY (`id_user_create_by`) REFERENCES `myuser` (`id`),
  CONSTRAINT `FK_5373C96668E26F41` FOREIGN KEY (`id_user_update_by`) REFERENCES `myuser` (`id`)
) ENGINE=InnoDB AUTO_INCREMENT=275 DEFAULT CHARSET=utf8;

--
-- Dumping data for table `country`
--

INSERT INTO `country` VALUES (36,'FRA','France',1,'2014-09-23 16:54:31','2014-09-23 16:54:31',2,2,NULL),(37,'ABW','Aruba',1,'2014-09-23 16:54:31','2014-09-23 16:54:31',2,2,NULL),(38,'AIA','Anguilla',1,'2014-09-23 16:54:31','2014-09-23 16:54:31',2,2,NULL),(39,'ANT','Antilles Néerlandaises',1,'2014-09-23 16:54:31','2014-09-23 16:54:31',2,2,NULL),(40,'ARM','Armenia',1,'2014-09-23 00:00:00','2014-09-23 00:00:00',2,2,NULL),(41,'ATF','Terres australes françaises',1,'2014-09-23 16:54:31','2014-09-23 16:54:31',2,2,NULL),(42,'AUT','Austria',1,'2014-09-23 00:00:00','2014-09-23 00:00:00',2,2,NULL),(43,'BEL','Belgium',1,'2014-09-23 00:00:00','2014-09-23 00:00:00',2,2,NULL),(44,'BGD','Bangladesh',1,'2014-09-23 16:54:31','2014-09-23 16:54:31',2,2,NULL),(45,'BHS','Bahamas',1,'2014-09-23 16:54:31','2014-09-23 16:54:31',2,2,NULL),(46,'BLZ','Belize',1,'2014-09-23 16:54:31','2014-09-23 16:54:31',2,2,NULL),(47,'BRA','Brésil',1,'2014-09-23 16:54:31','2014-09-23 16:54:31',2,2,NULL),(48,'BTN','Bhoutan',1,'2014-09-23 16:54:31','2014-09-23 16:54:31',2,2,NULL),(49,'CAF','Centrafricaine, République',1,'2014-09-23 16:54:31','2014-09-23 16:54:31',2,2,NULL),(50,'CHE','Switzerland',1,'2014-09-23 00:00:00','2014-09-23 00:00:00',2,2,NULL),(51,'CIV','Côte d\'Ivoire',1,'2014-09-23 16:54:31','2014-09-23 16:54:31',2,2,NULL),(52,'COK','Cook, îles',1,'2014-09-23 16:54:31','2014-09-23 16:54:31',2,2,NULL),(53,'CPV','Cap-Vert',1,'2014-09-23 16:54:31','2014-09-23 16:54:31',2,2,NULL),(54,'CXR','Christmas, îles',1,'2014-09-23 16:54:31','2014-09-23 16:54:31',2,2,NULL),(55,'CZE','Czech Republic',1,'2014-09-23 00:00:00','2014-09-23 00:00:00',2,2,NULL),(56,'DMA','Dominique',1,'2014-09-23 16:54:31','2014-09-23 16:54:31',2,2,NULL),(57,'DZA','Algeria',1,'2014-09-23 00:00:00','2014-09-23 00:00:00',2,2,NULL),(58,'ERI','Erythrée',1,'2014-09-23 16:54:31','2014-09-23 16:54:31',2,2,NULL),(59,'EST','Estonia',1,'2014-09-23 00:00:00','2014-09-23 00:00:00',2,2,NULL),(60,'FJI','Fidji',1,'2014-09-23 16:54:31','2014-09-23 16:54:31',2,2,NULL),(61,'FRO','Féroé, îles',1,'2014-09-23 16:54:31','2014-09-23 16:54:31',2,2,NULL),(62,'GBR','Great Britain',1,'2014-09-23 00:00:00','2014-09-23 00:00:00',2,2,NULL),(63,'GIB','Gibraltar',1,'2014-09-23 16:54:31','2014-09-23 16:54:31',2,2,NULL),(64,'GMB','Gambia',1,'2014-09-23 00:00:00','2014-09-23 00:00:00',2,2,NULL),(65,'GRC','Greece',1,'2014-09-23 00:00:00','2014-09-23 00:00:00',2,2,NULL),(66,'GTM','Guatemala',1,'2014-09-23 16:54:31','2014-09-23 16:54:31',2,2,NULL),(67,'GUY','Guyana',1,'2014-09-23 16:54:31','2014-09-23 16:54:31',2,2,NULL),(68,'HND','Honduras',1,'2014-09-23 16:54:31','2014-09-23 16:54:31',2,2,NULL),(69,'HUN','Hongrie',1,'2014-09-23 16:54:31','2014-09-23 16:54:31',2,2,NULL),(70,'IOT','Océan indien, Territoire britannique de l\'',1,'2014-09-23 16:54:31','2014-09-23 16:54:31',2,2,NULL),(71,'IRQ','Iraq',1,'2014-09-23 16:54:31','2014-09-23 16:54:31',2,2,NULL),(72,'ITA','Italy',1,'2014-09-23 00:00:00','2014-09-23 00:00:00',2,2,NULL),(73,'JPN','Japan',1,'2014-09-23 00:00:00','2014-09-23 00:00:00',2,2,NULL),(74,'KGZ','Kirghizistan',1,'2014-09-23 16:54:31','2014-09-23 16:54:31',2,2,NULL),(75,'KNA','Saint Kitts and Nevis',1,'2014-09-23 16:54:31','2014-09-23 16:54:31',2,2,NULL),(76,'LAO','Lao, République démocratique populaire',1,'2014-09-23 16:54:31','2014-09-23 16:54:31',2,2,NULL),(77,'LBY','Libyenne, Jamahiriya arabe',1,'2014-09-23 16:54:31','2014-09-23 16:54:31',2,2,NULL),(78,'LKA','Sri Lanka',1,'2014-09-23 16:54:31','2014-09-23 16:54:31',2,2,NULL),(79,'LUX','Luxemburg',1,'2014-09-23 00:00:00','2014-09-23 00:00:00',2,2,NULL),(80,'MAR','Morocco',1,'2014-09-23 00:00:00','2014-09-23 00:00:00',2,2,NULL),(81,'MDG','Madagascar',1,'2014-09-23 16:54:31','2014-09-23 16:54:31',2,2,NULL),(82,'MHL','Marshall, îles',1,'2014-09-23 16:54:31','2014-09-23 16:54:31',2,2,NULL),(83,'MLT','Malta',1,'2014-09-23 00:00:00','2014-09-23 00:00:00',2,2,NULL),(84,'MNP','Mariannes du nord, îles',1,'2014-09-23 16:54:31','2014-09-23 16:54:31',2,2,NULL),(85,'MSR','Montserrat',1,'2014-09-23 16:54:31','2014-09-23 16:54:31',2,2,NULL),(86,'MWI','Malawi',1,'2014-09-23 16:54:31','2014-09-23 16:54:31',2,2,NULL),(87,'NAM','Namibia',1,'2014-09-23 00:00:00','2014-09-23 00:00:00',2,2,NULL),(88,'NFK','Norfolk, île',1,'2014-09-23 16:54:31','2014-09-23 16:54:31',2,2,NULL),(89,'NIU','Niué',1,'2014-09-23 16:54:31','2014-09-23 16:54:31',2,2,NULL),(90,'NPL','Népal',1,'2014-09-23 16:54:31','2014-09-23 16:54:31',2,2,NULL),(91,'OMN','Oman',1,'2014-09-23 16:54:31','2014-09-23 16:54:31',2,2,NULL),(92,'PCN','Pitcairn',1,'2014-09-23 16:54:31','2014-09-23 16:54:31',2,2,NULL),(93,'PLW','Palaos',1,'2014-09-23 16:54:31','2014-09-23 16:54:31',2,2,NULL),(94,'PRI','Porto Rico',1,'2014-09-23 16:54:31','2014-09-23 16:54:31',2,2,NULL),(95,'PRY','Paraguay',1,'2014-09-23 16:54:31','2014-09-23 16:54:31',2,2,NULL),(96,'REU','Réunion',1,'2014-09-23 16:54:31','2014-09-23 16:54:31',2,2,NULL),(97,'RWA','Rwanda',1,'2014-09-23 16:54:31','2014-09-23 16:54:31',2,2,NULL),(98,'SEN','Sénégal',1,'2014-09-23 16:54:31','2014-09-23 16:54:31',2,2,NULL),(99,'SHN','Sainte-Hélène',1,'2014-09-23 16:54:31','2014-09-23 16:54:31',2,2,NULL),(100,'SLE','Sierra leone',1,'2014-09-23 16:54:31','2014-09-23 16:54:31',2,2,NULL),(101,'SOM','Somalie',1,'2014-09-23 16:54:31','2014-09-23 16:54:31',2,2,NULL),(102,'SUR','Suriname',1,'2014-09-23 16:54:31','2014-09-23 16:54:31',2,2,NULL),(103,'SWE','Suède',1,'2014-09-23 16:54:31','2014-09-23 16:54:31',2,2,NULL),(104,'SYR','Syrienne, république arabe',1,'2014-09-23 16:54:31','2014-09-23 16:54:31',2,2,NULL),(105,'TGO','Togo',1,'2014-09-23 16:54:31','2014-09-23 16:54:31',2,2,NULL),(106,'TKL','Tokelau',1,'2014-09-23 16:54:31','2014-09-23 16:54:31',2,2,NULL),(107,'TON','Tonga',1,'2014-09-23 16:54:31','2014-09-23 16:54:31',2,2,NULL),(108,'TUR','Turquie',1,'2014-09-23 16:54:31','2014-09-23 16:54:31',2,2,NULL),(109,'TZA','Tanzanie, République-unie de',1,'2014-09-23 16:54:31','2014-09-23 16:54:31',2,2,NULL),(110,'UMI','Iles mineures éloignées des Etats-Unis',1,'2014-09-23 16:54:31','2014-09-23 16:54:31',2,2,NULL),(111,'UZB','Ouzbékistan',1,'2014-09-23 16:54:31','2014-09-23 16:54:31',2,2,NULL),(112,'VEN','Vénézuéla',1,'2014-09-23 16:54:31','2014-09-23 16:54:31',2,2,NULL),(113,'VNM','Viet Nam',1,'2014-09-23 16:54:31','2014-09-23 16:54:31',2,2,NULL),(114,'WSM','Samoa',1,'2014-09-23 16:54:31','2014-09-23 16:54:31',2,2,NULL),(115,'ZAF','Afrique du Sud',1,'2014-09-23 16:54:31','2014-09-23 16:54:31',2,2,NULL),(116,'ZWE','Zimbabwe',1,'2014-09-23 16:54:31','2014-09-23 16:54:31',2,2,NULL),(117,'AFG','Afghanistan',1,'2014-09-23 16:54:31','2014-09-23 16:54:31',2,2,NULL),(118,'ALB','Albanie',1,'2014-09-23 16:54:31','2014-09-23 16:54:31',2,2,NULL),(119,'ARE','Emirats arabes unis',1,'2014-09-23 16:54:31','2014-09-23 16:54:31',2,2,NULL),(120,'ASM','Samoa américaines',1,'2014-09-23 16:54:31','2014-09-23 16:54:31',2,2,NULL),(121,'ATG','Antigua et Barbuda',1,'2014-09-23 16:54:31','2014-09-23 16:54:31',2,2,NULL),(122,'AZE','Azerbaïdjan',1,'2014-09-23 16:54:31','2014-09-23 16:54:31',2,2,NULL),(123,'BEN','Bénin',1,'2014-09-23 16:54:31','2014-09-23 16:54:31',2,2,NULL),(124,'BGR','Bulgarie',1,'2014-09-23 16:54:31','2014-09-23 16:54:31',2,2,NULL),(125,'BIH','Bosnie Herzégovine',1,'2014-09-23 16:54:31','2014-09-23 16:54:31',2,2,NULL),(126,'BMU','Bermudes',1,'2014-09-23 16:54:31','2014-09-23 16:54:31',2,2,NULL),(127,'BRB','Barbade',1,'2014-09-23 16:54:31','2014-09-23 16:54:31',2,2,NULL),(128,'BVT','Bouvet, île',1,'2014-09-23 16:54:31','2014-09-23 16:54:31',2,2,NULL),(129,'CAN','Canada',1,'2014-09-23 16:54:31','2014-09-23 16:54:31',2,2,NULL),(130,'CHL','Chili',1,'2014-09-23 16:54:31','2014-09-23 16:54:31',2,2,NULL),(131,'CMR','Cameroun',1,'2014-09-23 16:54:31','2014-09-23 16:54:31',2,2,NULL),(132,'COL','Colombie',1,'2014-09-23 16:54:31','2014-09-23 16:54:31',2,2,NULL),(133,'CRI','Costa rica',1,'2014-09-23 16:54:31','2014-09-23 16:54:31',2,2,NULL),(134,'CYM','Caïmanes, îles',1,'2014-09-23 16:54:31','2014-09-23 16:54:31',2,2,NULL),(135,'DEU','Allemagne',1,'2014-09-23 16:54:31','2014-09-23 16:54:31',2,2,NULL),(136,'DNK','Danemark',1,'2014-09-23 16:54:31','2014-09-23 16:54:31',2,2,NULL),(137,'ECU','Equateur',1,'2014-09-23 16:54:31','2014-09-23 16:54:31',2,2,NULL),(138,'ESH','Sahara occidental',1,'2014-09-23 16:54:31','2014-09-23 16:54:31',2,2,NULL),(139,'ETH','Ethiopie',1,'2014-09-23 16:54:31','2014-09-23 16:54:31',2,2,NULL),(140,'FLK','Falkland, îles (Malvinas)',1,'2014-09-23 16:54:31','2014-09-23 16:54:31',2,2,NULL),(141,'FSM','Micronésie, Etats fédérés de',1,'2014-09-23 16:54:31','2014-09-23 16:54:31',2,2,NULL),(142,'GEO','Géorgie',1,'2014-09-23 16:54:31','2014-09-23 16:54:31',2,2,NULL),(143,'GIN','Guinée',1,'2014-09-23 16:54:31','2014-09-23 16:54:31',2,2,NULL),(144,'GNB','Guinée-Bissau',1,'2014-09-23 16:54:31','2014-09-23 16:54:31',2,2,NULL),(145,'GRD','Grenade',1,'2014-09-23 16:54:31','2014-09-23 16:54:31',2,2,NULL),(146,'GUF','Guyane française',1,'2014-09-23 16:54:31','2014-09-23 16:54:31',2,2,NULL),(147,'HKG','Hong-kong',1,'2014-09-23 16:54:31','2014-09-23 16:54:31',2,2,NULL),(148,'HRV','Croatie (nom local: Hrvatska)',1,'2014-09-23 16:54:31','2014-09-23 16:54:31',2,2,NULL),(149,'IDN','Indonésie',1,'2014-09-23 16:54:31','2014-09-23 16:54:31',2,2,NULL),(150,'IRL','Irlande',1,'2014-09-23 16:54:31','2014-09-23 16:54:31',2,2,NULL),(151,'ISL','Islande',1,'2014-09-23 16:54:31','2014-09-23 16:54:31',2,2,NULL),(152,'JAM','Jamaïque',1,'2014-09-23 16:54:31','2014-09-23 16:54:31',2,2,NULL),(153,'KAZ','Kazakhstan',1,'2014-09-23 16:54:31','2014-09-23 16:54:31',2,2,NULL),(154,'KHM','Cambodge',1,'2014-09-23 16:54:31','2014-09-23 16:54:31',2,2,NULL),(155,'KOR','Corée, République de',1,'2014-09-23 16:54:31','2014-09-23 16:54:31',2,2,NULL),(156,'LBN','Liban',1,'2014-09-23 16:54:31','2014-09-23 16:54:31',2,2,NULL),(157,'LCA','Saint Lucia',1,'2014-09-23 16:54:31','2014-09-23 16:54:31',2,2,NULL),(158,'LSO','Lesotho',1,'2014-09-23 16:54:31','2014-09-23 16:54:31',2,2,NULL),(159,'LVA','Lettonie',1,'2014-09-23 16:54:31','2014-09-23 16:54:31',2,2,NULL),(160,'MCO','Monaco',1,'2014-09-23 16:54:31','2014-09-23 16:54:31',2,2,NULL),(161,'MDV','Maldives',1,'2014-09-23 16:54:31','2014-09-23 16:54:31',2,2,NULL),(162,'MKD','Macédoine, l\'ex-république yougoslave de',1,'2014-09-23 16:54:32','2014-09-23 16:54:32',2,2,NULL),(163,'MMR','Myanmar',1,'2014-09-23 16:54:32','2014-09-23 16:54:32',2,2,NULL),(164,'MOZ','Mozambique',1,'2014-09-23 16:54:32','2014-09-23 16:54:32',2,2,NULL),(165,'MTQ','Martinique',1,'2014-09-23 16:54:32','2014-09-23 16:54:32',2,2,NULL),(166,'MYS','Malaisie',1,'2014-09-23 16:54:32','2014-09-23 16:54:32',2,2,NULL),(167,'NCL','Nouvelle-Calédonie',1,'2014-09-23 16:54:32','2014-09-23 16:54:32',2,2,NULL),(168,'NGA','Nigéria',1,'2014-09-23 16:54:32','2014-09-23 16:54:32',2,2,NULL),(169,'NLD','Pays-bas',1,'2014-09-23 16:54:32','2014-09-23 16:54:32',2,2,NULL),(170,'NRU','Nauru',1,'2014-09-23 16:54:32','2014-09-23 16:54:32',2,2,NULL),(171,'PAK','Pakistan',1,'2014-09-23 16:54:32','2014-09-23 16:54:32',2,2,NULL),(172,'PER','Pérou',1,'2014-09-23 16:54:32','2014-09-23 16:54:32',2,2,NULL),(173,'PNG','Papouasie-Nouvelle-Guinée',1,'2014-09-23 16:54:32','2014-09-23 16:54:32',2,2,NULL),(174,'PRK','Corée, République populaire démocratique de',1,'2014-09-23 16:54:32','2014-09-23 16:54:32',2,2,NULL),(175,'PYF','Polynésie française',1,'2014-09-23 16:54:32','2014-09-23 16:54:32',2,2,NULL),(176,'ROM','Roumanie',1,'2014-09-23 16:54:32','2014-09-23 16:54:32',2,2,NULL),(177,'SAU','Arabie saoudite',1,'2014-09-23 16:54:32','2014-09-23 16:54:32',2,2,NULL),(178,'SGP','Singapour',1,'2014-09-23 16:54:32','2014-09-23 16:54:32',2,2,NULL),(179,'SJM','Svalbard et île Jan Mayen',1,'2014-09-23 16:54:32','2014-09-23 16:54:32',2,2,NULL),(180,'SLV','El Salvador',1,'2014-09-23 16:54:32','2014-09-23 16:54:32',2,2,NULL),(181,'SPM','Saint-Pierre-et-Miquelon',1,'2014-09-23 16:54:32','2014-09-23 16:54:32',2,2,NULL),(182,'SVK','Slovaquie',1,'2014-09-23 16:54:32','2014-09-23 16:54:32',2,2,NULL),(183,'SWZ','Swaziland',1,'2014-09-23 16:54:32','2014-09-23 16:54:32',2,2,NULL),(184,'TCA','Turks et Caïques, îles',1,'2014-09-23 16:54:32','2014-09-23 16:54:32',2,2,NULL),(185,'THA','Thaïlande',1,'2014-09-23 16:54:32','2014-09-23 16:54:32',2,2,NULL),(186,'TKM','Turkménistan',1,'2014-09-23 16:54:32','2014-09-23 16:54:32',2,2,NULL),(187,'TTO','Trinité-et-Tobago',1,'2014-09-23 16:54:32','2014-09-23 16:54:32',2,2,NULL),(188,'TUV','Tuvalu',1,'2014-09-23 16:54:32','2014-09-23 16:54:32',2,2,NULL),(189,'UGA','Ouganda',1,'2014-09-23 16:54:32','2014-09-23 16:54:32',2,2,NULL),(190,'URY','Uruguay',1,'2014-09-23 16:54:32','2014-09-23 16:54:32',2,2,NULL),(191,'VAT','Saint-Siège (Etat de la cité du Vatican)',1,'2014-09-23 16:54:32','2014-09-23 16:54:32',2,2,NULL),(192,'VGB','Iles Vierges britanniques',1,'2014-09-23 16:54:32','2014-09-23 16:54:32',2,2,NULL),(193,'VUT','Vanuatu',1,'2014-09-23 16:54:32','2014-09-23 16:54:32',2,2,NULL),(194,'YEM','Yémen',1,'2014-09-23 16:54:32','2014-09-23 16:54:32',2,2,NULL),(195,'ZAR','Zaïre',1,'2014-09-23 16:54:32','2014-09-23 16:54:32',2,2,NULL),(196,'AGO','Angola',1,'2014-09-23 16:54:32','2014-09-23 16:54:32',2,2,NULL),(197,'AND','Andorre',1,'2014-09-23 16:54:32','2014-09-23 16:54:32',2,2,NULL),(198,'ARG','Argentine',1,'2014-09-23 16:54:32','2014-09-23 16:54:32',2,2,NULL),(199,'ATA','Antarctique',1,'2014-09-23 16:54:32','2014-09-23 16:54:32',2,2,NULL),(200,'AUS','Australie',1,'2014-09-23 16:54:32','2014-09-23 16:54:32',2,2,NULL),(201,'BDI','Burundi',1,'2014-09-23 16:54:32','2014-09-23 16:54:32',2,2,NULL),(202,'BFA','Burkina faso',1,'2014-09-23 16:54:32','2014-09-23 16:54:32',2,2,NULL),(203,'BHR','Bahreïn',1,'2014-09-23 16:54:32','2014-09-23 16:54:32',2,2,NULL),(204,'BLR','Bélarus',1,'2014-09-23 16:54:32','2014-09-23 16:54:32',2,2,NULL),(205,'BOL','Bolivie',1,'2014-09-23 16:54:32','2014-09-23 16:54:32',2,2,NULL),(206,'BRN','Brunéi Darussalam',1,'2014-09-23 16:54:32','2014-09-23 16:54:32',2,2,NULL),(207,'BWA','Botswana',1,'2014-09-23 16:54:32','2014-09-23 16:54:32',2,2,NULL),(208,'CCK','Cocos (Keeling), îles',1,'2014-09-23 16:54:32','2014-09-23 16:54:32',2,2,NULL),(209,'CHN','Chine',1,'2014-09-23 16:54:32','2014-09-23 16:54:32',2,2,NULL),(210,'COG','Congo',1,'2014-09-23 16:54:32','2014-09-23 16:54:32',2,2,NULL),(211,'COM','Comores',1,'2014-09-23 16:54:32','2014-09-23 16:54:32',2,2,NULL),(212,'CUB','Cuba',1,'2014-09-23 16:54:32','2014-09-23 16:54:32',2,2,NULL),(213,'CYP','Chypre',1,'2014-09-23 16:54:32','2014-09-23 16:54:32',2,2,NULL),(214,'DJI','Djibouti',1,'2014-09-23 16:54:32','2014-09-23 16:54:32',2,2,NULL),(215,'DOM','Dominicaine, république',1,'2014-09-23 16:54:32','2014-09-23 16:54:32',2,2,NULL),(216,'EGY','Egypte',1,'2014-09-23 16:54:32','2014-09-23 16:54:32',2,2,NULL),(217,'ESP','Espagne',1,'2014-09-23 16:54:32','2014-09-23 16:54:32',2,2,NULL),(218,'FIN','Finlande',1,'2014-09-23 16:54:32','2014-09-23 16:54:32',2,2,NULL),(219,'FRA','France',0,'2014-09-23 00:00:00','2014-09-23 00:00:00',2,2,'2014-09-23 16:56:03'),(220,'GAB','Gabon',1,'2014-09-23 16:54:32','2014-09-23 16:54:32',2,2,NULL),(221,'GHA','Ghana',1,'2014-09-23 16:54:32','2014-09-23 16:54:32',2,2,NULL),(222,'GLP','Guadeloupe',1,'2014-09-23 16:54:32','2014-09-23 16:54:32',2,2,NULL),(223,'GNQ','Guinée équatoriale',1,'2014-09-23 16:54:32','2014-09-23 16:54:32',2,2,NULL),(224,'GRL','Groenland',1,'2014-09-23 16:54:32','2014-09-23 16:54:32',2,2,NULL),(225,'GUM','Guam',1,'2014-09-23 16:54:32','2014-09-23 16:54:32',2,2,NULL),(226,'HMD','Heard, île et McDonald, îles',1,'2014-09-23 16:54:32','2014-09-23 16:54:32',2,2,NULL),(227,'HTI','Haïti',1,'2014-09-23 16:54:32','2014-09-23 16:54:32',2,2,NULL),(228,'IND','Inde',1,'2014-09-23 16:54:32','2014-09-23 16:54:32',2,2,NULL),(229,'IRN','Iran, république islamique d\'',1,'2014-09-23 16:54:32','2014-09-23 16:54:32',2,2,NULL),(230,'ISR','Israël',1,'2014-09-23 16:54:32','2014-09-23 16:54:32',2,2,NULL),(231,'JOR','Jordanie',1,'2014-09-23 16:54:32','2014-09-23 16:54:32',2,2,NULL),(232,'KEN','Kenya',1,'2014-09-23 16:54:32','2014-09-23 16:54:32',2,2,NULL),(233,'KIR','Kiribati',1,'2014-09-23 16:54:32','2014-09-23 16:54:32',2,2,NULL),(234,'KWT','Koweït',1,'2014-09-23 16:54:32','2014-09-23 16:54:32',2,2,NULL),(235,'LBR','Libéria',1,'2014-09-23 16:54:32','2014-09-23 16:54:32',2,2,NULL),(236,'LIE','Liechtenstein',1,'2014-09-23 16:54:32','2014-09-23 16:54:32',2,2,NULL),(237,'LTU','Lituanie',1,'2014-09-23 16:54:32','2014-09-23 16:54:32',2,2,NULL),(238,'MAC','Macao',1,'2014-09-23 16:54:32','2014-09-23 16:54:32',2,2,NULL),(239,'MDA','Moldova, République de',1,'2014-09-23 16:54:32','2014-09-23 16:54:32',2,2,NULL),(240,'MEX','Mexique',1,'2014-09-23 16:54:32','2014-09-23 16:54:32',2,2,NULL),(241,'MLI','Mali',1,'2014-09-23 16:54:32','2014-09-23 16:54:32',2,2,NULL),(242,'MNG','Mongolie',1,'2014-09-23 16:54:32','2014-09-23 16:54:32',2,2,NULL),(243,'MRT','Mauritanie',1,'2014-09-23 16:54:32','2014-09-23 16:54:32',2,2,NULL),(244,'MUS','Maurice',1,'2014-09-23 16:54:32','2014-09-23 16:54:32',2,2,NULL),(245,'MYT','Mayotte',1,'2014-09-23 16:54:32','2014-09-23 16:54:32',2,2,NULL),(246,'NER','Nigeria',1,'2014-09-23 00:00:00','2014-09-23 00:00:00',2,2,NULL),(247,'NIC','Nicaragua',1,'2014-09-23 16:54:32','2014-09-23 16:54:32',2,2,NULL),(248,'NOR','Norvège',1,'2014-09-23 16:54:32','2014-09-23 16:54:32',2,2,NULL),(249,'NZL','Nouvelle-Zélande',1,'2014-09-23 16:54:32','2014-09-23 16:54:32',2,2,NULL),(250,'PAN','Panama',1,'2014-09-23 16:54:32','2014-09-23 16:54:32',2,2,NULL),(251,'PHL','Philippines',1,'2014-09-23 16:54:32','2014-09-23 16:54:32',2,2,NULL),(252,'POL','Pologne',1,'2014-09-23 16:54:32','2014-09-23 16:54:32',2,2,NULL),(253,'PRT','Portugal',1,'2014-09-23 16:54:32','2014-09-23 16:54:32',2,2,NULL),(254,'QAT','Qatar',1,'2014-09-23 16:54:32','2014-09-23 16:54:32',2,2,NULL),(255,'RUS','Russie, Fédération de',1,'2014-09-23 16:54:32','2014-09-23 16:54:32',2,2,NULL),(256,'SDN','Soudan',1,'2014-09-23 16:54:32','2014-09-23 16:54:32',2,2,NULL),(257,'SGS','Géorgie du sud et les îles Sandwich du sud',1,'2014-09-23 16:54:32','2014-09-23 16:54:32',2,2,NULL),(258,'SLB','Salomon, îles',1,'2014-09-23 16:54:32','2014-09-23 16:54:32',2,2,NULL),(259,'SMR','Saint-Marin',1,'2014-09-23 16:54:32','2014-09-23 16:54:32',2,2,NULL),(260,'STP','Sao Tomé-et-Principe',1,'2014-09-23 16:54:32','2014-09-23 16:54:32',2,2,NULL),(261,'SVN','Slovénie',1,'2014-09-23 16:54:32','2014-09-23 16:54:32',2,2,NULL),(262,'SYC','Seychelles',1,'2014-09-23 16:54:32','2014-09-23 16:54:32',2,2,NULL),(263,'TCD','Tchad',1,'2014-09-23 16:54:32','2014-09-23 16:54:32',2,2,NULL),(264,'TJK','Tadjikistan',1,'2014-09-23 16:54:32','2014-09-23 16:54:32',2,2,NULL),(265,'TMP','Timor-Leste',1,'2014-09-23 16:54:32','2014-09-23 16:54:32',2,2,NULL),(266,'TUN','Tunisie',1,'2014-09-23 16:54:32','2014-09-23 16:54:32',2,2,NULL),(267,'TWN','Taïwan, Province de Chine',1,'2014-09-23 16:54:32','2014-09-23 16:54:32',2,2,NULL),(268,'UKR','Ukraine',1,'2014-09-23 16:54:32','2014-09-23 16:54:32',2,2,NULL),(269,'USA','Etats-Unis',1,'2014-09-23 16:54:32','2014-09-23 16:54:32',2,2,NULL),(270,'VCT','Saint Vincent et les Grenadines',1,'2014-09-23 16:54:32','2014-09-23 16:54:32',2,2,NULL),(271,'VIR','Iles Vierges des Etats-Unis',1,'2014-09-23 16:54:32','2014-09-23 16:54:32',2,2,NULL),(272,'WLF','Wallis et Futuna',1,'2014-09-23 16:54:32','2014-09-23 16:54:32',2,2,NULL),(273,'YUG','Yougoslavie',1,'2014-09-23 16:54:32','2014-09-23 16:54:32',2,2,NULL),(274,'ZMB','Zambia',1,'2014-09-23 16:54:32','2014-09-23 16:54:32',2,2,NULL);

--
